Apr 09 18:17:29.878531 np0000164634 nova-conductor[109749]: DEBUG cotyledon.oslo_config_glue [-] vmware.serial_port_service_uri = None {{(pid=109749) log_opt_values /opt/stack/data/venv/lib/python3.12/site-packages/oslo_config/cfg.py:3006}}
Apr 09 18:17:29.878752 np0000164634 nova-conductor[109749]: DEBUG cotyledon.oslo_config_glue [-] vmware.task_poll_interval = 0.5 {{(pid=109749) log_opt_values /opt/stack/data/venv/lib/python3.12/site-packages/oslo_config/cfg.py:3006}}
Apr 09 18:17:29.878752 np0000164634 nova-conductor[109749]: DEBUG cotyledon.oslo_config_glue [-] vmware.use_linked_clone = True {{(pid=109749) log_opt_values /opt/stack/data/venv/lib/python3.12/site-packages/oslo_config/cfg.py:3006}}
Apr 09 18:17:29.878752 np0000164634 nova-conductor[109749]: DEBUG cotyledon.oslo_config_glue [-] vmware.vnc_keymap = en-us {{(pid=109749) log_opt_values /opt/stack/data/venv/lib/python3.12/site-packages/oslo_config/cfg.py:3006}}
Apr 09 18:17:29.878752 np0000164634 nova-conductor[109749]: DEBUG cotyledon.oslo_config_glue [-] vmware.vnc_port = 5900 {{(pid=109749) log_opt_values /opt/stack/data/venv/lib/python3.12/site-packages/oslo_config/cfg.py:3006}}
Apr 09 18:17:29.878752 np0000164634 nova-conductor[109749]: DEBUG cotyledon.oslo_config_glue [-] vmware.vnc_port_total = 10000 {{(pid=109749) log_opt_values /opt/stack/data/venv/lib/python3.12/site-packages/oslo_config/cfg.py:3006}}
Apr 09 18:17:29.878752 np0000164634 nova-conductor[109749]: DEBUG cotyledon.oslo_config_glue [-] vnc.auth_schemes = ['none'] {{(pid=109749) log_opt_values /opt/stack/data/venv/lib/python3.12/site-packages/oslo_config/cfg.py:3006}}
Apr 09 18:17:29.878752 np0000164634 nova-conductor[109749]: DEBUG cotyledon.oslo_config_glue [-] vnc.enabled = True {{(pid=109749) log_opt_values /opt/stack/data/venv/lib/python3.12/site-packages/oslo_config/cfg.py:3006}}
Apr 09 18:17:29.878752 np0000164634 nova-conductor[109749]: DEBUG cotyledon.oslo_config_glue [-] vnc.novncproxy_base_url = http://127.0.0.1:6080/vnc_auto.html {{(pid=109749) log_opt_values /opt/stack/data/venv/lib/python3.12/site-packages/oslo_config/cfg.py:3006}}
Apr 09 18:17:29.878752 np0000164634 nova-conductor[109749]: DEBUG cotyledon.oslo_config_glue [-] vnc.novncproxy_host = 0.0.0.0 {{(pid=109749) log_opt_values /opt/stack/data/venv/lib/python3.12/site-packages/oslo_config/cfg.py:3006}}
Apr 09 18:17:29.878948 np0000164634 nova-conductor[109749]: DEBUG cotyledon.oslo_config_glue [-] vnc.novncproxy_port = 6080 {{(pid=109749) log_opt_values /opt/stack/data/venv/lib/python3.12/site-packages/oslo_config/cfg.py:3006}}
Apr 09 18:17:29.878948 np0000164634 nova-conductor[109749]: DEBUG cotyledon.oslo_config_glue [-] vnc.server_listen = 127.0.0.1 {{(pid=109749) log_opt_values /opt/stack/data/venv/lib/python3.12/site-packages/oslo_config/cfg.py:3006}}
Apr 09 18:17:29.878948 np0000164634 nova-conductor[109749]: DEBUG cotyledon.oslo_config_glue [-] vnc.server_proxyclient_address = 127.0.0.1 {{(pid=109749) log_opt_values /opt/stack/data/venv/lib/python3.12/site-packages/oslo_config/cfg.py:3006}}
Apr 09 18:17:29.878948 np0000164634 nova-conductor[109749]: DEBUG cotyledon.oslo_config_glue [-] vnc.vencrypt_ca_certs = None {{(pid=109749) log_opt_values /opt/stack/data/venv/lib/python3.12/site-packages/oslo_config/cfg.py:3006}}
Apr 09 18:17:29.878948 np0000164634 nova-conductor[109749]: DEBUG cotyledon.oslo_config_glue [-] vnc.vencrypt_client_cert = None {{(pid=109749) log_opt_values /opt/stack/data/venv/lib/python3.12/site-packages/oslo_config/cfg.py:3006}}
Apr 09 18:17:29.878948 np0000164634 nova-conductor[109749]: DEBUG cotyledon.oslo_config_glue [-] vnc.vencrypt_client_key = None {{(pid=109749) log_opt_values /opt/stack/data/venv/lib/python3.12/site-packages/oslo_config/cfg.py:3006}}
Apr 09 18:17:29.878948 np0000164634 nova-conductor[109749]: DEBUG cotyledon.oslo_config_glue [-] workarounds.disable_compute_service_check_for_ffu = False {{(pid=109749) log_opt_values /opt/stack/data/venv/lib/python3.12/site-packages/oslo_config/cfg.py:3006}}
Apr 09 18:17:29.878948 np0000164634 nova-conductor[109749]: DEBUG cotyledon.oslo_config_glue [-] workarounds.disable_deep_image_inspection = False {{(pid=109749) log_opt_values /opt/stack/data/venv/lib/python3.12/site-packages/oslo_config/cfg.py:3006}}
Apr 09 18:17:29.878948 np0000164634 nova-conductor[109749]: DEBUG cotyledon.oslo_config_glue [-] workarounds.disable_fallback_pcpu_query = False {{(pid=109749) log_opt_values /opt/stack/data/venv/lib/python3.12/site-packages/oslo_config/cfg.py:3006}}
Apr 09 18:17:29.879150 np0000164634 nova-conductor[109749]: DEBUG cotyledon.oslo_config_glue [-] workarounds.disable_group_policy_check_upcall = False {{(pid=109749) log_opt_values /opt/stack/data/venv/lib/python3.12/site-packages/oslo_config/cfg.py:3006}}
Apr 09 18:17:29.879150 np0000164634 nova-conductor[109749]: DEBUG cotyledon.oslo_config_glue [-] workarounds.disable_libvirt_livesnapshot = False {{(pid=109749) log_opt_values /opt/stack/data/venv/lib/python3.12/site-packages/oslo_config/cfg.py:3006}}
Apr 09 18:17:29.879150 np0000164634 nova-conductor[109749]: DEBUG cotyledon.oslo_config_glue [-] workarounds.disable_rootwrap = False {{(pid=109749) log_opt_values /opt/stack/data/venv/lib/python3.12/site-packages/oslo_config/cfg.py:3006}}
Apr 09 18:17:29.879150 np0000164634 nova-conductor[109749]: DEBUG cotyledon.oslo_config_glue [-] workarounds.enable_numa_live_migration = False {{(pid=109749) log_opt_values /opt/stack/data/venv/lib/python3.12/site-packages/oslo_config/cfg.py:3006}}
Apr 09 18:17:29.879150 np0000164634 nova-conductor[109749]: DEBUG cotyledon.oslo_config_glue [-] workarounds.enable_qemu_monitor_announce_self = False {{(pid=109749) log_opt_values /opt/stack/data/venv/lib/python3.12/site-packages/oslo_config/cfg.py:3006}}
Apr 09 18:17:29.879150 np0000164634 nova-conductor[109749]: DEBUG cotyledon.oslo_config_glue [-] workarounds.ensure_libvirt_rbd_instance_dir_cleanup = False {{(pid=109749) log_opt_values /opt/stack/data/venv/lib/python3.12/site-packages/oslo_config/cfg.py:3006}}
Apr 09 18:17:29.879150 np0000164634 nova-conductor[109749]: DEBUG cotyledon.oslo_config_glue [-] workarounds.handle_virt_lifecycle_events = True {{(pid=109749) log_opt_values /opt/stack/data/venv/lib/python3.12/site-packages/oslo_config/cfg.py:3006}}
Apr 09 18:17:29.879150 np0000164634 nova-conductor[109749]: DEBUG cotyledon.oslo_config_glue [-] workarounds.libvirt_disable_apic = False {{(pid=109749) log_opt_values /opt/stack/data/venv/lib/python3.12/site-packages/oslo_config/cfg.py:3006}}
Apr 09 18:17:29.879150 np0000164634 nova-conductor[109749]: DEBUG cotyledon.oslo_config_glue [-] workarounds.never_download_image_if_on_rbd = False {{(pid=109749) log_opt_values /opt/stack/data/venv/lib/python3.12/site-packages/oslo_config/cfg.py:3006}}
Apr 09 18:17:29.879357 np0000164634 nova-conductor[109749]: DEBUG cotyledon.oslo_config_glue [-] workarounds.qemu_monitor_announce_self_count = 3 {{(pid=109749) log_opt_values /opt/stack/data/venv/lib/python3.12/site-packages/oslo_config/cfg.py:3006}}
Apr 09 18:17:29.879357 np0000164634 nova-conductor[109749]: DEBUG cotyledon.oslo_config_glue [-] workarounds.qemu_monitor_announce_self_interval = 1 {{(pid=109749) log_opt_values /opt/stack/data/venv/lib/python3.12/site-packages/oslo_config/cfg.py:3006}}
Apr 09 18:17:29.879357 np0000164634 nova-conductor[109749]: DEBUG cotyledon.oslo_config_glue [-] workarounds.reserve_disk_resource_for_image_cache = False {{(pid=109749) log_opt_values /opt/stack/data/venv/lib/python3.12/site-packages/oslo_config/cfg.py:3006}}
Apr 09 18:17:29.879357 np0000164634 nova-conductor[109749]: DEBUG cotyledon.oslo_config_glue [-] workarounds.skip_cpu_compare_at_startup = False {{(pid=109749) log_opt_values /opt/stack/data/venv/lib/python3.12/site-packages/oslo_config/cfg.py:3006}}
Apr 09 18:17:29.879357 np0000164634 nova-conductor[109749]: DEBUG cotyledon.oslo_config_glue [-] workarounds.skip_cpu_compare_on_dest = False {{(pid=109749) log_opt_values /opt/stack/data/venv/lib/python3.12/site-packages/oslo_config/cfg.py:3006}}
Apr 09 18:17:29.879357 np0000164634 nova-conductor[109749]: DEBUG cotyledon.oslo_config_glue [-] workarounds.skip_hypervisor_version_check_on_lm = False {{(pid=109749) log_opt_values /opt/stack/data/venv/lib/python3.12/site-packages/oslo_config/cfg.py:3006}}
Apr 09 18:17:29.879357 np0000164634 nova-conductor[109749]: DEBUG cotyledon.oslo_config_glue [-] workarounds.skip_reserve_in_use_ironic_nodes = False {{(pid=109749) log_opt_values /opt/stack/data/venv/lib/python3.12/site-packages/oslo_config/cfg.py:3006}}
Apr 09 18:17:29.879357 np0000164634 nova-conductor[109749]: DEBUG cotyledon.oslo_config_glue [-] workarounds.unified_limits_count_pcpu_as_vcpu = False {{(pid=109749) log_opt_values /opt/stack/data/venv/lib/python3.12/site-packages/oslo_config/cfg.py:3006}}
Apr 09 18:17:29.879540 np0000164634 nova-conductor[109749]: DEBUG cotyledon.oslo_config_glue [-] workarounds.wait_for_vif_plugged_event_during_hard_reboot = [] {{(pid=109749) log_opt_values /opt/stack/data/venv/lib/python3.12/site-packages/oslo_config/cfg.py:3006}}
Apr 09 18:17:29.879540 np0000164634 nova-conductor[109749]: DEBUG cotyledon.oslo_config_glue [-] wsgi.api_paste_config = /etc/nova/api-paste.ini {{(pid=109749) log_opt_values /opt/stack/data/venv/lib/python3.12/site-packages/oslo_config/cfg.py:3006}}
Apr 09 18:17:29.879540 np0000164634 nova-conductor[109749]: DEBUG cotyledon.oslo_config_glue [-] wsgi.secure_proxy_ssl_header = None {{(pid=109749) log_opt_values /opt/stack/data/venv/lib/python3.12/site-packages/oslo_config/cfg.py:3006}}
Apr 09 18:17:29.879540 np0000164634 nova-conductor[109749]: DEBUG cotyledon.oslo_config_glue [-] zvm.ca_file = None {{(pid=109749) log_opt_values /opt/stack/data/venv/lib/python3.12/site-packages/oslo_config/cfg.py:3006}}
Apr 09 18:17:29.879540 np0000164634 nova-conductor[109749]: DEBUG cotyledon.oslo_config_glue [-] zvm.cloud_connector_url = None {{(pid=109749) log_opt_values /opt/stack/data/venv/lib/python3.12/site-packages/oslo_config/cfg.py:3006}}
Apr 09 18:17:29.879540 np0000164634 nova-conductor[109749]: DEBUG cotyledon.oslo_config_glue [-] zvm.image_tmp_path = /opt/stack/data/nova/images {{(pid=109749) log_opt_values /opt/stack/data/venv/lib/python3.12/site-packages/oslo_config/cfg.py:3006}}
Apr 09 18:17:29.879540 np0000164634 nova-conductor[109749]: DEBUG cotyledon.oslo_config_glue [-] zvm.reachable_timeout = 300 {{(pid=109749) log_opt_values /opt/stack/data/venv/lib/python3.12/site-packages/oslo_config/cfg.py:3006}}
Apr 09 18:17:29.879540 np0000164634 nova-conductor[109749]: DEBUG cotyledon.oslo_config_glue [-] oslo_versionedobjects.fatal_exception_format_errors = False {{(pid=109749) log_opt_values /opt/stack/data/venv/lib/python3.12/site-packages/oslo_config/cfg.py:3006}}
Apr 09 18:17:29.879540 np0000164634 nova-conductor[109749]: DEBUG cotyledon.oslo_config_glue [-] oslo_middleware.http_basic_auth_user_file = /etc/htpasswd {{(pid=109749) log_opt_values /opt/stack/data/venv/lib/python3.12/site-packages/oslo_config/cfg.py:3006}}
Apr 09 18:17:29.879761 np0000164634 nova-conductor[109749]: DEBUG cotyledon.oslo_config_glue [-] profiler.connection_string = messaging:// {{(pid=109749) log_opt_values /opt/stack/data/venv/lib/python3.12/site-packages/oslo_config/cfg.py:3006}}
Apr 09 18:17:29.879761 np0000164634 nova-conductor[109749]: DEBUG cotyledon.oslo_config_glue [-] profiler.enabled = False {{(pid=109749) log_opt_values /opt/stack/data/venv/lib/python3.12/site-packages/oslo_config/cfg.py:3006}}
Apr 09 18:17:29.879761 np0000164634 nova-conductor[109749]: DEBUG cotyledon.oslo_config_glue [-] profiler.es_doc_type = notification {{(pid=109749) log_opt_values /opt/stack/data/venv/lib/python3.12/site-packages/oslo_config/cfg.py:3006}}
Apr 09 18:17:29.879761 np0000164634 nova-conductor[109749]: DEBUG cotyledon.oslo_config_glue [-] profiler.es_scroll_size = 10000 {{(pid=109749) log_opt_values /opt/stack/data/venv/lib/python3.12/site-packages/oslo_config/cfg.py:3006}}
Apr 09 18:17:29.879761 np0000164634 nova-conductor[109749]: DEBUG cotyledon.oslo_config_glue [-] profiler.es_scroll_time = 2m {{(pid=109749) log_opt_values /opt/stack/data/venv/lib/python3.12/site-packages/oslo_config/cfg.py:3006}}
Apr 09 18:17:29.879761 np0000164634 nova-conductor[109749]: DEBUG cotyledon.oslo_config_glue [-] profiler.filter_error_trace = False {{(pid=109749) log_opt_values /opt/stack/data/venv/lib/python3.12/site-packages/oslo_config/cfg.py:3006}}
Apr 09 18:17:29.879761 np0000164634 nova-conductor[109749]: DEBUG cotyledon.oslo_config_glue [-] profiler.hmac_keys = **** {{(pid=109749) log_opt_values /opt/stack/data/venv/lib/python3.12/site-packages/oslo_config/cfg.py:3006}}
Apr 09 18:17:29.879761 np0000164634 nova-conductor[109749]: DEBUG cotyledon.oslo_config_glue [-] profiler.sentinel_service_name = mymaster {{(pid=109749) log_opt_values /opt/stack/data/venv/lib/python3.12/site-packages/oslo_config/cfg.py:3006}}
Apr 09 18:17:29.879761 np0000164634 nova-conductor[109749]: DEBUG cotyledon.oslo_config_glue [-] profiler.socket_timeout = 0.1 {{(pid=109749) log_opt_values /opt/stack/data/venv/lib/python3.12/site-packages/oslo_config/cfg.py:3006}}
Apr 09 18:17:29.879985 np0000164634 nova-conductor[109749]: DEBUG cotyledon.oslo_config_glue [-] profiler.trace_requests = False {{(pid=109749) log_opt_values /opt/stack/data/venv/lib/python3.12/site-packages/oslo_config/cfg.py:3006}}
Apr 09 18:17:29.879985 np0000164634 nova-conductor[109749]: DEBUG cotyledon.oslo_config_glue [-] profiler.trace_sqlalchemy = False {{(pid=109749) log_opt_values /opt/stack/data/venv/lib/python3.12/site-packages/oslo_config/cfg.py:3006}}
Apr 09 18:17:29.879985 np0000164634 nova-conductor[109749]: DEBUG cotyledon.oslo_config_glue [-] profiler_jaeger.process_tags = {} {{(pid=109749) log_opt_values /opt/stack/data/venv/lib/python3.12/site-packages/oslo_config/cfg.py:3006}}
Apr 09 18:17:29.879985 np0000164634 nova-conductor[109749]: DEBUG cotyledon.oslo_config_glue [-] profiler_jaeger.service_name_prefix = None {{(pid=109749) log_opt_values /opt/stack/data/venv/lib/python3.12/site-packages/oslo_config/cfg.py:3006}}
Apr 09 18:17:29.879985 np0000164634 nova-conductor[109749]: DEBUG cotyledon.oslo_config_glue [-] profiler_otlp.service_name_prefix = None {{(pid=109749) log_opt_values /opt/stack/data/venv/lib/python3.12/site-packages/oslo_config/cfg.py:3006}}
Apr 09 18:17:29.879985 np0000164634 nova-conductor[109749]: DEBUG cotyledon.oslo_config_glue [-] oslo_messaging_rabbit.amqp_auto_delete = False {{(pid=109749) log_opt_values /opt/stack/data/venv/lib/python3.12/site-packages/oslo_config/cfg.py:3006}}
Apr 09 18:17:29.879985 np0000164634 nova-conductor[109749]: DEBUG cotyledon.oslo_config_glue [-] oslo_messaging_rabbit.amqp_durable_queues = False {{(pid=109749) log_opt_values /opt/stack/data/venv/lib/python3.12/site-packages/oslo_config/cfg.py:3006}}
Apr 09 18:17:29.879985 np0000164634 nova-conductor[109749]: DEBUG cotyledon.oslo_config_glue [-] oslo_messaging_rabbit.conn_pool_min_size = 2 {{(pid=109749) log_opt_values /opt/stack/data/venv/lib/python3.12/site-packages/oslo_config/cfg.py:3006}}
Apr 09 18:17:29.879985 np0000164634 nova-conductor[109749]: DEBUG cotyledon.oslo_config_glue [-] oslo_messaging_rabbit.conn_pool_ttl = 1200 {{(pid=109749) log_opt_values /opt/stack/data/venv/lib/python3.12/site-packages/oslo_config/cfg.py:3006}}
Apr 09 18:17:29.880197 np0000164634 nova-conductor[109749]: DEBUG cotyledon.oslo_config_glue [-] oslo_messaging_rabbit.direct_mandatory_flag = True {{(pid=109749) log_opt_values /opt/stack/data/venv/lib/python3.12/site-packages/oslo_config/cfg.py:3006}}
Apr 09 18:17:29.880197 np0000164634 nova-conductor[109749]: DEBUG cotyledon.oslo_config_glue [-] oslo_messaging_rabbit.enable_cancel_on_failover = False {{(pid=109749) log_opt_values /opt/stack/data/venv/lib/python3.12/site-packages/oslo_config/cfg.py:3006}}
Apr 09 18:17:29.880197 np0000164634 nova-conductor[109749]: DEBUG cotyledon.oslo_config_glue [-] oslo_messaging_rabbit.heartbeat_in_pthread = False {{(pid=109749) log_opt_values /opt/stack/data/venv/lib/python3.12/site-packages/oslo_config/cfg.py:3006}}
Apr 09 18:17:29.880197 np0000164634 nova-conductor[109749]: DEBUG cotyledon.oslo_config_glue [-] oslo_messaging_rabbit.heartbeat_rate = 3 {{(pid=109749) log_opt_values /opt/stack/data/venv/lib/python3.12/site-packages/oslo_config/cfg.py:3006}}
Apr 09 18:17:29.880197 np0000164634 nova-conductor[109749]: DEBUG cotyledon.oslo_config_glue [-] oslo_messaging_rabbit.heartbeat_timeout_threshold = 60 {{(pid=109749) log_opt_values /opt/stack/data/venv/lib/python3.12/site-packages/oslo_config/cfg.py:3006}}
Apr 09 18:17:29.880197 np0000164634 nova-conductor[109749]: DEBUG cotyledon.oslo_config_glue [-] oslo_messaging_rabbit.hostname = np0000164634 {{(pid=109749) log_opt_values /opt/stack/data/venv/lib/python3.12/site-packages/oslo_config/cfg.py:3006}}
Apr 09 18:17:29.880197 np0000164634 nova-conductor[109749]: DEBUG cotyledon.oslo_config_glue [-] oslo_messaging_rabbit.kombu_compression = None {{(pid=109749) log_opt_values /opt/stack/data/venv/lib/python3.12/site-packages/oslo_config/cfg.py:3006}}
Apr 09 18:17:29.880197 np0000164634 nova-conductor[109749]: DEBUG cotyledon.oslo_config_glue [-] oslo_messaging_rabbit.kombu_failover_strategy = round-robin {{(pid=109749) log_opt_values /opt/stack/data/venv/lib/python3.12/site-packages/oslo_config/cfg.py:3006}}
Apr 09 18:17:29.880482 np0000164634 nova-conductor[109749]: DEBUG cotyledon.oslo_config_glue [-] oslo_messaging_rabbit.kombu_missing_consumer_retry_timeout = 60 {{(pid=109749) log_opt_values /opt/stack/data/venv/lib/python3.12/site-packages/oslo_config/cfg.py:3006}}
Apr 09 18:17:29.880482 np0000164634 nova-conductor[109749]: DEBUG cotyledon.oslo_config_glue [-] oslo_messaging_rabbit.kombu_reconnect_delay = 1.0 {{(pid=109749) log_opt_values /opt/stack/data/venv/lib/python3.12/site-packages/oslo_config/cfg.py:3006}}
Apr 09 18:17:29.880482 np0000164634 nova-conductor[109749]: DEBUG cotyledon.oslo_config_glue [-] oslo_messaging_rabbit.kombu_reconnect_splay = 0.0 {{(pid=109749) log_opt_values /opt/stack/data/venv/lib/python3.12/site-packages/oslo_config/cfg.py:3006}}
Apr 09 18:17:29.880482 np0000164634 nova-conductor[109749]: DEBUG cotyledon.oslo_config_glue [-] oslo_messaging_rabbit.processname = nova-conductor {{(pid=109749) log_opt_values /opt/stack/data/venv/lib/python3.12/site-packages/oslo_config/cfg.py:3006}}
Apr 09 18:17:29.880482 np0000164634 nova-conductor[109749]: DEBUG cotyledon.oslo_config_glue [-] oslo_messaging_rabbit.rabbit_ha_queues = False {{(pid=109749) log_opt_values /opt/stack/data/venv/lib/python3.12/site-packages/oslo_config/cfg.py:3006}}
Apr 09 18:17:29.880482 np0000164634 nova-conductor[109749]: DEBUG cotyledon.oslo_config_glue [-] oslo_messaging_rabbit.rabbit_interval_max = 30 {{(pid=109749) log_opt_values /opt/stack/data/venv/lib/python3.12/site-packages/oslo_config/cfg.py:3006}}
Apr 09 18:17:29.880482 np0000164634 nova-conductor[109749]: DEBUG cotyledon.oslo_config_glue [-] oslo_messaging_rabbit.rabbit_login_method = AMQPLAIN {{(pid=109749) log_opt_values /opt/stack/data/venv/lib/python3.12/site-packages/oslo_config/cfg.py:3006}}
Apr 09 18:17:29.880482 np0000164634 nova-conductor[109749]: DEBUG cotyledon.oslo_config_glue [-] oslo_messaging_rabbit.rabbit_qos_prefetch_count = 0 {{(pid=109749) log_opt_values /opt/stack/data/venv/lib/python3.12/site-packages/oslo_config/cfg.py:3006}}
Apr 09 18:17:29.880863 np0000164634 nova-conductor[109749]: DEBUG cotyledon.oslo_config_glue [-] oslo_messaging_rabbit.rabbit_quorum_delivery_limit = 0 {{(pid=109749) log_opt_values /opt/stack/data/venv/lib/python3.12/site-packages/oslo_config/cfg.py:3006}}
Apr 09 18:17:29.880863 np0000164634 nova-conductor[109749]: DEBUG cotyledon.oslo_config_glue [-] oslo_messaging_rabbit.rabbit_quorum_max_memory_bytes = 0 {{(pid=109749) log_opt_values /opt/stack/data/venv/lib/python3.12/site-packages/oslo_config/cfg.py:3006}}
Apr 09 18:17:29.880863 np0000164634 nova-conductor[109749]: DEBUG cotyledon.oslo_config_glue [-] oslo_messaging_rabbit.rabbit_quorum_max_memory_length = 0 {{(pid=109749) log_opt_values /opt/stack/data/venv/lib/python3.12/site-packages/oslo_config/cfg.py:3006}}
Apr 09 18:17:29.880863 np0000164634 nova-conductor[109749]: DEBUG cotyledon.oslo_config_glue [-] oslo_messaging_rabbit.rabbit_quorum_queue = False {{(pid=109749) log_opt_values /opt/stack/data/venv/lib/python3.12/site-packages/oslo_config/cfg.py:3006}}
Apr 09 18:17:29.880863 np0000164634 nova-conductor[109749]: DEBUG cotyledon.oslo_config_glue [-] oslo_messaging_rabbit.rabbit_retry_backoff = 2 {{(pid=109749) log_opt_values /opt/stack/data/venv/lib/python3.12/site-packages/oslo_config/cfg.py:3006}}
Apr 09 18:17:29.880863 np0000164634 nova-conductor[109749]: DEBUG cotyledon.oslo_config_glue [-] oslo_messaging_rabbit.rabbit_retry_interval = 1 {{(pid=109749) log_opt_values /opt/stack/data/venv/lib/python3.12/site-packages/oslo_config/cfg.py:3006}}
Apr 09 18:17:29.880863 np0000164634 nova-conductor[109749]: DEBUG cotyledon.oslo_config_glue [-] oslo_messaging_rabbit.rabbit_stream_fanout = False {{(pid=109749) log_opt_values /opt/stack/data/venv/lib/python3.12/site-packages/oslo_config/cfg.py:3006}}
Apr 09 18:17:29.880863 np0000164634 nova-conductor[109749]: DEBUG cotyledon.oslo_config_glue [-] oslo_messaging_rabbit.rabbit_transient_queues_ttl = 1800 {{(pid=109749) log_opt_values /opt/stack/data/venv/lib/python3.12/site-packages/oslo_config/cfg.py:3006}}
Apr 09 18:17:29.881058 np0000164634 nova-conductor[109749]: DEBUG cotyledon.oslo_config_glue [-] oslo_messaging_rabbit.rabbit_transient_quorum_queue = False {{(pid=109749) log_opt_values /opt/stack/data/venv/lib/python3.12/site-packages/oslo_config/cfg.py:3006}}
Apr 09 18:17:29.881058 np0000164634 nova-conductor[109749]: DEBUG cotyledon.oslo_config_glue [-] oslo_messaging_rabbit.rpc_conn_pool_size = 30 {{(pid=109749) log_opt_values /opt/stack/data/venv/lib/python3.12/site-packages/oslo_config/cfg.py:3006}}
Apr 09 18:17:29.881058 np0000164634 nova-conductor[109749]: DEBUG cotyledon.oslo_config_glue [-] oslo_messaging_rabbit.ssl = False {{(pid=109749) log_opt_values /opt/stack/data/venv/lib/python3.12/site-packages/oslo_config/cfg.py:3006}}
Apr 09 18:17:29.881058 np0000164634 nova-conductor[109749]: DEBUG cotyledon.oslo_config_glue [-] oslo_messaging_rabbit.ssl_ca_file = {{(pid=109749) log_opt_values /opt/stack/data/venv/lib/python3.12/site-packages/oslo_config/cfg.py:3006}}
Apr 09 18:17:29.881058 np0000164634 nova-conductor[109749]: DEBUG cotyledon.oslo_config_glue [-] oslo_messaging_rabbit.ssl_cert_file = {{(pid=109749) log_opt_values /opt/stack/data/venv/lib/python3.12/site-packages/oslo_config/cfg.py:3006}}
Apr 09 18:17:29.881058 np0000164634 nova-conductor[109749]: DEBUG cotyledon.oslo_config_glue [-] oslo_messaging_rabbit.ssl_enforce_fips_mode = False {{(pid=109749) log_opt_values /opt/stack/data/venv/lib/python3.12/site-packages/oslo_config/cfg.py:3006}}
Apr 09 18:17:29.881058 np0000164634 nova-conductor[109749]: DEBUG cotyledon.oslo_config_glue [-] oslo_messaging_rabbit.ssl_key_file = {{(pid=109749) log_opt_values /opt/stack/data/venv/lib/python3.12/site-packages/oslo_config/cfg.py:3006}}
Apr 09 18:17:29.881058 np0000164634 nova-conductor[109749]: DEBUG cotyledon.oslo_config_glue [-] oslo_messaging_rabbit.ssl_version = {{(pid=109749) log_opt_values /opt/stack/data/venv/lib/python3.12/site-packages/oslo_config/cfg.py:3006}}
Apr 09 18:17:29.881058 np0000164634 nova-conductor[109749]: DEBUG cotyledon.oslo_config_glue [-] oslo_messaging_rabbit.use_queue_manager = False {{(pid=109749) log_opt_values /opt/stack/data/venv/lib/python3.12/site-packages/oslo_config/cfg.py:3006}}
Apr 09 18:17:29.881270 np0000164634 nova-conductor[109749]: DEBUG cotyledon.oslo_config_glue [-] oslo_messaging_notifications.driver = ['messagingv2'] {{(pid=109749) log_opt_values /opt/stack/data/venv/lib/python3.12/site-packages/oslo_config/cfg.py:3006}}
Apr 09 18:17:29.881270 np0000164634 nova-conductor[109749]: DEBUG cotyledon.oslo_config_glue [-] oslo_messaging_notifications.retry = -1 {{(pid=109749) log_opt_values /opt/stack/data/venv/lib/python3.12/site-packages/oslo_config/cfg.py:3006}}
Apr 09 18:17:29.881270 np0000164634 nova-conductor[109749]: DEBUG cotyledon.oslo_config_glue [-] oslo_messaging_notifications.topics = ['notifications'] {{(pid=109749) log_opt_values /opt/stack/data/venv/lib/python3.12/site-packages/oslo_config/cfg.py:3006}}
Apr 09 18:17:29.881270 np0000164634 nova-conductor[109749]: DEBUG cotyledon.oslo_config_glue [-] oslo_messaging_notifications.transport_url = **** {{(pid=109749) log_opt_values /opt/stack/data/venv/lib/python3.12/site-packages/oslo_config/cfg.py:3006}}
Apr 09 18:17:29.881270 np0000164634 nova-conductor[109749]: DEBUG cotyledon.oslo_config_glue [-] oslo_limit.auth_section = None {{(pid=109749) log_opt_values /opt/stack/data/venv/lib/python3.12/site-packages/oslo_config/cfg.py:3006}}
Apr 09 18:17:29.881270 np0000164634 nova-conductor[109749]: DEBUG cotyledon.oslo_config_glue [-] oslo_limit.auth_type = None {{(pid=109749) log_opt_values /opt/stack/data/venv/lib/python3.12/site-packages/oslo_config/cfg.py:3006}}
Apr 09 18:17:29.881270 np0000164634 nova-conductor[109749]: DEBUG cotyledon.oslo_config_glue [-] oslo_limit.cafile = None {{(pid=109749) log_opt_values /opt/stack/data/venv/lib/python3.12/site-packages/oslo_config/cfg.py:3006}}
Apr 09 18:17:29.881270 np0000164634 nova-conductor[109749]: DEBUG cotyledon.oslo_config_glue [-] oslo_limit.certfile = None {{(pid=109749) log_opt_values /opt/stack/data/venv/lib/python3.12/site-packages/oslo_config/cfg.py:3006}}
Apr 09 18:17:29.881270 np0000164634 nova-conductor[109749]: DEBUG cotyledon.oslo_config_glue [-] oslo_limit.collect_timing = False {{(pid=109749) log_opt_values /opt/stack/data/venv/lib/python3.12/site-packages/oslo_config/cfg.py:3006}}
Apr 09 18:17:29.881551 np0000164634 nova-conductor[109749]: DEBUG cotyledon.oslo_config_glue [-] oslo_limit.connect_retries = None {{(pid=109749) log_opt_values /opt/stack/data/venv/lib/python3.12/site-packages/oslo_config/cfg.py:3006}}
Apr 09 18:17:29.881551 np0000164634 nova-conductor[109749]: DEBUG cotyledon.oslo_config_glue [-] oslo_limit.connect_retry_delay = None {{(pid=109749) log_opt_values /opt/stack/data/venv/lib/python3.12/site-packages/oslo_config/cfg.py:3006}}
Apr 09 18:17:29.881551 np0000164634 nova-conductor[109749]: DEBUG cotyledon.oslo_config_glue [-] oslo_limit.endpoint_id = None {{(pid=109749) log_opt_values /opt/stack/data/venv/lib/python3.12/site-packages/oslo_config/cfg.py:3006}}
Apr 09 18:17:29.881551 np0000164634 nova-conductor[109749]: DEBUG cotyledon.oslo_config_glue [-] oslo_limit.endpoint_interface = public {{(pid=109749) log_opt_values /opt/stack/data/venv/lib/python3.12/site-packages/oslo_config/cfg.py:3006}}
Apr 09 18:17:29.881661 np0000164634 nova-conductor[109726]: DEBUG nova.service [None req-2269ca84-db39-423a-9be6-99be4caeb26d None None] Creating RPC server for service: nova-conductor on topic: conductor {{(pid=109726) start /opt/stack/nova/nova/service.py:195}}
Apr 09 18:17:29.881692 np0000164634 nova-conductor[109749]: DEBUG cotyledon.oslo_config_glue [-] oslo_limit.endpoint_override = None {{(pid=109749) log_opt_values /opt/stack/data/venv/lib/python3.12/site-packages/oslo_config/cfg.py:3006}}
Apr 09 18:17:29.881692 np0000164634 nova-conductor[109749]: DEBUG cotyledon.oslo_config_glue [-] oslo_limit.endpoint_region_name = None {{(pid=109749) log_opt_values /opt/stack/data/venv/lib/python3.12/site-packages/oslo_config/cfg.py:3006}}
Apr 09 18:17:29.881692 np0000164634 nova-conductor[109749]: DEBUG cotyledon.oslo_config_glue [-] oslo_limit.endpoint_service_name = None {{(pid=109749) log_opt_values /opt/stack/data/venv/lib/python3.12/site-packages/oslo_config/cfg.py:3006}}
Apr 09 18:17:29.881692 np0000164634 nova-conductor[109749]: DEBUG cotyledon.oslo_config_glue [-] oslo_limit.endpoint_service_type = None {{(pid=109749) log_opt_values /opt/stack/data/venv/lib/python3.12/site-packages/oslo_config/cfg.py:3006}}
Apr 09 18:17:29.881692 np0000164634 nova-conductor[109749]: DEBUG cotyledon.oslo_config_glue [-] oslo_limit.insecure = False {{(pid=109749) log_opt_values /opt/stack/data/venv/lib/python3.12/site-packages/oslo_config/cfg.py:3006}}
Apr 09 18:17:29.881692 np0000164634 nova-conductor[109749]: DEBUG cotyledon.oslo_config_glue [-] oslo_limit.keyfile = None {{(pid=109749) log_opt_values /opt/stack/data/venv/lib/python3.12/site-packages/oslo_config/cfg.py:3006}}
Apr 09 18:17:29.881692 np0000164634 nova-conductor[109749]: DEBUG cotyledon.oslo_config_glue [-] oslo_limit.max_version = None {{(pid=109749) log_opt_values /opt/stack/data/venv/lib/python3.12/site-packages/oslo_config/cfg.py:3006}}
Apr 09 18:17:29.881692 np0000164634 nova-conductor[109749]: DEBUG cotyledon.oslo_config_glue [-] oslo_limit.min_version = None {{(pid=109749) log_opt_values /opt/stack/data/venv/lib/python3.12/site-packages/oslo_config/cfg.py:3006}}
Apr 09 18:17:29.881692 np0000164634 nova-conductor[109749]: DEBUG cotyledon.oslo_config_glue [-] oslo_limit.region_name = None {{(pid=109749) log_opt_values /opt/stack/data/venv/lib/python3.12/site-packages/oslo_config/cfg.py:3006}}
Apr 09 18:17:29.881925 np0000164634 nova-conductor[109749]: DEBUG cotyledon.oslo_config_glue [-] oslo_limit.retriable_status_codes = None {{(pid=109749) log_opt_values /opt/stack/data/venv/lib/python3.12/site-packages/oslo_config/cfg.py:3006}}
Apr 09 18:17:29.881925 np0000164634 nova-conductor[109749]: DEBUG cotyledon.oslo_config_glue [-] oslo_limit.service_name = None {{(pid=109749) log_opt_values /opt/stack/data/venv/lib/python3.12/site-packages/oslo_config/cfg.py:3006}}
Apr 09 18:17:29.881925 np0000164634 nova-conductor[109749]: DEBUG cotyledon.oslo_config_glue [-] oslo_limit.service_type = None {{(pid=109749) log_opt_values /opt/stack/data/venv/lib/python3.12/site-packages/oslo_config/cfg.py:3006}}
Apr 09 18:17:29.881925 np0000164634 nova-conductor[109749]: DEBUG cotyledon.oslo_config_glue [-] oslo_limit.split_loggers = False {{(pid=109749) log_opt_values /opt/stack/data/venv/lib/python3.12/site-packages/oslo_config/cfg.py:3006}}
Apr 09 18:17:29.881925 np0000164634 nova-conductor[109749]: DEBUG cotyledon.oslo_config_glue [-] oslo_limit.status_code_retries = None {{(pid=109749) log_opt_values /opt/stack/data/venv/lib/python3.12/site-packages/oslo_config/cfg.py:3006}}
Apr 09 18:17:29.881925 np0000164634 nova-conductor[109749]: DEBUG cotyledon.oslo_config_glue [-] oslo_limit.status_code_retry_delay = None {{(pid=109749) log_opt_values /opt/stack/data/venv/lib/python3.12/site-packages/oslo_config/cfg.py:3006}}
Apr 09 18:17:29.881925 np0000164634 nova-conductor[109749]: DEBUG cotyledon.oslo_config_glue [-] oslo_limit.timeout = None {{(pid=109749) log_opt_values /opt/stack/data/venv/lib/python3.12/site-packages/oslo_config/cfg.py:3006}}
Apr 09 18:17:29.881925 np0000164634 nova-conductor[109749]: DEBUG cotyledon.oslo_config_glue [-] oslo_limit.valid_interfaces = None {{(pid=109749) log_opt_values /opt/stack/data/venv/lib/python3.12/site-packages/oslo_config/cfg.py:3006}}
Apr 09 18:17:29.881925 np0000164634 nova-conductor[109749]: DEBUG cotyledon.oslo_config_glue [-] oslo_limit.version = None {{(pid=109749) log_opt_values /opt/stack/data/venv/lib/python3.12/site-packages/oslo_config/cfg.py:3006}}
Apr 09 18:17:29.882137 np0000164634 nova-conductor[109749]: DEBUG cotyledon.oslo_config_glue [-] oslo_reports.file_event_handler = None {{(pid=109749) log_opt_values /opt/stack/data/venv/lib/python3.12/site-packages/oslo_config/cfg.py:3006}}
Apr 09 18:17:29.882137 np0000164634 nova-conductor[109749]: DEBUG cotyledon.oslo_config_glue [-] oslo_reports.file_event_handler_interval = 1 {{(pid=109749) log_opt_values /opt/stack/data/venv/lib/python3.12/site-packages/oslo_config/cfg.py:3006}}
Apr 09 18:17:29.882137 np0000164634 nova-conductor[109749]: DEBUG cotyledon.oslo_config_glue [-] oslo_reports.log_dir = None {{(pid=109749) log_opt_values /opt/stack/data/venv/lib/python3.12/site-packages/oslo_config/cfg.py:3006}}
Apr 09 18:17:29.882137 np0000164634 nova-conductor[109749]: DEBUG cotyledon.oslo_config_glue [-] ******************************************************************************** {{(pid=109749) log_opt_values /opt/stack/data/venv/lib/python3.12/site-packages/oslo_config/cfg.py:3013}}
Apr 09 18:17:29.882137 np0000164634 nova-conductor[109749]: DEBUG cotyledon._service_worker [-] Run service ServiceWrapper(3) [109749] {{(pid=109749) wait_forever /opt/stack/data/venv/lib/python3.12/site-packages/cotyledon/_service_worker.py:218}}
Apr 09 18:17:29.882137 np0000164634 nova-conductor[109749]: INFO nova.service [-] Starting conductor node (version 33.1.0)
Apr 09 18:17:29.882294 np0000164634 nova-conductor[109743]: DEBUG oslo_db.sqlalchemy.engines [None req-76066949-e3f4-46a2-8ff0-0b09c5303e66 None None] MySQL server mode set to STRICT_TRANS_TABLES,STRICT_ALL_TABLES,NO_ZERO_IN_DATE,NO_ZERO_DATE,ERROR_FOR_DIVISION_BY_ZERO,TRADITIONAL,NO_ENGINE_SUBSTITUTION {{(pid=109743) _check_effective_sql_mode /opt/stack/data/venv/lib/python3.12/site-packages/oslo_db/sqlalchemy/engines.py:325}}
Apr 09 18:17:29.882327 np0000164634 nova-conductor[109732]: DEBUG nova.service [None req-cc95ccf2-0a41-415c-815c-5127f280e462 None None] Creating RPC server for service: nova-conductor on topic: conductor {{(pid=109732) start /opt/stack/nova/nova/service.py:195}}
Apr 09 18:17:29.882387 np0000164634 nova-conductor[109749]: INFO dbcounter [None req-69be8f37-8937-412e-8743-ee5f77474b74 None None] Registered counter for database nova_cell0
Apr 09 18:17:29.882419 np0000164634 nova-conductor[109743]: DEBUG dbcounter [-] [109743] Writer thread running {{(pid=109743) stat_writer /opt/stack/data/venv/lib/python3.12/site-packages/dbcounter.py:102}}
Apr 09 18:17:29.882453 np0000164634 nova-conductor[109749]: DEBUG oslo_db.sqlalchemy.engines [None req-69be8f37-8937-412e-8743-ee5f77474b74 None None] MySQL server mode set to STRICT_TRANS_TABLES,STRICT_ALL_TABLES,NO_ZERO_IN_DATE,NO_ZERO_DATE,ERROR_FOR_DIVISION_BY_ZERO,TRADITIONAL,NO_ENGINE_SUBSTITUTION {{(pid=109749) _check_effective_sql_mode /opt/stack/data/venv/lib/python3.12/site-packages/oslo_db/sqlalchemy/engines.py:325}}
Apr 09 18:17:29.882483 np0000164634 nova-conductor[109743]: DEBUG nova.service [None req-76066949-e3f4-46a2-8ff0-0b09c5303e66 None None] Creating RPC server for service: nova-conductor on topic: conductor {{(pid=109743) start /opt/stack/nova/nova/service.py:195}}
Apr 09 18:17:29.882512 np0000164634 nova-conductor[109749]: DEBUG dbcounter [-] [109749] Writer thread running {{(pid=109749) stat_writer /opt/stack/data/venv/lib/python3.12/site-packages/dbcounter.py:102}}
Apr 09 18:17:29.882512 np0000164634 nova-conductor[109749]: DEBUG nova.service [None req-69be8f37-8937-412e-8743-ee5f77474b74 None None] Creating RPC server for service: nova-conductor on topic: conductor {{(pid=109749) start /opt/stack/nova/nova/service.py:195}}
Apr 09 18:17:29.882585 np0000164634 nova-conductor[109726]: DEBUG nova.service [None req-2269ca84-db39-423a-9be6-99be4caeb26d None None] Join ServiceGroup membership for this service conductor {{(pid=109726) start /opt/stack/nova/nova/service.py:221}}
Apr 09 18:17:29.882585 np0000164634 nova-conductor[109726]: DEBUG nova.servicegroup.drivers.db [None req-2269ca84-db39-423a-9be6-99be4caeb26d None None] DB_Driver: join new ServiceGroup member np0000164634 to the conductor group, service = {{(pid=109726) join /opt/stack/nova/nova/servicegroup/drivers/db.py:44}}
Apr 09 18:17:29.888083 np0000164634 nova-conductor[109732]: DEBUG nova.service [None req-cc95ccf2-0a41-415c-815c-5127f280e462 None None] Join ServiceGroup membership for this service conductor {{(pid=109732) start /opt/stack/nova/nova/service.py:221}}
Apr 09 18:17:29.888434 np0000164634 nova-conductor[109732]: DEBUG nova.servicegroup.drivers.db [None req-cc95ccf2-0a41-415c-815c-5127f280e462 None None] DB_Driver: join new ServiceGroup member np0000164634 to the conductor group, service = {{(pid=109732) join /opt/stack/nova/nova/servicegroup/drivers/db.py:44}}
Apr 09 18:17:29.898490 np0000164634 nova-conductor[109743]: DEBUG nova.service [None req-76066949-e3f4-46a2-8ff0-0b09c5303e66 None None] Join ServiceGroup membership for this service conductor {{(pid=109743) start /opt/stack/nova/nova/service.py:221}}
Apr 09 18:17:29.898748 np0000164634 nova-conductor[109743]: DEBUG nova.servicegroup.drivers.db [None req-76066949-e3f4-46a2-8ff0-0b09c5303e66 None None] DB_Driver: join new ServiceGroup member np0000164634 to the conductor group, service = {{(pid=109743) join /opt/stack/nova/nova/servicegroup/drivers/db.py:44}}
Apr 09 18:17:29.906074 np0000164634 nova-conductor[109749]: DEBUG nova.service [None req-69be8f37-8937-412e-8743-ee5f77474b74 None None] Join ServiceGroup membership for this service conductor {{(pid=109749) start /opt/stack/nova/nova/service.py:221}}
Apr 09 18:17:29.906403 np0000164634 nova-conductor[109749]: DEBUG nova.servicegroup.drivers.db [None req-69be8f37-8937-412e-8743-ee5f77474b74 None None] DB_Driver: join new ServiceGroup member np0000164634 to the conductor group, service = {{(pid=109749) join /opt/stack/nova/nova/servicegroup/drivers/db.py:44}}
Apr 09 18:17:34.905425 np0000164634 nova-conductor[109726]: DEBUG oslo.service.backend._threading.loopingcall [-] Fixed interval looping call 'nova.servicegroup.drivers.db.DbDriver._report_state' sleeping for 119.98 seconds {{(pid=109726) _run_loop /opt/stack/data/venv/lib/python3.12/site-packages/oslo_service/backend/_threading/loopingcall.py:125}}
Apr 09 18:17:34.906546 np0000164634 nova-conductor[109732]: DEBUG oslo.service.backend._threading.loopingcall [-] Fixed interval looping call 'nova.servicegroup.drivers.db.DbDriver._report_state' sleeping for 119.98 seconds {{(pid=109732) _run_loop /opt/stack/data/venv/lib/python3.12/site-packages/oslo_service/backend/_threading/loopingcall.py:125}}
Apr 09 18:17:34.912274 np0000164634 nova-conductor[109743]: DEBUG oslo.service.backend._threading.loopingcall [-] Fixed interval looping call 'nova.servicegroup.drivers.db.DbDriver._report_state' sleeping for 119.99 seconds {{(pid=109743) _run_loop /opt/stack/data/venv/lib/python3.12/site-packages/oslo_service/backend/_threading/loopingcall.py:125}}
Apr 09 18:17:34.923063 np0000164634 nova-conductor[109749]: DEBUG oslo.service.backend._threading.loopingcall [-] Fixed interval looping call 'nova.servicegroup.drivers.db.DbDriver._report_state' sleeping for 119.99 seconds {{(pid=109749) _run_loop /opt/stack/data/venv/lib/python3.12/site-packages/oslo_service/backend/_threading/loopingcall.py:125}}
Apr 09 18:17:38.479734 np0000164634 nova-conductor[109017]: DEBUG dbcounter [-] [109017] Writing DB stats nova_api:SELECT=1 {{(pid=109017) stat_writer /opt/stack/data/venv/lib/python3.12/site-packages/dbcounter.py:115}}
Apr 09 18:17:38.595764 np0000164634 nova-conductor[109017]: DEBUG dbcounter [-] [109017] Writing DB stats nova_cell0:SELECT=1 {{(pid=109017) stat_writer /opt/stack/data/venv/lib/python3.12/site-packages/dbcounter.py:115}}
Apr 09 18:17:38.600537 np0000164634 nova-conductor[109017]: DEBUG dbcounter [-] [109017] Writing DB stats nova_cell1:SELECT=1 {{(pid=109017) stat_writer /opt/stack/data/venv/lib/python3.12/site-packages/dbcounter.py:115}}
Apr 09 18:17:44.899022 np0000164634 nova-conductor[109726]: DEBUG dbcounter [-] [109726] Writing DB stats nova_cell0:SELECT=4,nova_cell0:INSERT=1,nova_cell0:UPDATE=1 {{(pid=109726) stat_writer /opt/stack/data/venv/lib/python3.12/site-packages/dbcounter.py:115}}
Apr 09 18:17:44.902320 np0000164634 nova-conductor[109732]: DEBUG dbcounter [-] [109732] Writing DB stats nova_cell0:SELECT=5,nova_cell0:INSERT=1,nova_cell0:UPDATE=1 {{(pid=109732) stat_writer /opt/stack/data/venv/lib/python3.12/site-packages/dbcounter.py:115}}
Apr 09 18:17:44.909000 np0000164634 nova-conductor[109743]: DEBUG dbcounter [-] [109743] Writing DB stats nova_cell0:SELECT=3 {{(pid=109743) stat_writer /opt/stack/data/venv/lib/python3.12/site-packages/dbcounter.py:115}}
Apr 09 18:17:44.919220 np0000164634 nova-conductor[109749]: DEBUG dbcounter [-] [109749] Writing DB stats nova_cell0:SELECT=3 {{(pid=109749) stat_writer /opt/stack/data/venv/lib/python3.12/site-packages/dbcounter.py:115}}
Apr 09 18:17:46.909911 np0000164634 nova-conductor[109749]: DEBUG oslo.service.backend._threading.loopingcall [None req-0d2a5cd8-2bd4-48c9-828f-84ab845ebb51 None None] Dynamic interval looping call 'nova.service.Service.periodic_tasks' sleeping for 60.00 seconds {{(pid=109749) _run_loop /opt/stack/data/venv/lib/python3.12/site-packages/oslo_service/backend/_threading/loopingcall.py:125}}
Apr 09 18:18:06.901927 np0000164634 nova-conductor[109743]: DEBUG oslo.service.backend._threading.loopingcall [None req-85ef94ab-feaa-40ee-8e1b-bf833cf452b3 None None] Dynamic interval looping call 'nova.service.Service.periodic_tasks' sleeping for 60.00 seconds {{(pid=109743) _run_loop /opt/stack/data/venv/lib/python3.12/site-packages/oslo_service/backend/_threading/loopingcall.py:125}}
Apr 09 18:18:11.887409 np0000164634 nova-conductor[109726]: DEBUG oslo.service.backend._threading.loopingcall [None req-640ef6b6-37e0-4894-9e41-33733ba56453 None None] Dynamic interval looping call 'nova.service.Service.periodic_tasks' sleeping for 60.00 seconds {{(pid=109726) _run_loop /opt/stack/data/venv/lib/python3.12/site-packages/oslo_service/backend/_threading/loopingcall.py:125}}
Apr 09 18:18:17.892552 np0000164634 nova-conductor[109732]: DEBUG oslo.service.backend._threading.loopingcall [None req-525b337f-50ed-4f12-a2b3-65ea215b8361 None None] Dynamic interval looping call 'nova.service.Service.periodic_tasks' sleeping for 60.00 seconds {{(pid=109732) _run_loop /opt/stack/data/venv/lib/python3.12/site-packages/oslo_service/backend/_threading/loopingcall.py:125}}
Apr 09 18:18:46.911135 np0000164634 nova-conductor[109749]: DEBUG oslo.service.backend._threading.loopingcall [None req-0d2a5cd8-2bd4-48c9-828f-84ab845ebb51 None None] Dynamic interval looping call 'nova.service.Service.periodic_tasks' sleeping for 60.00 seconds {{(pid=109749) _run_loop /opt/stack/data/venv/lib/python3.12/site-packages/oslo_service/backend/_threading/loopingcall.py:125}}
Apr 09 18:19:06.902669 np0000164634 nova-conductor[109743]: DEBUG oslo.service.backend._threading.loopingcall [None req-85ef94ab-feaa-40ee-8e1b-bf833cf452b3 None None] Dynamic interval looping call 'nova.service.Service.periodic_tasks' sleeping for 60.00 seconds {{(pid=109743) _run_loop /opt/stack/data/venv/lib/python3.12/site-packages/oslo_service/backend/_threading/loopingcall.py:125}}
Apr 09 18:19:11.888254 np0000164634 nova-conductor[109726]: DEBUG oslo.service.backend._threading.loopingcall [None req-640ef6b6-37e0-4894-9e41-33733ba56453 None None] Dynamic interval looping call 'nova.service.Service.periodic_tasks' sleeping for 60.00 seconds {{(pid=109726) _run_loop /opt/stack/data/venv/lib/python3.12/site-packages/oslo_service/backend/_threading/loopingcall.py:125}}
Apr 09 18:19:17.893661 np0000164634 nova-conductor[109732]: DEBUG oslo.service.backend._threading.loopingcall [None req-525b337f-50ed-4f12-a2b3-65ea215b8361 None None] Dynamic interval looping call 'nova.service.Service.periodic_tasks' sleeping for 60.00 seconds {{(pid=109732) _run_loop /opt/stack/data/venv/lib/python3.12/site-packages/oslo_service/backend/_threading/loopingcall.py:125}}
Apr 09 18:19:35.067324 np0000164634 nova-conductor[109732]: DEBUG oslo.service.backend._threading.loopingcall [-] Fixed interval looping call 'nova.servicegroup.drivers.db.DbDriver._report_state' sleeping for 119.82 seconds {{(pid=109732) _run_loop /opt/stack/data/venv/lib/python3.12/site-packages/oslo_service/backend/_threading/loopingcall.py:125}}
Apr 09 18:19:35.068349 np0000164634 nova-conductor[109726]: DEBUG oslo.service.backend._threading.loopingcall [-] Fixed interval looping call 'nova.servicegroup.drivers.db.DbDriver._report_state' sleeping for 119.82 seconds {{(pid=109726) _run_loop /opt/stack/data/venv/lib/python3.12/site-packages/oslo_service/backend/_threading/loopingcall.py:125}}
Apr 09 18:19:35.069646 np0000164634 nova-conductor[109743]: DEBUG oslo.service.backend._threading.loopingcall [-] Fixed interval looping call 'nova.servicegroup.drivers.db.DbDriver._report_state' sleeping for 119.83 seconds {{(pid=109743) _run_loop /opt/stack/data/venv/lib/python3.12/site-packages/oslo_service/backend/_threading/loopingcall.py:125}}
Apr 09 18:19:35.071354 np0000164634 nova-conductor[109749]: DEBUG oslo.service.backend._threading.loopingcall [-] Fixed interval looping call 'nova.servicegroup.drivers.db.DbDriver._report_state' sleeping for 119.84 seconds {{(pid=109749) _run_loop /opt/stack/data/venv/lib/python3.12/site-packages/oslo_service/backend/_threading/loopingcall.py:125}}
Apr 09 18:19:44.891313 np0000164634 nova-conductor[109732]: DEBUG dbcounter [-] [109732] Writing DB stats nova_cell0:SELECT=1,nova_cell0:UPDATE=1 {{(pid=109732) stat_writer /opt/stack/data/venv/lib/python3.12/site-packages/dbcounter.py:115}}
Apr 09 18:19:44.894823 np0000164634 nova-conductor[109726]: DEBUG dbcounter [-] [109726] Writing DB stats nova_cell0:SELECT=1,nova_cell0:UPDATE=1 {{(pid=109726) stat_writer /opt/stack/data/venv/lib/python3.12/site-packages/dbcounter.py:115}}
Apr 09 18:19:44.914410 np0000164634 nova-conductor[109743]: DEBUG dbcounter [-] [109743] Writing DB stats nova_cell0:SELECT=1,nova_cell0:UPDATE=1 {{(pid=109743) stat_writer /opt/stack/data/venv/lib/python3.12/site-packages/dbcounter.py:115}}
Apr 09 18:19:44.923131 np0000164634 nova-conductor[109749]: DEBUG dbcounter [-] [109749] Writing DB stats nova_cell0:SELECT=1,nova_cell0:UPDATE=1 {{(pid=109749) stat_writer /opt/stack/data/venv/lib/python3.12/site-packages/dbcounter.py:115}}
Apr 09 18:19:46.911984 np0000164634 nova-conductor[109749]: DEBUG oslo.service.backend._threading.loopingcall [None req-0d2a5cd8-2bd4-48c9-828f-84ab845ebb51 None None] Dynamic interval looping call 'nova.service.Service.periodic_tasks' sleeping for 60.00 seconds {{(pid=109749) _run_loop /opt/stack/data/venv/lib/python3.12/site-packages/oslo_service/backend/_threading/loopingcall.py:125}}
Apr 09 18:20:06.903966 np0000164634 nova-conductor[109743]: DEBUG oslo.service.backend._threading.loopingcall [None req-85ef94ab-feaa-40ee-8e1b-bf833cf452b3 None None] Dynamic interval looping call 'nova.service.Service.periodic_tasks' sleeping for 60.00 seconds {{(pid=109743) _run_loop /opt/stack/data/venv/lib/python3.12/site-packages/oslo_service/backend/_threading/loopingcall.py:125}}
Apr 09 18:20:11.889123 np0000164634 nova-conductor[109726]: DEBUG oslo.service.backend._threading.loopingcall [None req-640ef6b6-37e0-4894-9e41-33733ba56453 None None] Dynamic interval looping call 'nova.service.Service.periodic_tasks' sleeping for 60.00 seconds {{(pid=109726) _run_loop /opt/stack/data/venv/lib/python3.12/site-packages/oslo_service/backend/_threading/loopingcall.py:125}}
Apr 09 18:20:17.894567 np0000164634 nova-conductor[109732]: DEBUG oslo.service.backend._threading.loopingcall [None req-525b337f-50ed-4f12-a2b3-65ea215b8361 None None] Dynamic interval looping call 'nova.service.Service.periodic_tasks' sleeping for 60.00 seconds {{(pid=109732) _run_loop /opt/stack/data/venv/lib/python3.12/site-packages/oslo_service/backend/_threading/loopingcall.py:125}}
Apr 09 18:20:46.912949 np0000164634 nova-conductor[109749]: DEBUG oslo.service.backend._threading.loopingcall [None req-0d2a5cd8-2bd4-48c9-828f-84ab845ebb51 None None] Dynamic interval looping call 'nova.service.Service.periodic_tasks' sleeping for 60.00 seconds {{(pid=109749) _run_loop /opt/stack/data/venv/lib/python3.12/site-packages/oslo_service/backend/_threading/loopingcall.py:125}}
Apr 09 18:21:06.905028 np0000164634 nova-conductor[109743]: DEBUG oslo.service.backend._threading.loopingcall [None req-85ef94ab-feaa-40ee-8e1b-bf833cf452b3 None None] Dynamic interval looping call 'nova.service.Service.periodic_tasks' sleeping for 60.00 seconds {{(pid=109743) _run_loop /opt/stack/data/venv/lib/python3.12/site-packages/oslo_service/backend/_threading/loopingcall.py:125}}
Apr 09 18:21:11.889917 np0000164634 nova-conductor[109726]: DEBUG oslo.service.backend._threading.loopingcall [None req-640ef6b6-37e0-4894-9e41-33733ba56453 None None] Dynamic interval looping call 'nova.service.Service.periodic_tasks' sleeping for 60.00 seconds {{(pid=109726) _run_loop /opt/stack/data/venv/lib/python3.12/site-packages/oslo_service/backend/_threading/loopingcall.py:125}}
Apr 09 18:21:17.895334 np0000164634 nova-conductor[109732]: DEBUG oslo.service.backend._threading.loopingcall [None req-525b337f-50ed-4f12-a2b3-65ea215b8361 None None] Dynamic interval looping call 'nova.service.Service.periodic_tasks' sleeping for 60.00 seconds {{(pid=109732) _run_loop /opt/stack/data/venv/lib/python3.12/site-packages/oslo_service/backend/_threading/loopingcall.py:125}}
Apr 09 18:21:19.730421 np0000164634 nova-conductor[109726]: INFO nova.utils [None req-521bf87b-ec1a-4848-b391-5dd72a01d1eb demo demo] The cell worker thread pool ForkProcess-1.cell_worker is initialized
Apr 09 18:21:19.731275 np0000164634 nova-conductor[109726]: DEBUG oslo_concurrency.lockutils [None req-521bf87b-ec1a-4848-b391-5dd72a01d1eb demo demo] Acquiring lock "d4233611-34d9-4539-b511-1efd10ecd6e4" by "nova.context.set_target_cell..get_or_set_cached_cell_and_set_connections" {{(pid=109726) inner /opt/stack/data/venv/lib/python3.12/site-packages/oslo_concurrency/lockutils.py:506}}
Apr 09 18:21:19.731275 np0000164634 nova-conductor[109726]: DEBUG oslo_concurrency.lockutils [None req-521bf87b-ec1a-4848-b391-5dd72a01d1eb demo demo] Lock "d4233611-34d9-4539-b511-1efd10ecd6e4" acquired by "nova.context.set_target_cell..get_or_set_cached_cell_and_set_connections" :: waited 0.000s {{(pid=109726) inner /opt/stack/data/venv/lib/python3.12/site-packages/oslo_concurrency/lockutils.py:519}}
