Jul 08 21:16:06.896189 np0000184499 devstack@neutron-api.service[102313]: DEBUG ovsdbapp.backend.ovs_idl.transaction [None req-410e40e0-9ae7-4f4b-84b6-917a3a38dbb1 None None] Running txn n=1 command(idx=1): AddDHCPOptionsCommand(_result=None, columns={'cidr': '10.2.5.0/24', 'options': {'server_id': '10.2.5.1', 'lease_time': '43200', 'mtu': '1372', 'server_mac': 'fa:16:3e:29:c4:a8', 'dns_server': '{127.0.0.53}', 'classless_static_route': '{169.254.169.254/32,10.2.5.1}'}, 'external_ids': {'subnet_id': 'fe5a4d7a-67c1-44bb-ab84-71afe8a7b5d0', 'neutron:network_id': '1c48d774-b948-42ed-bbd3-7a4feeb10439', 'neutron:revision_number': '0'}}, may_exist=True, subnet_id=fe5a4d7a-67c1-44bb-ab84-71afe8a7b5d0, port_id=None, new_insert=False) {{(pid=102313) do_commit /opt/stack/data/venv/lib/python3.12/site-packages/ovsdbapp/backend/ovs_idl/transaction.py:89}}
Jul 08 21:16:06.896854 np0000184499 devstack@neutron-api.service[102313]: DEBUG ovsdbapp.backend.ovs_idl.transaction [None req-410e40e0-9ae7-4f4b-84b6-917a3a38dbb1 None None] Running txn n=1 command(idx=2): SetLSwitchPortCommand(_result=None, lport=6bc653f4-26c5-445f-9142-1abc76a2d23f, external_ids_update=None, columns={'external_ids': {'neutron:port_name': '', 'neutron:device_id': 'ovnmeta-1c48d774-b948-42ed-bbd3-7a4feeb10439', 'neutron:project_id': 'd8a6135856ea41a0b1dba705cf1e7e0c', 'neutron:cidrs': '10.2.5.1/24', 'neutron:device_owner': 'network:distributed', 'neutron:subnet_pool_addr_scope4': '', 'neutron:subnet_pool_addr_scope6': '', 'neutron:network_name': 'neutron-1c48d774-b948-42ed-bbd3-7a4feeb10439', 'neutron:security_group_ids': '', 'neutron:revision_number': '2', 'neutron:vnic_type': 'normal', 'neutron:port_capabilities': '', 'neutron:mtu': '1372'}, 'parent_name': [], 'options': {}, 'enabled': True, 'port_security': [], 'dhcpv4_options': [], 'dhcpv6_options': [], 'type': 'localport', 'addresses': ['fa:16:3e:8c:8b:b3 10.2.5.1'], 'ha_chassis_group': [], 'tag_request': []}, if_exists=False) {{(pid=102313) do_commit /opt/stack/data/venv/lib/python3.12/site-packages/ovsdbapp/backend/ovs_idl/transaction.py:89}}
Jul 08 21:16:06.898392 np0000184499 devstack@neutron-api.service[102313]: DEBUG ovsdbapp.backend.ovs_idl.transaction [None req-410e40e0-9ae7-4f4b-84b6-917a3a38dbb1 None None] Running txn n=1 command(idx=3): PgDelPortCommand(_result=None, port_group=neutron_pg_drop, lsp=['6bc653f4-26c5-445f-9142-1abc76a2d23f'], if_exists=False) {{(pid=102313) do_commit /opt/stack/data/venv/lib/python3.12/site-packages/ovsdbapp/backend/ovs_idl/transaction.py:89}}
Jul 08 21:16:06.941207 np0000184499 devstack@neutron-api.service[102312]: DEBUG neutron.plugins.ml2.drivers.ovn.mech_driver.ovsdb.ovsdb_monitor [None req-60ec1bca-7463-44a6-afe7-e518c34eac00 None None] Touching Hash Ring node "e32cf45b760e5c1981ce2507db066c87" from IDL notify handler {{(pid=102312) notify /opt/stack/neutron/neutron/plugins/ml2/drivers/ovn/mech_driver/ovsdb/ovsdb_monitor.py:1022}}
Jul 08 21:16:06.941266 np0000184499 devstack@neutron-api.service[102315]: DEBUG neutron.plugins.ml2.drivers.ovn.mech_driver.ovsdb.ovsdb_monitor [None req-a717f0d1-7842-41da-9227-dfc16d167a03 None None] Hash Ring: Node 27133261d75d51e79c25e3442887a133 (host: np0000184499) handling event "create" for row 67d19afb-9076-4ef7-8c38-c75288b80309 (table: DHCP_Options) {{(pid=102315) notify /opt/stack/neutron/neutron/plugins/ml2/drivers/ovn/mech_driver/ovsdb/ovsdb_monitor.py:1030}}
Jul 08 21:16:06.948238 np0000184499 devstack@neutron-api.service[102314]: DEBUG neutron.plugins.ml2.drivers.ovn.mech_driver.ovsdb.ovsdb_monitor [None req-2e2347be-72c4-4866-8237-e703dbffc3d8 None None] Hash Ring: Node 060716892a175da9a36bb4eb4c80e155 (host: np0000184499) handling event "update" for row 35a7943e-4f5b-45d6-a0c8-04d37ba0467b (table: Port_Binding) {{(pid=102314) notify /opt/stack/neutron/neutron/plugins/ml2/drivers/ovn/mech_driver/ovsdb/ovsdb_monitor.py:1030}}
Jul 08 21:16:06.952731 np0000184499 devstack@neutron-api.service[102312]: DEBUG neutron.plugins.ml2.drivers.ovn.mech_driver.ovsdb.ovsdb_monitor [None req-60ec1bca-7463-44a6-afe7-e518c34eac00 None None] Hash Ring: Node e32cf45b760e5c1981ce2507db066c87 (host: np0000184499) handling event "update" for row 0739225c-6e5d-4758-a1b7-c5dd88438c4f (table: Logical_Switch_Port) {{(pid=102312) notify /opt/stack/neutron/neutron/plugins/ml2/drivers/ovn/mech_driver/ovsdb/ovsdb_monitor.py:1030}}
Jul 08 21:16:06.972342 np0000184499 devstack@neutron-api.service[102313]: INFO neutron.db.ovn_revision_numbers_db [None req-39b5eba8-a4d1-442a-aae0-1bc17fa7b29f admin admin] Successfully bumped revision number for resource 6bc653f4-26c5-445f-9142-1abc76a2d23f (type: ports) to 2
Jul 08 21:16:06.982869 np0000184499 devstack@neutron-api.service[102313]: DEBUG neutron.plugins.ml2.plugin [None req-39b5eba8-a4d1-442a-aae0-1bc17fa7b29f admin admin] In _notify_port_updated(), no bound segment for port 6bc653f4-26c5-445f-9142-1abc76a2d23f on network 1c48d774-b948-42ed-bbd3-7a4feeb10439 {{(pid=102313) _notify_port_updated /opt/stack/neutron/neutron/plugins/ml2/plugin.py:1041}}
Jul 08 21:16:07.004539 np0000184499 devstack@neutron-api.service[102313]: INFO neutron.db.ovn_revision_numbers_db [None req-39b5eba8-a4d1-442a-aae0-1bc17fa7b29f admin admin] Successfully bumped revision number for resource fe5a4d7a-67c1-44bb-ab84-71afe8a7b5d0 (type: subnets) to 0
Jul 08 21:16:07.006353 np0000184499 devstack@neutron-api.service[102313]: DEBUG neutron.pecan_wsgi.hooks.policy_enforcement [None req-39b5eba8-a4d1-442a-aae0-1bc17fa7b29f admin admin] Attributes excluded by policy engine: ['standard_attr_id', 'shared', 'network'] {{(pid=102313) _exclude_attributes_by_policy /opt/stack/neutron/neutron/pecan_wsgi/hooks/policy_enforcement.py:259}}
Jul 08 21:16:07.006672 np0000184499 devstack@neutron-api.service[102313]: DEBUG neutron_lib.callbacks.manager [None req-39b5eba8-a4d1-442a-aae0-1bc17fa7b29f admin admin] Publish callbacks [] for subnet (None), before_response {{(pid=102313) _notify_loop /opt/stack/data/venv/lib/python3.12/site-packages/neutron_lib/callbacks/manager.py:184}}
Jul 08 21:16:07.020756 np0000184499 devstack@neutron-api.service[102313]: [pid: 102313|app: 0|req: 25/99] 199.204.45.115 () {68 vars in 1355 bytes} [Wed Jul 8 21:16:06 2026] POST /networking/v2.0/subnets => generated 625 bytes in 609 msecs (HTTP/1.1 201) 4 headers in 162 bytes (1 switches on core 0)
Jul 08 21:16:07.233083 np0000184499 devstack@neutron-api.service[102314]: INFO neutron.pecan_wsgi.hooks.translation [None req-41e5e5d6-b810-4aec-9d0b-ba0d43f3ee27 admin admin] GET failed (client error): The resource could not be found.
Jul 08 21:16:07.233594 np0000184499 devstack@neutron-api.service[102314]: [pid: 102314|app: 0|req: 25/100] 199.204.45.115 () {64 vars in 1340 bytes} [Wed Jul 8 21:16:07 2026] GET /networking/v2.0/subnets/admin_subnet => generated 112 bytes in 8 msecs (HTTP/1.1 404) 4 headers in 164 bytes (1 switches on core 0)
Jul 08 21:16:07.265351 np0000184499 devstack@neutron-api.service[102312]: DEBUG neutron.pecan_wsgi.hooks.policy_enforcement [None req-d71e4a22-05aa-42c4-8849-848850331b83 admin admin] Attributes excluded by policy engine: ['standard_attr_id', 'shared'] {{(pid=102312) _exclude_attributes_by_policy /opt/stack/neutron/neutron/pecan_wsgi/hooks/policy_enforcement.py:259}}
Jul 08 21:16:07.266999 np0000184499 devstack@neutron-api.service[102312]: [pid: 102312|app: 0|req: 25/101] 199.204.45.115 () {64 vars in 1349 bytes} [Wed Jul 8 21:16:07 2026] GET /networking/v2.0/subnets?name=admin_subnet => generated 628 bytes in 23 msecs (HTTP/1.1 200) 4 headers in 157 bytes (1 switches on core 0)
Jul 08 21:16:07.618288 np0000184499 devstack@neutron-api.service[102315]: DEBUG futurist.periodics [-] Submitting periodic callback 'neutron.plugins.ml2.drivers.ovn.mech_driver.ovsdb.maintenance.HashRingHealthCheckPeriodics.touch_hash_ring_node' {{(pid=102315) _process_scheduled /opt/stack/data/venv/lib/python3.12/site-packages/futurist/periodics.py:784}}
Jul 08 21:16:07.618974 np0000184499 devstack@neutron-api.service[102315]: DEBUG neutron.plugins.ml2.drivers.ovn.mech_driver.ovsdb.maintenance [-] Touching Hash Ring node "27133261d75d51e79c25e3442887a133" from periodic health check thread {{(pid=102315) touch_hash_ring_node /opt/stack/neutron/neutron/plugins/ml2/drivers/ovn/mech_driver/ovsdb/maintenance.py:1419}}
Jul 08 21:16:08.200499 np0000184499 devstack@neutron-api.service[102315]: DEBUG neutron.plugins.ml2.drivers.ovn.mech_driver.ovsdb.ovsdb_monitor [None req-2c441614-33f0-4720-ae41-16b233734c10 None None] ChassisOVNAgentWriteEvent : Matched Chassis_Private, update, None None {{(pid=102315) matches /opt/stack/neutron/neutron/plugins/ml2/drivers/ovn/mech_driver/ovsdb/ovsdb_monitor.py:65}}
Jul 08 21:16:08.201474 np0000184499 devstack@neutron-api.service[102313]: DEBUG neutron.plugins.ml2.drivers.ovn.mech_driver.ovsdb.ovsdb_monitor [None req-e28746ea-5a92-40c3-bf3a-16a21a81eac1 None None] ChassisOVNAgentWriteEvent : Matched Chassis_Private, update, None None {{(pid=102313) matches /opt/stack/neutron/neutron/plugins/ml2/drivers/ovn/mech_driver/ovsdb/ovsdb_monitor.py:65}}
Jul 08 21:16:08.201966 np0000184499 devstack@neutron-api.service[102314]: DEBUG neutron.plugins.ml2.drivers.ovn.mech_driver.ovsdb.ovsdb_monitor [None req-2e2347be-72c4-4866-8237-e703dbffc3d8 None None] ChassisOVNAgentWriteEvent : Matched Chassis_Private, update, None None {{(pid=102314) matches /opt/stack/neutron/neutron/plugins/ml2/drivers/ovn/mech_driver/ovsdb/ovsdb_monitor.py:65}}
Jul 08 21:16:08.202716 np0000184499 devstack@neutron-api.service[102312]: DEBUG neutron.plugins.ml2.drivers.ovn.mech_driver.ovsdb.ovsdb_monitor [None req-95c72b6f-fd94-43b0-8827-59c3ca0b19ae None None] ChassisOVNAgentWriteEvent : Matched Chassis_Private, update, None None {{(pid=102312) matches /opt/stack/neutron/neutron/plugins/ml2/drivers/ovn/mech_driver/ovsdb/ovsdb_monitor.py:65}}
Jul 08 21:16:08.203438 np0000184499 devstack@neutron-api.service[102312]: DEBUG neutron.plugins.ml2.drivers.ovn.mech_driver.ovsdb.ovsdb_monitor [None req-95c72b6f-fd94-43b0-8827-59c3ca0b19ae None None] Hash Ring: Node e32cf45b760e5c1981ce2507db066c87 (host: np0000184499) handling event "update" for row e059d789-ab7d-4df8-b117-43aafe3eaaa3 (table: Chassis_Private) {{(pid=102312) notify /opt/stack/neutron/neutron/plugins/ml2/drivers/ovn/mech_driver/ovsdb/ovsdb_monitor.py:1030}}
Jul 08 21:16:08.461471 np0000184499 devstack@neutron-api.service[102313]: DEBUG futurist.periodics [-] Submitting periodic callback 'neutron.plugins.ml2.drivers.ovn.mech_driver.ovsdb.maintenance.HashRingHealthCheckPeriodics.touch_hash_ring_node' {{(pid=102313) _process_scheduled /opt/stack/data/venv/lib/python3.12/site-packages/futurist/periodics.py:784}}
Jul 08 21:16:08.461909 np0000184499 devstack@neutron-api.service[102313]: DEBUG neutron.plugins.ml2.drivers.ovn.mech_driver.ovsdb.maintenance [-] Touching Hash Ring node "62e763073a935fe1a0c2cdadd90b6fc1" from periodic health check thread {{(pid=102313) touch_hash_ring_node /opt/stack/neutron/neutron/plugins/ml2/drivers/ovn/mech_driver/ovsdb/maintenance.py:1419}}
Jul 08 21:16:08.526801 np0000184499 devstack@neutron-api.service[102314]: DEBUG futurist.periodics [-] Submitting periodic callback 'neutron.plugins.ml2.drivers.ovn.mech_driver.ovsdb.maintenance.HashRingHealthCheckPeriodics.touch_hash_ring_node' {{(pid=102314) _process_scheduled /opt/stack/data/venv/lib/python3.12/site-packages/futurist/periodics.py:784}}
Jul 08 21:16:08.527747 np0000184499 devstack@neutron-api.service[102314]: DEBUG neutron.plugins.ml2.drivers.ovn.mech_driver.ovsdb.maintenance [-] Touching Hash Ring node "060716892a175da9a36bb4eb4c80e155" from periodic health check thread {{(pid=102314) touch_hash_ring_node /opt/stack/neutron/neutron/plugins/ml2/drivers/ovn/mech_driver/ovsdb/maintenance.py:1419}}
Jul 08 21:16:09.035881 np0000184499 devstack@neutron-api.service[102312]: DEBUG futurist.periodics [-] Submitting periodic callback 'neutron.plugins.ml2.drivers.ovn.mech_driver.ovsdb.maintenance.HashRingHealthCheckPeriodics.touch_hash_ring_node' {{(pid=102312) _process_scheduled /opt/stack/data/venv/lib/python3.12/site-packages/futurist/periodics.py:784}}
Jul 08 21:16:09.036518 np0000184499 devstack@neutron-api.service[102312]: DEBUG neutron.plugins.ml2.drivers.ovn.mech_driver.ovsdb.maintenance [-] Touching Hash Ring node "e32cf45b760e5c1981ce2507db066c87" from periodic health check thread {{(pid=102312) touch_hash_ring_node /opt/stack/neutron/neutron/plugins/ml2/drivers/ovn/mech_driver/ovsdb/maintenance.py:1419}}
Jul 08 21:16:11.844026 np0000184499 devstack@neutron-api.service[102315]: [pid: 102315|app: 0|req: 27/102] 199.204.45.115 () {64 vars in 1369 bytes} [Wed Jul 8 21:16:11 2026] GET /networking/v2.0/ports?device_id=manila-admin-share&binding%3Ahost_id=np0000184499 => generated 12 bytes in 68 msecs (HTTP/1.1 200) 4 headers in 156 bytes (1 switches on core 0)
Jul 08 21:16:11.886131 np0000184499 devstack@neutron-api.service[102313]: DEBUG neutron.api.wsgi [None req-0733b02b-daaa-4f0a-b82e-8e8e1b82680a service neutron] Missing Content-Type {{(pid=102313) get_content_type /opt/stack/neutron/neutron/api/wsgi.py:80}}
Jul 08 21:16:11.886611 np0000184499 devstack@neutron-api.service[102313]: DEBUG neutron.api.wsgi [None req-0733b02b-daaa-4f0a-b82e-8e8e1b82680a service neutron] https://199.204.45.115/networking/v2.0/extensions returned with HTTP 200 {{(pid=102313) __call__ /opt/stack/neutron/neutron/api/wsgi.py:540}}
Jul 08 21:16:11.886999 np0000184499 devstack@neutron-api.service[102313]: [pid: 102313|app: 0|req: 26/103] 199.204.45.115 () {64 vars in 1265 bytes} [Wed Jul 8 21:16:11 2026] GET /networking/v2.0/extensions => generated 16171 bytes in 6 msecs (HTTP/1.1 200) 4 headers in 159 bytes (1 switches on core 0)
Jul 08 21:16:11.926092 np0000184499 devstack@neutron-api.service[102314]: DEBUG neutron.api.v2.base [None req-eb176b7b-2bf0-43b9-9392-88846aecc2b9 service neutron] Request body: {'port': {'network_id': '1c48d774-b948-42ed-bbd3-7a4feeb10439', 'admin_state_up': True, 'tenant_id': 'd8a6135856ea41a0b1dba705cf1e7e0c', 'port_security_enabled': False, 'binding:host_id': 'np0000184499', 'fixed_ips': [{'subnet_id': 'fe5a4d7a-67c1-44bb-ab84-71afe8a7b5d0'}], 'device_owner': 'manila:share', 'device_id': 'manila-admin-share'}} {{(pid=102314) prepare_request_body /opt/stack/neutron/neutron/api/v2/base.py:727}}
Jul 08 21:16:11.995512 np0000184499 devstack@neutron-api.service[102314]: DEBUG neutron.pecan_wsgi.hooks.quota_enforcement [None req-eb176b7b-2bf0-43b9-9392-88846aecc2b9 service neutron] Made reservation on behalf of d8a6135856ea41a0b1dba705cf1e7e0c for: {'port': 1} {{(pid=102314) before /opt/stack/neutron/neutron/pecan_wsgi/hooks/quota_enforcement.py:66}}
Jul 08 21:16:12.001249 np0000184499 devstack@neutron-api.service[102314]: DEBUG neutron_lib.callbacks.manager [None req-eb176b7b-2bf0-43b9-9392-88846aecc2b9 service neutron] Publish callbacks ['neutron.plugins.ml2.plugin.SecurityGroupDbMixin._ensure_default_security_group_handler-745941'] for port (None), before_create {{(pid=102314) _notify_loop /opt/stack/data/venv/lib/python3.12/site-packages/neutron_lib/callbacks/manager.py:184}}
Jul 08 21:16:12.068106 np0000184499 devstack@neutron-api.service[102314]: DEBUG neutron.db.db_base_plugin_common [None req-eb176b7b-2bf0-43b9-9392-88846aecc2b9 service neutron] Allocated IP 10.2.5.239 (1c48d774-b948-42ed-bbd3-7a4feeb10439/fe5a4d7a-67c1-44bb-ab84-71afe8a7b5d0/5b3a9215-9c8f-41aa-af32-8a0d60dd708a) {{(pid=102314) _store_ip_allocation /opt/stack/neutron/neutron/db/db_base_plugin_common.py:131}}
Jul 08 21:16:12.124065 np0000184499 devstack@neutron-api.service[102314]: DEBUG neutron_lib.callbacks.manager [None req-eb176b7b-2bf0-43b9-9392-88846aecc2b9 service neutron] Publish callbacks ['neutron.plugins.ml2.drivers.ovn.mech_driver.mech_driver.OVNMechanismDriver._validate_allowed_address_pairs-260802'] for allowed_address_pair (5b3a9215-9c8f-41aa-af32-8a0d60dd708a), before_create {{(pid=102314) _notify_loop /opt/stack/data/venv/lib/python3.12/site-packages/neutron_lib/callbacks/manager.py:184}}
Jul 08 21:16:12.125519 np0000184499 devstack@neutron-api.service[102314]: DEBUG neutron_lib.callbacks.manager [None req-eb176b7b-2bf0-43b9-9392-88846aecc2b9 service neutron] Publish callbacks [] for port (5b3a9215-9c8f-41aa-af32-8a0d60dd708a), precommit_create {{(pid=102314) _notify_loop /opt/stack/data/venv/lib/python3.12/site-packages/neutron_lib/callbacks/manager.py:184}}
Jul 08 21:16:12.130094 np0000184499 devstack@neutron-api.service[102314]: DEBUG neutron.db.provisioning_blocks [None req-eb176b7b-2bf0-43b9-9392-88846aecc2b9 service neutron] Transition to ACTIVE for port object 5b3a9215-9c8f-41aa-af32-8a0d60dd708a will not be triggered until provisioned by entity L2. {{(pid=102314) add_provisioning_component /opt/stack/neutron/neutron/db/provisioning_blocks.py:74}}
Jul 08 21:16:12.130094 np0000184499 devstack@neutron-api.service[102314]: DEBUG neutron.db.ovn_revision_numbers_db [None req-eb176b7b-2bf0-43b9-9392-88846aecc2b9 service neutron] create_initial_revision uuid=5b3a9215-9c8f-41aa-af32-8a0d60dd708a, type=ports, rev=-1 {{(pid=102314) create_initial_revision /opt/stack/neutron/neutron/db/ovn_revision_numbers_db.py:98}}
Jul 08 21:16:12.143180 np0000184499 devstack@neutron-api.service[102314]: DEBUG neutron_lib.callbacks.manager [None req-eb176b7b-2bf0-43b9-9392-88846aecc2b9 service neutron] Publish callbacks ['neutron.plugins.ml2.ovo_rpc._ObjectChangeHandler.handle_event-3037677'] for port (5b3a9215-9c8f-41aa-af32-8a0d60dd708a), after_create {{(pid=102314) _notify_loop /opt/stack/data/venv/lib/python3.12/site-packages/neutron_lib/callbacks/manager.py:184}}
Jul 08 21:16:12.166800 np0000184499 devstack@neutron-api.service[102314]: DEBUG neutron.api.rpc.handlers.resources_rpc [None req-eb176b7b-2bf0-43b9-9392-88846aecc2b9 service neutron] Pushing event updated for resources: {'Port': ['ID=5b3a9215-9c8f-41aa-af32-8a0d60dd708a,revision_number=1']} {{(pid=102314) push /opt/stack/neutron/neutron/api/rpc/handlers/resources_rpc.py:237}}
Jul 08 21:16:12.174144 np0000184499 devstack@neutron-api.service[102314]: DEBUG neutron.api.rpc.callbacks.version_manager [None req-eb176b7b-2bf0-43b9-9392-88846aecc2b9 service neutron] Tracked resource versions report:
Jul 08 21:16:12.174144 np0000184499 devstack@neutron-api.service[102314]: pushed versions:
Jul 08 21:16:12.174144 np0000184499 devstack@neutron-api.service[102314]: { 'AddressGroup': {'1.2'},
Jul 08 21:16:12.174144 np0000184499 devstack@neutron-api.service[102314]: 'Agent': {'1.1'},
Jul 08 21:16:12.174144 np0000184499 devstack@neutron-api.service[102314]: 'ConntrackHelper': {'1.0'},
Jul 08 21:16:12.174144 np0000184499 devstack@neutron-api.service[102314]: 'LocalIPAssociation': {'1.0'},
Jul 08 21:16:12.174144 np0000184499 devstack@neutron-api.service[102314]: 'Log': {'1.0'},
Jul 08 21:16:12.174144 np0000184499 devstack@neutron-api.service[102314]: 'NDPProxy': {'1.0'},
Jul 08 21:16:12.174144 np0000184499 devstack@neutron-api.service[102314]: 'Network': {'1.3'},
Jul 08 21:16:12.174144 np0000184499 devstack@neutron-api.service[102314]: 'Port': {'1.11'},
Jul 08 21:16:12.174144 np0000184499 devstack@neutron-api.service[102314]: 'PortForwarding': {'1.3'},
Jul 08 21:16:12.174144 np0000184499 devstack@neutron-api.service[102314]: 'QosPolicy': {'1.10'},
Jul 08 21:16:12.174144 np0000184499 devstack@neutron-api.service[102314]: 'SecurityGroup': {'1.6'},
Jul 08 21:16:12.174144 np0000184499 devstack@neutron-api.service[102314]: 'SecurityGroupRule': {'1.3'},
Jul 08 21:16:12.174144 np0000184499 devstack@neutron-api.service[102314]: 'SubPort': {'1.0'},
Jul 08 21:16:12.174144 np0000184499 devstack@neutron-api.service[102314]: 'Subnet': {'1.2'},
Jul 08 21:16:12.174144 np0000184499 devstack@neutron-api.service[102314]: 'Trunk': {'1.1'}}
Jul 08 21:16:12.174144 np0000184499 devstack@neutron-api.service[102314]: consumer versions:
Jul 08 21:16:12.174144 np0000184499 devstack@neutron-api.service[102314]: { OVN Controller Gateway agent@np0000184499: {},
Jul 08 21:16:12.174144 np0000184499 devstack@neutron-api.service[102314]: OVN Neutron agent@np0000184499: {}}
Jul 08 21:16:12.174144 np0000184499 devstack@neutron-api.service[102314]: {{(pid=102314) report /opt/stack/neutron/neutron/api/rpc/callbacks/version_manager.py:183}}
Jul 08 21:16:12.206960 np0000184499 devstack@neutron-api.service[102314]: DEBUG neutron.plugins.ml2.drivers.ovn.mech_driver.ovsdb.commands [None req-eb176b7b-2bf0-43b9-9392-88846aecc2b9 service neutron] Converting tag [] to a tag_request {{(pid=102314) _tag_column_to_tag_request /opt/stack/neutron/neutron/plugins/ml2/drivers/ovn/mech_driver/ovsdb/commands.py:205}}
Jul 08 21:16:12.208339 np0000184499 devstack@neutron-api.service[102314]: DEBUG ovsdbapp.backend.ovs_idl.transaction [None req-680ebca6-70b2-41a5-b8cb-51c91a18aec9 None None] Running txn n=1 command(idx=0): AddLSwitchPortCommand(_result=None, lport=5b3a9215-9c8f-41aa-af32-8a0d60dd708a, lswitch=neutron-1c48d774-b948-42ed-bbd3-7a4feeb10439, may_exist=True, network_uuid=1c48d774-b948-42ed-bbd3-7a4feeb10439, columns={'addresses': ['fa:16:3e:07:53:5b 10.2.5.239', 'unknown'], 'external_ids': {'neutron:port_name': '', 'neutron:device_id': 'manila-admin-share', 'neutron:project_id': 'd8a6135856ea41a0b1dba705cf1e7e0c', 'neutron:cidrs': '10.2.5.239/24', 'neutron:device_owner': 'manila:share', 'neutron:subnet_pool_addr_scope4': '', 'neutron:subnet_pool_addr_scope6': '', 'neutron:network_name': 'neutron-1c48d774-b948-42ed-bbd3-7a4feeb10439', 'neutron:security_group_ids': '', 'neutron:revision_number': '1', 'neutron:vnic_type': 'normal', 'neutron:port_capabilities': '', 'neutron:mtu': ''}, 'parent_name': [], 'enabled': True, 'options': {'requested-chassis': 'np0000184499'}, 'type': '', 'port_security': [], 'dhcpv4_options': [UUID('67d19afb-9076-4ef7-8c38-c75288b80309')], 'dhcpv6_options': [], 'tag_request': []}) {{(pid=102314) do_commit /opt/stack/data/venv/lib/python3.12/site-packages/ovsdbapp/backend/ovs_idl/transaction.py:89}}
Jul 08 21:16:12.209483 np0000184499 devstack@neutron-api.service[102314]: DEBUG ovsdbapp.backend.ovs_idl.transaction [None req-680ebca6-70b2-41a5-b8cb-51c91a18aec9 None None] Running txn n=1 command(idx=1): QoSDelCommand(_result=None, switch=neutron-1c48d774-b948-42ed-bbd3-7a4feeb10439, conditions=[('direction', '=', 'to-lport'), ('priority', '=', 2002), ('match', '=', 'outport == "5b3a9215-9c8f-41aa-af32-8a0d60dd708a"')], if_exists=True) {{(pid=102314) do_commit /opt/stack/data/venv/lib/python3.12/site-packages/ovsdbapp/backend/ovs_idl/transaction.py:89}}
Jul 08 21:16:12.209891 np0000184499 devstack@neutron-api.service[102314]: DEBUG ovsdbapp.backend.ovs_idl.transaction [None req-680ebca6-70b2-41a5-b8cb-51c91a18aec9 None None] Running txn n=1 command(idx=2): QoSDelCommand(_result=None, switch=neutron-1c48d774-b948-42ed-bbd3-7a4feeb10439, conditions=[('direction', '=', 'from-lport'), ('priority', '=', 2002), ('match', '=', 'inport == "5b3a9215-9c8f-41aa-af32-8a0d60dd708a"')], if_exists=True) {{(pid=102314) do_commit /opt/stack/data/venv/lib/python3.12/site-packages/ovsdbapp/backend/ovs_idl/transaction.py:89}}
Jul 08 21:16:12.228654 np0000184499 devstack@neutron-api.service[102313]: DEBUG neutron.plugins.ml2.drivers.ovn.mech_driver.ovsdb.ovsdb_monitor [None req-410e40e0-9ae7-4f4b-84b6-917a3a38dbb1 None None] Touching Hash Ring node "62e763073a935fe1a0c2cdadd90b6fc1" from IDL notify handler {{(pid=102313) notify /opt/stack/neutron/neutron/plugins/ml2/drivers/ovn/mech_driver/ovsdb/ovsdb_monitor.py:1022}}
Jul 08 21:16:12.233401 np0000184499 devstack@neutron-api.service[102314]: DEBUG neutron.plugins.ml2.drivers.ovn.mech_driver.ovsdb.ovsdb_monitor [None req-2e2347be-72c4-4866-8237-e703dbffc3d8 None None] Touching Hash Ring node "060716892a175da9a36bb4eb4c80e155" from IDL notify handler {{(pid=102314) notify /opt/stack/neutron/neutron/plugins/ml2/drivers/ovn/mech_driver/ovsdb/ovsdb_monitor.py:1022}}
Jul 08 21:16:12.236288 np0000184499 devstack@neutron-api.service[102313]: DEBUG neutron.plugins.ml2.drivers.ovn.mech_driver.ovsdb.ovsdb_monitor [None req-410e40e0-9ae7-4f4b-84b6-917a3a38dbb1 None None] Hash Ring: Node 62e763073a935fe1a0c2cdadd90b6fc1 (host: np0000184499) handling event "update" for row 1c48d774-b948-42ed-bbd3-7a4feeb10439 (table: Logical_Switch) {{(pid=102313) notify /opt/stack/neutron/neutron/plugins/ml2/drivers/ovn/mech_driver/ovsdb/ovsdb_monitor.py:1030}}
Jul 08 21:16:12.237357 np0000184499 devstack@neutron-api.service[102313]: DEBUG neutron.plugins.ml2.drivers.ovn.mech_driver.ovsdb.ovsdb_monitor [None req-410e40e0-9ae7-4f4b-84b6-917a3a38dbb1 None None] Touching Hash Ring node "62e763073a935fe1a0c2cdadd90b6fc1" from IDL notify handler {{(pid=102313) notify /opt/stack/neutron/neutron/plugins/ml2/drivers/ovn/mech_driver/ovsdb/ovsdb_monitor.py:1022}}
Jul 08 21:16:12.239989 np0000184499 devstack@neutron-api.service[102313]: DEBUG neutron.plugins.ml2.drivers.ovn.mech_driver.ovsdb.ovsdb_monitor [None req-410e40e0-9ae7-4f4b-84b6-917a3a38dbb1 None None] Hash Ring: Node 62e763073a935fe1a0c2cdadd90b6fc1 (host: np0000184499) handling event "create" for row 4ab0d999-ceb8-46ba-af64-71b28daaeba4 (table: Logical_Switch_Port) {{(pid=102313) notify /opt/stack/neutron/neutron/plugins/ml2/drivers/ovn/mech_driver/ovsdb/ovsdb_monitor.py:1030}}
Jul 08 21:16:12.241431 np0000184499 devstack@neutron-api.service[102313]: DEBUG ovsdbapp.backend.ovs_idl.event [None req-410e40e0-9ae7-4f4b-84b6-917a3a38dbb1 None None] Matched CREATE: LogicalSwitchPortCreateEvent(events=('create',), table='Logical_Switch_Port', conditions=[], old_conditions=None), priority=20 to row=Logical_Switch_Port(uuid=4ab0d999-ceb8-46ba-af64-71b28daaeba4, addresses=['fa:16:3e:07:53:5b 10.2.5.239', 'unknown'], dhcpv4_options=67d19afb-9076-4ef7-8c38-c75288b80309, dhcpv6_options=[], dynamic_addresses=[], enabled=True, external_ids={'neutron:cidrs': '10.2.5.239/24', 'neutron:device_id': 'manila-admin-share', 'neutron:device_owner': 'manila:share', 'neutron:mtu': '', 'neutron:network_name': 'neutron-1c48d774-b948-42ed-bbd3-7a4feeb10439', 'neutron:port_capabilities': '', 'neutron:port_name': '', 'neutron:project_id': 'd8a6135856ea41a0b1dba705cf1e7e0c', 'neutron:revision_number': '1', 'neutron:security_group_ids': '', 'neutron:subnet_pool_addr_scope4': '', 'neutron:subnet_pool_addr_scope6': '', 'neutron:vnic_type': 'normal'}, ha_chassis_group=[], mirror_rules=[], name='5b3a9215-9c8f-41aa-af32-8a0d60dd708a', options={'requested-chassis': 'np0000184499'}, parent_name=[], port_security=[], tag=[], tag_request=[], type='', up=[]) old= {{(pid=102313) matches /opt/stack/data/venv/lib/python3.12/site-packages/ovsdbapp/backend/ovs_idl/event.py:55}}
Jul 08 21:16:12.243494 np0000184499 devstack@neutron-api.service[102313]: DEBUG neutron.plugins.ml2.drivers.ovn.mech_driver.ovsdb.ovsdb_monitor [None req-410e40e0-9ae7-4f4b-84b6-917a3a38dbb1 None None] Touching Hash Ring node "62e763073a935fe1a0c2cdadd90b6fc1" from IDL notify handler {{(pid=102313) notify /opt/stack/neutron/neutron/plugins/ml2/drivers/ovn/mech_driver/ovsdb/ovsdb_monitor.py:1022}}
Jul 08 21:16:12.244583 np0000184499 devstack@neutron-api.service[102313]: INFO neutron.plugins.ml2.drivers.ovn.mech_driver.mech_driver [None req-851a4352-fb32-4f03-af37-da2d39dd4e7d None None] OVN reports status down for port: 5b3a9215-9c8f-41aa-af32-8a0d60dd708a
Jul 08 21:16:12.246296 np0000184499 devstack@neutron-api.service[102313]: DEBUG neutron.plugins.ml2.drivers.ovn.mech_driver.ovsdb.ovsdb_monitor [None req-410e40e0-9ae7-4f4b-84b6-917a3a38dbb1 None None] Hash Ring: Node 62e763073a935fe1a0c2cdadd90b6fc1 (host: np0000184499) handling event "update" for row 4ab0d999-ceb8-46ba-af64-71b28daaeba4 (table: Logical_Switch_Port) {{(pid=102313) notify /opt/stack/neutron/neutron/plugins/ml2/drivers/ovn/mech_driver/ovsdb/ovsdb_monitor.py:1030}}
Jul 08 21:16:12.250527 np0000184499 devstack@neutron-api.service[102314]: DEBUG neutron.plugins.ml2.drivers.ovn.mech_driver.ovsdb.ovsdb_monitor [None req-2e2347be-72c4-4866-8237-e703dbffc3d8 None None] Hash Ring: Node 060716892a175da9a36bb4eb4c80e155 (host: np0000184499) handling event "create" for row cea93b74-4358-4ea5-804d-3ae1aa048062 (table: Port_Binding) {{(pid=102314) notify /opt/stack/neutron/neutron/plugins/ml2/drivers/ovn/mech_driver/ovsdb/ovsdb_monitor.py:1030}}
Jul 08 21:16:12.258303 np0000184499 devstack@neutron-api.service[102314]: INFO neutron.db.ovn_revision_numbers_db [None req-eb176b7b-2bf0-43b9-9392-88846aecc2b9 service neutron] Successfully bumped revision number for resource 5b3a9215-9c8f-41aa-af32-8a0d60dd708a (type: ports) to 1
Jul 08 21:16:12.273478 np0000184499 devstack@neutron-api.service[102314]: DEBUG neutron.plugins.ml2.managers [None req-eb176b7b-2bf0-43b9-9392-88846aecc2b9 service neutron] Attempting to bind port 5b3a9215-9c8f-41aa-af32-8a0d60dd708a on host np0000184499 for vnic_type normal with profile {{(pid=102314) bind_port /opt/stack/neutron/neutron/plugins/ml2/managers.py:865}}
Jul 08 21:16:12.273585 np0000184499 devstack@neutron-api.service[102314]: DEBUG neutron.plugins.ml2.managers [None req-eb176b7b-2bf0-43b9-9392-88846aecc2b9 service neutron] Attempting to bind port 5b3a9215-9c8f-41aa-af32-8a0d60dd708a by drivers ovn on host np0000184499 at level 0 using segments [{'id': '9b831d56-1798-44a4-bde2-f5422a2b2ccd', 'network_type': 'geneve', 'physical_network': None, 'segmentation_id': 51138, 'network_id': '1c48d774-b948-42ed-bbd3-7a4feeb10439'}] {{(pid=102314) _bind_port_level /opt/stack/neutron/neutron/plugins/ml2/managers.py:890}}
Jul 08 21:16:12.274691 np0000184499 devstack@neutron-api.service[102314]: DEBUG neutron.plugins.ml2.drivers.ovn.mech_driver.mech_driver [None req-eb176b7b-2bf0-43b9-9392-88846aecc2b9 service neutron] Attempting to bind port 5b3a9215-9c8f-41aa-af32-8a0d60dd708a on host np0000184499 for network segment with type geneve, segmentation ID 51138, physical network None {{(pid=102314) bind_port /opt/stack/neutron/neutron/plugins/ml2/drivers/ovn/mech_driver/mech_driver.py:1209}}
Jul 08 21:16:12.275171 np0000184499 devstack@neutron-api.service[102314]: DEBUG neutron.plugins.ml2.managers [None req-eb176b7b-2bf0-43b9-9392-88846aecc2b9 service neutron] Bound port: 5b3a9215-9c8f-41aa-af32-8a0d60dd708a, host: np0000184499, vif_type: ovs, vif_details: {"port_filter": true, "connectivity": "l2", "ovs_create_tap": true, "bridge_name": "br-int", "datapath_type": "system"}, binding_levels: [{'bound_driver': 'ovn', 'bound_segment': {'id': '9b831d56-1798-44a4-bde2-f5422a2b2ccd', 'network_type': 'geneve', 'physical_network': None, 'segmentation_id': 51138, 'network_id': '1c48d774-b948-42ed-bbd3-7a4feeb10439'}}] {{(pid=102314) _bind_port_level /opt/stack/neutron/neutron/plugins/ml2/managers.py:1001}}
Jul 08 21:16:12.275317 np0000184499 devstack@neutron-api.service[102314]: DEBUG neutron_lib.callbacks.manager [None req-eb176b7b-2bf0-43b9-9392-88846aecc2b9 service neutron] Publish callbacks ['neutron.plugins.ml2.plugin.SecurityGroupDbMixin._ensure_default_security_group_handler-745941', 'neutron.services.ovn_l3.plugin.OVNL3RouterPlugin._port_update-8042738904958', 'neutron.db.l3_db.L3_NAT_dbonly_mixin._prevent_internal_ip_change_for_fip-8042740768598'] for port (5b3a9215-9c8f-41aa-af32-8a0d60dd708a), before_update {{(pid=102314) _notify_loop /opt/stack/data/venv/lib/python3.12/site-packages/neutron_lib/callbacks/manager.py:184}}
Jul 08 21:16:12.279109 np0000184499 devstack@neutron-api.service[102313]: DEBUG neutron.db.provisioning_blocks [None req-851a4352-fb32-4f03-af37-da2d39dd4e7d None None] Ignored duplicate provisioning block setup for port 5b3a9215-9c8f-41aa-af32-8a0d60dd708a by entity L2. {{(pid=102313) add_provisioning_component /opt/stack/neutron/neutron/db/provisioning_blocks.py:69}}
Jul 08 21:16:12.306665 np0000184499 devstack@neutron-api.service[102313]: DEBUG neutron.plugins.ml2.plugin [None req-851a4352-fb32-4f03-af37-da2d39dd4e7d None None] Current status of the port 5b3a9215-9c8f-41aa-af32-8a0d60dd708a is: DOWN; New status is: DOWN {{(pid=102313) _update_individual_port_db_status /opt/stack/neutron/neutron/plugins/ml2/plugin.py:2473}}
Jul 08 21:16:12.308037 np0000184499 devstack@neutron-api.service[102313]: DEBUG ovsdbapp.backend.ovs_idl.transaction [None req-410e40e0-9ae7-4f4b-84b6-917a3a38dbb1 None None] Running txn n=1 command(idx=0): DbRemoveCommand(_result=None, table=Logical_Switch_Port, record=5b3a9215-9c8f-41aa-af32-8a0d60dd708a, column=external_ids, values=('neutron:host_id',), keyvalues={}, if_exists=True) {{(pid=102313) do_commit /opt/stack/data/venv/lib/python3.12/site-packages/ovsdbapp/backend/ovs_idl/transaction.py:89}}
Jul 08 21:16:12.315008 np0000184499 devstack@neutron-api.service[102314]: DEBUG neutron.plugins.ml2.db [None req-eb176b7b-2bf0-43b9-9392-88846aecc2b9 service neutron] For port 5b3a9215-9c8f-41aa-af32-8a0d60dd708a, host np0000184499, cleared binding levels {{(pid=102314) clear_binding_levels /opt/stack/neutron/neutron/plugins/ml2/db.py:87}}
Jul 08 21:16:12.317823 np0000184499 devstack@neutron-api.service[102314]: DEBUG neutron.plugins.ml2.db [None req-eb176b7b-2bf0-43b9-9392-88846aecc2b9 service neutron] For port 5b3a9215-9c8f-41aa-af32-8a0d60dd708a, host np0000184499, set binding levels [PortBindingLevel(driver='ovn',host='np0000184499',level=0,port_id=5b3a9215-9c8f-41aa-af32-8a0d60dd708a,segment=NetworkSegment(9b831d56-1798-44a4-bde2-f5422a2b2ccd),segment_id=9b831d56-1798-44a4-bde2-f5422a2b2ccd)] {{(pid=102314) set_binding_levels /opt/stack/neutron/neutron/plugins/ml2/db.py:59}}
Jul 08 21:16:12.319484 np0000184499 devstack@neutron-api.service[102314]: DEBUG neutron.plugins.ml2.drivers.ovn.mech_driver.mech_driver [None req-eb176b7b-2bf0-43b9-9392-88846aecc2b9 service neutron] No provisioning block for port 5b3a9215-9c8f-41aa-af32-8a0d60dd708a since host unchanged {{(pid=102314) _is_port_provisioning_required /opt/stack/neutron/neutron/plugins/ml2/drivers/ovn/mech_driver/mech_driver.py:904}}
Jul 08 21:16:12.328103 np0000184499 devstack@neutron-api.service[102314]: DEBUG neutron_lib.callbacks.manager [None req-eb176b7b-2bf0-43b9-9392-88846aecc2b9 service neutron] Publish callbacks ['neutron.plugins.ml2.ovo_rpc._ObjectChangeHandler.handle_event-3037677', 'neutron.services.ovn_l3.plugin.OVNL3RouterPlugin._port_update-8042738904958'] for port (5b3a9215-9c8f-41aa-af32-8a0d60dd708a), after_update {{(pid=102314) _notify_loop /opt/stack/data/venv/lib/python3.12/site-packages/neutron_lib/callbacks/manager.py:184}}
Jul 08 21:16:12.361233 np0000184499 devstack@neutron-api.service[102314]: DEBUG neutron.api.rpc.handlers.resources_rpc [None req-eb176b7b-2bf0-43b9-9392-88846aecc2b9 service neutron] Pushing event updated for resources: {'Port': ['ID=5b3a9215-9c8f-41aa-af32-8a0d60dd708a,revision_number=3']} {{(pid=102314) push /opt/stack/neutron/neutron/api/rpc/handlers/resources_rpc.py:237}}
Jul 08 21:16:12.390169 np0000184499 devstack@neutron-api.service[102314]: DEBUG neutron.plugins.ml2.drivers.ovn.mech_driver.ovsdb.commands [None req-eb176b7b-2bf0-43b9-9392-88846aecc2b9 service neutron] Converting tag [] to a tag_request {{(pid=102314) _tag_column_to_tag_request /opt/stack/neutron/neutron/plugins/ml2/drivers/ovn/mech_driver/ovsdb/commands.py:205}}
Jul 08 21:16:12.391557 np0000184499 devstack@neutron-api.service[102314]: DEBUG ovsdbapp.backend.ovs_idl.transaction [None req-680ebca6-70b2-41a5-b8cb-51c91a18aec9 None None] Running txn n=1 command(idx=0): CheckRevisionNumberCommand(_result=None, name=5b3a9215-9c8f-41aa-af32-8a0d60dd708a, resource={'id': '5b3a9215-9c8f-41aa-af32-8a0d60dd708a', 'name': '', 'network_id': '1c48d774-b948-42ed-bbd3-7a4feeb10439', 'project_id': 'd8a6135856ea41a0b1dba705cf1e7e0c', 'mac_address': 'fa:16:3e:07:53:5b', 'admin_state_up': True, 'status': 'DOWN', 'device_id': 'manila-admin-share', 'device_owner': 'manila:share', 'standard_attr_id': 46, 'fixed_ips': [{'subnet_id': 'fe5a4d7a-67c1-44bb-ab84-71afe8a7b5d0', 'ip_address': '10.2.5.239'}], 'allowed_address_pairs': [], 'extra_dhcp_opts': [], 'security_groups': [], 'description': '', 'binding:vnic_type': 'normal', 'binding:profile': {}, 'binding:host_id': 'np0000184499', 'binding:vif_type': 'ovs', 'binding:vif_details': {'port_filter': True, 'connectivity': 'l2', 'ovs_create_tap': True, 'bridge_name': 'br-int', 'datapath_type': 'system', 'bound_drivers': {'0': 'ovn'}}, 'port_security_enabled': False, 'tags': [], 'created_at': '2026-07-08T21:16:12Z', 'updated_at': '2026-07-08T21:16:12Z', 'revision_number': 3, 'tenant_id': 'd8a6135856ea41a0b1dba705cf1e7e0c', 'network': {'id': '1c48d774-b948-42ed-bbd3-7a4feeb10439', 'name': 'admin_net', 'tenant_id': 'd8a6135856ea41a0b1dba705cf1e7e0c', 'project_id': 'd8a6135856ea41a0b1dba705cf1e7e0c', 'admin_state_up': True, 'mtu': 1372, 'status': 'ACTIVE', 'subnets': ['fe5a4d7a-67c1-44bb-ab84-71afe8a7b5d0'], 'standard_attr_id': 42, 'shared': False, 'availability_zone_hints': [], 'availability_zones': [], 'ipv4_address_scope': None, 'ipv6_address_scope': None, 'router:external': False, 'qinq': False, 'vlan_transparent': False, 'description': '', 'port_security_enabled': True, 'tags': [], 'created_at': '2026-07-08T21:16:05Z', 'updated_at': '2026-07-08T21:16:06Z', 'revision_number': 2, 'provider:network_type': 'geneve', 'provider:physical_network': None, 'provider:segmentation_id': 51138}}, resource_type=ports, if_exists=True) {{(pid=102314) do_commit /opt/stack/data/venv/lib/python3.12/site-packages/ovsdbapp/backend/ovs_idl/transaction.py:89}}
Jul 08 21:16:12.392362 np0000184499 devstack@neutron-api.service[102314]: DEBUG ovsdbapp.backend.ovs_idl.transaction [None req-680ebca6-70b2-41a5-b8cb-51c91a18aec9 None None] Running txn n=1 command(idx=1): SetLSwitchPortCommand(_result=None, lport=5b3a9215-9c8f-41aa-af32-8a0d60dd708a, external_ids_update=None, columns={'external_ids': {'neutron:port_name': '', 'neutron:device_id': 'manila-admin-share', 'neutron:project_id': 'd8a6135856ea41a0b1dba705cf1e7e0c', 'neutron:cidrs': '10.2.5.239/24', 'neutron:device_owner': 'manila:share', 'neutron:subnet_pool_addr_scope4': '', 'neutron:subnet_pool_addr_scope6': '', 'neutron:network_name': 'neutron-1c48d774-b948-42ed-bbd3-7a4feeb10439', 'neutron:security_group_ids': '', 'neutron:revision_number': '3', 'neutron:vnic_type': 'normal', 'neutron:port_capabilities': '', 'neutron:mtu': ''}, 'parent_name': [], 'options': {'requested-chassis': 'np0000184499'}, 'enabled': True, 'port_security': [], 'dhcpv4_options': [UUID('67d19afb-9076-4ef7-8c38-c75288b80309')], 'dhcpv6_options': [], 'type': '', 'addresses': ['fa:16:3e:07:53:5b 10.2.5.239', 'unknown'], 'ha_chassis_group': [], 'tag_request': []}, if_exists=False) {{(pid=102314) do_commit /opt/stack/data/venv/lib/python3.12/site-packages/ovsdbapp/backend/ovs_idl/transaction.py:89}}
Jul 08 21:16:12.393936 np0000184499 devstack@neutron-api.service[102314]: DEBUG ovsdbapp.backend.ovs_idl.transaction [None req-680ebca6-70b2-41a5-b8cb-51c91a18aec9 None None] Running txn n=1 command(idx=2): PgDelPortCommand(_result=None, port_group=neutron_pg_drop, lsp=['5b3a9215-9c8f-41aa-af32-8a0d60dd708a'], if_exists=False) {{(pid=102314) do_commit /opt/stack/data/venv/lib/python3.12/site-packages/ovsdbapp/backend/ovs_idl/transaction.py:89}}
Jul 08 21:16:12.405563 np0000184499 devstack@neutron-api.service[102313]: DEBUG neutron.plugins.ml2.drivers.ovn.mech_driver.ovsdb.ovsdb_monitor [None req-410e40e0-9ae7-4f4b-84b6-917a3a38dbb1 None None] Touching Hash Ring node "62e763073a935fe1a0c2cdadd90b6fc1" from IDL notify handler {{(pid=102313) notify /opt/stack/neutron/neutron/plugins/ml2/drivers/ovn/mech_driver/ovsdb/ovsdb_monitor.py:1022}}
Jul 08 21:16:12.408966 np0000184499 devstack@neutron-api.service[102313]: DEBUG neutron.plugins.ml2.drivers.ovn.mech_driver.ovsdb.ovsdb_monitor [None req-410e40e0-9ae7-4f4b-84b6-917a3a38dbb1 None None] Hash Ring: Node 62e763073a935fe1a0c2cdadd90b6fc1 (host: np0000184499) handling event "update" for row 4ab0d999-ceb8-46ba-af64-71b28daaeba4 (table: Logical_Switch_Port) {{(pid=102313) notify /opt/stack/neutron/neutron/plugins/ml2/drivers/ovn/mech_driver/ovsdb/ovsdb_monitor.py:1030}}
Jul 08 21:16:12.423028 np0000184499 devstack@neutron-api.service[102314]: DEBUG neutron.plugins.ml2.drivers.ovn.mech_driver.ovsdb.ovsdb_monitor [None req-2e2347be-72c4-4866-8237-e703dbffc3d8 None None] Touching Hash Ring node "060716892a175da9a36bb4eb4c80e155" from IDL notify handler {{(pid=102314) notify /opt/stack/neutron/neutron/plugins/ml2/drivers/ovn/mech_driver/ovsdb/ovsdb_monitor.py:1022}}
Jul 08 21:16:12.429649 np0000184499 devstack@neutron-api.service[102314]: DEBUG neutron.plugins.ml2.drivers.ovn.mech_driver.ovsdb.ovsdb_monitor [None req-2e2347be-72c4-4866-8237-e703dbffc3d8 None None] Hash Ring: Node 060716892a175da9a36bb4eb4c80e155 (host: np0000184499) handling event "update" for row cea93b74-4358-4ea5-804d-3ae1aa048062 (table: Port_Binding) {{(pid=102314) notify /opt/stack/neutron/neutron/plugins/ml2/drivers/ovn/mech_driver/ovsdb/ovsdb_monitor.py:1030}}
Jul 08 21:16:12.450063 np0000184499 devstack@neutron-api.service[102314]: INFO neutron.db.ovn_revision_numbers_db [None req-eb176b7b-2bf0-43b9-9392-88846aecc2b9 service neutron] Successfully bumped revision number for resource 5b3a9215-9c8f-41aa-af32-8a0d60dd708a (type: ports) to 3
Jul 08 21:16:12.468290 np0000184499 devstack@neutron-api.service[102314]: DEBUG neutron.pecan_wsgi.hooks.policy_enforcement [None req-eb176b7b-2bf0-43b9-9392-88846aecc2b9 service neutron] Attributes excluded by policy engine: ['standard_attr_id'] {{(pid=102314) _exclude_attributes_by_policy /opt/stack/neutron/neutron/pecan_wsgi/hooks/policy_enforcement.py:259}}
Jul 08 21:16:12.468547 np0000184499 devstack@neutron-api.service[102314]: DEBUG neutron_lib.callbacks.manager [None req-eb176b7b-2bf0-43b9-9392-88846aecc2b9 service neutron] Publish callbacks ['neutron.notifiers.nova.Notifier._send_nova_notification-219076'] for port (None), before_response {{(pid=102314) _notify_loop /opt/stack/data/venv/lib/python3.12/site-packages/neutron_lib/callbacks/manager.py:184}}
Jul 08 21:16:12.482332 np0000184499 devstack@neutron-api.service[102314]: [pid: 102314|app: 0|req: 26/104] 199.204.45.115 () {68 vars in 1304 bytes} [Wed Jul 8 21:16:11 2026] POST /networking/v2.0/ports => generated 926 bytes in 559 msecs (HTTP/1.1 201) 4 headers in 162 bytes (1 switches on core 0)
Jul 08 21:16:12.817682 np0000184499 devstack@neutron-api.service[102314]: DEBUG neutron.plugins.ml2.drivers.ovn.mech_driver.ovsdb.ovsdb_monitor [None req-2e2347be-72c4-4866-8237-e703dbffc3d8 None None] Touching Hash Ring node "060716892a175da9a36bb4eb4c80e155" from IDL notify handler {{(pid=102314) notify /opt/stack/neutron/neutron/plugins/ml2/drivers/ovn/mech_driver/ovsdb/ovsdb_monitor.py:1022}}
Jul 08 21:16:12.832930 np0000184499 devstack@neutron-api.service[102314]: DEBUG neutron.plugins.ml2.drivers.ovn.mech_driver.ovsdb.ovsdb_monitor [None req-2e2347be-72c4-4866-8237-e703dbffc3d8 None None] Hash Ring: Node 060716892a175da9a36bb4eb4c80e155 (host: np0000184499) handling event "update" for row cea93b74-4358-4ea5-804d-3ae1aa048062 (table: Port_Binding) {{(pid=102314) notify /opt/stack/neutron/neutron/plugins/ml2/drivers/ovn/mech_driver/ovsdb/ovsdb_monitor.py:1030}}
Jul 08 21:16:12.866701 np0000184499 devstack@neutron-api.service[102314]: DEBUG neutron.plugins.ml2.drivers.ovn.mech_driver.ovsdb.ovsdb_monitor [None req-2e2347be-72c4-4866-8237-e703dbffc3d8 None None] Touching Hash Ring node "060716892a175da9a36bb4eb4c80e155" from IDL notify handler {{(pid=102314) notify /opt/stack/neutron/neutron/plugins/ml2/drivers/ovn/mech_driver/ovsdb/ovsdb_monitor.py:1022}}
Jul 08 21:16:12.869193 np0000184499 devstack@neutron-api.service[102313]: DEBUG neutron.plugins.ml2.drivers.ovn.mech_driver.ovsdb.ovsdb_monitor [None req-410e40e0-9ae7-4f4b-84b6-917a3a38dbb1 None None] Touching Hash Ring node "62e763073a935fe1a0c2cdadd90b6fc1" from IDL notify handler {{(pid=102313) notify /opt/stack/neutron/neutron/plugins/ml2/drivers/ovn/mech_driver/ovsdb/ovsdb_monitor.py:1022}}
Jul 08 21:16:12.871877 np0000184499 devstack@neutron-api.service[102314]: DEBUG neutron.plugins.ml2.drivers.ovn.mech_driver.ovsdb.ovsdb_monitor [None req-2e2347be-72c4-4866-8237-e703dbffc3d8 None None] Hash Ring: Node 060716892a175da9a36bb4eb4c80e155 (host: np0000184499) handling event "update" for row cea93b74-4358-4ea5-804d-3ae1aa048062 (table: Port_Binding) {{(pid=102314) notify /opt/stack/neutron/neutron/plugins/ml2/drivers/ovn/mech_driver/ovsdb/ovsdb_monitor.py:1030}}
Jul 08 21:16:12.882581 np0000184499 devstack@neutron-api.service[102313]: DEBUG neutron.plugins.ml2.drivers.ovn.mech_driver.ovsdb.ovsdb_monitor [None req-410e40e0-9ae7-4f4b-84b6-917a3a38dbb1 None None] Hash Ring: Node 62e763073a935fe1a0c2cdadd90b6fc1 (host: np0000184499) handling event "update" for row 4ab0d999-ceb8-46ba-af64-71b28daaeba4 (table: Logical_Switch_Port) {{(pid=102313) notify /opt/stack/neutron/neutron/plugins/ml2/drivers/ovn/mech_driver/ovsdb/ovsdb_monitor.py:1030}}
Jul 08 21:16:12.883901 np0000184499 devstack@neutron-api.service[102313]: DEBUG ovsdbapp.backend.ovs_idl.event [None req-410e40e0-9ae7-4f4b-84b6-917a3a38dbb1 None None] Matched UPDATE: LogicalSwitchPortUpdateUpEvent(events=('update',), table='Logical_Switch_Port', conditions=None, old_conditions=None), priority=20 to row=Logical_Switch_Port(uuid=4ab0d999-ceb8-46ba-af64-71b28daaeba4, addresses=['fa:16:3e:07:53:5b 10.2.5.239', 'unknown'], dhcpv4_options=67d19afb-9076-4ef7-8c38-c75288b80309, dhcpv6_options=[], dynamic_addresses=[], enabled=True, external_ids={'neutron:cidrs': '10.2.5.239/24', 'neutron:device_id': 'manila-admin-share', 'neutron:device_owner': 'manila:share', 'neutron:mtu': '', 'neutron:network_name': 'neutron-1c48d774-b948-42ed-bbd3-7a4feeb10439', 'neutron:port_capabilities': '', 'neutron:port_name': '', 'neutron:project_id': 'd8a6135856ea41a0b1dba705cf1e7e0c', 'neutron:revision_number': '3', 'neutron:security_group_ids': '', 'neutron:subnet_pool_addr_scope4': '', 'neutron:subnet_pool_addr_scope6': '', 'neutron:vnic_type': 'normal'}, ha_chassis_group=[], mirror_rules=[], name='5b3a9215-9c8f-41aa-af32-8a0d60dd708a', options={'requested-chassis': 'np0000184499'}, parent_name=[], port_security=[], tag=[], tag_request=[], type='', up=True) old=Logical_Switch_Port(uuid=4ab0d999-ceb8-46ba-af64-71b28daaeba4, up=False) {{(pid=102313) matches /opt/stack/data/venv/lib/python3.12/site-packages/ovsdbapp/backend/ovs_idl/event.py:55}}
Jul 08 21:16:12.885051 np0000184499 devstack@neutron-api.service[102313]: INFO neutron.plugins.ml2.drivers.ovn.mech_driver.mech_driver [None req-851a4352-fb32-4f03-af37-da2d39dd4e7d None None] OVN reports status up for port: 5b3a9215-9c8f-41aa-af32-8a0d60dd708a
Jul 08 21:16:12.893508 np0000184499 devstack@neutron-api.service[102313]: DEBUG neutron.db.provisioning_blocks [None req-851a4352-fb32-4f03-af37-da2d39dd4e7d None None] Provisioning for port 5b3a9215-9c8f-41aa-af32-8a0d60dd708a completed by entity L2. {{(pid=102313) provisioning_complete /opt/stack/neutron/neutron/db/provisioning_blocks.py:133}}
Jul 08 21:16:12.903512 np0000184499 devstack@neutron-api.service[102313]: DEBUG neutron.db.provisioning_blocks [None req-851a4352-fb32-4f03-af37-da2d39dd4e7d None None] Provisioning complete for port 5b3a9215-9c8f-41aa-af32-8a0d60dd708a triggered by entity L2. {{(pid=102313) provisioning_complete /opt/stack/neutron/neutron/db/provisioning_blocks.py:141}}
Jul 08 21:16:12.903512 np0000184499 devstack@neutron-api.service[102313]: DEBUG neutron_lib.callbacks.manager [None req-851a4352-fb32-4f03-af37-da2d39dd4e7d None None] Publish callbacks ['neutron.plugins.ml2.plugin.Ml2Plugin._port_provisioned-477503'] for port (5b3a9215-9c8f-41aa-af32-8a0d60dd708a), provisioning_complete {{(pid=102313) _notify_loop /opt/stack/data/venv/lib/python3.12/site-packages/neutron_lib/callbacks/manager.py:184}}
Jul 08 21:16:12.903512 np0000184499 devstack@neutron-api.service[102313]: INFO neutron.plugins.ml2.plugin [None req-851a4352-fb32-4f03-af37-da2d39dd4e7d None None] Attempt 1 to provision port 5b3a9215-9c8f-41aa-af32-8a0d60dd708a
Jul 08 21:16:12.939222 np0000184499 devstack@neutron-api.service[102313]: DEBUG neutron.plugins.ml2.plugin [None req-851a4352-fb32-4f03-af37-da2d39dd4e7d None None] Current status of the port 5b3a9215-9c8f-41aa-af32-8a0d60dd708a is: DOWN; New status is: ACTIVE {{(pid=102313) _update_individual_port_db_status /opt/stack/neutron/neutron/plugins/ml2/plugin.py:2473}}
Jul 08 21:16:12.939346 np0000184499 devstack@neutron-api.service[102313]: DEBUG neutron_lib.callbacks.manager [None req-851a4352-fb32-4f03-af37-da2d39dd4e7d None None] Publish callbacks ['neutron.plugins.ml2.plugin.SecurityGroupDbMixin._ensure_default_security_group_handler-237381', 'neutron.services.ovn_l3.plugin.OVNL3RouterPlugin._port_update-8042738903814', 'neutron.db.l3_db.L3_NAT_dbonly_mixin._prevent_internal_ip_change_for_fip-8042740765406'] for port (5b3a9215-9c8f-41aa-af32-8a0d60dd708a), before_update {{(pid=102313) _notify_loop /opt/stack/data/venv/lib/python3.12/site-packages/neutron_lib/callbacks/manager.py:184}}
Jul 08 21:16:12.960991 np0000184499 devstack@neutron-api.service[102313]: DEBUG neutron.plugins.ml2.db [None req-851a4352-fb32-4f03-af37-da2d39dd4e7d None None] For port 5b3a9215-9c8f-41aa-af32-8a0d60dd708a, host np0000184499, got binding levels [PortBindingLevel(driver='ovn',host='np0000184499',level=0,port_id=5b3a9215-9c8f-41aa-af32-8a0d60dd708a,segment=NetworkSegment(9b831d56-1798-44a4-bde2-f5422a2b2ccd),segment_id=9b831d56-1798-44a4-bde2-f5422a2b2ccd)] {{(pid=102313) get_binding_level_objs /opt/stack/neutron/neutron/plugins/ml2/db.py:74}}
Jul 08 21:16:12.961281 np0000184499 devstack@neutron-api.service[102313]: DEBUG neutron.plugins.ml2.drivers.ovn.mech_driver.mech_driver [None req-851a4352-fb32-4f03-af37-da2d39dd4e7d None None] No provisioning block for port 5b3a9215-9c8f-41aa-af32-8a0d60dd708a since it is active {{(pid=102313) _is_port_provisioning_required /opt/stack/neutron/neutron/plugins/ml2/drivers/ovn/mech_driver/mech_driver.py:894}}
