Apr 22 22:00:12.173044 np0000169584 nova-scheduler[109772]: DEBUG cotyledon.oslo_config_glue [-] vnc.vencrypt_client_cert = None {{(pid=109772) log_opt_values /opt/stack/data/venv/lib/python3.12/site-packages/oslo_config/cfg.py:3006}}
Apr 22 22:00:12.173044 np0000169584 nova-scheduler[109772]: DEBUG cotyledon.oslo_config_glue [-] vnc.vencrypt_client_key = None {{(pid=109772) log_opt_values /opt/stack/data/venv/lib/python3.12/site-packages/oslo_config/cfg.py:3006}}
Apr 22 22:00:12.173044 np0000169584 nova-scheduler[109772]: DEBUG cotyledon.oslo_config_glue [-] workarounds.disable_compute_service_check_for_ffu = False {{(pid=109772) log_opt_values /opt/stack/data/venv/lib/python3.12/site-packages/oslo_config/cfg.py:3006}}
Apr 22 22:00:12.173044 np0000169584 nova-scheduler[109772]: DEBUG cotyledon.oslo_config_glue [-] workarounds.disable_deep_image_inspection = False {{(pid=109772) log_opt_values /opt/stack/data/venv/lib/python3.12/site-packages/oslo_config/cfg.py:3006}}
Apr 22 22:00:12.173044 np0000169584 nova-scheduler[109772]: DEBUG cotyledon.oslo_config_glue [-] workarounds.disable_fallback_pcpu_query = False {{(pid=109772) log_opt_values /opt/stack/data/venv/lib/python3.12/site-packages/oslo_config/cfg.py:3006}}
Apr 22 22:00:12.173044 np0000169584 nova-scheduler[109772]: DEBUG cotyledon.oslo_config_glue [-] workarounds.disable_group_policy_check_upcall = False {{(pid=109772) log_opt_values /opt/stack/data/venv/lib/python3.12/site-packages/oslo_config/cfg.py:3006}}
Apr 22 22:00:12.173259 np0000169584 nova-scheduler[109772]: DEBUG cotyledon.oslo_config_glue [-] workarounds.disable_libvirt_livesnapshot = False {{(pid=109772) log_opt_values /opt/stack/data/venv/lib/python3.12/site-packages/oslo_config/cfg.py:3006}}
Apr 22 22:00:12.173259 np0000169584 nova-scheduler[109772]: DEBUG cotyledon.oslo_config_glue [-] workarounds.disable_rootwrap = False {{(pid=109772) log_opt_values /opt/stack/data/venv/lib/python3.12/site-packages/oslo_config/cfg.py:3006}}
Apr 22 22:00:12.173259 np0000169584 nova-scheduler[109772]: DEBUG cotyledon.oslo_config_glue [-] workarounds.enable_numa_live_migration = False {{(pid=109772) log_opt_values /opt/stack/data/venv/lib/python3.12/site-packages/oslo_config/cfg.py:3006}}
Apr 22 22:00:12.173259 np0000169584 nova-scheduler[109772]: DEBUG cotyledon.oslo_config_glue [-] workarounds.enable_qemu_monitor_announce_self = False {{(pid=109772) log_opt_values /opt/stack/data/venv/lib/python3.12/site-packages/oslo_config/cfg.py:3006}}
Apr 22 22:00:12.173259 np0000169584 nova-scheduler[109772]: DEBUG cotyledon.oslo_config_glue [-] workarounds.ensure_libvirt_rbd_instance_dir_cleanup = False {{(pid=109772) log_opt_values /opt/stack/data/venv/lib/python3.12/site-packages/oslo_config/cfg.py:3006}}
Apr 22 22:00:12.173259 np0000169584 nova-scheduler[109772]: DEBUG cotyledon.oslo_config_glue [-] workarounds.handle_virt_lifecycle_events = True {{(pid=109772) log_opt_values /opt/stack/data/venv/lib/python3.12/site-packages/oslo_config/cfg.py:3006}}
Apr 22 22:00:12.173259 np0000169584 nova-scheduler[109772]: DEBUG cotyledon.oslo_config_glue [-] workarounds.libvirt_disable_apic = False {{(pid=109772) log_opt_values /opt/stack/data/venv/lib/python3.12/site-packages/oslo_config/cfg.py:3006}}
Apr 22 22:00:12.173259 np0000169584 nova-scheduler[109772]: DEBUG cotyledon.oslo_config_glue [-] workarounds.never_download_image_if_on_rbd = False {{(pid=109772) log_opt_values /opt/stack/data/venv/lib/python3.12/site-packages/oslo_config/cfg.py:3006}}
Apr 22 22:00:12.173259 np0000169584 nova-scheduler[109772]: DEBUG cotyledon.oslo_config_glue [-] workarounds.qemu_monitor_announce_self_count = 3 {{(pid=109772) log_opt_values /opt/stack/data/venv/lib/python3.12/site-packages/oslo_config/cfg.py:3006}}
Apr 22 22:00:12.173493 np0000169584 nova-scheduler[109772]: DEBUG cotyledon.oslo_config_glue [-] workarounds.qemu_monitor_announce_self_interval = 1 {{(pid=109772) log_opt_values /opt/stack/data/venv/lib/python3.12/site-packages/oslo_config/cfg.py:3006}}
Apr 22 22:00:12.173493 np0000169584 nova-scheduler[109772]: DEBUG cotyledon.oslo_config_glue [-] workarounds.reserve_disk_resource_for_image_cache = False {{(pid=109772) log_opt_values /opt/stack/data/venv/lib/python3.12/site-packages/oslo_config/cfg.py:3006}}
Apr 22 22:00:12.173493 np0000169584 nova-scheduler[109772]: DEBUG cotyledon.oslo_config_glue [-] workarounds.skip_cpu_compare_at_startup = False {{(pid=109772) log_opt_values /opt/stack/data/venv/lib/python3.12/site-packages/oslo_config/cfg.py:3006}}
Apr 22 22:00:12.173493 np0000169584 nova-scheduler[109772]: DEBUG cotyledon.oslo_config_glue [-] workarounds.skip_cpu_compare_on_dest = False {{(pid=109772) log_opt_values /opt/stack/data/venv/lib/python3.12/site-packages/oslo_config/cfg.py:3006}}
Apr 22 22:00:12.173493 np0000169584 nova-scheduler[109772]: DEBUG cotyledon.oslo_config_glue [-] workarounds.skip_hypervisor_version_check_on_lm = False {{(pid=109772) log_opt_values /opt/stack/data/venv/lib/python3.12/site-packages/oslo_config/cfg.py:3006}}
Apr 22 22:00:12.173493 np0000169584 nova-scheduler[109772]: DEBUG cotyledon.oslo_config_glue [-] workarounds.skip_reserve_in_use_ironic_nodes = False {{(pid=109772) log_opt_values /opt/stack/data/venv/lib/python3.12/site-packages/oslo_config/cfg.py:3006}}
Apr 22 22:00:12.173493 np0000169584 nova-scheduler[109772]: DEBUG cotyledon.oslo_config_glue [-] workarounds.unified_limits_count_pcpu_as_vcpu = False {{(pid=109772) log_opt_values /opt/stack/data/venv/lib/python3.12/site-packages/oslo_config/cfg.py:3006}}
Apr 22 22:00:12.173493 np0000169584 nova-scheduler[109772]: DEBUG cotyledon.oslo_config_glue [-] workarounds.wait_for_vif_plugged_event_during_hard_reboot = [] {{(pid=109772) log_opt_values /opt/stack/data/venv/lib/python3.12/site-packages/oslo_config/cfg.py:3006}}
Apr 22 22:00:12.173681 np0000169584 nova-scheduler[109772]: DEBUG cotyledon.oslo_config_glue [-] wsgi.api_paste_config = /etc/nova/api-paste.ini {{(pid=109772) log_opt_values /opt/stack/data/venv/lib/python3.12/site-packages/oslo_config/cfg.py:3006}}
Apr 22 22:00:12.173681 np0000169584 nova-scheduler[109772]: DEBUG cotyledon.oslo_config_glue [-] wsgi.secure_proxy_ssl_header = None {{(pid=109772) log_opt_values /opt/stack/data/venv/lib/python3.12/site-packages/oslo_config/cfg.py:3006}}
Apr 22 22:00:12.173681 np0000169584 nova-scheduler[109772]: DEBUG cotyledon.oslo_config_glue [-] zvm.ca_file = None {{(pid=109772) log_opt_values /opt/stack/data/venv/lib/python3.12/site-packages/oslo_config/cfg.py:3006}}
Apr 22 22:00:12.173681 np0000169584 nova-scheduler[109772]: DEBUG cotyledon.oslo_config_glue [-] zvm.cloud_connector_url = None {{(pid=109772) log_opt_values /opt/stack/data/venv/lib/python3.12/site-packages/oslo_config/cfg.py:3006}}
Apr 22 22:00:12.173681 np0000169584 nova-scheduler[109772]: DEBUG cotyledon.oslo_config_glue [-] zvm.image_tmp_path = /opt/stack/data/nova/images {{(pid=109772) log_opt_values /opt/stack/data/venv/lib/python3.12/site-packages/oslo_config/cfg.py:3006}}
Apr 22 22:00:12.173681 np0000169584 nova-scheduler[109772]: DEBUG cotyledon.oslo_config_glue [-] zvm.reachable_timeout = 300 {{(pid=109772) log_opt_values /opt/stack/data/venv/lib/python3.12/site-packages/oslo_config/cfg.py:3006}}
Apr 22 22:00:12.173681 np0000169584 nova-scheduler[109772]: DEBUG cotyledon.oslo_config_glue [-] oslo_versionedobjects.fatal_exception_format_errors = False {{(pid=109772) log_opt_values /opt/stack/data/venv/lib/python3.12/site-packages/oslo_config/cfg.py:3006}}
Apr 22 22:00:12.173681 np0000169584 nova-scheduler[109772]: DEBUG cotyledon.oslo_config_glue [-] oslo_middleware.http_basic_auth_user_file = /etc/htpasswd {{(pid=109772) log_opt_values /opt/stack/data/venv/lib/python3.12/site-packages/oslo_config/cfg.py:3006}}
Apr 22 22:00:12.173681 np0000169584 nova-scheduler[109772]: DEBUG cotyledon.oslo_config_glue [-] oslo_messaging_metrics.metrics_buffer_size = 1000 {{(pid=109772) log_opt_values /opt/stack/data/venv/lib/python3.12/site-packages/oslo_config/cfg.py:3006}}
Apr 22 22:00:12.173889 np0000169584 nova-scheduler[109772]: DEBUG cotyledon.oslo_config_glue [-] oslo_messaging_metrics.metrics_enabled = False {{(pid=109772) log_opt_values /opt/stack/data/venv/lib/python3.12/site-packages/oslo_config/cfg.py:3006}}
Apr 22 22:00:12.173889 np0000169584 nova-scheduler[109772]: DEBUG cotyledon.oslo_config_glue [-] oslo_messaging_metrics.metrics_process_name = {{(pid=109772) log_opt_values /opt/stack/data/venv/lib/python3.12/site-packages/oslo_config/cfg.py:3006}}
Apr 22 22:00:12.173889 np0000169584 nova-scheduler[109772]: DEBUG cotyledon.oslo_config_glue [-] oslo_messaging_metrics.metrics_socket_file = /var/tmp/metrics_collector.sock {{(pid=109772) log_opt_values /opt/stack/data/venv/lib/python3.12/site-packages/oslo_config/cfg.py:3006}}
Apr 22 22:00:12.173889 np0000169584 nova-scheduler[109772]: DEBUG cotyledon.oslo_config_glue [-] oslo_messaging_metrics.metrics_thread_stop_timeout = 10 {{(pid=109772) log_opt_values /opt/stack/data/venv/lib/python3.12/site-packages/oslo_config/cfg.py:3006}}
Apr 22 22:00:12.173889 np0000169584 nova-scheduler[109772]: DEBUG cotyledon.oslo_config_glue [-] profiler.connection_string = messaging:// {{(pid=109772) log_opt_values /opt/stack/data/venv/lib/python3.12/site-packages/oslo_config/cfg.py:3006}}
Apr 22 22:00:12.173889 np0000169584 nova-scheduler[109772]: DEBUG cotyledon.oslo_config_glue [-] profiler.enabled = False {{(pid=109772) log_opt_values /opt/stack/data/venv/lib/python3.12/site-packages/oslo_config/cfg.py:3006}}
Apr 22 22:00:12.173889 np0000169584 nova-scheduler[109772]: DEBUG cotyledon.oslo_config_glue [-] profiler.es_doc_type = notification {{(pid=109772) log_opt_values /opt/stack/data/venv/lib/python3.12/site-packages/oslo_config/cfg.py:3006}}
Apr 22 22:00:12.173889 np0000169584 nova-scheduler[109772]: DEBUG cotyledon.oslo_config_glue [-] profiler.es_scroll_size = 10000 {{(pid=109772) log_opt_values /opt/stack/data/venv/lib/python3.12/site-packages/oslo_config/cfg.py:3006}}
Apr 22 22:00:12.173889 np0000169584 nova-scheduler[109772]: DEBUG cotyledon.oslo_config_glue [-] profiler.es_scroll_time = 2m {{(pid=109772) log_opt_values /opt/stack/data/venv/lib/python3.12/site-packages/oslo_config/cfg.py:3006}}
Apr 22 22:00:12.174097 np0000169584 nova-scheduler[109772]: DEBUG cotyledon.oslo_config_glue [-] profiler.filter_error_trace = False {{(pid=109772) log_opt_values /opt/stack/data/venv/lib/python3.12/site-packages/oslo_config/cfg.py:3006}}
Apr 22 22:00:12.174097 np0000169584 nova-scheduler[109772]: DEBUG cotyledon.oslo_config_glue [-] profiler.hmac_keys = **** {{(pid=109772) log_opt_values /opt/stack/data/venv/lib/python3.12/site-packages/oslo_config/cfg.py:3006}}
Apr 22 22:00:12.174097 np0000169584 nova-scheduler[109772]: DEBUG cotyledon.oslo_config_glue [-] profiler.sentinel_service_name = mymaster {{(pid=109772) log_opt_values /opt/stack/data/venv/lib/python3.12/site-packages/oslo_config/cfg.py:3006}}
Apr 22 22:00:12.174097 np0000169584 nova-scheduler[109772]: DEBUG cotyledon.oslo_config_glue [-] profiler.socket_timeout = 0.1 {{(pid=109772) log_opt_values /opt/stack/data/venv/lib/python3.12/site-packages/oslo_config/cfg.py:3006}}
Apr 22 22:00:12.174097 np0000169584 nova-scheduler[109772]: DEBUG cotyledon.oslo_config_glue [-] profiler.trace_requests = False {{(pid=109772) log_opt_values /opt/stack/data/venv/lib/python3.12/site-packages/oslo_config/cfg.py:3006}}
Apr 22 22:00:12.174097 np0000169584 nova-scheduler[109772]: DEBUG cotyledon.oslo_config_glue [-] profiler.trace_sqlalchemy = False {{(pid=109772) log_opt_values /opt/stack/data/venv/lib/python3.12/site-packages/oslo_config/cfg.py:3006}}
Apr 22 22:00:12.174097 np0000169584 nova-scheduler[109772]: DEBUG cotyledon.oslo_config_glue [-] profiler_jaeger.process_tags = {} {{(pid=109772) log_opt_values /opt/stack/data/venv/lib/python3.12/site-packages/oslo_config/cfg.py:3006}}
Apr 22 22:00:12.174097 np0000169584 nova-scheduler[109772]: DEBUG cotyledon.oslo_config_glue [-] profiler_jaeger.service_name_prefix = None {{(pid=109772) log_opt_values /opt/stack/data/venv/lib/python3.12/site-packages/oslo_config/cfg.py:3006}}
Apr 22 22:00:12.174097 np0000169584 nova-scheduler[109772]: DEBUG cotyledon.oslo_config_glue [-] profiler_otlp.service_name_prefix = None {{(pid=109772) log_opt_values /opt/stack/data/venv/lib/python3.12/site-packages/oslo_config/cfg.py:3006}}
Apr 22 22:00:12.174389 np0000169584 nova-scheduler[109772]: DEBUG cotyledon.oslo_config_glue [-] oslo_messaging_rabbit.amqp_auto_delete = False {{(pid=109772) log_opt_values /opt/stack/data/venv/lib/python3.12/site-packages/oslo_config/cfg.py:3006}}
Apr 22 22:00:12.174389 np0000169584 nova-scheduler[109772]: DEBUG cotyledon.oslo_config_glue [-] oslo_messaging_rabbit.amqp_durable_queues = False {{(pid=109772) log_opt_values /opt/stack/data/venv/lib/python3.12/site-packages/oslo_config/cfg.py:3006}}
Apr 22 22:00:12.174389 np0000169584 nova-scheduler[109772]: DEBUG cotyledon.oslo_config_glue [-] oslo_messaging_rabbit.conn_pool_min_size = 2 {{(pid=109772) log_opt_values /opt/stack/data/venv/lib/python3.12/site-packages/oslo_config/cfg.py:3006}}
Apr 22 22:00:12.174389 np0000169584 nova-scheduler[109772]: DEBUG cotyledon.oslo_config_glue [-] oslo_messaging_rabbit.conn_pool_ttl = 1200 {{(pid=109772) log_opt_values /opt/stack/data/venv/lib/python3.12/site-packages/oslo_config/cfg.py:3006}}
Apr 22 22:00:12.174389 np0000169584 nova-scheduler[109772]: DEBUG cotyledon.oslo_config_glue [-] oslo_messaging_rabbit.direct_mandatory_flag = True {{(pid=109772) log_opt_values /opt/stack/data/venv/lib/python3.12/site-packages/oslo_config/cfg.py:3006}}
Apr 22 22:00:12.174389 np0000169584 nova-scheduler[109772]: DEBUG cotyledon.oslo_config_glue [-] oslo_messaging_rabbit.enable_cancel_on_failover = False {{(pid=109772) log_opt_values /opt/stack/data/venv/lib/python3.12/site-packages/oslo_config/cfg.py:3006}}
Apr 22 22:00:12.174389 np0000169584 nova-scheduler[109772]: DEBUG cotyledon.oslo_config_glue [-] oslo_messaging_rabbit.heartbeat_in_pthread = False {{(pid=109772) log_opt_values /opt/stack/data/venv/lib/python3.12/site-packages/oslo_config/cfg.py:3006}}
Apr 22 22:00:12.174389 np0000169584 nova-scheduler[109772]: DEBUG cotyledon.oslo_config_glue [-] oslo_messaging_rabbit.heartbeat_rate = 3 {{(pid=109772) log_opt_values /opt/stack/data/venv/lib/python3.12/site-packages/oslo_config/cfg.py:3006}}
Apr 22 22:00:12.174389 np0000169584 nova-scheduler[109772]: DEBUG cotyledon.oslo_config_glue [-] oslo_messaging_rabbit.heartbeat_timeout_threshold = 60 {{(pid=109772) log_opt_values /opt/stack/data/venv/lib/python3.12/site-packages/oslo_config/cfg.py:3006}}
Apr 22 22:00:12.174612 np0000169584 nova-scheduler[109772]: DEBUG cotyledon.oslo_config_glue [-] oslo_messaging_rabbit.hostname = np0000169584 {{(pid=109772) log_opt_values /opt/stack/data/venv/lib/python3.12/site-packages/oslo_config/cfg.py:3006}}
Apr 22 22:00:12.174612 np0000169584 nova-scheduler[109772]: DEBUG cotyledon.oslo_config_glue [-] oslo_messaging_rabbit.kombu_compression = None {{(pid=109772) log_opt_values /opt/stack/data/venv/lib/python3.12/site-packages/oslo_config/cfg.py:3006}}
Apr 22 22:00:12.174612 np0000169584 nova-scheduler[109772]: DEBUG cotyledon.oslo_config_glue [-] oslo_messaging_rabbit.kombu_failover_strategy = round-robin {{(pid=109772) log_opt_values /opt/stack/data/venv/lib/python3.12/site-packages/oslo_config/cfg.py:3006}}
Apr 22 22:00:12.174612 np0000169584 nova-scheduler[109772]: DEBUG cotyledon.oslo_config_glue [-] oslo_messaging_rabbit.kombu_missing_consumer_retry_timeout = 60 {{(pid=109772) log_opt_values /opt/stack/data/venv/lib/python3.12/site-packages/oslo_config/cfg.py:3006}}
Apr 22 22:00:12.174612 np0000169584 nova-scheduler[109772]: DEBUG cotyledon.oslo_config_glue [-] oslo_messaging_rabbit.kombu_reconnect_delay = 1.0 {{(pid=109772) log_opt_values /opt/stack/data/venv/lib/python3.12/site-packages/oslo_config/cfg.py:3006}}
Apr 22 22:00:12.174612 np0000169584 nova-scheduler[109772]: DEBUG cotyledon.oslo_config_glue [-] oslo_messaging_rabbit.kombu_reconnect_splay = 0.0 {{(pid=109772) log_opt_values /opt/stack/data/venv/lib/python3.12/site-packages/oslo_config/cfg.py:3006}}
Apr 22 22:00:12.174612 np0000169584 nova-scheduler[109772]: DEBUG cotyledon.oslo_config_glue [-] oslo_messaging_rabbit.processname = nova-scheduler {{(pid=109772) log_opt_values /opt/stack/data/venv/lib/python3.12/site-packages/oslo_config/cfg.py:3006}}
Apr 22 22:00:12.174612 np0000169584 nova-scheduler[109772]: DEBUG cotyledon.oslo_config_glue [-] oslo_messaging_rabbit.rabbit_ha_queues = False {{(pid=109772) log_opt_values /opt/stack/data/venv/lib/python3.12/site-packages/oslo_config/cfg.py:3006}}
Apr 22 22:00:12.174612 np0000169584 nova-scheduler[109772]: DEBUG cotyledon.oslo_config_glue [-] oslo_messaging_rabbit.rabbit_interval_max = 30 {{(pid=109772) log_opt_values /opt/stack/data/venv/lib/python3.12/site-packages/oslo_config/cfg.py:3006}}
Apr 22 22:00:12.174846 np0000169584 nova-scheduler[109772]: DEBUG cotyledon.oslo_config_glue [-] oslo_messaging_rabbit.rabbit_login_method = AMQPLAIN {{(pid=109772) log_opt_values /opt/stack/data/venv/lib/python3.12/site-packages/oslo_config/cfg.py:3006}}
Apr 22 22:00:12.174846 np0000169584 nova-scheduler[109772]: DEBUG cotyledon.oslo_config_glue [-] oslo_messaging_rabbit.rabbit_qos_prefetch_count = 0 {{(pid=109772) log_opt_values /opt/stack/data/venv/lib/python3.12/site-packages/oslo_config/cfg.py:3006}}
Apr 22 22:00:12.174846 np0000169584 nova-scheduler[109772]: DEBUG cotyledon.oslo_config_glue [-] oslo_messaging_rabbit.rabbit_quorum_delivery_limit = 0 {{(pid=109772) log_opt_values /opt/stack/data/venv/lib/python3.12/site-packages/oslo_config/cfg.py:3006}}
Apr 22 22:00:12.174846 np0000169584 nova-scheduler[109772]: DEBUG cotyledon.oslo_config_glue [-] oslo_messaging_rabbit.rabbit_quorum_max_memory_bytes = 0 {{(pid=109772) log_opt_values /opt/stack/data/venv/lib/python3.12/site-packages/oslo_config/cfg.py:3006}}
Apr 22 22:00:12.174846 np0000169584 nova-scheduler[109772]: DEBUG cotyledon.oslo_config_glue [-] oslo_messaging_rabbit.rabbit_quorum_max_memory_length = 0 {{(pid=109772) log_opt_values /opt/stack/data/venv/lib/python3.12/site-packages/oslo_config/cfg.py:3006}}
Apr 22 22:00:12.174846 np0000169584 nova-scheduler[109772]: DEBUG cotyledon.oslo_config_glue [-] oslo_messaging_rabbit.rabbit_quorum_queue = False {{(pid=109772) log_opt_values /opt/stack/data/venv/lib/python3.12/site-packages/oslo_config/cfg.py:3006}}
Apr 22 22:00:12.174846 np0000169584 nova-scheduler[109772]: DEBUG cotyledon.oslo_config_glue [-] oslo_messaging_rabbit.rabbit_retry_backoff = 2 {{(pid=109772) log_opt_values /opt/stack/data/venv/lib/python3.12/site-packages/oslo_config/cfg.py:3006}}
Apr 22 22:00:12.174846 np0000169584 nova-scheduler[109772]: DEBUG cotyledon.oslo_config_glue [-] oslo_messaging_rabbit.rabbit_retry_interval = 1 {{(pid=109772) log_opt_values /opt/stack/data/venv/lib/python3.12/site-packages/oslo_config/cfg.py:3006}}
Apr 22 22:00:12.175055 np0000169584 nova-scheduler[109772]: DEBUG cotyledon.oslo_config_glue [-] oslo_messaging_rabbit.rabbit_stream_fanout = False {{(pid=109772) log_opt_values /opt/stack/data/venv/lib/python3.12/site-packages/oslo_config/cfg.py:3006}}
Apr 22 22:00:12.175055 np0000169584 nova-scheduler[109772]: DEBUG cotyledon.oslo_config_glue [-] oslo_messaging_rabbit.rabbit_transient_queues_ttl = 1800 {{(pid=109772) log_opt_values /opt/stack/data/venv/lib/python3.12/site-packages/oslo_config/cfg.py:3006}}
Apr 22 22:00:12.175055 np0000169584 nova-scheduler[109772]: DEBUG cotyledon.oslo_config_glue [-] oslo_messaging_rabbit.rabbit_transient_quorum_queue = False {{(pid=109772) log_opt_values /opt/stack/data/venv/lib/python3.12/site-packages/oslo_config/cfg.py:3006}}
Apr 22 22:00:12.175055 np0000169584 nova-scheduler[109772]: DEBUG cotyledon.oslo_config_glue [-] oslo_messaging_rabbit.rpc_conn_pool_size = 30 {{(pid=109772) log_opt_values /opt/stack/data/venv/lib/python3.12/site-packages/oslo_config/cfg.py:3006}}
Apr 22 22:00:12.175055 np0000169584 nova-scheduler[109772]: DEBUG cotyledon.oslo_config_glue [-] oslo_messaging_rabbit.ssl = False {{(pid=109772) log_opt_values /opt/stack/data/venv/lib/python3.12/site-packages/oslo_config/cfg.py:3006}}
Apr 22 22:00:12.175055 np0000169584 nova-scheduler[109772]: DEBUG cotyledon.oslo_config_glue [-] oslo_messaging_rabbit.ssl_ca_file = {{(pid=109772) log_opt_values /opt/stack/data/venv/lib/python3.12/site-packages/oslo_config/cfg.py:3006}}
Apr 22 22:00:12.175055 np0000169584 nova-scheduler[109772]: DEBUG cotyledon.oslo_config_glue [-] oslo_messaging_rabbit.ssl_cert_file = {{(pid=109772) log_opt_values /opt/stack/data/venv/lib/python3.12/site-packages/oslo_config/cfg.py:3006}}
Apr 22 22:00:12.175055 np0000169584 nova-scheduler[109772]: DEBUG cotyledon.oslo_config_glue [-] oslo_messaging_rabbit.ssl_enforce_fips_mode = False {{(pid=109772) log_opt_values /opt/stack/data/venv/lib/python3.12/site-packages/oslo_config/cfg.py:3006}}
Apr 22 22:00:12.175055 np0000169584 nova-scheduler[109772]: DEBUG cotyledon.oslo_config_glue [-] oslo_messaging_rabbit.ssl_key_file = {{(pid=109772) log_opt_values /opt/stack/data/venv/lib/python3.12/site-packages/oslo_config/cfg.py:3006}}
Apr 22 22:00:12.175263 np0000169584 nova-scheduler[109772]: DEBUG cotyledon.oslo_config_glue [-] oslo_messaging_rabbit.ssl_version = {{(pid=109772) log_opt_values /opt/stack/data/venv/lib/python3.12/site-packages/oslo_config/cfg.py:3006}}
Apr 22 22:00:12.175263 np0000169584 nova-scheduler[109772]: DEBUG cotyledon.oslo_config_glue [-] oslo_messaging_rabbit.use_queue_manager = False {{(pid=109772) log_opt_values /opt/stack/data/venv/lib/python3.12/site-packages/oslo_config/cfg.py:3006}}
Apr 22 22:00:12.175263 np0000169584 nova-scheduler[109772]: DEBUG cotyledon.oslo_config_glue [-] oslo_messaging_notifications.driver = ['messagingv2'] {{(pid=109772) log_opt_values /opt/stack/data/venv/lib/python3.12/site-packages/oslo_config/cfg.py:3006}}
Apr 22 22:00:12.175263 np0000169584 nova-scheduler[109772]: DEBUG cotyledon.oslo_config_glue [-] oslo_messaging_notifications.retry = -1 {{(pid=109772) log_opt_values /opt/stack/data/venv/lib/python3.12/site-packages/oslo_config/cfg.py:3006}}
Apr 22 22:00:12.175263 np0000169584 nova-scheduler[109772]: DEBUG cotyledon.oslo_config_glue [-] oslo_messaging_notifications.topics = ['notifications'] {{(pid=109772) log_opt_values /opt/stack/data/venv/lib/python3.12/site-packages/oslo_config/cfg.py:3006}}
Apr 22 22:00:12.175263 np0000169584 nova-scheduler[109772]: DEBUG cotyledon.oslo_config_glue [-] oslo_messaging_notifications.transport_url = **** {{(pid=109772) log_opt_values /opt/stack/data/venv/lib/python3.12/site-packages/oslo_config/cfg.py:3006}}
Apr 22 22:00:12.175263 np0000169584 nova-scheduler[109772]: DEBUG cotyledon.oslo_config_glue [-] oslo_limit.auth_section = None {{(pid=109772) log_opt_values /opt/stack/data/venv/lib/python3.12/site-packages/oslo_config/cfg.py:3006}}
Apr 22 22:00:12.175263 np0000169584 nova-scheduler[109772]: DEBUG cotyledon.oslo_config_glue [-] oslo_limit.auth_type = None {{(pid=109772) log_opt_values /opt/stack/data/venv/lib/python3.12/site-packages/oslo_config/cfg.py:3006}}
Apr 22 22:00:12.175263 np0000169584 nova-scheduler[109772]: DEBUG cotyledon.oslo_config_glue [-] oslo_limit.cafile = None {{(pid=109772) log_opt_values /opt/stack/data/venv/lib/python3.12/site-packages/oslo_config/cfg.py:3006}}
Apr 22 22:00:12.175489 np0000169584 nova-scheduler[109772]: DEBUG cotyledon.oslo_config_glue [-] oslo_limit.certfile = None {{(pid=109772) log_opt_values /opt/stack/data/venv/lib/python3.12/site-packages/oslo_config/cfg.py:3006}}
Apr 22 22:00:12.175489 np0000169584 nova-scheduler[109772]: DEBUG cotyledon.oslo_config_glue [-] oslo_limit.collect_timing = False {{(pid=109772) log_opt_values /opt/stack/data/venv/lib/python3.12/site-packages/oslo_config/cfg.py:3006}}
Apr 22 22:00:12.175489 np0000169584 nova-scheduler[109772]: DEBUG cotyledon.oslo_config_glue [-] oslo_limit.connect_retries = None {{(pid=109772) log_opt_values /opt/stack/data/venv/lib/python3.12/site-packages/oslo_config/cfg.py:3006}}
Apr 22 22:00:12.175489 np0000169584 nova-scheduler[109772]: DEBUG cotyledon.oslo_config_glue [-] oslo_limit.connect_retry_delay = None {{(pid=109772) log_opt_values /opt/stack/data/venv/lib/python3.12/site-packages/oslo_config/cfg.py:3006}}
Apr 22 22:00:12.175489 np0000169584 nova-scheduler[109772]: DEBUG cotyledon.oslo_config_glue [-] oslo_limit.endpoint_id = None {{(pid=109772) log_opt_values /opt/stack/data/venv/lib/python3.12/site-packages/oslo_config/cfg.py:3006}}
Apr 22 22:00:12.175489 np0000169584 nova-scheduler[109772]: DEBUG cotyledon.oslo_config_glue [-] oslo_limit.endpoint_interface = public {{(pid=109772) log_opt_values /opt/stack/data/venv/lib/python3.12/site-packages/oslo_config/cfg.py:3006}}
Apr 22 22:00:12.175489 np0000169584 nova-scheduler[109772]: DEBUG cotyledon.oslo_config_glue [-] oslo_limit.endpoint_override = None {{(pid=109772) log_opt_values /opt/stack/data/venv/lib/python3.12/site-packages/oslo_config/cfg.py:3006}}
Apr 22 22:00:12.175489 np0000169584 nova-scheduler[109772]: DEBUG cotyledon.oslo_config_glue [-] oslo_limit.endpoint_region_name = None {{(pid=109772) log_opt_values /opt/stack/data/venv/lib/python3.12/site-packages/oslo_config/cfg.py:3006}}
Apr 22 22:00:12.175489 np0000169584 nova-scheduler[109772]: DEBUG cotyledon.oslo_config_glue [-] oslo_limit.endpoint_service_name = None {{(pid=109772) log_opt_values /opt/stack/data/venv/lib/python3.12/site-packages/oslo_config/cfg.py:3006}}
Apr 22 22:00:12.175705 np0000169584 nova-scheduler[109772]: DEBUG cotyledon.oslo_config_glue [-] oslo_limit.endpoint_service_type = None {{(pid=109772) log_opt_values /opt/stack/data/venv/lib/python3.12/site-packages/oslo_config/cfg.py:3006}}
Apr 22 22:00:12.175705 np0000169584 nova-scheduler[109772]: DEBUG cotyledon.oslo_config_glue [-] oslo_limit.insecure = False {{(pid=109772) log_opt_values /opt/stack/data/venv/lib/python3.12/site-packages/oslo_config/cfg.py:3006}}
Apr 22 22:00:12.175705 np0000169584 nova-scheduler[109772]: DEBUG cotyledon.oslo_config_glue [-] oslo_limit.keyfile = None {{(pid=109772) log_opt_values /opt/stack/data/venv/lib/python3.12/site-packages/oslo_config/cfg.py:3006}}
Apr 22 22:00:12.175705 np0000169584 nova-scheduler[109772]: DEBUG cotyledon.oslo_config_glue [-] oslo_limit.max_version = None {{(pid=109772) log_opt_values /opt/stack/data/venv/lib/python3.12/site-packages/oslo_config/cfg.py:3006}}
Apr 22 22:00:12.175705 np0000169584 nova-scheduler[109772]: DEBUG cotyledon.oslo_config_glue [-] oslo_limit.min_version = None {{(pid=109772) log_opt_values /opt/stack/data/venv/lib/python3.12/site-packages/oslo_config/cfg.py:3006}}
Apr 22 22:00:12.175705 np0000169584 nova-scheduler[109772]: DEBUG cotyledon.oslo_config_glue [-] oslo_limit.region_name = None {{(pid=109772) log_opt_values /opt/stack/data/venv/lib/python3.12/site-packages/oslo_config/cfg.py:3006}}
Apr 22 22:00:12.175705 np0000169584 nova-scheduler[109772]: DEBUG cotyledon.oslo_config_glue [-] oslo_limit.retriable_status_codes = None {{(pid=109772) log_opt_values /opt/stack/data/venv/lib/python3.12/site-packages/oslo_config/cfg.py:3006}}
Apr 22 22:00:12.175705 np0000169584 nova-scheduler[109772]: DEBUG cotyledon.oslo_config_glue [-] oslo_limit.service_name = None {{(pid=109772) log_opt_values /opt/stack/data/venv/lib/python3.12/site-packages/oslo_config/cfg.py:3006}}
Apr 22 22:00:12.175705 np0000169584 nova-scheduler[109772]: DEBUG cotyledon.oslo_config_glue [-] oslo_limit.service_type = None {{(pid=109772) log_opt_values /opt/stack/data/venv/lib/python3.12/site-packages/oslo_config/cfg.py:3006}}
Apr 22 22:00:12.175905 np0000169584 nova-scheduler[109772]: DEBUG cotyledon.oslo_config_glue [-] oslo_limit.split_loggers = False {{(pid=109772) log_opt_values /opt/stack/data/venv/lib/python3.12/site-packages/oslo_config/cfg.py:3006}}
Apr 22 22:00:12.175905 np0000169584 nova-scheduler[109772]: DEBUG cotyledon.oslo_config_glue [-] oslo_limit.status_code_retries = None {{(pid=109772) log_opt_values /opt/stack/data/venv/lib/python3.12/site-packages/oslo_config/cfg.py:3006}}
Apr 22 22:00:12.175905 np0000169584 nova-scheduler[109772]: DEBUG cotyledon.oslo_config_glue [-] oslo_limit.status_code_retry_delay = None {{(pid=109772) log_opt_values /opt/stack/data/venv/lib/python3.12/site-packages/oslo_config/cfg.py:3006}}
Apr 22 22:00:12.175905 np0000169584 nova-scheduler[109772]: DEBUG cotyledon.oslo_config_glue [-] oslo_limit.timeout = None {{(pid=109772) log_opt_values /opt/stack/data/venv/lib/python3.12/site-packages/oslo_config/cfg.py:3006}}
Apr 22 22:00:12.175905 np0000169584 nova-scheduler[109772]: DEBUG cotyledon.oslo_config_glue [-] oslo_limit.valid_interfaces = None {{(pid=109772) log_opt_values /opt/stack/data/venv/lib/python3.12/site-packages/oslo_config/cfg.py:3006}}
Apr 22 22:00:12.175905 np0000169584 nova-scheduler[109772]: DEBUG cotyledon.oslo_config_glue [-] oslo_limit.version = None {{(pid=109772) log_opt_values /opt/stack/data/venv/lib/python3.12/site-packages/oslo_config/cfg.py:3006}}
Apr 22 22:00:12.175905 np0000169584 nova-scheduler[109772]: DEBUG cotyledon.oslo_config_glue [-] oslo_reports.file_event_handler = None {{(pid=109772) log_opt_values /opt/stack/data/venv/lib/python3.12/site-packages/oslo_config/cfg.py:3006}}
Apr 22 22:00:12.175905 np0000169584 nova-scheduler[109772]: DEBUG cotyledon.oslo_config_glue [-] oslo_reports.file_event_handler_interval = 1 {{(pid=109772) log_opt_values /opt/stack/data/venv/lib/python3.12/site-packages/oslo_config/cfg.py:3006}}
Apr 22 22:00:12.175905 np0000169584 nova-scheduler[109772]: DEBUG cotyledon.oslo_config_glue [-] oslo_reports.log_dir = None {{(pid=109772) log_opt_values /opt/stack/data/venv/lib/python3.12/site-packages/oslo_config/cfg.py:3006}}
Apr 22 22:00:12.176121 np0000169584 nova-scheduler[109772]: DEBUG cotyledon.oslo_config_glue [-] ******************************************************************************** {{(pid=109772) log_opt_values /opt/stack/data/venv/lib/python3.12/site-packages/oslo_config/cfg.py:3013}}
Apr 22 22:00:12.176121 np0000169584 nova-scheduler[109772]: DEBUG cotyledon._service_worker [-] Run service ServiceWrapper(3) [109772] {{(pid=109772) wait_forever /opt/stack/data/venv/lib/python3.12/site-packages/cotyledon/_service_worker.py:218}}
Apr 22 22:00:12.176121 np0000169584 nova-scheduler[109772]: INFO nova.service [-] Starting scheduler node (version 33.1.0)
Apr 22 22:00:12.176281 np0000169584 nova-scheduler[109750]: DEBUG nova.service [None req-a6cd91ff-178e-43a7-bbe5-a169a911caf6 None None] Creating RPC server for service: nova-scheduler on topic: scheduler {{(pid=109750) start /opt/stack/nova/nova/service.py:195}}
Apr 22 22:00:12.176320 np0000169584 nova-scheduler[109759]: DEBUG oslo_db.sqlalchemy.engines [None req-3df627f0-ffeb-432d-b0a3-07589e72bf0b None None] MySQL server mode set to STRICT_TRANS_TABLES,STRICT_ALL_TABLES,NO_ZERO_IN_DATE,NO_ZERO_DATE,ERROR_FOR_DIVISION_BY_ZERO,TRADITIONAL,NO_ENGINE_SUBSTITUTION {{(pid=109759) _check_effective_sql_mode /opt/stack/data/venv/lib/python3.12/site-packages/oslo_db/sqlalchemy/engines.py:325}}
Apr 22 22:00:12.176350 np0000169584 nova-scheduler[109772]: INFO dbcounter [None req-fb1f9217-b316-45b1-878b-8c7f35984c98 None None] Registered counter for database nova_cell0
Apr 22 22:00:12.176833 np0000169584 nova-scheduler[109766]: DEBUG oslo_db.sqlalchemy.engines [None req-d84c77da-7512-4452-82ba-0c288a322ebb None None] MySQL server mode set to STRICT_TRANS_TABLES,STRICT_ALL_TABLES,NO_ZERO_IN_DATE,NO_ZERO_DATE,ERROR_FOR_DIVISION_BY_ZERO,TRADITIONAL,NO_ENGINE_SUBSTITUTION {{(pid=109766) _check_effective_sql_mode /opt/stack/data/venv/lib/python3.12/site-packages/oslo_db/sqlalchemy/engines.py:325}}
Apr 22 22:00:12.183532 np0000169584 nova-scheduler[109759]: DEBUG dbcounter [-] [109759] Writer thread running {{(pid=109759) stat_writer /opt/stack/data/venv/lib/python3.12/site-packages/dbcounter.py:102}}
Apr 22 22:00:12.186407 np0000169584 nova-scheduler[109772]: DEBUG oslo_db.sqlalchemy.engines [None req-fb1f9217-b316-45b1-878b-8c7f35984c98 None None] MySQL server mode set to STRICT_TRANS_TABLES,STRICT_ALL_TABLES,NO_ZERO_IN_DATE,NO_ZERO_DATE,ERROR_FOR_DIVISION_BY_ZERO,TRADITIONAL,NO_ENGINE_SUBSTITUTION {{(pid=109772) _check_effective_sql_mode /opt/stack/data/venv/lib/python3.12/site-packages/oslo_db/sqlalchemy/engines.py:325}}
Apr 22 22:00:12.187032 np0000169584 nova-scheduler[109759]: DEBUG nova.service [None req-3df627f0-ffeb-432d-b0a3-07589e72bf0b None None] Creating RPC server for service: nova-scheduler on topic: scheduler {{(pid=109759) start /opt/stack/nova/nova/service.py:195}}
Apr 22 22:00:12.190234 np0000169584 nova-scheduler[109766]: DEBUG dbcounter [-] [109766] Writer thread running {{(pid=109766) stat_writer /opt/stack/data/venv/lib/python3.12/site-packages/dbcounter.py:102}}
Apr 22 22:00:12.195775 np0000169584 nova-scheduler[109766]: DEBUG nova.service [None req-d84c77da-7512-4452-82ba-0c288a322ebb None None] Creating RPC server for service: nova-scheduler on topic: scheduler {{(pid=109766) start /opt/stack/nova/nova/service.py:195}}
Apr 22 22:00:12.198114 np0000169584 nova-scheduler[109772]: DEBUG dbcounter [-] [109772] Writer thread running {{(pid=109772) stat_writer /opt/stack/data/venv/lib/python3.12/site-packages/dbcounter.py:102}}
Apr 22 22:00:12.202913 np0000169584 nova-scheduler[109772]: DEBUG nova.service [None req-fb1f9217-b316-45b1-878b-8c7f35984c98 None None] Creating RPC server for service: nova-scheduler on topic: scheduler {{(pid=109772) start /opt/stack/nova/nova/service.py:195}}
Apr 22 22:00:12.208690 np0000169584 nova-scheduler[109759]: DEBUG nova.service [None req-3df627f0-ffeb-432d-b0a3-07589e72bf0b None None] Join ServiceGroup membership for this service scheduler {{(pid=109759) start /opt/stack/nova/nova/service.py:221}}
Apr 22 22:00:12.208874 np0000169584 nova-scheduler[109759]: DEBUG nova.servicegroup.drivers.db [None req-3df627f0-ffeb-432d-b0a3-07589e72bf0b None None] DB_Driver: join new ServiceGroup member np0000169584 to the scheduler group, service = {{(pid=109759) join /opt/stack/nova/nova/servicegroup/drivers/db.py:44}}
Apr 22 22:00:12.212717 np0000169584 nova-scheduler[109750]: DEBUG nova.service [None req-a6cd91ff-178e-43a7-bbe5-a169a911caf6 None None] Join ServiceGroup membership for this service scheduler {{(pid=109750) start /opt/stack/nova/nova/service.py:221}}
Apr 22 22:00:12.213105 np0000169584 nova-scheduler[109750]: DEBUG nova.servicegroup.drivers.db [None req-a6cd91ff-178e-43a7-bbe5-a169a911caf6 None None] DB_Driver: join new ServiceGroup member np0000169584 to the scheduler group, service = {{(pid=109750) join /opt/stack/nova/nova/servicegroup/drivers/db.py:44}}
Apr 22 22:00:12.224949 np0000169584 nova-scheduler[109772]: DEBUG nova.service [None req-fb1f9217-b316-45b1-878b-8c7f35984c98 None None] Join ServiceGroup membership for this service scheduler {{(pid=109772) start /opt/stack/nova/nova/service.py:221}}
Apr 22 22:00:12.225168 np0000169584 nova-scheduler[109772]: DEBUG nova.servicegroup.drivers.db [None req-fb1f9217-b316-45b1-878b-8c7f35984c98 None None] DB_Driver: join new ServiceGroup member np0000169584 to the scheduler group, service = {{(pid=109772) join /opt/stack/nova/nova/servicegroup/drivers/db.py:44}}
Apr 22 22:00:12.227039 np0000169584 nova-scheduler[109766]: DEBUG nova.service [None req-d84c77da-7512-4452-82ba-0c288a322ebb None None] Join ServiceGroup membership for this service scheduler {{(pid=109766) start /opt/stack/nova/nova/service.py:221}}
Apr 22 22:00:12.227992 np0000169584 nova-scheduler[109766]: DEBUG nova.servicegroup.drivers.db [None req-d84c77da-7512-4452-82ba-0c288a322ebb None None] DB_Driver: join new ServiceGroup member np0000169584 to the scheduler group, service = {{(pid=109766) join /opt/stack/nova/nova/servicegroup/drivers/db.py:44}}
Apr 22 22:00:17.232895 np0000169584 nova-scheduler[109759]: DEBUG oslo.service.backend._threading.loopingcall [-] Fixed interval looping call 'nova.servicegroup.drivers.db.DbDriver._report_state' sleeping for 119.98 seconds {{(pid=109759) _run_loop /opt/stack/data/venv/lib/python3.12/site-packages/oslo_service/backend/_threading/loopingcall.py:125}}
Apr 22 22:00:17.233748 np0000169584 nova-scheduler[109750]: DEBUG oslo.service.backend._threading.loopingcall [-] Fixed interval looping call 'nova.servicegroup.drivers.db.DbDriver._report_state' sleeping for 119.98 seconds {{(pid=109750) _run_loop /opt/stack/data/venv/lib/python3.12/site-packages/oslo_service/backend/_threading/loopingcall.py:125}}
Apr 22 22:00:17.239758 np0000169584 nova-scheduler[109772]: DEBUG oslo.service.backend._threading.loopingcall [-] Fixed interval looping call 'nova.servicegroup.drivers.db.DbDriver._report_state' sleeping for 119.99 seconds {{(pid=109772) _run_loop /opt/stack/data/venv/lib/python3.12/site-packages/oslo_service/backend/_threading/loopingcall.py:125}}
Apr 22 22:00:17.240355 np0000169584 nova-scheduler[109766]: DEBUG oslo.service.backend._threading.loopingcall [-] Fixed interval looping call 'nova.servicegroup.drivers.db.DbDriver._report_state' sleeping for 119.99 seconds {{(pid=109766) _run_loop /opt/stack/data/venv/lib/python3.12/site-packages/oslo_service/backend/_threading/loopingcall.py:125}}
Apr 22 22:00:20.743195 np0000169584 nova-scheduler[108954]: DEBUG dbcounter [-] [108954] Writing DB stats nova_api:SELECT=3 {{(pid=108954) stat_writer /opt/stack/data/venv/lib/python3.12/site-packages/dbcounter.py:115}}
Apr 22 22:00:20.852501 np0000169584 nova-scheduler[108954]: DEBUG dbcounter [-] [108954] Writing DB stats nova_cell0:SELECT=1 {{(pid=108954) stat_writer /opt/stack/data/venv/lib/python3.12/site-packages/dbcounter.py:115}}
Apr 22 22:00:20.856929 np0000169584 nova-scheduler[108954]: DEBUG dbcounter [-] [108954] Writing DB stats nova_cell1:SELECT=1 {{(pid=108954) stat_writer /opt/stack/data/venv/lib/python3.12/site-packages/dbcounter.py:115}}
Apr 22 22:00:27.224652 np0000169584 nova-scheduler[109759]: DEBUG dbcounter [-] [109759] Writing DB stats nova_cell0:SELECT=3,nova_cell0:UPDATE=1 {{(pid=109759) stat_writer /opt/stack/data/venv/lib/python3.12/site-packages/dbcounter.py:115}}
Apr 22 22:00:27.225316 np0000169584 nova-scheduler[109750]: DEBUG dbcounter [-] [109750] Writing DB stats nova_cell0:SELECT=4,nova_cell0:INSERT=1,nova_cell0:UPDATE=1 {{(pid=109750) stat_writer /opt/stack/data/venv/lib/python3.12/site-packages/dbcounter.py:115}}
Apr 22 22:00:27.236869 np0000169584 nova-scheduler[109766]: DEBUG dbcounter [-] [109766] Writing DB stats nova_cell0:SELECT=3 {{(pid=109766) stat_writer /opt/stack/data/venv/lib/python3.12/site-packages/dbcounter.py:115}}
Apr 22 22:00:27.237347 np0000169584 nova-scheduler[109772]: DEBUG dbcounter [-] [109772] Writing DB stats nova_cell0:SELECT=3 {{(pid=109772) stat_writer /opt/stack/data/venv/lib/python3.12/site-packages/dbcounter.py:115}}
Apr 22 22:00:31.228569 np0000169584 nova-scheduler[109772]: DEBUG oslo.service.backend._threading.loopingcall [None req-e12ee765-5e61-4c35-821d-ff3825c28061 None None] Dynamic interval looping call 'nova.service.Service.periodic_tasks' sleeping for 60.00 seconds {{(pid=109772) _run_loop /opt/stack/data/venv/lib/python3.12/site-packages/oslo_service/backend/_threading/loopingcall.py:125}}
Apr 22 22:00:34.216440 np0000169584 nova-scheduler[109750]: DEBUG oslo.service.backend._threading.loopingcall [None req-78918018-4226-4acc-81d4-e5d88c39ff3a None None] Dynamic interval looping call 'nova.service.Service.periodic_tasks' sleeping for 60.00 seconds {{(pid=109750) _run_loop /opt/stack/data/venv/lib/python3.12/site-packages/oslo_service/backend/_threading/loopingcall.py:125}}
Apr 22 22:00:53.211808 np0000169584 nova-scheduler[109759]: DEBUG oslo.service.backend._threading.loopingcall [None req-b5bdd110-5ea6-4dd4-8019-9e0598120cae None None] Dynamic interval looping call 'nova.service.Service.periodic_tasks' sleeping for 60.00 seconds {{(pid=109759) _run_loop /opt/stack/data/venv/lib/python3.12/site-packages/oslo_service/backend/_threading/loopingcall.py:125}}
Apr 22 22:01:09.229803 np0000169584 nova-scheduler[109766]: DEBUG oslo.service.backend._threading.loopingcall [None req-63229020-0b7b-4731-a3b2-3173546e3a2a None None] Dynamic interval looping call 'nova.service.Service.periodic_tasks' sleeping for 60.00 seconds {{(pid=109766) _run_loop /opt/stack/data/venv/lib/python3.12/site-packages/oslo_service/backend/_threading/loopingcall.py:125}}
Apr 22 22:01:31.229779 np0000169584 nova-scheduler[109772]: DEBUG oslo.service.backend._threading.loopingcall [None req-e12ee765-5e61-4c35-821d-ff3825c28061 None None] Dynamic interval looping call 'nova.service.Service.periodic_tasks' sleeping for 60.00 seconds {{(pid=109772) _run_loop /opt/stack/data/venv/lib/python3.12/site-packages/oslo_service/backend/_threading/loopingcall.py:125}}
Apr 22 22:01:34.217223 np0000169584 nova-scheduler[109750]: DEBUG oslo.service.backend._threading.loopingcall [None req-78918018-4226-4acc-81d4-e5d88c39ff3a None None] Dynamic interval looping call 'nova.service.Service.periodic_tasks' sleeping for 60.00 seconds {{(pid=109750) _run_loop /opt/stack/data/venv/lib/python3.12/site-packages/oslo_service/backend/_threading/loopingcall.py:125}}
Apr 22 22:01:53.212555 np0000169584 nova-scheduler[109759]: DEBUG oslo.service.backend._threading.loopingcall [None req-b5bdd110-5ea6-4dd4-8019-9e0598120cae None None] Dynamic interval looping call 'nova.service.Service.periodic_tasks' sleeping for 60.00 seconds {{(pid=109759) _run_loop /opt/stack/data/venv/lib/python3.12/site-packages/oslo_service/backend/_threading/loopingcall.py:125}}
Apr 22 22:02:09.230732 np0000169584 nova-scheduler[109766]: DEBUG oslo.service.backend._threading.loopingcall [None req-63229020-0b7b-4731-a3b2-3173546e3a2a None None] Dynamic interval looping call 'nova.service.Service.periodic_tasks' sleeping for 60.00 seconds {{(pid=109766) _run_loop /opt/stack/data/venv/lib/python3.12/site-packages/oslo_service/backend/_threading/loopingcall.py:125}}
Apr 22 22:02:17.482028 np0000169584 nova-scheduler[109750]: DEBUG oslo.service.backend._threading.loopingcall [-] Fixed interval looping call 'nova.servicegroup.drivers.db.DbDriver._report_state' sleeping for 119.73 seconds {{(pid=109750) _run_loop /opt/stack/data/venv/lib/python3.12/site-packages/oslo_service/backend/_threading/loopingcall.py:125}}
Apr 22 22:02:17.483111 np0000169584 nova-scheduler[109772]: DEBUG oslo.service.backend._threading.loopingcall [-] Fixed interval looping call 'nova.servicegroup.drivers.db.DbDriver._report_state' sleeping for 119.75 seconds {{(pid=109772) _run_loop /opt/stack/data/venv/lib/python3.12/site-packages/oslo_service/backend/_threading/loopingcall.py:125}}
Apr 22 22:02:17.483889 np0000169584 nova-scheduler[109759]: DEBUG oslo.service.backend._threading.loopingcall [-] Fixed interval looping call 'nova.servicegroup.drivers.db.DbDriver._report_state' sleeping for 119.73 seconds {{(pid=109759) _run_loop /opt/stack/data/venv/lib/python3.12/site-packages/oslo_service/backend/_threading/loopingcall.py:125}}
Apr 22 22:02:17.484537 np0000169584 nova-scheduler[109766]: DEBUG oslo.service.backend._threading.loopingcall [-] Fixed interval looping call 'nova.servicegroup.drivers.db.DbDriver._report_state' sleeping for 119.75 seconds {{(pid=109766) _run_loop /opt/stack/data/venv/lib/python3.12/site-packages/oslo_service/backend/_threading/loopingcall.py:125}}
Apr 22 22:02:27.218778 np0000169584 nova-scheduler[109759]: DEBUG dbcounter [-] [109759] Writing DB stats nova_cell0:SELECT=1,nova_cell0:UPDATE=1 {{(pid=109759) stat_writer /opt/stack/data/venv/lib/python3.12/site-packages/dbcounter.py:115}}
Apr 22 22:02:27.221826 np0000169584 nova-scheduler[109750]: DEBUG dbcounter [-] [109750] Writing DB stats nova_cell0:SELECT=1,nova_cell0:UPDATE=1 {{(pid=109750) stat_writer /opt/stack/data/venv/lib/python3.12/site-packages/dbcounter.py:115}}
Apr 22 22:02:27.237124 np0000169584 nova-scheduler[109772]: DEBUG dbcounter [-] [109772] Writing DB stats nova_cell0:SELECT=1,nova_cell0:UPDATE=1 {{(pid=109772) stat_writer /opt/stack/data/venv/lib/python3.12/site-packages/dbcounter.py:115}}
Apr 22 22:02:27.238162 np0000169584 nova-scheduler[109766]: DEBUG dbcounter [-] [109766] Writing DB stats nova_cell0:SELECT=1,nova_cell0:UPDATE=1 {{(pid=109766) stat_writer /opt/stack/data/venv/lib/python3.12/site-packages/dbcounter.py:115}}
Apr 22 22:02:31.230556 np0000169584 nova-scheduler[109772]: DEBUG oslo.service.backend._threading.loopingcall [None req-e12ee765-5e61-4c35-821d-ff3825c28061 None None] Dynamic interval looping call 'nova.service.Service.periodic_tasks' sleeping for 60.00 seconds {{(pid=109772) _run_loop /opt/stack/data/venv/lib/python3.12/site-packages/oslo_service/backend/_threading/loopingcall.py:125}}
Apr 22 22:02:34.218009 np0000169584 nova-scheduler[109750]: DEBUG oslo.service.backend._threading.loopingcall [None req-78918018-4226-4acc-81d4-e5d88c39ff3a None None] Dynamic interval looping call 'nova.service.Service.periodic_tasks' sleeping for 60.00 seconds {{(pid=109750) _run_loop /opt/stack/data/venv/lib/python3.12/site-packages/oslo_service/backend/_threading/loopingcall.py:125}}
Apr 22 22:02:53.213231 np0000169584 nova-scheduler[109759]: DEBUG oslo.service.backend._threading.loopingcall [None req-b5bdd110-5ea6-4dd4-8019-9e0598120cae None None] Dynamic interval looping call 'nova.service.Service.periodic_tasks' sleeping for 60.00 seconds {{(pid=109759) _run_loop /opt/stack/data/venv/lib/python3.12/site-packages/oslo_service/backend/_threading/loopingcall.py:125}}
Apr 22 22:03:09.231891 np0000169584 nova-scheduler[109766]: DEBUG oslo.service.backend._threading.loopingcall [None req-63229020-0b7b-4731-a3b2-3173546e3a2a None None] Dynamic interval looping call 'nova.service.Service.periodic_tasks' sleeping for 60.00 seconds {{(pid=109766) _run_loop /opt/stack/data/venv/lib/python3.12/site-packages/oslo_service/backend/_threading/loopingcall.py:125}}
Apr 22 22:03:31.231372 np0000169584 nova-scheduler[109772]: DEBUG oslo.service.backend._threading.loopingcall [None req-e12ee765-5e61-4c35-821d-ff3825c28061 None None] Dynamic interval looping call 'nova.service.Service.periodic_tasks' sleeping for 60.00 seconds {{(pid=109772) _run_loop /opt/stack/data/venv/lib/python3.12/site-packages/oslo_service/backend/_threading/loopingcall.py:125}}
Apr 22 22:03:34.218791 np0000169584 nova-scheduler[109750]: DEBUG oslo.service.backend._threading.loopingcall [None req-78918018-4226-4acc-81d4-e5d88c39ff3a None None] Dynamic interval looping call 'nova.service.Service.periodic_tasks' sleeping for 60.00 seconds {{(pid=109750) _run_loop /opt/stack/data/venv/lib/python3.12/site-packages/oslo_service/backend/_threading/loopingcall.py:125}}
Apr 22 22:03:53.213951 np0000169584 nova-scheduler[109759]: DEBUG oslo.service.backend._threading.loopingcall [None req-b5bdd110-5ea6-4dd4-8019-9e0598120cae None None] Dynamic interval looping call 'nova.service.Service.periodic_tasks' sleeping for 60.00 seconds {{(pid=109759) _run_loop /opt/stack/data/venv/lib/python3.12/site-packages/oslo_service/backend/_threading/loopingcall.py:125}}
Apr 22 22:04:07.915971 np0000169584 nova-scheduler[109750]: DEBUG nova.scheduler.manager [None req-5f147882-a86b-4c31-bad2-e221f7754ce3 demo demo] Starting to schedule for instances: ['0860e396-8024-462c-ae80-7b26449c93f3'] {{(pid=109750) select_destinations /opt/stack/nova/nova/scheduler/manager.py:210}}
Apr 22 22:04:07.917762 np0000169584 nova-scheduler[109750]: DEBUG oslo_db.sqlalchemy.engines [None req-5f147882-a86b-4c31-bad2-e221f7754ce3 demo demo] Parent process 108954 forked (109750) with an open database connection, which is being discarded and recreated. {{(pid=109750) checkout /opt/stack/data/venv/lib/python3.12/site-packages/oslo_db/sqlalchemy/engines.py:402}}
Apr 22 22:04:07.923775 np0000169584 nova-scheduler[109750]: DEBUG dbcounter [-] [109750] Writer thread running {{(pid=109750) stat_writer /opt/stack/data/venv/lib/python3.12/site-packages/dbcounter.py:102}}
Apr 22 22:04:07.926031 np0000169584 nova-scheduler[109750]: DEBUG nova.scheduler.request_filter [None req-5f147882-a86b-4c31-bad2-e221f7754ce3 demo demo] Request filter 'map_az_to_placement_aggregate' took 0.0 seconds {{(pid=109750) wrapper /opt/stack/nova/nova/scheduler/request_filter.py:46}}
Apr 22 22:04:07.926318 np0000169584 nova-scheduler[109750]: DEBUG nova.scheduler.request_filter [None req-5f147882-a86b-4c31-bad2-e221f7754ce3 demo demo] compute_status_filter request filter added forbidden trait COMPUTE_STATUS_DISABLED {{(pid=109750) compute_status_filter /opt/stack/nova/nova/scheduler/request_filter.py:253}}
Apr 22 22:04:07.926411 np0000169584 nova-scheduler[109750]: DEBUG nova.scheduler.request_filter [None req-5f147882-a86b-4c31-bad2-e221f7754ce3 demo demo] Request filter 'compute_status_filter' took 0.0 seconds {{(pid=109750) wrapper /opt/stack/nova/nova/scheduler/request_filter.py:46}}
Apr 22 22:04:07.926597 np0000169584 nova-scheduler[109750]: DEBUG nova.scheduler.request_filter [None req-5f147882-a86b-4c31-bad2-e221f7754ce3 demo demo] Request filter 'accelerators_filter' took 0.0 seconds {{(pid=109750) wrapper /opt/stack/nova/nova/scheduler/request_filter.py:46}}
Apr 22 22:04:07.926747 np0000169584 nova-scheduler[109750]: DEBUG nova.scheduler.request_filter [None req-5f147882-a86b-4c31-bad2-e221f7754ce3 demo demo] Request filter 'packed_virtqueue_filter' took 0.0 seconds {{(pid=109750) wrapper /opt/stack/nova/nova/scheduler/request_filter.py:46}}
Apr 22 22:04:07.928962 np0000169584 nova-scheduler[109750]: WARNING neutronclient.v2_0.client [None req-5f147882-a86b-4c31-bad2-e221f7754ce3 demo demo] The python binding code in neutronclient is deprecated in favor of OpenstackSDK, please use that as this will be removed in a future release.
