Jun 24 00:57:55.787389 np0000182647 neutron-rpc-server[104516]: DEBUG cotyledon.oslo_config_glue [-] nova.region_name = RegionOne {{(pid=104516) log_opt_values /opt/stack/data/venv/lib/python3.12/site-packages/oslo_config/cfg.py:3253}}
Jun 24 00:57:55.787456 np0000182647 neutron-rpc-server[104524]: DEBUG cotyledon.oslo_config_glue [-] graceful_shutdown_timeout = 60 {{(pid=104524) log_opt_values /opt/stack/data/venv/lib/python3.12/site-packages/oslo_config/cfg.py:3242}}
Jun 24 00:57:55.787519 np0000182647 neutron-rpc-server[104516]: DEBUG cotyledon.oslo_config_glue [-] nova.split_loggers = False {{(pid=104516) log_opt_values /opt/stack/data/venv/lib/python3.12/site-packages/oslo_config/cfg.py:3253}}
Jun 24 00:57:55.787519 np0000182647 neutron-rpc-server[104516]: DEBUG cotyledon.oslo_config_glue [-] nova.system_scope = None {{(pid=104516) log_opt_values /opt/stack/data/venv/lib/python3.12/site-packages/oslo_config/cfg.py:3253}}
Jun 24 00:57:55.787519 np0000182647 neutron-rpc-server[104516]: DEBUG cotyledon.oslo_config_glue [-] nova.timeout = None {{(pid=104516) log_opt_values /opt/stack/data/venv/lib/python3.12/site-packages/oslo_config/cfg.py:3253}}
Jun 24 00:57:55.787639 np0000182647 neutron-rpc-server[104524]: DEBUG cotyledon.oslo_config_glue [-] host = np0000182647 {{(pid=104524) log_opt_values /opt/stack/data/venv/lib/python3.12/site-packages/oslo_config/cfg.py:3242}}
Jun 24 00:57:55.787707 np0000182647 neutron-rpc-server[104516]: DEBUG cotyledon.oslo_config_glue [-] nova.trust_id = None {{(pid=104516) log_opt_values /opt/stack/data/venv/lib/python3.12/site-packages/oslo_config/cfg.py:3253}}
Jun 24 00:57:55.787771 np0000182647 neutron-rpc-server[104524]: DEBUG cotyledon.oslo_config_glue [-] host_dvr_for_dhcp = True {{(pid=104524) log_opt_values /opt/stack/data/venv/lib/python3.12/site-packages/oslo_config/cfg.py:3242}}
Jun 24 00:57:55.787833 np0000182647 neutron-rpc-server[104516]: DEBUG cotyledon.oslo_config_glue [-] nova.user_domain_id = None {{(pid=104516) log_opt_values /opt/stack/data/venv/lib/python3.12/site-packages/oslo_config/cfg.py:3253}}
Jun 24 00:57:55.787833 np0000182647 neutron-rpc-server[104516]: DEBUG cotyledon.oslo_config_glue [-] nova.user_domain_name = Default {{(pid=104516) log_opt_values /opt/stack/data/venv/lib/python3.12/site-packages/oslo_config/cfg.py:3253}}
Jun 24 00:57:55.787833 np0000182647 neutron-rpc-server[104516]: DEBUG cotyledon.oslo_config_glue [-] nova.user_id = None {{(pid=104516) log_opt_values /opt/stack/data/venv/lib/python3.12/site-packages/oslo_config/cfg.py:3253}}
Jun 24 00:57:55.787833 np0000182647 neutron-rpc-server[104516]: DEBUG cotyledon.oslo_config_glue [-] nova.username = nova {{(pid=104516) log_opt_values /opt/stack/data/venv/lib/python3.12/site-packages/oslo_config/cfg.py:3253}}
Jun 24 00:57:55.787833 np0000182647 neutron-rpc-server[104516]: DEBUG cotyledon.oslo_config_glue [-] placement.auth_section = None {{(pid=104516) log_opt_values /opt/stack/data/venv/lib/python3.12/site-packages/oslo_config/cfg.py:3253}}
Jun 24 00:57:55.788023 np0000182647 neutron-rpc-server[104488]: ERROR neutron.plugins.ml2.drivers.ovn.mech_driver.ovsdb.ovsdb_monitor [None req-55f2889a-6175-4291-b274-d061b8665e0c None None] The Neutron API workers count is zero: RuntimeError: The Neutron API workers count is zero
Jun 24 00:57:55.788023 np0000182647 neutron-rpc-server[104488]: ERROR neutron.plugins.ml2.drivers.ovn.mech_driver.ovsdb.ovsdb_monitor
Traceback (most recent call last):
Jun 24 00:57:55.788023 np0000182647 neutron-rpc-server[104488]: ERROR neutron.plugins.ml2.drivers.ovn.mech_driver.ovsdb.ovsdb_monitor
File "/opt/stack/neutron/neutron/plugins/ml2/drivers/ovn/mech_driver/ovsdb/ovsdb_monitor.py", line 989, in notify
Jun 24 00:57:55.788023 np0000182647 neutron-rpc-server[104488]: ERROR neutron.plugins.ml2.drivers.ovn.mech_driver.ovsdb.ovsdb_monitor target_node, node_last_touch = self._hash_ring.get_node(
Jun 24 00:57:55.788023 np0000182647 neutron-rpc-server[104488]: ERROR neutron.plugins.ml2.drivers.ovn.mech_driver.ovsdb.ovsdb_monitor ^^^^^^^^^^^^^^^^^^^^^^^^^
Jun 24 00:57:55.788023 np0000182647 neutron-rpc-server[104488]: ERROR neutron.plugins.ml2.drivers.ovn.mech_driver.ovsdb.ovsdb_monitor
File "/opt/stack/neutron/neutron/common/ovn/hash_ring_manager.py", line 117, in get_node
Jun 24 00:57:55.788023 np0000182647 neutron-rpc-server[104488]: ERROR neutron.plugins.ml2.drivers.ovn.mech_driver.ovsdb.ovsdb_monitor self._load_hash_ring()
Jun 24 00:57:55.788023 np0000182647 neutron-rpc-server[104488]: ERROR neutron.plugins.ml2.drivers.ovn.mech_driver.ovsdb.ovsdb_monitor
File "/opt/stack/neutron/neutron/common/ovn/hash_ring_manager.py", line 95, in _load_hash_ring
Jun 24 00:57:55.788023 np0000182647 neutron-rpc-server[104488]: ERROR neutron.plugins.ml2.drivers.ovn.mech_driver.ovsdb.ovsdb_monitor self._wait_startup_before_caching or
Jun 24 00:57:55.788023 np0000182647 neutron-rpc-server[104488]: ERROR neutron.plugins.ml2.drivers.ovn.mech_driver.ovsdb.ovsdb_monitor ^^^^^^^^^^^^^^^^^^^^^^^^^^^^^^^^^
Jun 24 00:57:55.788023 np0000182647 neutron-rpc-server[104488]: ERROR neutron.plugins.ml2.drivers.ovn.mech_driver.ovsdb.ovsdb_monitor
File "/opt/stack/neutron/neutron/common/ovn/hash_ring_manager.py", line 63, in _wait_startup_before_caching
Jun 24 00:57:55.788023 np0000182647 neutron-rpc-server[104488]: ERROR neutron.plugins.ml2.drivers.ovn.mech_driver.ovsdb.ovsdb_monitor raise RuntimeError(msg)
Jun 24 00:57:55.788023 np0000182647 neutron-rpc-server[104488]: ERROR neutron.plugins.ml2.drivers.ovn.mech_driver.ovsdb.ovsdb_monitor RuntimeError: The Neutron API workers count is zero
Jun 24 00:57:55.788322 np0000182647 neutron-rpc-server[104488]: ERROR neutron.plugins.ml2.drivers.ovn.mech_driver.ovsdb.ovsdb_monitor
Jun 24 00:57:55.788391 np0000182647 neutron-rpc-server[104516]: DEBUG cotyledon.oslo_config_glue [-] placement.auth_type = password {{(pid=104516) log_opt_values /opt/stack/data/venv/lib/python3.12/site-packages/oslo_config/cfg.py:3253}}
Jun 24 00:57:55.788391 np0000182647 neutron-rpc-server[104516]: DEBUG cotyledon.oslo_config_glue [-] placement.cafile = None {{(pid=104516) log_opt_values /opt/stack/data/venv/lib/python3.12/site-packages/oslo_config/cfg.py:3253}}
Jun 24 00:57:55.788451 np0000182647 neutron-rpc-server[104488]: ERROR neutron.common.ovn.hash_ring_manager [None req-55f2889a-6175-4291-b274-d061b8665e0c None None] The Neutron API workers count is zero
Jun 24 00:57:55.788478 np0000182647 neutron-rpc-server[104516]: DEBUG cotyledon.oslo_config_glue [-] placement.certfile = None {{(pid=104516) log_opt_values /opt/stack/data/venv/lib/python3.12/site-packages/oslo_config/cfg.py:3253}}
Jun 24 00:57:55.788478 np0000182647 neutron-rpc-server[104516]: DEBUG cotyledon.oslo_config_glue [-] placement.collect_timing = False {{(pid=104516) log_opt_values /opt/stack/data/venv/lib/python3.12/site-packages/oslo_config/cfg.py:3253}}
Jun 24 00:57:55.788537 np0000182647 neutron-rpc-server[104488]: ERROR neutron.plugins.ml2.drivers.ovn.mech_driver.ovsdb.ovsdb_monitor [None req-55f2889a-6175-4291-b274-d061b8665e0c None None] The Neutron API workers count is zero: RuntimeError: The Neutron API workers count is zero
Jun 24 00:57:55.788537 np0000182647 neutron-rpc-server[104488]: ERROR neutron.plugins.ml2.drivers.ovn.mech_driver.ovsdb.ovsdb_monitor
Traceback (most recent call last):
Jun 24 00:57:55.788537 np0000182647 neutron-rpc-server[104488]: ERROR neutron.plugins.ml2.drivers.ovn.mech_driver.ovsdb.ovsdb_monitor
File "/opt/stack/neutron/neutron/plugins/ml2/drivers/ovn/mech_driver/ovsdb/ovsdb_monitor.py", line 989, in notify
Jun 24 00:57:55.788537 np0000182647 neutron-rpc-server[104488]: ERROR neutron.plugins.ml2.drivers.ovn.mech_driver.ovsdb.ovsdb_monitor target_node, node_last_touch = self._hash_ring.get_node(
Jun 24 00:57:55.788537 np0000182647 neutron-rpc-server[104488]: ERROR neutron.plugins.ml2.drivers.ovn.mech_driver.ovsdb.ovsdb_monitor ^^^^^^^^^^^^^^^^^^^^^^^^^
Jun 24 00:57:55.788537 np0000182647 neutron-rpc-server[104488]: ERROR neutron.plugins.ml2.drivers.ovn.mech_driver.ovsdb.ovsdb_monitor
File "/opt/stack/neutron/neutron/common/ovn/hash_ring_manager.py", line 117, in get_node
Jun 24 00:57:55.788537 np0000182647 neutron-rpc-server[104488]: ERROR neutron.plugins.ml2.drivers.ovn.mech_driver.ovsdb.ovsdb_monitor self._load_hash_ring()
Jun 24 00:57:55.788537 np0000182647 neutron-rpc-server[104488]: ERROR neutron.plugins.ml2.drivers.ovn.mech_driver.ovsdb.ovsdb_monitor
File "/opt/stack/neutron/neutron/common/ovn/hash_ring_manager.py", line 95, in _load_hash_ring
Jun 24 00:57:55.788537 np0000182647 neutron-rpc-server[104488]: ERROR neutron.plugins.ml2.drivers.ovn.mech_driver.ovsdb.ovsdb_monitor self._wait_startup_before_caching or
Jun 24 00:57:55.788537 np0000182647 neutron-rpc-server[104488]: ERROR neutron.plugins.ml2.drivers.ovn.mech_driver.ovsdb.ovsdb_monitor ^^^^^^^^^^^^^^^^^^^^^^^^^^^^^^^^^
Jun 24 00:57:55.788537 np0000182647 neutron-rpc-server[104488]: ERROR neutron.plugins.ml2.drivers.ovn.mech_driver.ovsdb.ovsdb_monitor
File "/opt/stack/neutron/neutron/common/ovn/hash_ring_manager.py", line 63, in _wait_startup_before_caching
Jun 24 00:57:55.788537 np0000182647 neutron-rpc-server[104488]: ERROR neutron.plugins.ml2.drivers.ovn.mech_driver.ovsdb.ovsdb_monitor raise RuntimeError(msg)
Jun 24 00:57:55.788537 np0000182647 neutron-rpc-server[104488]: ERROR neutron.plugins.ml2.drivers.ovn.mech_driver.ovsdb.ovsdb_monitor RuntimeError: The Neutron API workers count is zero
Jun 24 00:57:55.788789 np0000182647 neutron-rpc-server[104488]: ERROR neutron.plugins.ml2.drivers.ovn.mech_driver.ovsdb.ovsdb_monitor
Jun 24 00:57:55.788817 np0000182647 neutron-rpc-server[104516]: DEBUG cotyledon.oslo_config_glue [-] placement.endpoint_type = public {{(pid=104516) log_opt_values /opt/stack/data/venv/lib/python3.12/site-packages/oslo_config/cfg.py:3253}}
Jun 24 00:57:55.788852 np0000182647 neutron-rpc-server[104488]: ERROR neutron.common.ovn.hash_ring_manager [None req-55f2889a-6175-4291-b274-d061b8665e0c None None] The Neutron API workers count is zero
Jun 24 00:57:55.788881 np0000182647 neutron-rpc-server[104516]: DEBUG cotyledon.oslo_config_glue [-] placement.insecure = False {{(pid=104516) log_opt_values /opt/stack/data/venv/lib/python3.12/site-packages/oslo_config/cfg.py:3253}}
Jun 24 00:57:55.788914 np0000182647 neutron-rpc-server[104486]: INFO ovsdbapp.backend.ovs_idl.vlog [None req-25131911-7847-4989-ae10-24070554ee6b None None] ssl:199.204.45.240:6642: connecting...
Jun 24 00:57:55.788946 np0000182647 neutron-rpc-server[104488]: ERROR neutron.plugins.ml2.drivers.ovn.mech_driver.ovsdb.ovsdb_monitor [None req-55f2889a-6175-4291-b274-d061b8665e0c None None] The Neutron API workers count is zero: RuntimeError: The Neutron API workers count is zero
Jun 24 00:57:55.788946 np0000182647 neutron-rpc-server[104488]: ERROR neutron.plugins.ml2.drivers.ovn.mech_driver.ovsdb.ovsdb_monitor
Traceback (most recent call last):
Jun 24 00:57:55.788946 np0000182647 neutron-rpc-server[104488]: ERROR neutron.plugins.ml2.drivers.ovn.mech_driver.ovsdb.ovsdb_monitor
File "/opt/stack/neutron/neutron/plugins/ml2/drivers/ovn/mech_driver/ovsdb/ovsdb_monitor.py", line 989, in notify
Jun 24 00:57:55.788946 np0000182647 neutron-rpc-server[104488]: ERROR neutron.plugins.ml2.drivers.ovn.mech_driver.ovsdb.ovsdb_monitor target_node, node_last_touch = self._hash_ring.get_node(
Jun 24 00:57:55.788946 np0000182647 neutron-rpc-server[104488]: ERROR neutron.plugins.ml2.drivers.ovn.mech_driver.ovsdb.ovsdb_monitor ^^^^^^^^^^^^^^^^^^^^^^^^^
Jun 24 00:57:55.788946 np0000182647 neutron-rpc-server[104488]: ERROR neutron.plugins.ml2.drivers.ovn.mech_driver.ovsdb.ovsdb_monitor
File "/opt/stack/neutron/neutron/common/ovn/hash_ring_manager.py", line 117, in get_node
Jun 24 00:57:55.788946 np0000182647 neutron-rpc-server[104488]: ERROR neutron.plugins.ml2.drivers.ovn.mech_driver.ovsdb.ovsdb_monitor self._load_hash_ring()
Jun 24 00:57:55.788946 np0000182647 neutron-rpc-server[104488]: ERROR neutron.plugins.ml2.drivers.ovn.mech_driver.ovsdb.ovsdb_monitor
File "/opt/stack/neutron/neutron/common/ovn/hash_ring_manager.py", line 95, in _load_hash_ring
Jun 24 00:57:55.788946 np0000182647 neutron-rpc-server[104488]: ERROR neutron.plugins.ml2.drivers.ovn.mech_driver.ovsdb.ovsdb_monitor self._wait_startup_before_caching or
Jun 24 00:57:55.788946 np0000182647 neutron-rpc-server[104488]: ERROR neutron.plugins.ml2.drivers.ovn.mech_driver.ovsdb.ovsdb_monitor ^^^^^^^^^^^^^^^^^^^^^^^^^^^^^^^^^
Jun 24 00:57:55.788946 np0000182647 neutron-rpc-server[104488]: ERROR neutron.plugins.ml2.drivers.ovn.mech_driver.ovsdb.ovsdb_monitor
File "/opt/stack/neutron/neutron/common/ovn/hash_ring_manager.py", line 63, in _wait_startup_before_caching
Jun 24 00:57:55.788946 np0000182647 neutron-rpc-server[104488]: ERROR neutron.plugins.ml2.drivers.ovn.mech_driver.ovsdb.ovsdb_monitor raise RuntimeError(msg)
Jun 24 00:57:55.788946 np0000182647 neutron-rpc-server[104488]: ERROR neutron.plugins.ml2.drivers.ovn.mech_driver.ovsdb.ovsdb_monitor RuntimeError: The Neutron API workers count is zero
Jun 24 00:57:55.789226 np0000182647 neutron-rpc-server[104488]: ERROR neutron.plugins.ml2.drivers.ovn.mech_driver.ovsdb.ovsdb_monitor
Jun 24 00:57:55.789253 np0000182647 neutron-rpc-server[104516]: DEBUG cotyledon.oslo_config_glue [-] placement.keyfile = None {{(pid=104516) log_opt_values /opt/stack/data/venv/lib/python3.12/site-packages/oslo_config/cfg.py:3253}}
Jun 24 00:57:55.789281 np0000182647 neutron-rpc-server[104488]: ERROR neutron.common.ovn.hash_ring_manager [None req-55f2889a-6175-4291-b274-d061b8665e0c None None] The Neutron API workers count is zero
Jun 24 00:57:55.789313 np0000182647 neutron-rpc-server[104516]: DEBUG cotyledon.oslo_config_glue [-] placement.region_name = None {{(pid=104516) log_opt_values /opt/stack/data/venv/lib/python3.12/site-packages/oslo_config/cfg.py:3253}}
Jun 24 00:57:55.789341 np0000182647 neutron-rpc-server[104494]: DEBUG ovsdbapp.backend.ovs_idl [None req-7223da0b-2396-4efc-ac92-7f774d8bc107 None None] Created lookup_table index Logical_Switch.name {{(pid=104494) autocreate_indices /opt/stack/data/venv/lib/python3.12/site-packages/ovsdbapp/backend/ovs_idl/__init__.py:87}}
Jun 24 00:57:55.789371 np0000182647 neutron-rpc-server[104488]: ERROR neutron.plugins.ml2.drivers.ovn.mech_driver.ovsdb.ovsdb_monitor [None req-55f2889a-6175-4291-b274-d061b8665e0c None None] The Neutron API workers count is zero: RuntimeError: The Neutron API workers count is zero
Jun 24 00:57:55.789371 np0000182647 neutron-rpc-server[104488]: ERROR neutron.plugins.ml2.drivers.ovn.mech_driver.ovsdb.ovsdb_monitor
Traceback (most recent call last):
Jun 24 00:57:55.789371 np0000182647 neutron-rpc-server[104488]: ERROR neutron.plugins.ml2.drivers.ovn.mech_driver.ovsdb.ovsdb_monitor
File "/opt/stack/neutron/neutron/plugins/ml2/drivers/ovn/mech_driver/ovsdb/ovsdb_monitor.py", line 989, in notify
Jun 24 00:57:55.789371 np0000182647 neutron-rpc-server[104488]: ERROR neutron.plugins.ml2.drivers.ovn.mech_driver.ovsdb.ovsdb_monitor target_node, node_last_touch = self._hash_ring.get_node(
Jun 24 00:57:55.789371 np0000182647 neutron-rpc-server[104488]: ERROR neutron.plugins.ml2.drivers.ovn.mech_driver.ovsdb.ovsdb_monitor ^^^^^^^^^^^^^^^^^^^^^^^^^
Jun 24 00:57:55.789371 np0000182647 neutron-rpc-server[104488]: ERROR neutron.plugins.ml2.drivers.ovn.mech_driver.ovsdb.ovsdb_monitor
File "/opt/stack/neutron/neutron/common/ovn/hash_ring_manager.py", line 117, in get_node
Jun 24 00:57:55.789371 np0000182647 neutron-rpc-server[104488]: ERROR neutron.plugins.ml2.drivers.ovn.mech_driver.ovsdb.ovsdb_monitor self._load_hash_ring()
Jun 24 00:57:55.789371 np0000182647 neutron-rpc-server[104488]: ERROR neutron.plugins.ml2.drivers.ovn.mech_driver.ovsdb.ovsdb_monitor
File "/opt/stack/neutron/neutron/common/ovn/hash_ring_manager.py", line 95, in _load_hash_ring
Jun 24 00:57:55.789371 np0000182647 neutron-rpc-server[104488]: ERROR neutron.plugins.ml2.drivers.ovn.mech_driver.ovsdb.ovsdb_monitor self._wait_startup_before_caching or
Jun 24 00:57:55.789371 np0000182647 neutron-rpc-server[104488]: ERROR neutron.plugins.ml2.drivers.ovn.mech_driver.ovsdb.ovsdb_monitor ^^^^^^^^^^^^^^^^^^^^^^^^^^^^^^^^^
Jun 24 00:57:55.789371 np0000182647 neutron-rpc-server[104488]: ERROR neutron.plugins.ml2.drivers.ovn.mech_driver.ovsdb.ovsdb_monitor
File "/opt/stack/neutron/neutron/common/ovn/hash_ring_manager.py", line 63, in _wait_startup_before_caching
Jun 24 00:57:55.789371 np0000182647 neutron-rpc-server[104488]: ERROR neutron.plugins.ml2.drivers.ovn.mech_driver.ovsdb.ovsdb_monitor raise RuntimeError(msg)
Jun 24 00:57:55.789371 np0000182647 neutron-rpc-server[104488]: ERROR neutron.plugins.ml2.drivers.ovn.mech_driver.ovsdb.ovsdb_monitor RuntimeError: The Neutron API workers count is zero
Jun 24 00:57:55.789620 np0000182647 neutron-rpc-server[104488]: ERROR neutron.plugins.ml2.drivers.ovn.mech_driver.ovsdb.ovsdb_monitor
Jun 24 00:57:55.789647 np0000182647 neutron-rpc-server[104516]: DEBUG cotyledon.oslo_config_glue [-] placement.split_loggers = False {{(pid=104516) log_opt_values /opt/stack/data/venv/lib/python3.12/site-packages/oslo_config/cfg.py:3253}}
Jun 24 00:57:55.789674 np0000182647 neutron-rpc-server[104494]: DEBUG ovsdbapp.backend.ovs_idl [None req-7223da0b-2396-4efc-ac92-7f774d8bc107 None None] Created lookup_table index Logical_Router.name {{(pid=104494) autocreate_indices /opt/stack/data/venv/lib/python3.12/site-packages/ovsdbapp/backend/ovs_idl/__init__.py:87}}
Jun 24 00:57:55.789707 np0000182647 neutron-rpc-server[104488]: ERROR neutron.common.ovn.hash_ring_manager [None req-55f2889a-6175-4291-b274-d061b8665e0c None None] The Neutron API workers count is zero
Jun 24 00:57:55.789733 np0000182647 neutron-rpc-server[104516]: DEBUG cotyledon.oslo_config_glue [-] placement.timeout = None {{(pid=104516) log_opt_values /opt/stack/data/venv/lib/python3.12/site-packages/oslo_config/cfg.py:3253}}
Jun 24 00:57:55.789761 np0000182647 neutron-rpc-server[104494]: DEBUG ovsdbapp.backend.ovs_idl [None req-7223da0b-2396-4efc-ac92-7f774d8bc107 None None] Created lookup_table index Load_Balancer.name {{(pid=104494) autocreate_indices /opt/stack/data/venv/lib/python3.12/site-packages/ovsdbapp/backend/ovs_idl/__init__.py:87}}
Jun 24 00:57:55.789761 np0000182647 neutron-rpc-server[104494]: DEBUG ovsdbapp.backend.ovs_idl [None req-7223da0b-2396-4efc-ac92-7f774d8bc107 None None] Created schema index Copp.name {{(pid=104494) autocreate_indices /opt/stack/data/venv/lib/python3.12/site-packages/ovsdbapp/backend/ovs_idl/__init__.py:106}}
Jun 24 00:57:55.789812 np0000182647 neutron-rpc-server[104488]: ERROR neutron.plugins.ml2.drivers.ovn.mech_driver.ovsdb.ovsdb_monitor [None req-55f2889a-6175-4291-b274-d061b8665e0c None None] The Neutron API workers count is zero: RuntimeError: The Neutron API workers count is zero
Jun 24 00:57:55.789812 np0000182647 neutron-rpc-server[104488]: ERROR neutron.plugins.ml2.drivers.ovn.mech_driver.ovsdb.ovsdb_monitor
Traceback (most recent call last):
Jun 24 00:57:55.789812 np0000182647 neutron-rpc-server[104488]: ERROR neutron.plugins.ml2.drivers.ovn.mech_driver.ovsdb.ovsdb_monitor
File "/opt/stack/neutron/neutron/plugins/ml2/drivers/ovn/mech_driver/ovsdb/ovsdb_monitor.py", line 989, in notify
Jun 24 00:57:55.789812 np0000182647 neutron-rpc-server[104488]: ERROR neutron.plugins.ml2.drivers.ovn.mech_driver.ovsdb.ovsdb_monitor target_node, node_last_touch = self._hash_ring.get_node(
Jun 24 00:57:55.789812 np0000182647 neutron-rpc-server[104488]: ERROR neutron.plugins.ml2.drivers.ovn.mech_driver.ovsdb.ovsdb_monitor ^^^^^^^^^^^^^^^^^^^^^^^^^
Jun 24 00:57:55.789812 np0000182647 neutron-rpc-server[104488]: ERROR neutron.plugins.ml2.drivers.ovn.mech_driver.ovsdb.ovsdb_monitor
File "/opt/stack/neutron/neutron/common/ovn/hash_ring_manager.py", line 117, in get_node
Jun 24 00:57:55.789812 np0000182647 neutron-rpc-server[104488]: ERROR neutron.plugins.ml2.drivers.ovn.mech_driver.ovsdb.ovsdb_monitor self._load_hash_ring()
Jun 24 00:57:55.789812 np0000182647 neutron-rpc-server[104488]: ERROR neutron.plugins.ml2.drivers.ovn.mech_driver.ovsdb.ovsdb_monitor
File "/opt/stack/neutron/neutron/common/ovn/hash_ring_manager.py", line 95, in _load_hash_ring
Jun 24 00:57:55.789812 np0000182647 neutron-rpc-server[104488]: ERROR neutron.plugins.ml2.drivers.ovn.mech_driver.ovsdb.ovsdb_monitor self._wait_startup_before_caching or
Jun 24 00:57:55.789812 np0000182647 neutron-rpc-server[104488]: ERROR neutron.plugins.ml2.drivers.ovn.mech_driver.ovsdb.ovsdb_monitor ^^^^^^^^^^^^^^^^^^^^^^^^^^^^^^^^^
Jun 24 00:57:55.789812 np0000182647 neutron-rpc-server[104488]: ERROR neutron.plugins.ml2.drivers.ovn.mech_driver.ovsdb.ovsdb_monitor
File "/opt/stack/neutron/neutron/common/ovn/hash_ring_manager.py", line 63, in _wait_startup_before_caching
Jun 24 00:57:55.789812 np0000182647 neutron-rpc-server[104488]: ERROR neutron.plugins.ml2.drivers.ovn.mech_driver.ovsdb.ovsdb_monitor raise RuntimeError(msg)
Jun 24 00:57:55.789812 np0000182647 neutron-rpc-server[104488]: ERROR neutron.plugins.ml2.drivers.ovn.mech_driver.ovsdb.ovsdb_monitor RuntimeError: The Neutron API workers count is zero
Jun 24 00:57:55.790099 np0000182647 neutron-rpc-server[104488]: ERROR neutron.plugins.ml2.drivers.ovn.mech_driver.ovsdb.ovsdb_monitor
Jun 24 00:57:55.790127 np0000182647 neutron-rpc-server[104516]: DEBUG cotyledon.oslo_config_glue [-] ironic.auth_section = None {{(pid=104516) log_opt_values /opt/stack/data/venv/lib/python3.12/site-packages/oslo_config/cfg.py:3253}}
Jun 24 00:57:55.790154 np0000182647 neutron-rpc-server[104494]: DEBUG ovsdbapp.backend.ovs_idl [None req-7223da0b-2396-4efc-ac92-7f774d8bc107 None None] Created schema index Meter.name {{(pid=104494) autocreate_indices /opt/stack/data/venv/lib/python3.12/site-packages/ovsdbapp/backend/ovs_idl/__init__.py:106}}
Jun 24 00:57:55.790183 np0000182647 neutron-rpc-server[104488]: ERROR neutron.common.ovn.hash_ring_manager [None req-55f2889a-6175-4291-b274-d061b8665e0c None None] The Neutron API workers count is zero
Jun 24 00:57:55.790209 np0000182647 neutron-rpc-server[104516]: DEBUG cotyledon.oslo_config_glue [-] ironic.auth_type = None {{(pid=104516) log_opt_values /opt/stack/data/venv/lib/python3.12/site-packages/oslo_config/cfg.py:3253}}
Jun 24 00:57:55.790240 np0000182647 neutron-rpc-server[104494]: DEBUG ovsdbapp.backend.ovs_idl [None req-7223da0b-2396-4efc-ac92-7f774d8bc107 None None] Created schema index Load_Balancer_Group.name {{(pid=104494) autocreate_indices /opt/stack/data/venv/lib/python3.12/site-packages/ovsdbapp/backend/ovs_idl/__init__.py:106}}
Jun 24 00:57:55.790268 np0000182647 neutron-rpc-server[104516]: DEBUG cotyledon.oslo_config_glue [-] ironic.cafile = None {{(pid=104516) log_opt_values /opt/stack/data/venv/lib/python3.12/site-packages/oslo_config/cfg.py:3253}}
Jun 24 00:57:55.790297 np0000182647 neutron-rpc-server[104488]: ERROR neutron.plugins.ml2.drivers.ovn.mech_driver.ovsdb.ovsdb_monitor [None req-55f2889a-6175-4291-b274-d061b8665e0c None None] The Neutron API workers count is zero: RuntimeError: The Neutron API workers count is zero
Jun 24 00:57:55.790297 np0000182647 neutron-rpc-server[104488]: ERROR neutron.plugins.ml2.drivers.ovn.mech_driver.ovsdb.ovsdb_monitor
Traceback (most recent call last):
Jun 24 00:57:55.790297 np0000182647 neutron-rpc-server[104488]: ERROR neutron.plugins.ml2.drivers.ovn.mech_driver.ovsdb.ovsdb_monitor
File "/opt/stack/neutron/neutron/plugins/ml2/drivers/ovn/mech_driver/ovsdb/ovsdb_monitor.py", line 989, in notify
Jun 24 00:57:55.790297 np0000182647 neutron-rpc-server[104488]: ERROR neutron.plugins.ml2.drivers.ovn.mech_driver.ovsdb.ovsdb_monitor target_node, node_last_touch = self._hash_ring.get_node(
Jun 24 00:57:55.790297 np0000182647 neutron-rpc-server[104488]: ERROR neutron.plugins.ml2.drivers.ovn.mech_driver.ovsdb.ovsdb_monitor ^^^^^^^^^^^^^^^^^^^^^^^^^
Jun 24 00:57:55.790297 np0000182647 neutron-rpc-server[104488]: ERROR neutron.plugins.ml2.drivers.ovn.mech_driver.ovsdb.ovsdb_monitor
File "/opt/stack/neutron/neutron/common/ovn/hash_ring_manager.py", line 117, in get_node
Jun 24 00:57:55.790297 np0000182647 neutron-rpc-server[104488]: ERROR neutron.plugins.ml2.drivers.ovn.mech_driver.ovsdb.ovsdb_monitor self._load_hash_ring()
Jun 24 00:57:55.790297 np0000182647 neutron-rpc-server[104488]: ERROR neutron.plugins.ml2.drivers.ovn.mech_driver.ovsdb.ovsdb_monitor
File "/opt/stack/neutron/neutron/common/ovn/hash_ring_manager.py", line 95, in _load_hash_ring
Jun 24 00:57:55.790297 np0000182647 neutron-rpc-server[104488]: ERROR neutron.plugins.ml2.drivers.ovn.mech_driver.ovsdb.ovsdb_monitor self._wait_startup_before_caching or
Jun 24 00:57:55.790297 np0000182647 neutron-rpc-server[104488]: ERROR neutron.plugins.ml2.drivers.ovn.mech_driver.ovsdb.ovsdb_monitor ^^^^^^^^^^^^^^^^^^^^^^^^^^^^^^^^^
Jun 24 00:57:55.790297 np0000182647 neutron-rpc-server[104488]: ERROR neutron.plugins.ml2.drivers.ovn.mech_driver.ovsdb.ovsdb_monitor
File "/opt/stack/neutron/neutron/common/ovn/hash_ring_manager.py", line 63, in _wait_startup_before_caching
Jun 24 00:57:55.790297 np0000182647 neutron-rpc-server[104488]: ERROR neutron.plugins.ml2.drivers.ovn.mech_driver.ovsdb.ovsdb_monitor raise RuntimeError(msg)
Jun 24 00:57:55.790297 np0000182647 neutron-rpc-server[104488]: ERROR neutron.plugins.ml2.drivers.ovn.mech_driver.ovsdb.ovsdb_monitor RuntimeError: The Neutron API workers count is zero
Jun 24 00:57:55.790596 np0000182647 neutron-rpc-server[104488]: ERROR neutron.plugins.ml2.drivers.ovn.mech_driver.ovsdb.ovsdb_monitor
Jun 24 00:57:55.790624 np0000182647 neutron-rpc-server[104494]: DEBUG ovsdbapp.backend.ovs_idl [None req-7223da0b-2396-4efc-ac92-7f774d8bc107 None None] Created schema index HA_Chassis_Group.name {{(pid=104494) autocreate_indices /opt/stack/data/venv/lib/python3.12/site-packages/ovsdbapp/backend/ovs_idl/__init__.py:106}}
Jun 24 00:57:55.790651 np0000182647 neutron-rpc-server[104488]: ERROR neutron.common.ovn.hash_ring_manager [None req-55f2889a-6175-4291-b274-d061b8665e0c None None] The Neutron API workers count is zero
Jun 24 00:57:55.790737 np0000182647 neutron-rpc-server[104494]: DEBUG ovsdbapp.backend.ovs_idl [None req-7223da0b-2396-4efc-ac92-7f774d8bc107 None None] Created schema index Address_Set.name {{(pid=104494) autocreate_indices /opt/stack/data/venv/lib/python3.12/site-packages/ovsdbapp/backend/ovs_idl/__init__.py:106}}
Jun 24 00:57:55.790766 np0000182647 neutron-rpc-server[104516]: DEBUG cotyledon.oslo_config_glue [-] ironic.certfile = None {{(pid=104516) log_opt_values /opt/stack/data/venv/lib/python3.12/site-packages/oslo_config/cfg.py:3253}}
Jun 24 00:57:55.790794 np0000182647 neutron-rpc-server[104494]: DEBUG ovsdbapp.backend.ovs_idl [None req-7223da0b-2396-4efc-ac92-7f774d8bc107 None None] Created schema index Connection.target {{(pid=104494) autocreate_indices /opt/stack/data/venv/lib/python3.12/site-packages/ovsdbapp/backend/ovs_idl/__init__.py:106}}
Jun 24 00:57:55.790837 np0000182647 neutron-rpc-server[104488]: ERROR neutron.plugins.ml2.drivers.ovn.mech_driver.ovsdb.ovsdb_monitor [None req-55f2889a-6175-4291-b274-d061b8665e0c None None] The Neutron API workers count is zero: RuntimeError: The Neutron API workers count is zero
Jun 24 00:57:55.790837 np0000182647 neutron-rpc-server[104488]: ERROR neutron.plugins.ml2.drivers.ovn.mech_driver.ovsdb.ovsdb_monitor
Traceback (most recent call last):
Jun 24 00:57:55.790837 np0000182647 neutron-rpc-server[104488]: ERROR neutron.plugins.ml2.drivers.ovn.mech_driver.ovsdb.ovsdb_monitor
File "/opt/stack/neutron/neutron/plugins/ml2/drivers/ovn/mech_driver/ovsdb/ovsdb_monitor.py", line 989, in notify
Jun 24 00:57:55.790837 np0000182647 neutron-rpc-server[104488]: ERROR neutron.plugins.ml2.drivers.ovn.mech_driver.ovsdb.ovsdb_monitor target_node, node_last_touch = self._hash_ring.get_node(
Jun 24 00:57:55.790837 np0000182647 neutron-rpc-server[104488]: ERROR neutron.plugins.ml2.drivers.ovn.mech_driver.ovsdb.ovsdb_monitor ^^^^^^^^^^^^^^^^^^^^^^^^^
Jun 24 00:57:55.790837 np0000182647 neutron-rpc-server[104488]: ERROR neutron.plugins.ml2.drivers.ovn.mech_driver.ovsdb.ovsdb_monitor
File "/opt/stack/neutron/neutron/common/ovn/hash_ring_manager.py", line 117, in get_node
Jun 24 00:57:55.790837 np0000182647 neutron-rpc-server[104488]: ERROR neutron.plugins.ml2.drivers.ovn.mech_driver.ovsdb.ovsdb_monitor self._load_hash_ring()
Jun 24 00:57:55.790837 np0000182647 neutron-rpc-server[104488]: ERROR neutron.plugins.ml2.drivers.ovn.mech_driver.ovsdb.ovsdb_monitor
File "/opt/stack/neutron/neutron/common/ovn/hash_ring_manager.py", line 95, in _load_hash_ring
Jun 24 00:57:55.790837 np0000182647 neutron-rpc-server[104488]: ERROR neutron.plugins.ml2.drivers.ovn.mech_driver.ovsdb.ovsdb_monitor self._wait_startup_before_caching or
Jun 24 00:57:55.790837 np0000182647 neutron-rpc-server[104488]: ERROR neutron.plugins.ml2.drivers.ovn.mech_driver.ovsdb.ovsdb_monitor ^^^^^^^^^^^^^^^^^^^^^^^^^^^^^^^^^
Jun 24 00:57:55.790837 np0000182647 neutron-rpc-server[104488]: ERROR neutron.plugins.ml2.drivers.ovn.mech_driver.ovsdb.ovsdb_monitor
File "/opt/stack/neutron/neutron/common/ovn/hash_ring_manager.py", line 63, in _wait_startup_before_caching
Jun 24 00:57:55.790837 np0000182647 neutron-rpc-server[104488]: ERROR neutron.plugins.ml2.drivers.ovn.mech_driver.ovsdb.ovsdb_monitor raise RuntimeError(msg)
Jun 24 00:57:55.790837 np0000182647 neutron-rpc-server[104488]: ERROR neutron.plugins.ml2.drivers.ovn.mech_driver.ovsdb.ovsdb_monitor RuntimeError: The Neutron API workers count is zero
Jun 24 00:57:55.791108 np0000182647 neutron-rpc-server[104488]: ERROR neutron.plugins.ml2.drivers.ovn.mech_driver.ovsdb.ovsdb_monitor
Jun 24 00:57:55.791136 np0000182647 neutron-rpc-server[104516]: DEBUG cotyledon.oslo_config_glue [-] ironic.collect_timing = False {{(pid=104516) log_opt_values /opt/stack/data/venv/lib/python3.12/site-packages/oslo_config/cfg.py:3253}}
Jun 24 00:57:55.791170 np0000182647 neutron-rpc-server[104494]: DEBUG ovsdbapp.backend.ovs_idl [None req-7223da0b-2396-4efc-ac92-7f774d8bc107 None None] Created schema index Gateway_Chassis.name {{(pid=104494) autocreate_indices /opt/stack/data/venv/lib/python3.12/site-packages/ovsdbapp/backend/ovs_idl/__init__.py:106}}
Jun 24 00:57:55.791198 np0000182647 neutron-rpc-server[104488]: ERROR neutron.common.ovn.hash_ring_manager [None req-55f2889a-6175-4291-b274-d061b8665e0c None None] The Neutron API workers count is zero
Jun 24 00:57:55.791224 np0000182647 neutron-rpc-server[104494]: DEBUG ovsdbapp.backend.ovs_idl [None req-7223da0b-2396-4efc-ac92-7f774d8bc107 None None] Created schema index Mirror.name {{(pid=104494) autocreate_indices /opt/stack/data/venv/lib/python3.12/site-packages/ovsdbapp/backend/ovs_idl/__init__.py:106}}
Jun 24 00:57:55.791224 np0000182647 neutron-rpc-server[104494]: DEBUG ovsdbapp.backend.ovs_idl [None req-7223da0b-2396-4efc-ac92-7f774d8bc107 None None] Created schema index Chassis_Template_Var.chassis {{(pid=104494) autocreate_indices /opt/stack/data/venv/lib/python3.12/site-packages/ovsdbapp/backend/ovs_idl/__init__.py:106}}
Jun 24 00:57:55.791285 np0000182647 neutron-rpc-server[104516]: DEBUG cotyledon.oslo_config_glue [-] ironic.connect_retries = None {{(pid=104516) log_opt_values /opt/stack/data/venv/lib/python3.12/site-packages/oslo_config/cfg.py:3253}}
Jun 24 00:57:55.791312 np0000182647 neutron-rpc-server[104494]: DEBUG ovsdbapp.backend.ovs_idl [None req-7223da0b-2396-4efc-ac92-7f774d8bc107 None None] Created schema index Logical_Router_Port.name {{(pid=104494) autocreate_indices /opt/stack/data/venv/lib/python3.12/site-packages/ovsdbapp/backend/ovs_idl/__init__.py:106}}
Jun 24 00:57:55.791342 np0000182647 neutron-rpc-server[104488]: ERROR neutron.plugins.ml2.drivers.ovn.mech_driver.ovsdb.ovsdb_monitor [None req-55f2889a-6175-4291-b274-d061b8665e0c None None] The Neutron API workers count is zero: RuntimeError: The Neutron API workers count is zero
Jun 24 00:57:55.791342 np0000182647 neutron-rpc-server[104488]: ERROR neutron.plugins.ml2.drivers.ovn.mech_driver.ovsdb.ovsdb_monitor
Traceback (most recent call last):
Jun 24 00:57:55.791342 np0000182647 neutron-rpc-server[104488]: ERROR neutron.plugins.ml2.drivers.ovn.mech_driver.ovsdb.ovsdb_monitor
File "/opt/stack/neutron/neutron/plugins/ml2/drivers/ovn/mech_driver/ovsdb/ovsdb_monitor.py", line 989, in notify
Jun 24 00:57:55.791342 np0000182647 neutron-rpc-server[104488]: ERROR neutron.plugins.ml2.drivers.ovn.mech_driver.ovsdb.ovsdb_monitor target_node, node_last_touch = self._hash_ring.get_node(
Jun 24 00:57:55.791342 np0000182647 neutron-rpc-server[104488]: ERROR neutron.plugins.ml2.drivers.ovn.mech_driver.ovsdb.ovsdb_monitor ^^^^^^^^^^^^^^^^^^^^^^^^^
Jun 24 00:57:55.791342 np0000182647 neutron-rpc-server[104488]: ERROR neutron.plugins.ml2.drivers.ovn.mech_driver.ovsdb.ovsdb_monitor
File "/opt/stack/neutron/neutron/common/ovn/hash_ring_manager.py", line 117, in get_node
Jun 24 00:57:55.791342 np0000182647 neutron-rpc-server[104488]: ERROR neutron.plugins.ml2.drivers.ovn.mech_driver.ovsdb.ovsdb_monitor self._load_hash_ring()
Jun 24 00:57:55.791342 np0000182647 neutron-rpc-server[104488]: ERROR neutron.plugins.ml2.drivers.ovn.mech_driver.ovsdb.ovsdb_monitor
File "/opt/stack/neutron/neutron/common/ovn/hash_ring_manager.py", line 95, in _load_hash_ring
Jun 24 00:57:55.791342 np0000182647 neutron-rpc-server[104488]: ERROR neutron.plugins.ml2.drivers.ovn.mech_driver.ovsdb.ovsdb_monitor self._wait_startup_before_caching or
Jun 24 00:57:55.791342 np0000182647 neutron-rpc-server[104488]: ERROR neutron.plugins.ml2.drivers.ovn.mech_driver.ovsdb.ovsdb_monitor ^^^^^^^^^^^^^^^^^^^^^^^^^^^^^^^^^
Jun 24 00:57:55.791342 np0000182647 neutron-rpc-server[104488]: ERROR neutron.plugins.ml2.drivers.ovn.mech_driver.ovsdb.ovsdb_monitor
File "/opt/stack/neutron/neutron/common/ovn/hash_ring_manager.py", line 63, in _wait_startup_before_caching
Jun 24 00:57:55.791342 np0000182647 neutron-rpc-server[104488]: ERROR neutron.plugins.ml2.drivers.ovn.mech_driver.ovsdb.ovsdb_monitor raise RuntimeError(msg)
Jun 24 00:57:55.791342 np0000182647 neutron-rpc-server[104488]: ERROR neutron.plugins.ml2.drivers.ovn.mech_driver.ovsdb.ovsdb_monitor RuntimeError: The Neutron API workers count is zero
Jun 24 00:57:55.791604 np0000182647 neutron-rpc-server[104488]: ERROR neutron.plugins.ml2.drivers.ovn.mech_driver.ovsdb.ovsdb_monitor
Jun 24 00:57:55.791604 np0000182647 neutron-rpc-server[104488]: ERROR neutron.common.ovn.hash_ring_manager [None req-55f2889a-6175-4291-b274-d061b8665e0c None None] The Neutron API workers count is zero
Jun 24 00:57:55.791648 np0000182647 neutron-rpc-server[104516]: DEBUG cotyledon.oslo_config_glue [-] ironic.connect_retry_delay = None {{(pid=104516) log_opt_values /opt/stack/data/venv/lib/python3.12/site-packages/oslo_config/cfg.py:3253}}
Jun 24 00:57:55.791679 np0000182647 neutron-rpc-server[104494]: DEBUG ovsdbapp.backend.ovs_idl [None req-7223da0b-2396-4efc-ac92-7f774d8bc107 None None] Created schema index Port_Group.name {{(pid=104494) autocreate_indices /opt/stack/data/venv/lib/python3.12/site-packages/ovsdbapp/backend/ovs_idl/__init__.py:106}}
Jun 24 00:57:55.791679 np0000182647 neutron-rpc-server[104494]: DEBUG ovsdbapp.backend.ovs_idl [None req-7223da0b-2396-4efc-ac92-7f774d8bc107 None None] Created schema index Logical_Switch_Port.name {{(pid=104494) autocreate_indices /opt/stack/data/venv/lib/python3.12/site-packages/ovsdbapp/backend/ovs_idl/__init__.py:106}}
Jun 24 00:57:55.791733 np0000182647 neutron-rpc-server[104516]: DEBUG cotyledon.oslo_config_glue [-] ironic.enable_notifications = False {{(pid=104516) log_opt_values /opt/stack/data/venv/lib/python3.12/site-packages/oslo_config/cfg.py:3253}}
Jun 24 00:57:55.791758 np0000182647 neutron-rpc-server[104488]: ERROR neutron.plugins.ml2.drivers.ovn.mech_driver.ovsdb.ovsdb_monitor [None req-55f2889a-6175-4291-b274-d061b8665e0c None None] The Neutron API workers count is zero: RuntimeError: The Neutron API workers count is zero
Jun 24 00:57:55.791758 np0000182647 neutron-rpc-server[104488]: ERROR neutron.plugins.ml2.drivers.ovn.mech_driver.ovsdb.ovsdb_monitor
Traceback (most recent call last):
Jun 24 00:57:55.791758 np0000182647 neutron-rpc-server[104488]: ERROR neutron.plugins.ml2.drivers.ovn.mech_driver.ovsdb.ovsdb_monitor
File "/opt/stack/neutron/neutron/plugins/ml2/drivers/ovn/mech_driver/ovsdb/ovsdb_monitor.py", line 989, in notify
Jun 24 00:57:55.791758 np0000182647 neutron-rpc-server[104488]: ERROR neutron.plugins.ml2.drivers.ovn.mech_driver.ovsdb.ovsdb_monitor target_node, node_last_touch = self._hash_ring.get_node(
Jun 24 00:57:55.791758 np0000182647 neutron-rpc-server[104488]: ERROR neutron.plugins.ml2.drivers.ovn.mech_driver.ovsdb.ovsdb_monitor ^^^^^^^^^^^^^^^^^^^^^^^^^
Jun 24 00:57:55.791758 np0000182647 neutron-rpc-server[104488]: ERROR neutron.plugins.ml2.drivers.ovn.mech_driver.ovsdb.ovsdb_monitor
File "/opt/stack/neutron/neutron/common/ovn/hash_ring_manager.py", line 117, in get_node
Jun 24 00:57:55.791758 np0000182647 neutron-rpc-server[104488]: ERROR neutron.plugins.ml2.drivers.ovn.mech_driver.ovsdb.ovsdb_monitor self._load_hash_ring()
Jun 24 00:57:55.791758 np0000182647 neutron-rpc-server[104488]: ERROR neutron.plugins.ml2.drivers.ovn.mech_driver.ovsdb.ovsdb_monitor
File "/opt/stack/neutron/neutron/common/ovn/hash_ring_manager.py", line 95, in _load_hash_ring
Jun 24 00:57:55.791758 np0000182647 neutron-rpc-server[104488]: ERROR neutron.plugins.ml2.drivers.ovn.mech_driver.ovsdb.ovsdb_monitor self._wait_startup_before_caching or
Jun 24 00:57:55.791758 np0000182647 neutron-rpc-server[104488]: ERROR neutron.plugins.ml2.drivers.ovn.mech_driver.ovsdb.ovsdb_monitor ^^^^^^^^^^^^^^^^^^^^^^^^^^^^^^^^^
Jun 24 00:57:55.791758 np0000182647 neutron-rpc-server[104488]: ERROR neutron.plugins.ml2.drivers.ovn.mech_driver.ovsdb.ovsdb_monitor
File "/opt/stack/neutron/neutron/common/ovn/hash_ring_manager.py", line 63, in _wait_startup_before_caching
Jun 24 00:57:55.791758 np0000182647 neutron-rpc-server[104488]: ERROR neutron.plugins.ml2.drivers.ovn.mech_driver.ovsdb.ovsdb_monitor raise RuntimeError(msg)
Jun 24 00:57:55.791758 np0000182647 neutron-rpc-server[104488]: ERROR neutron.plugins.ml2.drivers.ovn.mech_driver.ovsdb.ovsdb_monitor RuntimeError: The Neutron API workers count is zero
Jun 24 00:57:55.792027 np0000182647 neutron-rpc-server[104488]: ERROR neutron.plugins.ml2.drivers.ovn.mech_driver.ovsdb.ovsdb_monitor
Jun 24 00:57:55.792054 np0000182647 neutron-rpc-server[104524]: DEBUG cotyledon.oslo_config_glue [-] http_retries = 3 {{(pid=104524) log_opt_values /opt/stack/data/venv/lib/python3.12/site-packages/oslo_config/cfg.py:3242}}
Jun 24 00:57:55.792091 np0000182647 neutron-rpc-server[104516]: DEBUG cotyledon.oslo_config_glue [-] ironic.endpoint_override = None {{(pid=104516) log_opt_values /opt/stack/data/venv/lib/python3.12/site-packages/oslo_config/cfg.py:3253}}
Jun 24 00:57:55.792123 np0000182647 neutron-rpc-server[104524]: DEBUG cotyledon.oslo_config_glue [-] instance_format = [instance: %(uuid)s] {{(pid=104524) log_opt_values /opt/stack/data/venv/lib/python3.12/site-packages/oslo_config/cfg.py:3242}}
Jun 24 00:57:55.792153 np0000182647 neutron-rpc-server[104516]: DEBUG cotyledon.oslo_config_glue [-] ironic.insecure = False {{(pid=104516) log_opt_values /opt/stack/data/venv/lib/python3.12/site-packages/oslo_config/cfg.py:3253}}
Jun 24 00:57:55.792180 np0000182647 neutron-rpc-server[104524]: DEBUG cotyledon.oslo_config_glue [-] instance_uuid_format = [instance: %(uuid)s] {{(pid=104524) log_opt_values /opt/stack/data/venv/lib/python3.12/site-packages/oslo_config/cfg.py:3242}}
Jun 24 00:57:55.792180 np0000182647 neutron-rpc-server[104524]: DEBUG cotyledon.oslo_config_glue [-] ipam_driver = internal {{(pid=104524) log_opt_values /opt/stack/data/venv/lib/python3.12/site-packages/oslo_config/cfg.py:3242}}
Jun 24 00:57:55.792231 np0000182647 neutron-rpc-server[104516]: DEBUG cotyledon.oslo_config_glue [-] ironic.interface = None {{(pid=104516) log_opt_values /opt/stack/data/venv/lib/python3.12/site-packages/oslo_config/cfg.py:3253}}
Jun 24 00:57:55.792257 np0000182647 neutron-rpc-server[104524]: DEBUG cotyledon.oslo_config_glue [-] ipv6_pd_enabled = False {{(pid=104524) log_opt_values /opt/stack/data/venv/lib/python3.12/site-packages/oslo_config/cfg.py:3242}}
Jun 24 00:57:55.792257 np0000182647 neutron-rpc-server[104524]: DEBUG cotyledon.oslo_config_glue [-] l3_ha = False {{(pid=104524) log_opt_values /opt/stack/data/venv/lib/python3.12/site-packages/oslo_config/cfg.py:3242}}
Jun 24 00:57:55.792308 np0000182647 neutron-rpc-server[104516]: DEBUG cotyledon.oslo_config_glue [-] ironic.keyfile = None {{(pid=104516) log_opt_values /opt/stack/data/venv/lib/python3.12/site-packages/oslo_config/cfg.py:3253}}
Jun 24 00:57:55.792344 np0000182647 neutron-rpc-server[104524]: DEBUG cotyledon.oslo_config_glue [-] l3_ha_net_cidr = 169.254.192.0/18 {{(pid=104524) log_opt_values /opt/stack/data/venv/lib/python3.12/site-packages/oslo_config/cfg.py:3242}}
Jun 24 00:57:55.792377 np0000182647 neutron-rpc-server[104516]: DEBUG cotyledon.oslo_config_glue [-] ironic.max_version = None {{(pid=104516) log_opt_values /opt/stack/data/venv/lib/python3.12/site-packages/oslo_config/cfg.py:3253}}
Jun 24 00:57:55.792405 np0000182647 neutron-rpc-server[104524]: DEBUG cotyledon.oslo_config_glue [-] l3_ha_network_physical_name = {{(pid=104524) log_opt_values /opt/stack/data/venv/lib/python3.12/site-packages/oslo_config/cfg.py:3242}}
Jun 24 00:57:55.792405 np0000182647 neutron-rpc-server[104524]: DEBUG cotyledon.oslo_config_glue [-] l3_ha_network_type = {{(pid=104524) log_opt_values /opt/stack/data/venv/lib/python3.12/site-packages/oslo_config/cfg.py:3242}}
Jun 24 00:57:55.792459 np0000182647 neutron-rpc-server[104516]: DEBUG cotyledon.oslo_config_glue [-] ironic.min_version = None {{(pid=104516) log_opt_values /opt/stack/data/venv/lib/python3.12/site-packages/oslo_config/cfg.py:3253}}
Jun 24 00:57:55.792487 np0000182647 neutron-rpc-server[104524]: DEBUG cotyledon.oslo_config_glue [-] log_color = False {{(pid=104524) log_opt_values /opt/stack/data/venv/lib/python3.12/site-packages/oslo_config/cfg.py:3242}}
Jun 24 00:57:55.792515 np0000182647 neutron-rpc-server[104488]: INFO neutron.plugins.ml2.drivers.ovn.mech_driver.ovsdb.impl_idl_ovn [None req-55f2889a-6175-4291-b274-d061b8665e0c None None] Getting OvsdbSbOvnIdl for RpcWorker with retry
Jun 24 00:57:55.792543 np0000182647 neutron-rpc-server[104524]: DEBUG cotyledon.oslo_config_glue [-] log_config_append = None {{(pid=104524) log_opt_values /opt/stack/data/venv/lib/python3.12/site-packages/oslo_config/cfg.py:3242}}
Jun 24 00:57:55.792572 np0000182647 neutron-rpc-server[104516]: DEBUG cotyledon.oslo_config_glue [-] ironic.region_name = None {{(pid=104516) log_opt_values /opt/stack/data/venv/lib/python3.12/site-packages/oslo_config/cfg.py:3253}}
Jun 24 00:57:55.792599 np0000182647 neutron-rpc-server[104486]: INFO ovsdbapp.backend.ovs_idl.vlog [None req-25131911-7847-4989-ae10-24070554ee6b None None] ssl:199.204.45.240:6642: connected
Jun 24 00:57:55.792631 np0000182647 neutron-rpc-server[104524]: DEBUG cotyledon.oslo_config_glue [-] log_date_format = %Y-%m-%d %H:%M:%S {{(pid=104524) log_opt_values /opt/stack/data/venv/lib/python3.12/site-packages/oslo_config/cfg.py:3242}}
Jun 24 00:57:55.792631 np0000182647 neutron-rpc-server[104524]: DEBUG cotyledon.oslo_config_glue [-] log_dir = None {{(pid=104524) log_opt_values /opt/stack/data/venv/lib/python3.12/site-packages/oslo_config/cfg.py:3242}}
Jun 24 00:57:55.792684 np0000182647 neutron-rpc-server[104516]: DEBUG cotyledon.oslo_config_glue [-] ironic.retriable_status_codes = None {{(pid=104516) log_opt_values /opt/stack/data/venv/lib/python3.12/site-packages/oslo_config/cfg.py:3253}}
Jun 24 00:57:55.792713 np0000182647 neutron-rpc-server[104524]: DEBUG cotyledon.oslo_config_glue [-] log_file = None {{(pid=104524) log_opt_values /opt/stack/data/venv/lib/python3.12/site-packages/oslo_config/cfg.py:3242}}
Jun 24 00:57:55.792713 np0000182647 neutron-rpc-server[104524]: DEBUG cotyledon.oslo_config_glue [-] log_options = True {{(pid=104524) log_opt_values /opt/stack/data/venv/lib/python3.12/site-packages/oslo_config/cfg.py:3242}}
Jun 24 00:57:55.792766 np0000182647 neutron-rpc-server[104516]: DEBUG cotyledon.oslo_config_glue [-] ironic.service_name = None {{(pid=104516) log_opt_values /opt/stack/data/venv/lib/python3.12/site-packages/oslo_config/cfg.py:3253}}
Jun 24 00:57:55.792794 np0000182647 neutron-rpc-server[104524]: DEBUG cotyledon.oslo_config_glue [-] log_rotate_interval = 1 {{(pid=104524) log_opt_values /opt/stack/data/venv/lib/python3.12/site-packages/oslo_config/cfg.py:3242}}
Jun 24 00:57:55.792822 np0000182647 neutron-rpc-server[104516]: DEBUG cotyledon.oslo_config_glue [-] ironic.service_type = None {{(pid=104516) log_opt_values /opt/stack/data/venv/lib/python3.12/site-packages/oslo_config/cfg.py:3253}}
Jun 24 00:57:55.792852 np0000182647 neutron-rpc-server[104524]: DEBUG cotyledon.oslo_config_glue [-] log_rotate_interval_type = days {{(pid=104524) log_opt_values /opt/stack/data/venv/lib/python3.12/site-packages/oslo_config/cfg.py:3242}}
Jun 24 00:57:55.792852 np0000182647 neutron-rpc-server[104524]: DEBUG cotyledon.oslo_config_glue [-] log_rotation_type = none {{(pid=104524) log_opt_values /opt/stack/data/venv/lib/python3.12/site-packages/oslo_config/cfg.py:3242}}
Jun 24 00:57:55.792852 np0000182647 neutron-rpc-server[104524]: DEBUG cotyledon.oslo_config_glue [-] logging_context_format_string = %(color)s%(levelname)s %(name)s [%(global_request_id)s %(request_id)s %(project_name)s %(user_name)s%(color)s] %(instance)s%(color)s%(message)s {{(pid=104524) log_opt_values /opt/stack/data/venv/lib/python3.12/site-packages/oslo_config/cfg.py:3242}}
Jun 24 00:57:55.792933 np0000182647 neutron-rpc-server[104516]: DEBUG cotyledon.oslo_config_glue [-] ironic.split_loggers = False {{(pid=104516) log_opt_values /opt/stack/data/venv/lib/python3.12/site-packages/oslo_config/cfg.py:3253}}
Jun 24 00:57:55.792971 np0000182647 neutron-rpc-server[104524]: DEBUG cotyledon.oslo_config_glue [-] logging_debug_format_suffix = {{(pid=%(process)d) %(funcName)s %(pathname)s:%(lineno)d}} {{(pid=104524) log_opt_values /opt/stack/data/venv/lib/python3.12/site-packages/oslo_config/cfg.py:3242}}
Jun 24 00:57:55.792971 np0000182647 neutron-rpc-server[104524]: DEBUG cotyledon.oslo_config_glue [-] logging_default_format_string = %(color)s%(levelname)s %(name)s [-%(color)s] %(instance)s%(color)s%(message)s {{(pid=104524) log_opt_values /opt/stack/data/venv/lib/python3.12/site-packages/oslo_config/cfg.py:3242}}
Jun 24 00:57:55.793021 np0000182647 neutron-rpc-server[104516]: DEBUG cotyledon.oslo_config_glue [-] ironic.status_code_retries = None {{(pid=104516) log_opt_values /opt/stack/data/venv/lib/python3.12/site-packages/oslo_config/cfg.py:3253}}
Jun 24 00:57:55.793049 np0000182647 neutron-rpc-server[104524]: DEBUG cotyledon.oslo_config_glue [-] logging_exception_prefix = ERROR %(name)s %(instance)s {{(pid=104524) log_opt_values /opt/stack/data/venv/lib/python3.12/site-packages/oslo_config/cfg.py:3242}}
Jun 24 00:57:55.793049 np0000182647 neutron-rpc-server[104524]: DEBUG cotyledon.oslo_config_glue [-] logging_user_identity_format = %(user)s %(project)s %(domain)s %(system_scope)s %(user_domain)s %(project_domain)s {{(pid=104524) log_opt_values /opt/stack/data/venv/lib/python3.12/site-packages/oslo_config/cfg.py:3242}}
Jun 24 00:57:55.793049 np0000182647 neutron-rpc-server[104524]: DEBUG cotyledon.oslo_config_glue [-] max_allowed_address_pair = 10 {{(pid=104524) log_opt_values /opt/stack/data/venv/lib/python3.12/site-packages/oslo_config/cfg.py:3242}}
Jun 24 00:57:55.793129 np0000182647 neutron-rpc-server[104516]: DEBUG cotyledon.oslo_config_glue [-] ironic.status_code_retry_delay = None {{(pid=104516) log_opt_values /opt/stack/data/venv/lib/python3.12/site-packages/oslo_config/cfg.py:3253}}
Jun 24 00:57:55.793159 np0000182647 neutron-rpc-server[104524]: DEBUG cotyledon.oslo_config_glue [-] max_dns_nameservers = 5 {{(pid=104524) log_opt_values /opt/stack/data/venv/lib/python3.12/site-packages/oslo_config/cfg.py:3242}}
Jun 24 00:57:55.793187 np0000182647 neutron-rpc-server[104516]: DEBUG cotyledon.oslo_config_glue [-] ironic.timeout = None {{(pid=104516) log_opt_values /opt/stack/data/venv/lib/python3.12/site-packages/oslo_config/cfg.py:3253}}
Jun 24 00:57:55.793215 np0000182647 neutron-rpc-server[104524]: DEBUG cotyledon.oslo_config_glue [-] max_header_line = 16384 {{(pid=104524) log_opt_values /opt/stack/data/venv/lib/python3.12/site-packages/oslo_config/cfg.py:3242}}
Jun 24 00:57:55.793215 np0000182647 neutron-rpc-server[104524]: DEBUG cotyledon.oslo_config_glue [-] max_l3_agents_per_router = 3 {{(pid=104524) log_opt_values /opt/stack/data/venv/lib/python3.12/site-packages/oslo_config/cfg.py:3242}}
Jun 24 00:57:55.793215 np0000182647 neutron-rpc-server[104524]: DEBUG cotyledon.oslo_config_glue [-] max_logfile_count = 30 {{(pid=104524) log_opt_values /opt/stack/data/venv/lib/python3.12/site-packages/oslo_config/cfg.py:3242}}
Jun 24 00:57:55.793288 np0000182647 neutron-rpc-server[104516]: DEBUG cotyledon.oslo_config_glue [-] ironic.valid_interfaces = None {{(pid=104516) log_opt_values /opt/stack/data/venv/lib/python3.12/site-packages/oslo_config/cfg.py:3253}}
Jun 24 00:57:55.793316 np0000182647 neutron-rpc-server[104524]: DEBUG cotyledon.oslo_config_glue [-] max_logfile_size_mb = 200 {{(pid=104524) log_opt_values /opt/stack/data/venv/lib/python3.12/site-packages/oslo_config/cfg.py:3242}}
Jun 24 00:57:55.793398 np0000182647 neutron-rpc-server[104516]: DEBUG cotyledon.oslo_config_glue [-] ironic.version = None {{(pid=104516) log_opt_values /opt/stack/data/venv/lib/python3.12/site-packages/oslo_config/cfg.py:3253}}
Jun 24 00:57:55.793398 np0000182647 neutron-rpc-server[104516]: DEBUG cotyledon.oslo_config_glue [-] cli_script.dry_run = False {{(pid=104516) log_opt_values /opt/stack/data/venv/lib/python3.12/site-packages/oslo_config/cfg.py:3253}}
