Apr 02 04:09:46.174413 np0000162639 devstack@neutron-api.service[101930]: DEBUG neutron.db.ovn_revision_numbers_db [None req-b8ac84d9-0e01-4fe0-8d81-6170d4a7b046 admin admin] create_initial_revision uuid=7edb2fec-3172-41c3-ab93-04ba91f25d9f, type=security_group_rules, rev=-1 {{(pid=101930) create_initial_revision /opt/stack/neutron/neutron/db/ovn_revision_numbers_db.py:98}}
Apr 02 04:09:46.175505 np0000162639 devstack@neutron-api.service[101930]: DEBUG neutron.db.ovn_revision_numbers_db [None req-b8ac84d9-0e01-4fe0-8d81-6170d4a7b046 admin admin] create_initial_revision uuid=c5151c86-1bfc-47eb-877e-1180acabc1f2, type=security_group_rules, rev=-1 {{(pid=101930) create_initial_revision /opt/stack/neutron/neutron/db/ovn_revision_numbers_db.py:98}}
Apr 02 04:09:46.182840 np0000162639 devstack@neutron-api.service[101930]: DEBUG neutron_lib.callbacks.manager [None req-b8ac84d9-0e01-4fe0-8d81-6170d4a7b046 admin admin] Publish callbacks ['neutron.plugins.ml2.drivers.ovn.mech_driver.mech_driver.OVNMechanismDriver._create_security_group-891645', 'neutron.plugins.ml2.ovo_rpc._ObjectChangeHandler.handle_event-15091312'] for security_group (5cce1a05-d937-4691-9b5e-04725d85044b), after_create {{(pid=101930) _notify_loop /opt/stack/data/venv/lib/python3.12/site-packages/neutron_lib/callbacks/manager.py:184}}
Apr 02 04:09:46.183717 np0000162639 devstack@neutron-api.service[101930]: DEBUG ovsdbapp.backend.ovs_idl.transaction [None req-b9a1d90e-6228-4f2d-b72f-9515f9e5552f None None] Running txn n=1 command(idx=0): PgAddCommand(_result=None, name=pg_5cce1a05_d937_4691_9b5e_04725d85044b, may_exist=False, columns={'acls': [], 'external_ids': {'neutron:security_group_id': '5cce1a05-d937-4691-9b5e-04725d85044b'}}) {{(pid=101930) do_commit /opt/stack/data/venv/lib/python3.12/site-packages/ovsdbapp/backend/ovs_idl/transaction.py:89}}
Apr 02 04:09:46.184256 np0000162639 devstack@neutron-api.service[101930]: DEBUG ovsdbapp.backend.ovs_idl.transaction [None req-b9a1d90e-6228-4f2d-b72f-9515f9e5552f None None] Running txn n=1 command(idx=1): PgAclAddCommand(_result=None, entity=pg_5cce1a05_d937_4691_9b5e_04725d85044b, direction=from-lport, priority=1002, match=inport == @pg_5cce1a05_d937_4691_9b5e_04725d85044b && ip4, action=allow-related, log=False, may_exist=True, severity=[], name=[], meter=[], external_ids={'neutron:security_group_rule_id': '1ece2917-83d7-4fe8-8abb-03a63e900eaa'}) {{(pid=101930) do_commit /opt/stack/data/venv/lib/python3.12/site-packages/ovsdbapp/backend/ovs_idl/transaction.py:89}}
Apr 02 04:09:46.184919 np0000162639 devstack@neutron-api.service[101930]: DEBUG ovsdbapp.backend.ovs_idl.transaction [None req-b9a1d90e-6228-4f2d-b72f-9515f9e5552f None None] Running txn n=1 command(idx=2): PgAclAddCommand(_result=None, entity=pg_5cce1a05_d937_4691_9b5e_04725d85044b, direction=to-lport, priority=1002, match=outport == @pg_5cce1a05_d937_4691_9b5e_04725d85044b && ip6 && ip6.src == $pg_5cce1a05_d937_4691_9b5e_04725d85044b_ip6, action=allow-related, log=False, may_exist=True, severity=[], name=[], meter=[], external_ids={'neutron:security_group_rule_id': '460a1f41-c2b3-4f07-8617-65c7532180da'}) {{(pid=101930) do_commit /opt/stack/data/venv/lib/python3.12/site-packages/ovsdbapp/backend/ovs_idl/transaction.py:89}}
Apr 02 04:09:46.185461 np0000162639 devstack@neutron-api.service[101930]: DEBUG ovsdbapp.backend.ovs_idl.transaction [None req-b9a1d90e-6228-4f2d-b72f-9515f9e5552f None None] Running txn n=1 command(idx=3): PgAclAddCommand(_result=None, entity=pg_5cce1a05_d937_4691_9b5e_04725d85044b, direction=from-lport, priority=1002, match=inport == @pg_5cce1a05_d937_4691_9b5e_04725d85044b && ip6, action=allow-related, log=False, may_exist=True, severity=[], name=[], meter=[], external_ids={'neutron:security_group_rule_id': '7edb2fec-3172-41c3-ab93-04ba91f25d9f'}) {{(pid=101930) do_commit /opt/stack/data/venv/lib/python3.12/site-packages/ovsdbapp/backend/ovs_idl/transaction.py:89}}
Apr 02 04:09:46.186067 np0000162639 devstack@neutron-api.service[101930]: DEBUG ovsdbapp.backend.ovs_idl.transaction [None req-b9a1d90e-6228-4f2d-b72f-9515f9e5552f None None] Running txn n=1 command(idx=4): PgAclAddCommand(_result=None, entity=pg_5cce1a05_d937_4691_9b5e_04725d85044b, direction=to-lport, priority=1002, match=outport == @pg_5cce1a05_d937_4691_9b5e_04725d85044b && ip4 && ip4.src == $pg_5cce1a05_d937_4691_9b5e_04725d85044b_ip4, action=allow-related, log=False, may_exist=True, severity=[], name=[], meter=[], external_ids={'neutron:security_group_rule_id': 'c5151c86-1bfc-47eb-877e-1180acabc1f2'}) {{(pid=101930) do_commit /opt/stack/data/venv/lib/python3.12/site-packages/ovsdbapp/backend/ovs_idl/transaction.py:89}}
Apr 02 04:09:46.242553 np0000162639 devstack@neutron-api.service[101929]: DEBUG neutron.plugins.ml2.drivers.ovn.mech_driver.ovsdb.ovsdb_monitor [None req-41d0c85e-f872-4b64-a77d-f5fe5c6c9cc3 None None] Touching Hash Ring node "7256a6badd8e5370851cd94ef56eb5a4" from IDL notify handler {{(pid=101929) notify /opt/stack/neutron/neutron/plugins/ml2/drivers/ovn/mech_driver/ovsdb/ovsdb_monitor.py:904}}
Apr 02 04:09:46.243035 np0000162639 devstack@neutron-api.service[101930]: DEBUG neutron.plugins.ml2.drivers.ovn.mech_driver.ovsdb.ovsdb_monitor [None req-b9a1d90e-6228-4f2d-b72f-9515f9e5552f None None] Touching Hash Ring node "494807e4cf9e506da0a8dec33e50d8c6" from IDL notify handler {{(pid=101930) notify /opt/stack/neutron/neutron/plugins/ml2/drivers/ovn/mech_driver/ovsdb/ovsdb_monitor.py:904}}
Apr 02 04:09:46.243456 np0000162639 devstack@neutron-api.service[101931]: DEBUG neutron.plugins.ml2.drivers.ovn.mech_driver.ovsdb.ovsdb_monitor [None req-2de86181-82e4-49fa-b448-3f66f3a41a84 None None] Touching Hash Ring node "5ecfc655147552eaba5835674fa90330" from IDL notify handler {{(pid=101931) notify /opt/stack/neutron/neutron/plugins/ml2/drivers/ovn/mech_driver/ovsdb/ovsdb_monitor.py:904}}
Apr 02 04:09:46.249586 np0000162639 devstack@neutron-api.service[101929]: DEBUG neutron.plugins.ml2.drivers.ovn.mech_driver.ovsdb.ovsdb_monitor [None req-41d0c85e-f872-4b64-a77d-f5fe5c6c9cc3 None None] Hash Ring: Node 7256a6badd8e5370851cd94ef56eb5a4 (host: np0000162639) handling event "create" for row 0200f824-9720-4441-8a03-3f4f737df6a2 (table: ACL) {{(pid=101929) notify /opt/stack/neutron/neutron/plugins/ml2/drivers/ovn/mech_driver/ovsdb/ovsdb_monitor.py:912}}
Apr 02 04:09:46.250545 np0000162639 devstack@neutron-api.service[101929]: DEBUG neutron.plugins.ml2.drivers.ovn.mech_driver.ovsdb.ovsdb_monitor [None req-41d0c85e-f872-4b64-a77d-f5fe5c6c9cc3 None None] Touching Hash Ring node "7256a6badd8e5370851cd94ef56eb5a4" from IDL notify handler {{(pid=101929) notify /opt/stack/neutron/neutron/plugins/ml2/drivers/ovn/mech_driver/ovsdb/ovsdb_monitor.py:904}}
Apr 02 04:09:46.251017 np0000162639 devstack@neutron-api.service[101931]: DEBUG neutron.plugins.ml2.drivers.ovn.mech_driver.ovsdb.ovsdb_monitor [None req-2de86181-82e4-49fa-b448-3f66f3a41a84 None None] Hash Ring: Node 5ecfc655147552eaba5835674fa90330 (host: np0000162639) handling event "create" for row 067a0bf0-a13b-4353-95e7-560df6640c9e (table: ACL) {{(pid=101931) notify /opt/stack/neutron/neutron/plugins/ml2/drivers/ovn/mech_driver/ovsdb/ovsdb_monitor.py:912}}
Apr 02 04:09:46.251110 np0000162639 devstack@neutron-api.service[101930]: DEBUG neutron.plugins.ml2.drivers.ovn.mech_driver.ovsdb.ovsdb_monitor [None req-b9a1d90e-6228-4f2d-b72f-9515f9e5552f None None] Hash Ring: Node 494807e4cf9e506da0a8dec33e50d8c6 (host: np0000162639) handling event "create" for row ed919d57-5d6f-4d00-b1a5-680637dd2cea (table: ACL) {{(pid=101930) notify /opt/stack/neutron/neutron/plugins/ml2/drivers/ovn/mech_driver/ovsdb/ovsdb_monitor.py:912}}
Apr 02 04:09:46.251844 np0000162639 devstack@neutron-api.service[101931]: DEBUG neutron.plugins.ml2.drivers.ovn.mech_driver.ovsdb.ovsdb_monitor [None req-2de86181-82e4-49fa-b448-3f66f3a41a84 None None] Touching Hash Ring node "5ecfc655147552eaba5835674fa90330" from IDL notify handler {{(pid=101931) notify /opt/stack/neutron/neutron/plugins/ml2/drivers/ovn/mech_driver/ovsdb/ovsdb_monitor.py:904}}
Apr 02 04:09:46.253024 np0000162639 devstack@neutron-api.service[101929]: DEBUG neutron.plugins.ml2.drivers.ovn.mech_driver.ovsdb.ovsdb_monitor [None req-41d0c85e-f872-4b64-a77d-f5fe5c6c9cc3 None None] Hash Ring: Node 7256a6badd8e5370851cd94ef56eb5a4 (host: np0000162639) handling event "create" for row 1fd9c9e0-9472-4e85-a591-a141de1bbd8b (table: Port_Group) {{(pid=101929) notify /opt/stack/neutron/neutron/plugins/ml2/drivers/ovn/mech_driver/ovsdb/ovsdb_monitor.py:912}}
Apr 02 04:09:46.253976 np0000162639 devstack@neutron-api.service[101931]: DEBUG neutron.plugins.ml2.drivers.ovn.mech_driver.ovsdb.ovsdb_monitor [None req-2de86181-82e4-49fa-b448-3f66f3a41a84 None None] Hash Ring: Node 5ecfc655147552eaba5835674fa90330 (host: np0000162639) handling event "create" for row 4888d846-84da-43e6-aebe-c8a69fcec6aa (table: ACL) {{(pid=101931) notify /opt/stack/neutron/neutron/plugins/ml2/drivers/ovn/mech_driver/ovsdb/ovsdb_monitor.py:912}}
Apr 02 04:09:46.271452 np0000162639 devstack@neutron-api.service[101930]: INFO neutron.db.ovn_revision_numbers_db [None req-b8ac84d9-0e01-4fe0-8d81-6170d4a7b046 admin admin] Successfully bumped revision number for resource 5cce1a05-d937-4691-9b5e-04725d85044b (type: security_groups) to 1
Apr 02 04:09:46.282364 np0000162639 devstack@neutron-api.service[101930]: INFO neutron.db.ovn_revision_numbers_db [None req-b8ac84d9-0e01-4fe0-8d81-6170d4a7b046 admin admin] Successfully bumped revision number for resource 1ece2917-83d7-4fe8-8abb-03a63e900eaa (type: security_group_rules) to 0
Apr 02 04:09:46.294161 np0000162639 devstack@neutron-api.service[101930]: INFO neutron.db.ovn_revision_numbers_db [None req-b8ac84d9-0e01-4fe0-8d81-6170d4a7b046 admin admin] Successfully bumped revision number for resource 460a1f41-c2b3-4f07-8617-65c7532180da (type: security_group_rules) to 0
Apr 02 04:09:46.303872 np0000162639 devstack@neutron-api.service[101930]: INFO neutron.db.ovn_revision_numbers_db [None req-b8ac84d9-0e01-4fe0-8d81-6170d4a7b046 admin admin] Successfully bumped revision number for resource 7edb2fec-3172-41c3-ab93-04ba91f25d9f (type: security_group_rules) to 0
Apr 02 04:09:46.318772 np0000162639 devstack@neutron-api.service[101930]: INFO neutron.db.ovn_revision_numbers_db [None req-b8ac84d9-0e01-4fe0-8d81-6170d4a7b046 admin admin] Successfully bumped revision number for resource c5151c86-1bfc-47eb-877e-1180acabc1f2 (type: security_group_rules) to 0
Apr 02 04:09:46.347334 np0000162639 devstack@neutron-api.service[101930]: DEBUG neutron.api.rpc.handlers.resources_rpc [None req-b8ac84d9-0e01-4fe0-8d81-6170d4a7b046 admin admin] Pushing event updated for resources: {'SecurityGroup': ['ID=5cce1a05-d937-4691-9b5e-04725d85044b,revision_number=1']} {{(pid=101930) push /opt/stack/neutron/neutron/api/rpc/handlers/resources_rpc.py:237}}
Apr 02 04:09:46.351796 np0000162639 devstack@neutron-api.service[101930]: DEBUG ovsdbapp.backend.ovs_idl.transaction [None req-b9a1d90e-6228-4f2d-b72f-9515f9e5552f None None] Running txn n=1 command(idx=0): CheckLivenessCommand(_result=None) {{(pid=101930) do_commit /opt/stack/data/venv/lib/python3.12/site-packages/ovsdbapp/backend/ovs_idl/transaction.py:89}}
Apr 02 04:09:46.355947 np0000162639 devstack@neutron-api.service[101929]: DEBUG neutron.plugins.ml2.drivers.ovn.mech_driver.ovsdb.ovsdb_monitor [None req-41d0c85e-f872-4b64-a77d-f5fe5c6c9cc3 None None] Touching Hash Ring node "7256a6badd8e5370851cd94ef56eb5a4" from IDL notify handler {{(pid=101929) notify /opt/stack/neutron/neutron/plugins/ml2/drivers/ovn/mech_driver/ovsdb/ovsdb_monitor.py:904}}
Apr 02 04:09:46.358018 np0000162639 devstack@neutron-api.service[101930]: DEBUG neutron.api.rpc.callbacks.version_manager [None req-b8ac84d9-0e01-4fe0-8d81-6170d4a7b046 admin admin] Tracked resource versions report:
Apr 02 04:09:46.358018 np0000162639 devstack@neutron-api.service[101930]: pushed versions:
Apr 02 04:09:46.358018 np0000162639 devstack@neutron-api.service[101930]: { 'AddressGroup': {'1.2'},
Apr 02 04:09:46.358018 np0000162639 devstack@neutron-api.service[101930]: 'Agent': {'1.1'},
Apr 02 04:09:46.358018 np0000162639 devstack@neutron-api.service[101930]: 'ConntrackHelper': {'1.0'},
Apr 02 04:09:46.358018 np0000162639 devstack@neutron-api.service[101930]: 'LocalIPAssociation': {'1.0'},
Apr 02 04:09:46.358018 np0000162639 devstack@neutron-api.service[101930]: 'Log': {'1.0'},
Apr 02 04:09:46.358018 np0000162639 devstack@neutron-api.service[101930]: 'NDPProxy': {'1.0'},
Apr 02 04:09:46.358018 np0000162639 devstack@neutron-api.service[101930]: 'Network': {'1.2'},
Apr 02 04:09:46.358018 np0000162639 devstack@neutron-api.service[101930]: 'Port': {'1.10'},
Apr 02 04:09:46.358018 np0000162639 devstack@neutron-api.service[101930]: 'PortForwarding': {'1.3'},
Apr 02 04:09:46.358018 np0000162639 devstack@neutron-api.service[101930]: 'QosPolicy': {'1.10'},
Apr 02 04:09:46.358018 np0000162639 devstack@neutron-api.service[101930]: 'SecurityGroup': {'1.6'},
Apr 02 04:09:46.358018 np0000162639 devstack@neutron-api.service[101930]: 'SecurityGroupRule': {'1.3'},
Apr 02 04:09:46.358018 np0000162639 devstack@neutron-api.service[101930]: 'SubPort': {'1.0'},
Apr 02 04:09:46.358018 np0000162639 devstack@neutron-api.service[101930]: 'Subnet': {'1.2'},
Apr 02 04:09:46.358018 np0000162639 devstack@neutron-api.service[101930]: 'Trunk': {'1.1'}}
Apr 02 04:09:46.358018 np0000162639 devstack@neutron-api.service[101930]: consumer versions:
Apr 02 04:09:46.358018 np0000162639 devstack@neutron-api.service[101930]: { OVN Neutron agent@np0000162639: {},
Apr 02 04:09:46.358018 np0000162639 devstack@neutron-api.service[101930]: OVN Controller Gateway agent@np0000162639: {}}
Apr 02 04:09:46.358018 np0000162639 devstack@neutron-api.service[101930]: {{(pid=101930) report /opt/stack/neutron/neutron/api/rpc/callbacks/version_manager.py:183}}
Apr 02 04:09:46.360777 np0000162639 devstack@neutron-api.service[101928]: DEBUG neutron.plugins.ml2.drivers.ovn.mech_driver.ovsdb.ovsdb_monitor [None req-9f1c7b39-7bb9-4499-bb69-6257a29f8adc None None] ChassisAgentWriteEvent : Matched Chassis_Private, update, None None {{(pid=101928) matches /opt/stack/neutron/neutron/plugins/ml2/drivers/ovn/mech_driver/ovsdb/ovsdb_monitor.py:64}}
Apr 02 04:09:46.360986 np0000162639 devstack@neutron-api.service[101929]: DEBUG neutron.plugins.ml2.drivers.ovn.mech_driver.ovsdb.ovsdb_monitor [None req-a674c0e1-d071-484e-8c86-f2a683c19979 None None] ChassisAgentWriteEvent : Matched Chassis_Private, update, None None {{(pid=101929) matches /opt/stack/neutron/neutron/plugins/ml2/drivers/ovn/mech_driver/ovsdb/ovsdb_monitor.py:64}}
Apr 02 04:09:46.361460 np0000162639 devstack@neutron-api.service[101931]: DEBUG neutron.plugins.ml2.drivers.ovn.mech_driver.ovsdb.ovsdb_monitor [None req-2752868c-6d64-4924-9042-a6555b91313d None None] ChassisAgentWriteEvent : Matched Chassis_Private, update, None None {{(pid=101931) matches /opt/stack/neutron/neutron/plugins/ml2/drivers/ovn/mech_driver/ovsdb/ovsdb_monitor.py:64}}
Apr 02 04:09:46.361650 np0000162639 devstack@neutron-api.service[101930]: DEBUG neutron.plugins.ml2.drivers.ovn.mech_driver.ovsdb.ovsdb_monitor [None req-e0d0f23c-97f7-4bc0-a2c4-8a666fd10232 None None] ChassisAgentWriteEvent : Matched Chassis_Private, update, None None {{(pid=101930) matches /opt/stack/neutron/neutron/plugins/ml2/drivers/ovn/mech_driver/ovsdb/ovsdb_monitor.py:64}}
Apr 02 04:09:46.362852 np0000162639 devstack@neutron-api.service[101929]: DEBUG neutron.plugins.ml2.drivers.ovn.mech_driver.ovsdb.ovsdb_monitor [None req-41d0c85e-f872-4b64-a77d-f5fe5c6c9cc3 None None] Hash Ring: Node 7256a6badd8e5370851cd94ef56eb5a4 (host: np0000162639) handling event "update" for row c176302e-5e3b-4199-a8fc-8c96bf6806bc (table: NB_Global) {{(pid=101929) notify /opt/stack/neutron/neutron/plugins/ml2/drivers/ovn/mech_driver/ovsdb/ovsdb_monitor.py:912}}
Apr 02 04:09:46.367060 np0000162639 devstack@neutron-api.service[101929]: DEBUG neutron.plugins.ml2.drivers.ovn.mech_driver.ovsdb.ovsdb_monitor [None req-41d0c85e-f872-4b64-a77d-f5fe5c6c9cc3 None None] Touching Hash Ring node "7256a6badd8e5370851cd94ef56eb5a4" from IDL notify handler {{(pid=101929) notify /opt/stack/neutron/neutron/plugins/ml2/drivers/ovn/mech_driver/ovsdb/ovsdb_monitor.py:904}}
Apr 02 04:09:46.368357 np0000162639 devstack@neutron-api.service[101928]: DEBUG neutron.common.ovn.hash_ring_manager [None req-9f1c7b39-7bb9-4499-bb69-6257a29f8adc None None] Hash Ring loaded. 4 active nodes. 0 offline nodes {{(pid=101928) _load_hash_ring /opt/stack/neutron/neutron/common/ovn/hash_ring_manager.py:102}}
Apr 02 04:09:46.368681 np0000162639 devstack@neutron-api.service[101931]: DEBUG neutron.common.ovn.hash_ring_manager [None req-2752868c-6d64-4924-9042-a6555b91313d None None] Hash Ring loaded. 4 active nodes. 0 offline nodes {{(pid=101931) _load_hash_ring /opt/stack/neutron/neutron/common/ovn/hash_ring_manager.py:102}}
Apr 02 04:09:46.371325 np0000162639 devstack@neutron-api.service[101929]: DEBUG neutron.plugins.ml2.drivers.ovn.mech_driver.ovsdb.ovsdb_monitor [None req-41d0c85e-f872-4b64-a77d-f5fe5c6c9cc3 None None] Hash Ring: Node 7256a6badd8e5370851cd94ef56eb5a4 (host: np0000162639) handling event "update" for row c176302e-5e3b-4199-a8fc-8c96bf6806bc (table: NB_Global) {{(pid=101929) notify /opt/stack/neutron/neutron/plugins/ml2/drivers/ovn/mech_driver/ovsdb/ovsdb_monitor.py:912}}
Apr 02 04:09:46.372663 np0000162639 devstack@neutron-api.service[101929]: DEBUG neutron.common.ovn.hash_ring_manager [None req-a674c0e1-d071-484e-8c86-f2a683c19979 None None] Hash Ring loaded. 4 active nodes. 0 offline nodes {{(pid=101929) _load_hash_ring /opt/stack/neutron/neutron/common/ovn/hash_ring_manager.py:102}}
Apr 02 04:09:46.372879 np0000162639 devstack@neutron-api.service[101929]: DEBUG neutron.plugins.ml2.drivers.ovn.mech_driver.ovsdb.ovsdb_monitor [None req-a674c0e1-d071-484e-8c86-f2a683c19979 None None] Hash Ring: Node 7256a6badd8e5370851cd94ef56eb5a4 (host: np0000162639) handling event "update" for row 1d216289-bf13-4aaf-b3a7-6e0536c69cdf (table: Chassis_Private) {{(pid=101929) notify /opt/stack/neutron/neutron/plugins/ml2/drivers/ovn/mech_driver/ovsdb/ovsdb_monitor.py:912}}
Apr 02 04:09:46.374398 np0000162639 devstack@neutron-api.service[101929]: DEBUG neutron.plugins.ml2.drivers.ovn.mech_driver.ovsdb.ovsdb_monitor [None req-41d0c85e-f872-4b64-a77d-f5fe5c6c9cc3 None None] Touching Hash Ring node "7256a6badd8e5370851cd94ef56eb5a4" from IDL notify handler {{(pid=101929) notify /opt/stack/neutron/neutron/plugins/ml2/drivers/ovn/mech_driver/ovsdb/ovsdb_monitor.py:904}}
Apr 02 04:09:46.376570 np0000162639 devstack@neutron-api.service[101929]: DEBUG neutron.plugins.ml2.drivers.ovn.mech_driver.ovsdb.ovsdb_monitor [None req-41d0c85e-f872-4b64-a77d-f5fe5c6c9cc3 None None] Hash Ring: Node 7256a6badd8e5370851cd94ef56eb5a4 (host: np0000162639) handling event "update" for row c176302e-5e3b-4199-a8fc-8c96bf6806bc (table: NB_Global) {{(pid=101929) notify /opt/stack/neutron/neutron/plugins/ml2/drivers/ovn/mech_driver/ovsdb/ovsdb_monitor.py:912}}
Apr 02 04:09:46.377997 np0000162639 devstack@neutron-api.service[101929]: DEBUG neutron.plugins.ml2.drivers.ovn.mech_driver.ovsdb.ovsdb_monitor [None req-41d0c85e-f872-4b64-a77d-f5fe5c6c9cc3 None None] Touching Hash Ring node "7256a6badd8e5370851cd94ef56eb5a4" from IDL notify handler {{(pid=101929) notify /opt/stack/neutron/neutron/plugins/ml2/drivers/ovn/mech_driver/ovsdb/ovsdb_monitor.py:904}}
Apr 02 04:09:46.378451 np0000162639 devstack@neutron-api.service[101930]: DEBUG neutron.common.ovn.hash_ring_manager [None req-e0d0f23c-97f7-4bc0-a2c4-8a666fd10232 None None] Hash Ring loaded. 4 active nodes. 0 offline nodes {{(pid=101930) _load_hash_ring /opt/stack/neutron/neutron/common/ovn/hash_ring_manager.py:102}}
Apr 02 04:09:46.380263 np0000162639 devstack@neutron-api.service[101929]: DEBUG neutron.plugins.ml2.drivers.ovn.mech_driver.ovsdb.ovsdb_monitor [None req-41d0c85e-f872-4b64-a77d-f5fe5c6c9cc3 None None] Hash Ring: Node 7256a6badd8e5370851cd94ef56eb5a4 (host: np0000162639) handling event "update" for row c176302e-5e3b-4199-a8fc-8c96bf6806bc (table: NB_Global) {{(pid=101929) notify /opt/stack/neutron/neutron/plugins/ml2/drivers/ovn/mech_driver/ovsdb/ovsdb_monitor.py:912}}
Apr 02 04:09:46.405307 np0000162639 devstack@neutron-api.service[101930]: DEBUG neutron.plugins.ml2.drivers.helpers [None req-b8ac84d9-0e01-4fe0-8d81-6170d4a7b046 admin admin] geneve segment allocate from pool success with {'geneve_vni': 16958} {{(pid=101930) allocate_partially_specified_segment /opt/stack/neutron/neutron/plugins/ml2/drivers/helpers.py:142}}
Apr 02 04:09:46.414151 np0000162639 devstack@neutron-api.service[101930]: DEBUG neutron_lib.callbacks.manager [None req-b8ac84d9-0e01-4fe0-8d81-6170d4a7b046 admin admin] Publish callbacks ['neutron.services.segments.db._add_segment_host_mapping_for_segment-8190578927096', 'neutron.plugins.ml2.plugin.Ml2Plugin._handle_segment_change-379108'] for segment (3bcf217c-8cd2-4731-a14d-b160ee32e55b), precommit_create {{(pid=101930) _notify_loop /opt/stack/data/venv/lib/python3.12/site-packages/neutron_lib/callbacks/manager.py:184}}
Apr 02 04:09:46.414364 np0000162639 devstack@neutron-api.service[101930]: INFO neutron.db.segments_db [None req-b8ac84d9-0e01-4fe0-8d81-6170d4a7b046 admin admin] Added segment 3bcf217c-8cd2-4731-a14d-b160ee32e55b of type geneve for network 8edf2747-ef92-4f4a-8ede-a566572f1fc6
Apr 02 04:09:46.428441 np0000162639 devstack@neutron-api.service[101930]: DEBUG neutron_lib.callbacks.manager [None req-b8ac84d9-0e01-4fe0-8d81-6170d4a7b046 admin admin] Publish callbacks ['neutron.services.auto_allocate.db._ensure_external_network_default_value_callback-8190576936310'] for network (8edf2747-ef92-4f4a-8ede-a566572f1fc6), precommit_create {{(pid=101930) _notify_loop /opt/stack/data/venv/lib/python3.12/site-packages/neutron_lib/callbacks/manager.py:184}}
Apr 02 04:09:46.440280 np0000162639 devstack@neutron-api.service[101930]: DEBUG neutron.plugins.ml2.drivers.ovn.mech_driver.mech_driver [None req-b8ac84d9-0e01-4fe0-8d81-6170d4a7b046 admin admin] Validating network segment with type geneve, segmentation ID 16958, physical network None {{(pid=101930) _validate_network_segments /opt/stack/neutron/neutron/plugins/ml2/drivers/ovn/mech_driver/mech_driver.py:631}}
Apr 02 04:09:46.440415 np0000162639 devstack@neutron-api.service[101930]: DEBUG neutron.db.ovn_revision_numbers_db [None req-b8ac84d9-0e01-4fe0-8d81-6170d4a7b046 admin admin] create_initial_revision uuid=8edf2747-ef92-4f4a-8ede-a566572f1fc6, type=networks, rev=-1 {{(pid=101930) create_initial_revision /opt/stack/neutron/neutron/db/ovn_revision_numbers_db.py:98}}
Apr 02 04:09:46.449519 np0000162639 devstack@neutron-api.service[101930]: DEBUG neutron_lib.callbacks.manager [None req-b8ac84d9-0e01-4fe0-8d81-6170d4a7b046 admin admin] Publish callbacks ['neutron.plugins.ml2.ovo_rpc._ObjectChangeHandler.handle_event-15091487'] for network (8edf2747-ef92-4f4a-8ede-a566572f1fc6), after_create {{(pid=101930) _notify_loop /opt/stack/data/venv/lib/python3.12/site-packages/neutron_lib/callbacks/manager.py:184}}
Apr 02 04:09:46.466679 np0000162639 devstack@neutron-api.service[101930]: DEBUG neutron.api.rpc.handlers.resources_rpc [None req-b8ac84d9-0e01-4fe0-8d81-6170d4a7b046 admin admin] Pushing event updated for resources: {'Network': ['ID=8edf2747-ef92-4f4a-8ede-a566572f1fc6,revision_number=1']} {{(pid=101930) push /opt/stack/neutron/neutron/api/rpc/handlers/resources_rpc.py:237}}
Apr 02 04:09:46.475435 np0000162639 devstack@neutron-api.service[101930]: DEBUG ovsdbapp.backend.ovs_idl.transaction [None req-b9a1d90e-6228-4f2d-b72f-9515f9e5552f None None] Running txn n=1 command(idx=0): AddNetworkCommand(_result=None, network_uuid=8edf2747-ef92-4f4a-8ede-a566572f1fc6, may_exist=True, columns={'external_ids': {'neutron:network_name': 'admin_net', 'neutron:mtu': '1372', 'neutron:revision_number': '1', 'neutron:availability_zone_hints': '', 'neutron:provnet-network-type': 'geneve'}, 'other_config': {'mcast_snoop': 'false', 'mcast_flood_unregistered': 'false', 'vlan-passthru': 'false'}}) {{(pid=101930) do_commit /opt/stack/data/venv/lib/python3.12/site-packages/ovsdbapp/backend/ovs_idl/transaction.py:89}}
Apr 02 04:09:46.482045 np0000162639 devstack@neutron-api.service[101929]: DEBUG neutron.plugins.ml2.drivers.ovn.mech_driver.ovsdb.ovsdb_monitor [None req-41d0c85e-f872-4b64-a77d-f5fe5c6c9cc3 None None] Touching Hash Ring node "7256a6badd8e5370851cd94ef56eb5a4" from IDL notify handler {{(pid=101929) notify /opt/stack/neutron/neutron/plugins/ml2/drivers/ovn/mech_driver/ovsdb/ovsdb_monitor.py:904}}
Apr 02 04:09:46.484600 np0000162639 devstack@neutron-api.service[101931]: DEBUG neutron.plugins.ml2.drivers.ovn.mech_driver.ovsdb.ovsdb_monitor [None req-2752868c-6d64-4924-9042-a6555b91313d None None] Hash Ring: Node 5ecfc655147552eaba5835674fa90330 (host: np0000162639) handling event "create" for row 407ba6f4-5f13-468e-a406-b6d5741b4ee4 (table: Datapath_Binding) {{(pid=101931) notify /opt/stack/neutron/neutron/plugins/ml2/drivers/ovn/mech_driver/ovsdb/ovsdb_monitor.py:912}}
Apr 02 04:09:46.486978 np0000162639 devstack@neutron-api.service[101929]: DEBUG neutron.plugins.ml2.drivers.ovn.mech_driver.ovsdb.ovsdb_monitor [None req-41d0c85e-f872-4b64-a77d-f5fe5c6c9cc3 None None] Hash Ring: Node 7256a6badd8e5370851cd94ef56eb5a4 (host: np0000162639) handling event "create" for row 8edf2747-ef92-4f4a-8ede-a566572f1fc6 (table: Logical_Switch) {{(pid=101929) notify /opt/stack/neutron/neutron/plugins/ml2/drivers/ovn/mech_driver/ovsdb/ovsdb_monitor.py:912}}
Apr 02 04:09:46.502696 np0000162639 devstack@neutron-api.service[101930]: INFO neutron.db.ovn_revision_numbers_db [None req-b8ac84d9-0e01-4fe0-8d81-6170d4a7b046 admin admin] Successfully bumped revision number for resource 8edf2747-ef92-4f4a-8ede-a566572f1fc6 (type: networks) to 1
Apr 02 04:09:46.516261 np0000162639 devstack@neutron-api.service[101930]: DEBUG neutron_lib.callbacks.manager [None req-b8ac84d9-0e01-4fe0-8d81-6170d4a7b046 admin admin] Publish callbacks ['neutron.plugins.ml2.plugin.SecurityGroupDbMixin._ensure_default_security_group_handler-104982'] for port (None), before_create {{(pid=101930) _notify_loop /opt/stack/data/venv/lib/python3.12/site-packages/neutron_lib/callbacks/manager.py:184}}
Apr 02 04:09:46.583169 np0000162639 devstack@neutron-api.service[101930]: DEBUG neutron_lib.callbacks.manager [None req-b8ac84d9-0e01-4fe0-8d81-6170d4a7b046 admin admin] Publish callbacks ['neutron.plugins.ml2.drivers.ovn.mech_driver.mech_driver.OVNMechanismDriver._validate_allowed_address_pairs-886127'] for allowed_address_pair (eb694b43-5af6-403d-bf28-8a5fea4176aa), before_create {{(pid=101930) _notify_loop /opt/stack/data/venv/lib/python3.12/site-packages/neutron_lib/callbacks/manager.py:184}}
Apr 02 04:09:46.583700 np0000162639 devstack@neutron-api.service[101930]: DEBUG neutron_lib.callbacks.manager [None req-b8ac84d9-0e01-4fe0-8d81-6170d4a7b046 admin admin] Publish callbacks [] for port (eb694b43-5af6-403d-bf28-8a5fea4176aa), precommit_create {{(pid=101930) _notify_loop /opt/stack/data/venv/lib/python3.12/site-packages/neutron_lib/callbacks/manager.py:184}}
Apr 02 04:09:46.583914 np0000162639 devstack@neutron-api.service[101930]: DEBUG neutron.plugins.ml2.drivers.ovn.mech_driver.mech_driver [None req-b8ac84d9-0e01-4fe0-8d81-6170d4a7b046 admin admin] No provisioning block for port eb694b43-5af6-403d-bf28-8a5fea4176aa since it does not have a host {{(pid=101930) _is_port_provisioning_required /opt/stack/neutron/neutron/plugins/ml2/drivers/ovn/mech_driver/mech_driver.py:884}}
Apr 02 04:09:46.583914 np0000162639 devstack@neutron-api.service[101930]: DEBUG neutron.db.ovn_revision_numbers_db [None req-b8ac84d9-0e01-4fe0-8d81-6170d4a7b046 admin admin] create_initial_revision uuid=eb694b43-5af6-403d-bf28-8a5fea4176aa, type=ports, rev=-1 {{(pid=101930) create_initial_revision /opt/stack/neutron/neutron/db/ovn_revision_numbers_db.py:98}}
Apr 02 04:09:46.659770 np0000162639 devstack@neutron-api.service[101930]: DEBUG neutron_lib.callbacks.manager [None req-b8ac84d9-0e01-4fe0-8d81-6170d4a7b046 admin admin] Publish callbacks ['neutron.plugins.ml2.ovo_rpc._ObjectChangeHandler.handle_event-15091613'] for port (eb694b43-5af6-403d-bf28-8a5fea4176aa), after_create {{(pid=101930) _notify_loop /opt/stack/data/venv/lib/python3.12/site-packages/neutron_lib/callbacks/manager.py:184}}
Apr 02 04:09:46.699295 np0000162639 devstack@neutron-api.service[101930]: DEBUG neutron.api.rpc.handlers.resources_rpc [None req-b8ac84d9-0e01-4fe0-8d81-6170d4a7b046 admin admin] Pushing event updated for resources: {'Port': ['ID=eb694b43-5af6-403d-bf28-8a5fea4176aa,revision_number=1']} {{(pid=101930) push /opt/stack/neutron/neutron/api/rpc/handlers/resources_rpc.py:237}}
Apr 02 04:09:46.705286 np0000162639 devstack@neutron-api.service[101930]: DEBUG ovsdbapp.backend.ovs_idl.transaction [None req-b9a1d90e-6228-4f2d-b72f-9515f9e5552f None None] Running txn n=1 command(idx=0): AddLSwitchPortCommand(_result=None, lport=eb694b43-5af6-403d-bf28-8a5fea4176aa, lswitch=neutron-8edf2747-ef92-4f4a-8ede-a566572f1fc6, may_exist=True, network_uuid=8edf2747-ef92-4f4a-8ede-a566572f1fc6, columns={'addresses': ['fa:16:3e:71:1a:5b'], 'external_ids': {'neutron:port_name': '', 'neutron:device_id': 'ovnmeta-8edf2747-ef92-4f4a-8ede-a566572f1fc6', 'neutron:project_id': 'f8f7a6c4cec54f0a988011b94570eff9', 'neutron:cidrs': '', 'neutron:device_owner': 'network:distributed', 'neutron:subnet_pool_addr_scope4': '', 'neutron:subnet_pool_addr_scope6': '', 'neutron:network_name': 'neutron-8edf2747-ef92-4f4a-8ede-a566572f1fc6', 'neutron:security_group_ids': '', 'neutron:revision_number': '1', 'neutron:vnic_type': 'normal', 'neutron:port_capabilities': '', 'neutron:mtu': ''}, 'parent_name': [], 'tag': [], 'enabled': True, 'options': {}, 'type': 'localport', 'port_security': [], 'dhcpv4_options': [], 'dhcpv6_options': []}) {{(pid=101930) do_commit /opt/stack/data/venv/lib/python3.12/site-packages/ovsdbapp/backend/ovs_idl/transaction.py:89}}
Apr 02 04:09:46.706416 np0000162639 devstack@neutron-api.service[101930]: DEBUG ovsdbapp.backend.ovs_idl.transaction [None req-b9a1d90e-6228-4f2d-b72f-9515f9e5552f None None] Running txn n=1 command(idx=1): QoSDelCommand(_result=None, switch=neutron-8edf2747-ef92-4f4a-8ede-a566572f1fc6, conditions=[('direction', '=', 'to-lport'), ('priority', '=', 2002), ('match', '=', 'outport == "eb694b43-5af6-403d-bf28-8a5fea4176aa"')], if_exists=True) {{(pid=101930) do_commit /opt/stack/data/venv/lib/python3.12/site-packages/ovsdbapp/backend/ovs_idl/transaction.py:89}}
Apr 02 04:09:46.706881 np0000162639 devstack@neutron-api.service[101930]: DEBUG ovsdbapp.backend.ovs_idl.transaction [None req-b9a1d90e-6228-4f2d-b72f-9515f9e5552f None None] Running txn n=1 command(idx=2): QoSDelCommand(_result=None, switch=neutron-8edf2747-ef92-4f4a-8ede-a566572f1fc6, conditions=[('direction', '=', 'from-lport'), ('priority', '=', 2002), ('match', '=', 'inport == "eb694b43-5af6-403d-bf28-8a5fea4176aa"')], if_exists=True) {{(pid=101930) do_commit /opt/stack/data/venv/lib/python3.12/site-packages/ovsdbapp/backend/ovs_idl/transaction.py:89}}
Apr 02 04:09:46.714568 np0000162639 devstack@neutron-api.service[101929]: DEBUG neutron.plugins.ml2.drivers.ovn.mech_driver.ovsdb.ovsdb_monitor [None req-41d0c85e-f872-4b64-a77d-f5fe5c6c9cc3 None None] Touching Hash Ring node "7256a6badd8e5370851cd94ef56eb5a4" from IDL notify handler {{(pid=101929) notify /opt/stack/neutron/neutron/plugins/ml2/drivers/ovn/mech_driver/ovsdb/ovsdb_monitor.py:904}}
Apr 02 04:09:46.718980 np0000162639 devstack@neutron-api.service[101930]: DEBUG neutron.plugins.ml2.drivers.ovn.mech_driver.ovsdb.ovsdb_monitor [None req-e0d0f23c-97f7-4bc0-a2c4-8a666fd10232 None None] Hash Ring: Node 494807e4cf9e506da0a8dec33e50d8c6 (host: np0000162639) handling event "create" for row 31419c85-9049-4964-8a65-d5cbdb523a32 (table: Port_Binding) {{(pid=101930) notify /opt/stack/neutron/neutron/plugins/ml2/drivers/ovn/mech_driver/ovsdb/ovsdb_monitor.py:912}}
Apr 02 04:09:46.723601 np0000162639 devstack@neutron-api.service[101929]: DEBUG neutron.plugins.ml2.drivers.ovn.mech_driver.ovsdb.ovsdb_monitor [None req-41d0c85e-f872-4b64-a77d-f5fe5c6c9cc3 None None] Hash Ring: Node 7256a6badd8e5370851cd94ef56eb5a4 (host: np0000162639) handling event "update" for row 8edf2747-ef92-4f4a-8ede-a566572f1fc6 (table: Logical_Switch) {{(pid=101929) notify /opt/stack/neutron/neutron/plugins/ml2/drivers/ovn/mech_driver/ovsdb/ovsdb_monitor.py:912}}
Apr 02 04:09:46.724758 np0000162639 devstack@neutron-api.service[101929]: DEBUG neutron.plugins.ml2.drivers.ovn.mech_driver.ovsdb.ovsdb_monitor [None req-41d0c85e-f872-4b64-a77d-f5fe5c6c9cc3 None None] Touching Hash Ring node "7256a6badd8e5370851cd94ef56eb5a4" from IDL notify handler {{(pid=101929) notify /opt/stack/neutron/neutron/plugins/ml2/drivers/ovn/mech_driver/ovsdb/ovsdb_monitor.py:904}}
Apr 02 04:09:46.727194 np0000162639 devstack@neutron-api.service[101929]: DEBUG neutron.plugins.ml2.drivers.ovn.mech_driver.ovsdb.ovsdb_monitor [None req-41d0c85e-f872-4b64-a77d-f5fe5c6c9cc3 None None] Hash Ring: Node 7256a6badd8e5370851cd94ef56eb5a4 (host: np0000162639) handling event "create" for row 18e532d5-1154-4159-939c-9e03aeaa0c94 (table: Logical_Switch_Port) {{(pid=101929) notify /opt/stack/neutron/neutron/plugins/ml2/drivers/ovn/mech_driver/ovsdb/ovsdb_monitor.py:912}}
Apr 02 04:09:46.728586 np0000162639 devstack@neutron-api.service[101929]: DEBUG ovsdbapp.backend.ovs_idl.event [None req-41d0c85e-f872-4b64-a77d-f5fe5c6c9cc3 None None] Matched CREATE: LogicalSwitchPortCreateEvent(events=('create',), table='Logical_Switch_Port', conditions=[], old_conditions=None), priority=20 to row=Logical_Switch_Port(uuid=18e532d5-1154-4159-939c-9e03aeaa0c94, addresses=['fa:16:3e:71:1a:5b'], dhcpv4_options=[], dhcpv6_options=[], dynamic_addresses=[], enabled=True, external_ids={'neutron:cidrs': '', 'neutron:device_id': 'ovnmeta-8edf2747-ef92-4f4a-8ede-a566572f1fc6', 'neutron:device_owner': 'network:distributed', 'neutron:mtu': '', 'neutron:network_name': 'neutron-8edf2747-ef92-4f4a-8ede-a566572f1fc6', 'neutron:port_capabilities': '', 'neutron:port_name': '', 'neutron:project_id': 'f8f7a6c4cec54f0a988011b94570eff9', 'neutron:revision_number': '1', 'neutron:security_group_ids': '', 'neutron:subnet_pool_addr_scope4': '', 'neutron:subnet_pool_addr_scope6': '', 'neutron:vnic_type': 'normal'}, ha_chassis_group=[], mirror_rules=[], name='eb694b43-5af6-403d-bf28-8a5fea4176aa', options={}, parent_name=[], port_security=[], tag=[], tag_request=[], type='localport', up=[]) old= {{(pid=101929) matches /opt/stack/data/venv/lib/python3.12/site-packages/ovsdbapp/backend/ovs_idl/event.py:55}}
Apr 02 04:09:46.729667 np0000162639 devstack@neutron-api.service[101929]: INFO neutron.plugins.ml2.drivers.ovn.mech_driver.mech_driver [None req-649740fb-d37e-45ca-b01c-62af5bbd7023 None None] OVN reports status down for port: eb694b43-5af6-403d-bf28-8a5fea4176aa
Apr 02 04:09:46.731249 np0000162639 devstack@neutron-api.service[101929]: DEBUG neutron.plugins.ml2.drivers.ovn.mech_driver.ovsdb.ovsdb_monitor [None req-41d0c85e-f872-4b64-a77d-f5fe5c6c9cc3 None None] Touching Hash Ring node "7256a6badd8e5370851cd94ef56eb5a4" from IDL notify handler {{(pid=101929) notify /opt/stack/neutron/neutron/plugins/ml2/drivers/ovn/mech_driver/ovsdb/ovsdb_monitor.py:904}}
Apr 02 04:09:46.734187 np0000162639 devstack@neutron-api.service[101929]: DEBUG neutron.plugins.ml2.drivers.ovn.mech_driver.ovsdb.ovsdb_monitor [None req-41d0c85e-f872-4b64-a77d-f5fe5c6c9cc3 None None] Hash Ring: Node 7256a6badd8e5370851cd94ef56eb5a4 (host: np0000162639) handling event "update" for row 18e532d5-1154-4159-939c-9e03aeaa0c94 (table: Logical_Switch_Port) {{(pid=101929) notify /opt/stack/neutron/neutron/plugins/ml2/drivers/ovn/mech_driver/ovsdb/ovsdb_monitor.py:912}}
Apr 02 04:09:46.746978 np0000162639 devstack@neutron-api.service[101930]: INFO neutron.db.ovn_revision_numbers_db [None req-b8ac84d9-0e01-4fe0-8d81-6170d4a7b046 admin admin] Successfully bumped revision number for resource eb694b43-5af6-403d-bf28-8a5fea4176aa (type: ports) to 1
Apr 02 04:09:46.754397 np0000162639 devstack@neutron-api.service[101930]: DEBUG neutron.pecan_wsgi.hooks.policy_enforcement [None req-b8ac84d9-0e01-4fe0-8d81-6170d4a7b046 admin admin] Attributes excluded by policy engine: ['standard_attr_id'] {{(pid=101930) _exclude_attributes_by_policy /opt/stack/neutron/neutron/pecan_wsgi/hooks/policy_enforcement.py:258}}
Apr 02 04:09:46.754744 np0000162639 devstack@neutron-api.service[101930]: DEBUG neutron_lib.callbacks.manager [None req-b8ac84d9-0e01-4fe0-8d81-6170d4a7b046 admin admin] Publish callbacks [] for network (None), before_response {{(pid=101930) _notify_loop /opt/stack/data/venv/lib/python3.12/site-packages/neutron_lib/callbacks/manager.py:184}}
Apr 02 04:09:46.759742 np0000162639 devstack@neutron-api.service[101929]: DEBUG neutron.db.provisioning_blocks [None req-649740fb-d37e-45ca-b01c-62af5bbd7023 None None] Transition to ACTIVE for port object eb694b43-5af6-403d-bf28-8a5fea4176aa will not be triggered until provisioned by entity L2. {{(pid=101929) add_provisioning_component /opt/stack/neutron/neutron/db/provisioning_blocks.py:74}}
Apr 02 04:09:46.768227 np0000162639 devstack@neutron-api.service[101930]: [pid: 101930|app: 0|req: 23/93] 199.204.45.222 () {68 vars in 1358 bytes} [Thu Apr 2 04:09:46 2026] POST /networking/v2.0/networks => generated 683 bytes in 686 msecs (HTTP/1.1 201) 4 headers in 162 bytes (1 switches on core 0)
Apr 02 04:09:46.788233 np0000162639 devstack@neutron-api.service[101929]: DEBUG neutron.plugins.ml2.plugin [None req-649740fb-d37e-45ca-b01c-62af5bbd7023 None None] Current status of the port eb694b43-5af6-403d-bf28-8a5fea4176aa is: DOWN; New status is: DOWN {{(pid=101929) _update_individual_port_db_status /opt/stack/neutron/neutron/plugins/ml2/plugin.py:2468}}
Apr 02 04:09:46.789563 np0000162639 devstack@neutron-api.service[101929]: DEBUG ovsdbapp.backend.ovs_idl.transaction [None req-41d0c85e-f872-4b64-a77d-f5fe5c6c9cc3 None None] Running txn n=1 command(idx=0): DbRemoveCommand(_result=None, table=Logical_Switch_Port, record=eb694b43-5af6-403d-bf28-8a5fea4176aa, column=external_ids, values=('neutron:host_id',), keyvalues={}, if_exists=True) {{(pid=101929) do_commit /opt/stack/data/venv/lib/python3.12/site-packages/ovsdbapp/backend/ovs_idl/transaction.py:89}}
Apr 02 04:09:46.971190 np0000162639 devstack@neutron-api.service[101931]: INFO neutron.pecan_wsgi.hooks.translation [None req-91878263-6081-455a-955b-407546344b29 admin admin] GET failed (client error): The resource could not be found.
Apr 02 04:09:46.971973 np0000162639 devstack@neutron-api.service[101931]: [pid: 101931|app: 0|req: 25/94] 199.204.45.222 () {64 vars in 1334 bytes} [Thu Apr 2 04:09:46 2026] GET /networking/v2.0/networks/admin_net => generated 111 bytes in 12 msecs (HTTP/1.1 404) 4 headers in 164 bytes (1 switches on core 0)
Apr 02 04:09:47.023531 np0000162639 devstack@neutron-api.service[101928]: DEBUG neutron.pecan_wsgi.hooks.policy_enforcement [None req-33fddcbf-813f-4d8a-ad37-ff21c04326a6 admin admin] Attributes excluded by policy engine: ['standard_attr_id'] {{(pid=101928) _exclude_attributes_by_policy /opt/stack/neutron/neutron/pecan_wsgi/hooks/policy_enforcement.py:258}}
Apr 02 04:09:47.024197 np0000162639 devstack@neutron-api.service[101928]: [pid: 101928|app: 0|req: 24/95] 199.204.45.222 () {64 vars in 1346 bytes} [Thu Apr 2 04:09:46 2026] GET /networking/v2.0/networks?name=admin_net => generated 667 bytes in 42 msecs (HTTP/1.1 200) 4 headers in 157 bytes (1 switches on core 0)
Apr 02 04:09:47.226188 np0000162639 devstack@neutron-api.service[101929]: INFO neutron.pecan_wsgi.hooks.translation [None req-c2f96085-a23d-4f72-ab96-1e60934da4ad admin admin] GET failed (client error): The resource could not be found.
Apr 02 04:09:47.227494 np0000162639 devstack@neutron-api.service[101929]: [pid: 101929|app: 0|req: 24/96] 199.204.45.222 () {64 vars in 1340 bytes} [Thu Apr 2 04:09:47 2026] GET /networking/v2.0/subnets/admin_subnet => generated 112 bytes in 14 msecs (HTTP/1.1 404) 4 headers in 164 bytes (1 switches on core 0)
Apr 02 04:09:47.258944 np0000162639 devstack@neutron-api.service[101930]: [pid: 101930|app: 0|req: 24/97] 199.204.45.222 () {64 vars in 1349 bytes} [Thu Apr 2 04:09:47 2026] GET /networking/v2.0/subnets?name=admin_subnet => generated 14 bytes in 20 msecs (HTTP/1.1 200) 4 headers in 156 bytes (1 switches on core 0)
Apr 02 04:09:47.510174 np0000162639 devstack@neutron-api.service[101931]: DEBUG neutron.pecan_wsgi.hooks.policy_enforcement [None req-98779f97-1701-4f60-afda-8001ad92c6da admin admin] Attributes excluded by policy engine: ['standard_attr_id'] {{(pid=101931) _exclude_attributes_by_policy /opt/stack/neutron/neutron/pecan_wsgi/hooks/policy_enforcement.py:258}}
Apr 02 04:09:47.510796 np0000162639 devstack@neutron-api.service[101931]: [pid: 101931|app: 0|req: 26/98] 199.204.45.222 () {64 vars in 1415 bytes} [Thu Apr 2 04:09:47 2026] GET /networking/v2.0/networks/8edf2747-ef92-4f4a-8ede-a566572f1fc6 => generated 664 bytes in 28 msecs (HTTP/1.1 200) 4 headers in 157 bytes (1 switches on core 0)
Apr 02 04:09:47.529406 np0000162639 devstack@neutron-api.service[101928]: DEBUG neutron.api.v2.base [None req-060f7447-67ba-4803-950c-4c10d0836d82 admin admin] Request body: {'subnet': {'project_id': 'f8f7a6c4cec54f0a988011b94570eff9', 'ip_version': 4, 'cidr': '10.2.5.0/24', 'name': 'admin_subnet', 'network_id': '8edf2747-ef92-4f4a-8ede-a566572f1fc6', 'gateway_ip': None}} {{(pid=101928) prepare_request_body /opt/stack/neutron/neutron/api/v2/base.py:729}}
Apr 02 04:09:47.545638 np0000162639 devstack@neutron-api.service[101928]: DEBUG neutron.pecan_wsgi.hooks.quota_enforcement [None req-060f7447-67ba-4803-950c-4c10d0836d82 admin admin] Made reservation on behalf of f8f7a6c4cec54f0a988011b94570eff9 for: {'subnet': 1} {{(pid=101928) before /opt/stack/neutron/neutron/pecan_wsgi/hooks/quota_enforcement.py:66}}
Apr 02 04:09:47.549142 np0000162639 devstack@neutron-api.service[101928]: DEBUG neutron_lib.callbacks.manager [None req-060f7447-67ba-4803-950c-4c10d0836d82 admin admin] Publish callbacks [] for subnet (None), before_create {{(pid=101928) _notify_loop /opt/stack/data/venv/lib/python3.12/site-packages/neutron_lib/callbacks/manager.py:184}}
Apr 02 04:09:47.612843 np0000162639 devstack@neutron-api.service[101928]: DEBUG neutron.db.ovn_revision_numbers_db [None req-060f7447-67ba-4803-950c-4c10d0836d82 admin admin] create_initial_revision uuid=8c4051b0-b3ae-4126-b5fe-9b2af46f8b15, type=subnets, rev=-1 {{(pid=101928) create_initial_revision /opt/stack/neutron/neutron/db/ovn_revision_numbers_db.py:98}}
Apr 02 04:09:47.620865 np0000162639 devstack@neutron-api.service[101928]: DEBUG neutron_lib.callbacks.manager [None req-060f7447-67ba-4803-950c-4c10d0836d82 admin admin] Publish callbacks ['neutron.plugins.ml2.ovo_rpc._ObjectChangeHandler.handle_event-15894887'] for subnet (8c4051b0-b3ae-4126-b5fe-9b2af46f8b15), after_create {{(pid=101928) _notify_loop /opt/stack/data/venv/lib/python3.12/site-packages/neutron_lib/callbacks/manager.py:184}}
Apr 02 04:09:47.634836 np0000162639 devstack@neutron-api.service[101928]: DEBUG neutron.api.rpc.handlers.resources_rpc [None req-060f7447-67ba-4803-950c-4c10d0836d82 admin admin] Pushing event updated for resources: {'Subnet': ['ID=8c4051b0-b3ae-4126-b5fe-9b2af46f8b15,revision_number=0']} {{(pid=101928) push /opt/stack/neutron/neutron/api/rpc/handlers/resources_rpc.py:237}}
Apr 02 04:09:47.686907 np0000162639 devstack@neutron-api.service[101928]: DEBUG neutron_lib.callbacks.manager [None req-060f7447-67ba-4803-950c-4c10d0836d82 admin admin] Publish callbacks ['neutron.plugins.ml2.plugin.SecurityGroupDbMixin._ensure_default_security_group_handler-322817', 'neutron.services.ovn_l3.plugin.OVNL3RouterPlugin._port_update-8190577278116', 'neutron.db.l3_db.L3_NAT_dbonly_mixin._prevent_internal_ip_change_for_fip-8190578798502'] for port (eb694b43-5af6-403d-bf28-8a5fea4176aa), before_update {{(pid=101928) _notify_loop /opt/stack/data/venv/lib/python3.12/site-packages/neutron_lib/callbacks/manager.py:184}}
Apr 02 04:09:47.768973 np0000162639 devstack@neutron-api.service[101928]: DEBUG neutron.db.db_base_plugin_common [None req-060f7447-67ba-4803-950c-4c10d0836d82 admin admin] Allocated IP 10.2.5.1 (8edf2747-ef92-4f4a-8ede-a566572f1fc6/8c4051b0-b3ae-4126-b5fe-9b2af46f8b15/eb694b43-5af6-403d-bf28-8a5fea4176aa) {{(pid=101928) _store_ip_allocation /opt/stack/neutron/neutron/db/db_base_plugin_common.py:131}}
Apr 02 04:09:47.830509 np0000162639 devstack@neutron-api.service[101928]: DEBUG neutron_lib.callbacks.manager [None req-060f7447-67ba-4803-950c-4c10d0836d82 admin admin] Publish callbacks [] for port (eb694b43-5af6-403d-bf28-8a5fea4176aa), precommit_update {{(pid=101928) _notify_loop /opt/stack/data/venv/lib/python3.12/site-packages/neutron_lib/callbacks/manager.py:184}}
Apr 02 04:09:47.830663 np0000162639 devstack@neutron-api.service[101928]: DEBUG neutron.plugins.ml2.drivers.ovn.mech_driver.mech_driver [None req-060f7447-67ba-4803-950c-4c10d0836d82 admin admin] No provisioning block for port eb694b43-5af6-403d-bf28-8a5fea4176aa since it does not have a host {{(pid=101928) _is_port_provisioning_required /opt/stack/neutron/neutron/plugins/ml2/drivers/ovn/mech_driver/mech_driver.py:884}}
Apr 02 04:09:47.842048 np0000162639 devstack@neutron-api.service[101928]: DEBUG neutron_lib.callbacks.manager [None req-060f7447-67ba-4803-950c-4c10d0836d82 admin admin] Publish callbacks ['neutron.plugins.ml2.ovo_rpc._ObjectChangeHandler.handle_event-15894954', 'neutron.db.l3_db.L3RpcNotifierMixin._notify_gateway_port_ip_changed-8190578804616', 'neutron.services.ovn_l3.plugin.OVNL3RouterPlugin._port_update-8190577278116'] for port (eb694b43-5af6-403d-bf28-8a5fea4176aa), after_update {{(pid=101928) _notify_loop /opt/stack/data/venv/lib/python3.12/site-packages/neutron_lib/callbacks/manager.py:184}}
Apr 02 04:09:47.867644 np0000162639 devstack@neutron-api.service[101928]: DEBUG neutron.api.rpc.handlers.resources_rpc [None req-060f7447-67ba-4803-950c-4c10d0836d82 admin admin] Pushing event updated for resources: {'Port': ['ID=eb694b43-5af6-403d-bf28-8a5fea4176aa,revision_number=2']} {{(pid=101928) push /opt/stack/neutron/neutron/api/rpc/handlers/resources_rpc.py:237}}
Apr 02 04:09:47.953331 np0000162639 devstack@neutron-api.service[101928]: DEBUG ovsdbapp.backend.ovs_idl.transaction [None req-4902729c-42f7-491a-9ef2-d05b6f7a7584 None None] Running txn n=1 command(idx=0): CheckRevisionNumberCommand(_result=None, name=eb694b43-5af6-403d-bf28-8a5fea4176aa, resource={'id': 'eb694b43-5af6-403d-bf28-8a5fea4176aa', 'name': '', 'network_id': '8edf2747-ef92-4f4a-8ede-a566572f1fc6', 'project_id': 'f8f7a6c4cec54f0a988011b94570eff9', 'mac_address': 'fa:16:3e:71:1a:5b', 'admin_state_up': True, 'status': 'DOWN', 'device_id': 'ovnmeta-8edf2747-ef92-4f4a-8ede-a566572f1fc6', 'device_owner': 'network:distributed', 'standard_attr_id': 44, 'fixed_ips': [{'subnet_id': '8c4051b0-b3ae-4126-b5fe-9b2af46f8b15', 'ip_address': '10.2.5.1'}], 'allowed_address_pairs': [], 'extra_dhcp_opts': [], 'security_groups': [], 'description': '', 'binding:vnic_type': 'normal', 'binding:profile': {}, 'binding:host_id': '', 'binding:vif_type': 'unbound', 'binding:vif_details': {}, 'port_security_enabled': False, 'tags': [], 'created_at': '2026-04-02T04:09:46Z', 'updated_at': '2026-04-02T04:09:47Z', 'revision_number': 2, 'tenant_id': 'f8f7a6c4cec54f0a988011b94570eff9', 'network': {'id': '8edf2747-ef92-4f4a-8ede-a566572f1fc6', 'name': 'admin_net', 'tenant_id': 'f8f7a6c4cec54f0a988011b94570eff9', 'project_id': 'f8f7a6c4cec54f0a988011b94570eff9', 'admin_state_up': True, 'mtu': 1372, 'status': 'ACTIVE', 'subnets': ['8c4051b0-b3ae-4126-b5fe-9b2af46f8b15'], 'standard_attr_id': 42, 'shared': False, 'availability_zone_hints': [], 'availability_zones': [], 'ipv4_address_scope': None, 'ipv6_address_scope': None, 'router:external': False, 'qinq': False, 'vlan_transparent': False, 'description': '', 'port_security_enabled': True, 'tags': [], 'created_at': '2026-04-02T04:09:46Z', 'updated_at': '2026-04-02T04:09:47Z', 'revision_number': 2, 'provider:network_type': 'geneve', 'provider:physical_network': None, 'provider:segmentation_id': 16958}}, resource_type=ports, if_exists=True) {{(pid=101928) do_commit /opt/stack/data/venv/lib/python3.12/site-packages/ovsdbapp/backend/ovs_idl/transaction.py:89}}
Apr 02 04:09:47.953681 np0000162639 devstack@neutron-api.service[101928]: DEBUG ovsdbapp.backend.ovs_idl.transaction [None req-4902729c-42f7-491a-9ef2-d05b6f7a7584 None None] Running txn n=1 command(idx=1): AddDHCPOptionsCommand(_result=None, columns={'cidr': '10.2.5.0/24', 'options': {'server_id': '10.2.5.1', 'lease_time': '43200', 'mtu': '1372', 'server_mac': 'fa:16:3e:cf:7a:b3', 'dns_server': '{127.0.0.53}', 'classless_static_route': '{169.254.169.254/32,10.2.5.1}'}, 'external_ids': {'subnet_id': '8c4051b0-b3ae-4126-b5fe-9b2af46f8b15', 'neutron:network_id': '8edf2747-ef92-4f4a-8ede-a566572f1fc6', 'neutron:revision_number': '0'}}, may_exist=True, subnet_id=8c4051b0-b3ae-4126-b5fe-9b2af46f8b15, port_id=None, new_insert=False) {{(pid=101928) do_commit /opt/stack/data/venv/lib/python3.12/site-packages/ovsdbapp/backend/ovs_idl/transaction.py:89}}
