+ COMMAND=start + start + for KEYSTONE_WSGI_SCRIPT in keystone-wsgi-public ++ type -p keystone-wsgi-public + cp -a /var/lib/openstack/bin/keystone-wsgi-public /var/www/cgi-bin/keystone/ + '[' -f /etc/apache2/envvars ']' + source /etc/apache2/envvars ++ unset HOME ++ '[' '' '!=' '' ']' ++ SUFFIX= ++ export APACHE_RUN_USER=www-data ++ APACHE_RUN_USER=www-data ++ export APACHE_RUN_GROUP=www-data ++ APACHE_RUN_GROUP=www-data ++ export APACHE_PID_FILE=/var/run/apache2/apache2.pid ++ APACHE_PID_FILE=/var/run/apache2/apache2.pid ++ export APACHE_RUN_DIR=/var/run/apache2 ++ APACHE_RUN_DIR=/var/run/apache2 ++ export APACHE_LOCK_DIR=/var/lock/apache2 ++ APACHE_LOCK_DIR=/var/lock/apache2 ++ export APACHE_LOG_DIR=/var/log/apache2 ++ APACHE_LOG_DIR=/var/log/apache2 ++ export LANG=C ++ LANG=C ++ export LANG + '[' -f /var/run/apache2/apache2.pid ']' + exec apache2 -DFOREGROUND AH00558: apache2: Could not reliably determine the server's fully qualified domain name, using 10.0.0.207. Set the 'ServerName' directive globally to suppress this message AH00558: apache2: Could not reliably determine the server's fully qualified domain name, using 10.0.0.207. Set the 'ServerName' directive globally to suppress this message
[Fri Jun 19 23:10:22.743592 2026] [mpm_event:notice] [pid 1:tid 140425192138624] AH00489: Apache/2.4.58 (Ubuntu) mod_wsgi/5.0.0 Python/3.12 configured -- resuming normal operations
[Fri Jun 19 23:10:22.743754 2026] [core:notice] [pid 1:tid 140425192138624] AH00094: Command line: 'apache2 -D FOREGROUND'
[Fri Jun 19 23:11:20.264445 2026] [wsgi:error] [pid 9:tid 140424554317504] /var/lib/openstack/lib/python3.12/site-packages/oslo_utils/importutils.py:77: EventletDeprecationWarning:
[Fri Jun 19 23:11:20.264484 2026] [wsgi:error] [pid 9:tid 140424554317504] Eventlet is deprecated. It is currently being maintained in bugfix mode, and
[Fri Jun 19 23:11:20.264486 2026] [wsgi:error] [pid 9:tid 140424554317504] we strongly recommend against using it for new projects.
[Fri Jun 19 23:11:20.264488 2026] [wsgi:error] [pid 9:tid 140424554317504]
[Fri Jun 19 23:11:20.264489 2026] [wsgi:error] [pid 9:tid 140424554317504] If you are already using Eventlet, we recommend migrating to a different
[Fri Jun 19 23:11:20.264490 2026] [wsgi:error] [pid 9:tid 140424554317504] framework. For more detail see
[Fri Jun 19 23:11:20.264491 2026] [wsgi:error] [pid 9:tid 140424554317504] https://eventlet.readthedocs.io/en/latest/asyncio/migration.html
[Fri Jun 19 23:11:20.264492 2026] [wsgi:error] [pid 9:tid 140424554317504]
[Fri Jun 19 23:11:20.264493 2026] [wsgi:error] [pid 9:tid 140424554317504] __import__(import_str)
[Fri Jun 19 23:11:20.277814 2026] [wsgi:error] [pid 11:tid 140424554317504] /var/lib/openstack/lib/python3.12/site-packages/oslo_utils/importutils.py:77: EventletDeprecationWarning:
[Fri Jun 19 23:11:20.277851 2026] [wsgi:error] [pid 11:tid 140424554317504] Eventlet is deprecated. It is currently being maintained in bugfix mode, and
[Fri Jun 19 23:11:20.277853 2026] [wsgi:error] [pid 11:tid 140424554317504] we strongly recommend against using it for new projects.
[Fri Jun 19 23:11:20.277855 2026] [wsgi:error] [pid 11:tid 140424554317504]
[Fri Jun 19 23:11:20.277856 2026] [wsgi:error] [pid 11:tid 140424554317504] If you are already using Eventlet, we recommend migrating to a different
[Fri Jun 19 23:11:20.277857 2026] [wsgi:error] [pid 11:tid 140424554317504] framework. For more detail see
[Fri Jun 19 23:11:20.277858 2026] [wsgi:error] [pid 11:tid 140424554317504] https://eventlet.readthedocs.io/en/latest/asyncio/migration.html
[Fri Jun 19 23:11:20.277859 2026] [wsgi:error] [pid 11:tid 140424554317504]
[Fri Jun 19 23:11:20.277860 2026] [wsgi:error] [pid 11:tid 140424554317504] __import__(import_str) 10.0.0.193 - - [19/Jun/2026:23:11:19 +0000] "GET /v3/ HTTP/1.1" 200 250 10.0.0.193 - - [19/Jun/2026:23:11:19 +0000] "GET /v3/ HTTP/1.1" 200 250
[Fri Jun 19 23:11:25.718799 2026] [wsgi:error] [pid 12:tid 140424554317504] /var/lib/openstack/lib/python3.12/site-packages/oslo_utils/importutils.py:77: EventletDeprecationWarning:
[Fri Jun 19 23:11:25.718848 2026] [wsgi:error] [pid 12:tid 140424554317504] Eventlet is deprecated. It is currently being maintained in bugfix mode, and
[Fri Jun 19 23:11:25.718850 2026] [wsgi:error] [pid 12:tid 140424554317504] we strongly recommend against using it for new projects.
[Fri Jun 19 23:11:25.718851 2026] [wsgi:error] [pid 12:tid 140424554317504]
[Fri Jun 19 23:11:25.718852 2026] [wsgi:error] [pid 12:tid 140424554317504] If you are already using Eventlet, we recommend migrating to a different
[Fri Jun 19 23:11:25.718853 2026] [wsgi:error] [pid 12:tid 140424554317504] framework. For more detail see
[Fri Jun 19 23:11:25.718854 2026] [wsgi:error] [pid 12:tid 140424554317504] https://eventlet.readthedocs.io/en/latest/asyncio/migration.html
[Fri Jun 19 23:11:25.718856 2026] [wsgi:error] [pid 12:tid 140424554317504]
[Fri Jun 19 23:11:25.718857 2026] [wsgi:error] [pid 12:tid 140424554317504] __import__(import_str) 10.0.0.193 - - [19/Jun/2026:23:11:24 +0000] "GET /v3/ HTTP/1.1" 200 250
[Fri Jun 19 23:11:33.754391 2026] [wsgi:error] [pid 10:tid 140424554317504] /var/lib/openstack/lib/python3.12/site-packages/oslo_utils/importutils.py:77: EventletDeprecationWarning:
[Fri Jun 19 23:11:33.754435 2026] [wsgi:error] [pid 10:tid 140424554317504] Eventlet is deprecated. It is currently being maintained in bugfix mode, and
[Fri Jun 19 23:11:33.754437 2026] [wsgi:error] [pid 10:tid 140424554317504] we strongly recommend against using it for new projects.
[Fri Jun 19 23:11:33.754438 2026] [wsgi:error] [pid 10:tid 140424554317504]
[Fri Jun 19 23:11:33.754439 2026] [wsgi:error] [pid 10:tid 140424554317504] If you are already using Eventlet, we recommend migrating to a different
[Fri Jun 19 23:11:33.754440 2026] [wsgi:error] [pid 10:tid 140424554317504] framework. For more detail see
[Fri Jun 19 23:11:33.754442 2026] [wsgi:error] [pid 10:tid 140424554317504] https://eventlet.readthedocs.io/en/latest/asyncio/migration.html
[Fri Jun 19 23:11:33.754443 2026] [wsgi:error] [pid 10:tid 140424554317504]
[Fri Jun 19 23:11:33.754444 2026] [wsgi:error] [pid 10:tid 140424554317504] __import__(import_str) 10.0.0.39 - - [19/Jun/2026:23:11:32 +0000] "GET / HTTP/1.1" 300 295
[Fri Jun 19 23:11:38.475030 2026] [wsgi:error] [pid 9:tid 140424554317504] [remote 10.0.0.39:51272] 2026-06-19 23:11:38.471 9 WARNING keystone.identity.core [None req-c5efc685-5a10-4050-8b27-309748c68a23 - - - - - -] Invalid domain name (atmosphere) found in config file name: keystone.exception.DomainNotFound: Could not find domain: atmosphere.
[Fri Jun 19 23:11:38.542526 2026] [wsgi:error] [pid 9:tid 140424554317504] [remote 10.0.0.39:51272] 2026-06-19 23:11:38.541 9 WARNING keystone.common.password_hashing [None req-c5efc685-5a10-4050-8b27-309748c68a23 - - - - - -] Truncating password to algorithm specific maximum length 72 characters.
[Fri Jun 19 23:11:38.829877 2026] [wsgi:error] [pid 9:tid 140424554317504] [remote 10.0.0.39:51272] 2026-06-19 23:11:38.829 9 WARNING keystone.common.fernet_utils [None req-c5efc685-5a10-4050-8b27-309748c68a23 - - - - - -] key_repository is world readable: /etc/keystone/fernet-keys/ 10.0.0.39 - - [19/Jun/2026:23:11:38 +0000] "POST /v3/auth/tokens HTTP/1.1" 201 1360
[Fri Jun 19 23:11:39.213206 2026] [wsgi:error] [pid 11:tid 140424554317504] [remote 10.0.0.39:51272] 2026-06-19 23:11:39.210 11 WARNING keystone.identity.core [None req-19217dd7-72af-4e90-9e30-8c40810c0a94 - - - - - -] Invalid domain name (atmosphere) found in config file name: keystone.exception.DomainNotFound: Could not find domain: atmosphere. 10.0.0.39 - - [19/Jun/2026:23:11:39 +0000] "POST /v3/domains HTTP/1.1" 201 261 10.0.0.20 - - [19/Jun/2026:23:11:51 +0000] "GET / HTTP/1.1" 300 295
[Fri Jun 19 23:11:51.408348 2026] [wsgi:error] [pid 10:tid 140424554317504] [remote 10.0.0.20:38538] 2026-06-19 23:11:51.407 10 WARNING keystone.common.password_hashing [None req-d3d214ed-be25-49e9-a9de-8b5febf65112 - - - - - -] Truncating password to algorithm specific maximum length 72 characters.
[Fri Jun 19 23:11:51.680149 2026] [wsgi:error] [pid 10:tid 140424554317504] [remote 10.0.0.20:38538] 2026-06-19 23:11:51.679 10 WARNING keystone.common.fernet_utils [None req-d3d214ed-be25-49e9-a9de-8b5febf65112 - - - - - -] key_repository is world readable: /etc/keystone/fernet-keys/ 10.0.0.20 - - [19/Jun/2026:23:11:51 +0000] "POST /v3/auth/tokens HTTP/1.1" 201 1360 10.0.0.20 - - [19/Jun/2026:23:11:51 +0000] "GET /v3/roles/admin HTTP/1.1" 404 83
[Fri Jun 19 23:11:51.944898 2026] [wsgi:error] [pid 11:tid 140424554317504] [remote 10.0.0.20:38538] 2026-06-19 23:11:51.944 11 WARNING keystone.common.rbac_enforcer.enforcer [None req-68e8aebd-3854-44c5-a825-31d06377f867 9935dbf78dfd4bd19bb6c09c2447e921 29cb42958a784584810cf592d3bddfc2 - - default default] Deprecated policy rules found. Use oslopolicy-policy-generator and oslopolicy-policy-upgrade to detect and resolve deprecated policies in your configuration. 10.0.0.20 - - [19/Jun/2026:23:11:51 +0000] "GET /v3/roles?name=admin HTTP/1.1" 200 389
[Fri Jun 19 23:11:52.437862 2026] [wsgi:error] [pid 12:tid 140424554317504] [remote 10.0.0.20:38538] 2026-06-19 23:11:52.437 12 WARNING keystone.common.rbac_enforcer.enforcer [None req-e86eb3be-c51b-4c0c-b6a7-12bc97426ffe 9935dbf78dfd4bd19bb6c09c2447e921 29cb42958a784584810cf592d3bddfc2 - - default default] Deprecated policy rules found. Use oslopolicy-policy-generator and oslopolicy-policy-upgrade to detect and resolve deprecated policies in your configuration. 10.0.0.20 - - [19/Jun/2026:23:11:52 +0000] "GET /v3/users/admin-RegionOne HTTP/1.1" 404 93
[Fri Jun 19 23:11:52.575780 2026] [wsgi:error] [pid 10:tid 140424554317504] [remote 10.0.0.20:38538] 2026-06-19 23:11:52.575 10 WARNING keystone.common.rbac_enforcer.enforcer [None req-eb1c7998-8c15-4381-b193-d05b0c99c7f3 9935dbf78dfd4bd19bb6c09c2447e921 29cb42958a784584810cf592d3bddfc2 - - default default] Deprecated policy rules found. Use oslopolicy-policy-generator and oslopolicy-policy-upgrade to detect and resolve deprecated policies in your configuration. 10.0.0.20 - - [19/Jun/2026:23:11:52 +0000] "GET /v3/users?name=admin-RegionOne HTTP/1.1" 200 422
[Fri Jun 19 23:11:52.732121 2026] [wsgi:error] [pid 9:tid 140424554317504] [remote 10.0.0.20:38538] 2026-06-19 23:11:52.731 9 WARNING keystone.common.rbac_enforcer.enforcer [None req-4ff01ec2-1db0-40c4-9d4b-d76dc5260223 9935dbf78dfd4bd19bb6c09c2447e921 29cb42958a784584810cf592d3bddfc2 - - default default] Deprecated policy rules found. Use oslopolicy-policy-generator and oslopolicy-policy-upgrade to detect and resolve deprecated policies in your configuration. 10.0.0.20 - - [19/Jun/2026:23:11:52 +0000] "GET /v3/domains/default HTTP/1.1" 200 224 10.0.0.20 - - [19/Jun/2026:23:11:52 +0000] "PUT /v3/domains/default/users/9935dbf78dfd4bd19bb6c09c2447e921/roles/79139b3c31ea4794b15114e931ad97b9 HTTP/1.1" 204 - 10.0.0.193 - - [19/Jun/2026:23:12:02 +0000] "GET / HTTP/1.1" 300 281 10.0.0.193 - - [19/Jun/2026:23:12:03 +0000] "GET /v3 HTTP/1.1" 200 266
[Fri Jun 19 23:12:03.668098 2026] [wsgi:error] [pid 9:tid 140424554317504] [remote 10.0.0.193:49802] 2026-06-19 23:12:03.667 9 WARNING keystone.common.password_hashing [None req-c882de06-3056-4cb3-ba0b-ab300c913870 - - - - - -] Truncating password to algorithm specific maximum length 72 characters.
[Fri Jun 19 23:12:03.944615 2026] [wsgi:error] [pid 9:tid 140424554317504] [remote 10.0.0.193:49802] 2026-06-19 23:12:03.944 9 WARNING keystone.common.fernet_utils [None req-c882de06-3056-4cb3-ba0b-ab300c913870 - - - - - -] key_repository is world readable: /etc/keystone/fernet-keys/ 10.0.0.193 - - [19/Jun/2026:23:12:03 +0000] "POST /v3/auth/tokens HTTP/1.1" 201 1360 10.0.0.193 - - [19/Jun/2026:23:12:03 +0000] "GET / HTTP/1.1" 300 281 10.0.0.193 - - [19/Jun/2026:23:12:03 +0000] "GET /v3/domains/atmosphere HTTP/1.1" 404 90 10.0.0.193 - - [19/Jun/2026:23:12:04 +0000] "GET /v3/domains?name=atmosphere HTTP/1.1" 200 370 10.0.0.193 - - [19/Jun/2026:23:12:04 +0000] "GET /v3/domains/957abdde053849249629aabdf6305785 HTTP/1.1" 200 247 10.0.0.193 - - [19/Jun/2026:23:12:04 +0000] "GET /v3 HTTP/1.1" 200 266
[Fri Jun 19 23:12:04.983523 2026] [wsgi:error] [pid 12:tid 140424554317504] [remote 10.0.0.193:49802] 2026-06-19 23:12:04.983 12 WARNING keystone.common.password_hashing [None req-eeced745-c0c9-4c9f-afd9-e304d7b6235f - - - - - -] Truncating password to algorithm specific maximum length 72 characters.
[Fri Jun 19 23:12:05.254115 2026] [wsgi:error] [pid 12:tid 140424554317504] [remote 10.0.0.193:49802] 2026-06-19 23:12:05.253 12 WARNING keystone.common.fernet_utils [None req-eeced745-c0c9-4c9f-afd9-e304d7b6235f - - - - - -] key_repository is world readable: /etc/keystone/fernet-keys/ 10.0.0.193 - - [19/Jun/2026:23:12:04 +0000] "POST /v3/auth/tokens HTTP/1.1" 201 1360 10.0.0.193 - - [19/Jun/2026:23:12:05 +0000] "GET / HTTP/1.1" 300 281 10.0.0.193 - - [19/Jun/2026:23:12:05 +0000] "GET /v3/OS-FEDERATION/identity_providers/atmosphere HTTP/1.1" 404 101 10.0.0.193 - - [19/Jun/2026:23:12:05 +0000] "GET /v3/OS-FEDERATION/identity_providers HTTP/1.1" 200 156 10.0.0.193 - - [19/Jun/2026:23:12:05 +0000] "PUT /v3/OS-FEDERATION/identity_providers/atmosphere HTTP/1.1" 201 342 10.0.0.193 - - [19/Jun/2026:23:12:06 +0000] "GET /v3 HTTP/1.1" 200 266
[Fri Jun 19 23:12:06.103278 2026] [wsgi:error] [pid 9:tid 140424554317504] [remote 10.0.0.193:49794] 2026-06-19 23:12:06.103 9 WARNING keystone.common.password_hashing [None req-8c87f9ac-e997-41ca-957e-d2d0abde17e7 - - - - - -] Truncating password to algorithm specific maximum length 72 characters.
[Fri Jun 19 23:12:06.380763 2026] [wsgi:error] [pid 9:tid 140424554317504] [remote 10.0.0.193:49794] 2026-06-19 23:12:06.380 9 WARNING keystone.common.fernet_utils [None req-8c87f9ac-e997-41ca-957e-d2d0abde17e7 - - - - - -] key_repository is world readable: /etc/keystone/fernet-keys/ 10.0.0.193 - - [19/Jun/2026:23:12:06 +0000] "POST /v3/auth/tokens HTTP/1.1" 201 1360 10.0.0.193 - - [19/Jun/2026:23:12:06 +0000] "GET / HTTP/1.1" 300 281 10.0.0.193 - - [19/Jun/2026:23:12:06 +0000] "GET /v3/OS-FEDERATION/mappings/atmosphere-openid HTTP/1.1" 404 98 10.0.0.193 - - [19/Jun/2026:23:12:06 +0000] "GET /v3/OS-FEDERATION/mappings HTTP/1.1" 200 136 10.0.0.193 - - [19/Jun/2026:23:12:06 +0000] "PUT /v3/OS-FEDERATION/mappings/atmosphere-openid HTTP/1.1" 201 357 10.0.0.193 - - [19/Jun/2026:23:12:07 +0000] "GET /v3 HTTP/1.1" 200 266
[Fri Jun 19 23:12:07.181945 2026] [wsgi:error] [pid 12:tid 140424554317504] [remote 10.0.0.193:49802] 2026-06-19 23:12:07.181 12 WARNING keystone.common.password_hashing [None req-aecde200-d276-437e-a1a0-54c35ef226b3 - - - - - -] Truncating password to algorithm specific maximum length 72 characters.
[Fri Jun 19 23:12:07.454502 2026] [wsgi:error] [pid 12:tid 140424554317504] [remote 10.0.0.193:49802] 2026-06-19 23:12:07.454 12 WARNING keystone.common.fernet_utils [None req-aecde200-d276-437e-a1a0-54c35ef226b3 - - - - - -] key_repository is world readable: /etc/keystone/fernet-keys/ 10.0.0.193 - - [19/Jun/2026:23:12:07 +0000] "POST /v3/auth/tokens HTTP/1.1" 201 1360 10.0.0.193 - - [19/Jun/2026:23:12:07 +0000] "GET / HTTP/1.1" 300 281 10.0.0.193 - - [19/Jun/2026:23:12:07 +0000] "GET /v3/OS-FEDERATION/identity_providers/atmosphere/protocols/openid?idp_id=atmosphere HTTP/1.1" 404 131 10.0.0.193 - - [19/Jun/2026:23:12:07 +0000] "GET /v3/OS-FEDERATION/identity_providers/atmosphere/protocols HTTP/1.1" 200 168 10.0.0.193 - - [19/Jun/2026:23:12:07 +0000] "PUT /v3/OS-FEDERATION/identity_providers/atmosphere/protocols/openid HTTP/1.1" 201 224 10.0.0.193 - - [19/Jun/2026:23:12:19 +0000] "GET /v3/ HTTP/1.1" 200 250 10.0.0.193 - - [19/Jun/2026:23:12:19 +0000] "GET /v3/ HTTP/1.1" 200 250 10.0.0.193 - - [19/Jun/2026:23:13:19 +0000] "GET /v3/ HTTP/1.1" 200 250 10.0.0.193 - - [19/Jun/2026:23:13:19 +0000] "GET /v3/ HTTP/1.1" 200 250 10.0.0.52 - - [19/Jun/2026:23:13:30 +0000] "GET / HTTP/1.1" 300 295
[Fri Jun 19 23:13:30.045200 2026] [wsgi:error] [pid 12:tid 140424554317504] [remote 10.0.0.52:56564] 2026-06-19 23:13:30.045 12 WARNING keystone.common.password_hashing [None req-c4387f85-ad23-474e-b7c7-ad1697d06fc9 - - - - - -] Truncating password to algorithm specific maximum length 72 characters.
[Fri Jun 19 23:13:30.334012 2026] [wsgi:error] [pid 12:tid 140424554317504] [remote 10.0.0.52:56564] 2026-06-19 23:13:30.333 12 WARNING keystone.common.fernet_utils [None req-c4387f85-ad23-474e-b7c7-ad1697d06fc9 - - - - - -] key_repository is world readable: /etc/keystone/fernet-keys/ 10.0.0.52 - - [19/Jun/2026:23:13:30 +0000] "POST /v3/auth/tokens HTTP/1.1" 201 1360 10.0.0.52 - - [19/Jun/2026:23:13:30 +0000] "GET /v3/services HTTP/1.1" 200 355 10.0.0.52 - - [19/Jun/2026:23:13:33 +0000] "GET / HTTP/1.1" 300 295
[Fri Jun 19 23:13:33.970435 2026] [wsgi:error] [pid 11:tid 140424554317504] [remote 10.0.0.52:48880] 2026-06-19 23:13:33.970 11 WARNING keystone.common.password_hashing [None req-cd434cbc-7146-4c4b-aa4b-6656b6c673e9 - - - - - -] Truncating password to algorithm specific maximum length 72 characters.
[Fri Jun 19 23:13:34.242169 2026] [wsgi:error] [pid 11:tid 140424554317504] [remote 10.0.0.52:48880] 2026-06-19 23:13:34.241 11 WARNING keystone.common.fernet_utils [None req-cd434cbc-7146-4c4b-aa4b-6656b6c673e9 - - - - - -] key_repository is world readable: /etc/keystone/fernet-keys/ 10.0.0.52 - - [19/Jun/2026:23:13:33 +0000] "POST /v3/auth/tokens HTTP/1.1" 201 1360 10.0.0.52 - - [19/Jun/2026:23:13:34 +0000] "GET /v3/services HTTP/1.1" 200 355 10.0.0.52 - - [19/Jun/2026:23:13:37 +0000] "GET / HTTP/1.1" 300 295
[Fri Jun 19 23:13:37.842608 2026] [wsgi:error] [pid 9:tid 140424554317504] [remote 10.0.0.52:48890] 2026-06-19 23:13:37.842 9 WARNING keystone.common.password_hashing [None req-708c880f-4c1a-44dd-a2fc-4aace1497f99 - - - - - -] Truncating password to algorithm specific maximum length 72 characters.
[Fri Jun 19 23:13:38.139330 2026] [wsgi:error] [pid 9:tid 140424554317504] [remote 10.0.0.52:48890] 2026-06-19 23:13:38.139 9 WARNING keystone.common.fernet_utils [None req-708c880f-4c1a-44dd-a2fc-4aace1497f99 - - - - - -] key_repository is world readable: /etc/keystone/fernet-keys/ 10.0.0.52 - - [19/Jun/2026:23:13:37 +0000] "POST /v3/auth/tokens HTTP/1.1" 201 1360 10.0.0.52 - - [19/Jun/2026:23:13:38 +0000] "GET /v3/services HTTP/1.1" 200 355 10.0.0.52 - - [19/Jun/2026:23:13:41 +0000] "GET / HTTP/1.1" 300 295
[Fri Jun 19 23:13:41.706038 2026] [wsgi:error] [pid 10:tid 140424554317504] [remote 10.0.0.52:58878] 2026-06-19 23:13:41.705 10 WARNING keystone.common.password_hashing [None req-6d500ca0-9f40-4075-b83c-3d83871309b6 - - - - - -] Truncating password to algorithm specific maximum length 72 characters.
[Fri Jun 19 23:13:41.987059 2026] [wsgi:error] [pid 10:tid 140424554317504] [remote 10.0.0.52:58878] 2026-06-19 23:13:41.986 10 WARNING keystone.common.fernet_utils [None req-6d500ca0-9f40-4075-b83c-3d83871309b6 - - - - - -] key_repository is world readable: /etc/keystone/fernet-keys/ 10.0.0.52 - - [19/Jun/2026:23:13:41 +0000] "POST /v3/auth/tokens HTTP/1.1" 201 1360 10.0.0.52 - - [19/Jun/2026:23:13:42 +0000] "POST /v3/services HTTP/1.1" 201 296 10.0.0.230 - - [19/Jun/2026:23:13:53 +0000] "GET / HTTP/1.1" 300 295
[Fri Jun 19 23:13:53.257164 2026] [wsgi:error] [pid 12:tid 140424554317504] [remote 10.0.0.230:41442] 2026-06-19 23:13:53.256 12 WARNING keystone.common.password_hashing [None req-5397902d-59c7-4a4a-8b5b-e21063acd9fd - - - - - -] Truncating password to algorithm specific maximum length 72 characters. 10.0.0.230 - - [19/Jun/2026:23:13:53 +0000] "GET / HTTP/1.1" 300 295
[Fri Jun 19 23:13:53.337238 2026] [wsgi:error] [pid 9:tid 140424554317504] [remote 10.0.0.230:41452] 2026-06-19 23:13:53.337 9 WARNING keystone.common.password_hashing [None req-32c2601c-534e-4134-a98b-87f657f8e6f1 - - - - - -] Truncating password to algorithm specific maximum length 72 characters. 10.0.0.230 - - [19/Jun/2026:23:13:53 +0000] "GET / HTTP/1.1" 300 295
[Fri Jun 19 23:13:53.508811 2026] [wsgi:error] [pid 10:tid 140424554317504] [remote 10.0.0.230:41462] 2026-06-19 23:13:53.508 10 WARNING keystone.common.password_hashing [None req-575a87b0-c75f-4c5b-93a7-b2e9aeec400d - - - - - -] Truncating password to algorithm specific maximum length 72 characters.
[Fri Jun 19 23:13:53.534911 2026] [wsgi:error] [pid 12:tid 140424554317504] [remote 10.0.0.230:41442] 2026-06-19 23:13:53.534 12 WARNING keystone.common.fernet_utils [None req-5397902d-59c7-4a4a-8b5b-e21063acd9fd - - - - - -] key_repository is world readable: /etc/keystone/fernet-keys/ 10.0.0.230 - - [19/Jun/2026:23:13:53 +0000] "POST /v3/auth/tokens HTTP/1.1" 201 1464
[Fri Jun 19 23:13:53.605884 2026] [wsgi:error] [pid 9:tid 140424554317504] [remote 10.0.0.230:41452] 2026-06-19 23:13:53.605 9 WARNING keystone.common.fernet_utils [None req-32c2601c-534e-4134-a98b-87f657f8e6f1 - - - - - -] key_repository is world readable: /etc/keystone/fernet-keys/ 10.0.0.230 - - [19/Jun/2026:23:13:53 +0000] "POST /v3/auth/tokens HTTP/1.1" 201 1464 10.0.0.230 - - [19/Jun/2026:23:13:53 +0000] "GET /v3/services HTTP/1.1" 200 639 10.0.0.230 - - [19/Jun/2026:23:13:53 +0000] "GET /v3/services HTTP/1.1" 200 639
[Fri Jun 19 23:13:53.784838 2026] [wsgi:error] [pid 10:tid 140424554317504] [remote 10.0.0.230:41462] 2026-06-19 23:13:53.784 10 WARNING keystone.common.fernet_utils [None req-575a87b0-c75f-4c5b-93a7-b2e9aeec400d - - - - - -] key_repository is world readable: /etc/keystone/fernet-keys/ 10.0.0.230 - - [19/Jun/2026:23:13:53 +0000] "POST /v3/auth/tokens HTTP/1.1" 201 1464 10.0.0.230 - - [19/Jun/2026:23:13:53 +0000] "GET /v3/services HTTP/1.1" 200 639 10.0.0.230 - - [19/Jun/2026:23:13:55 +0000] "GET / HTTP/1.1" 300 295
[Fri Jun 19 23:13:55.308638 2026] [wsgi:error] [pid 12:tid 140424554317504] [remote 10.0.0.230:41466] 2026-06-19 23:13:55.308 12 WARNING keystone.common.password_hashing [None req-24738c96-ea79-4eb9-a51a-7975788ac2a7 - - - - - -] Truncating password to algorithm specific maximum length 72 characters. 10.0.0.230 - - [19/Jun/2026:23:13:55 +0000] "GET / HTTP/1.1" 300 295
[Fri Jun 19 23:13:55.364572 2026] [wsgi:error] [pid 9:tid 140424554317504] [remote 10.0.0.230:41478] 2026-06-19 23:13:55.364 9 WARNING keystone.common.password_hashing [None req-e07aba77-d333-4405-aa5b-1105c32432ac - - - - - -] Truncating password to algorithm specific maximum length 72 characters. 10.0.0.230 - - [19/Jun/2026:23:13:55 +0000] "GET / HTTP/1.1" 300 295
[Fri Jun 19 23:13:55.464317 2026] [wsgi:error] [pid 10:tid 140424554317504] [remote 10.0.0.230:41488] 2026-06-19 23:13:55.464 10 WARNING keystone.common.password_hashing [None req-0c59c395-30e9-4da0-8e04-417abd20dbaa - - - - - -] Truncating password to algorithm specific maximum length 72 characters.
[Fri Jun 19 23:13:55.593823 2026] [wsgi:error] [pid 12:tid 140424554317504] [remote 10.0.0.230:41466] 2026-06-19 23:13:55.593 12 WARNING keystone.common.fernet_utils [None req-24738c96-ea79-4eb9-a51a-7975788ac2a7 - - - - - -] key_repository is world readable: /etc/keystone/fernet-keys/ 10.0.0.230 - - [19/Jun/2026:23:13:55 +0000] "POST /v3/auth/tokens HTTP/1.1" 201 1464
[Fri Jun 19 23:13:55.634924 2026] [wsgi:error] [pid 9:tid 140424554317504] [remote 10.0.0.230:41478] 2026-06-19 23:13:55.634 9 WARNING keystone.common.fernet_utils [None req-e07aba77-d333-4405-aa5b-1105c32432ac - - - - - -] key_repository is world readable: /etc/keystone/fernet-keys/ 10.0.0.230 - - [19/Jun/2026:23:13:55 +0000] "POST /v3/auth/tokens HTTP/1.1" 201 1464 10.0.0.230 - - [19/Jun/2026:23:13:55 +0000] "GET /v3/endpoints HTTP/1.1" 200 1227
[Fri Jun 19 23:13:55.738652 2026] [wsgi:error] [pid 10:tid 140424554317504] [remote 10.0.0.230:41488] 2026-06-19 23:13:55.738 10 WARNING keystone.common.fernet_utils [None req-0c59c395-30e9-4da0-8e04-417abd20dbaa - - - - - -] key_repository is world readable: /etc/keystone/fernet-keys/ 10.0.0.230 - - [19/Jun/2026:23:13:55 +0000] "POST /v3/auth/tokens HTTP/1.1" 201 1464 10.0.0.230 - - [19/Jun/2026:23:13:55 +0000] "GET /v3/services/bc569a54620343ba8c23c9d4be79bfdf HTTP/1.1" 200 233 10.0.0.230 - - [19/Jun/2026:23:13:55 +0000] "GET /v3/endpoints HTTP/1.1" 200 1227 10.0.0.230 - - [19/Jun/2026:23:13:55 +0000] "GET /v3/services/bc569a54620343ba8c23c9d4be79bfdf HTTP/1.1" 200 233 10.0.0.230 - - [19/Jun/2026:23:13:55 +0000] "GET /v3/services/bc569a54620343ba8c23c9d4be79bfdf HTTP/1.1" 200 233 10.0.0.230 - - [19/Jun/2026:23:13:55 +0000] "GET /v3/services/bc569a54620343ba8c23c9d4be79bfdf HTTP/1.1" 200 233 10.0.0.230 - - [19/Jun/2026:23:13:55 +0000] "GET /v3/services/bc569a54620343ba8c23c9d4be79bfdf HTTP/1.1" 200 233 10.0.0.230 - - [19/Jun/2026:23:13:55 +0000] "GET /v3/services/bc569a54620343ba8c23c9d4be79bfdf HTTP/1.1" 200 233 10.0.0.230 - - [19/Jun/2026:23:13:55 +0000] "GET /v3/endpoints HTTP/1.1" 200 1227 10.0.0.230 - - [19/Jun/2026:23:13:55 +0000] "GET /v3/services/bc569a54620343ba8c23c9d4be79bfdf HTTP/1.1" 200 233 10.0.0.230 - - [19/Jun/2026:23:13:55 +0000] "GET /v3/services/bc569a54620343ba8c23c9d4be79bfdf HTTP/1.1" 200 233 10.0.0.230 - - [19/Jun/2026:23:13:55 +0000] "GET /v3/services/bc569a54620343ba8c23c9d4be79bfdf HTTP/1.1" 200 233 10.0.0.230 - - [19/Jun/2026:23:13:57 +0000] "GET / HTTP/1.1" 300 295 10.0.0.230 - - [19/Jun/2026:23:13:57 +0000] "GET / HTTP/1.1" 300 295
[Fri Jun 19 23:13:57.283923 2026] [wsgi:error] [pid 12:tid 140424554317504] [remote 10.0.0.230:41498] 2026-06-19 23:13:57.283 12 WARNING keystone.common.password_hashing [None req-149f824a-51cf-4112-8dc7-5cbc6501fe6f - - - - - -] Truncating password to algorithm specific maximum length 72 characters.
[Fri Jun 19 23:13:57.301807 2026] [wsgi:error] [pid 11:tid 140424554317504] [remote 10.0.0.230:41510] 2026-06-19 23:13:57.301 11 WARNING keystone.common.password_hashing [None req-7ffd0474-1893-4b97-91f2-1ad6a647748a - - - - - -] Truncating password to algorithm specific maximum length 72 characters. 10.0.0.230 - - [19/Jun/2026:23:13:57 +0000] "GET / HTTP/1.1" 300 295
[Fri Jun 19 23:13:57.435933 2026] [wsgi:error] [pid 9:tid 140424554317504] [remote 10.0.0.230:41514] 2026-06-19 23:13:57.435 9 WARNING keystone.common.password_hashing [None req-b0155a66-0f0b-400e-a876-4d51016ab0e2 - - - - - -] Truncating password to algorithm specific maximum length 72 characters.
[Fri Jun 19 23:13:57.576898 2026] [wsgi:error] [pid 12:tid 140424554317504] [remote 10.0.0.230:41498] 2026-06-19 23:13:57.576 12 WARNING keystone.common.fernet_utils [None req-149f824a-51cf-4112-8dc7-5cbc6501fe6f - - - - - -] key_repository is world readable: /etc/keystone/fernet-keys/ 10.0.0.230 - - [19/Jun/2026:23:13:57 +0000] "POST /v3/auth/tokens HTTP/1.1" 201 1464
[Fri Jun 19 23:13:57.586728 2026] [wsgi:error] [pid 11:tid 140424554317504] [remote 10.0.0.230:41510] 2026-06-19 23:13:57.586 11 WARNING keystone.common.fernet_utils [None req-7ffd0474-1893-4b97-91f2-1ad6a647748a - - - - - -] key_repository is world readable: /etc/keystone/fernet-keys/ 10.0.0.230 - - [19/Jun/2026:23:13:57 +0000] "POST /v3/auth/tokens HTTP/1.1" 201 1464 10.0.0.230 - - [19/Jun/2026:23:13:57 +0000] "GET /v3/services/fb5420bad28944f7a58faa1add56e1dc HTTP/1.1" 200 296 10.0.0.230 - - [19/Jun/2026:23:13:57 +0000] "GET /v3/services/fb5420bad28944f7a58faa1add56e1dc HTTP/1.1" 200 296
[Fri Jun 19 23:13:57.720999 2026] [wsgi:error] [pid 9:tid 140424554317504] [remote 10.0.0.230:41514] 2026-06-19 23:13:57.720 9 WARNING keystone.common.fernet_utils [None req-b0155a66-0f0b-400e-a876-4d51016ab0e2 - - - - - -] key_repository is world readable: /etc/keystone/fernet-keys/ 10.0.0.230 - - [19/Jun/2026:23:13:57 +0000] "POST /v3/auth/tokens HTTP/1.1" 201 1464 10.0.0.230 - - [19/Jun/2026:23:13:57 +0000] "GET /v3/regions/RegionOne HTTP/1.1" 200 173 10.0.0.230 - - [19/Jun/2026:23:13:57 +0000] "GET /v3/regions/RegionOne HTTP/1.1" 200 173 10.0.0.230 - - [19/Jun/2026:23:13:57 +0000] "POST /v3/endpoints HTTP/1.1" 201 380 10.0.0.230 - - [19/Jun/2026:23:13:57 +0000] "GET /v3/services/fb5420bad28944f7a58faa1add56e1dc HTTP/1.1" 200 296 10.0.0.230 - - [19/Jun/2026:23:13:57 +0000] "POST /v3/endpoints HTTP/1.1" 201 383 10.0.0.230 - - [19/Jun/2026:23:13:57 +0000] "GET /v3/regions/RegionOne HTTP/1.1" 200 173 10.0.0.230 - - [19/Jun/2026:23:13:57 +0000] "POST /v3/endpoints HTTP/1.1" 201 370 10.0.0.230 - - [19/Jun/2026:23:13:59 +0000] "GET / HTTP/1.1" 300 295
[Fri Jun 19 23:13:59.366378 2026] [wsgi:error] [pid 10:tid 140424554317504] [remote 10.0.0.230:41520] 2026-06-19 23:13:59.366 10 WARNING keystone.common.password_hashing [None req-132974b3-ccfc-4677-8f4b-59ddb48f1128 - - - - - -] Truncating password to algorithm specific maximum length 72 characters. 10.0.0.230 - - [19/Jun/2026:23:13:59 +0000] "GET / HTTP/1.1" 300 295
[Fri Jun 19 23:13:59.409679 2026] [wsgi:error] [pid 9:tid 140424554317504] [remote 10.0.0.230:41536] 2026-06-19 23:13:59.409 9 WARNING keystone.common.password_hashing [None req-ebc879c4-0c8e-41e7-8140-316cd2407fed - - - - - -] Truncating password to algorithm specific maximum length 72 characters. 10.0.0.230 - - [19/Jun/2026:23:13:59 +0000] "GET / HTTP/1.1" 300 295
[Fri Jun 19 23:13:59.499789 2026] [wsgi:error] [pid 12:tid 140424554317504] [remote 10.0.0.230:41542] 2026-06-19 23:13:59.499 12 WARNING keystone.common.password_hashing [None req-9eb86dc3-919d-4edd-8e55-6dd4498fe21e - - - - - -] Truncating password to algorithm specific maximum length 72 characters.
[Fri Jun 19 23:13:59.648356 2026] [wsgi:error] [pid 10:tid 140424554317504] [remote 10.0.0.230:41520] 2026-06-19 23:13:59.648 10 WARNING keystone.common.fernet_utils [None req-132974b3-ccfc-4677-8f4b-59ddb48f1128 - - - - - -] key_repository is world readable: /etc/keystone/fernet-keys/ 10.0.0.230 - - [19/Jun/2026:23:13:59 +0000] "POST /v3/auth/tokens HTTP/1.1" 201 1992
[Fri Jun 19 23:13:59.682170 2026] [wsgi:error] [pid 9:tid 140424554317504] [remote 10.0.0.230:41536] 2026-06-19 23:13:59.682 9 WARNING keystone.common.fernet_utils [None req-ebc879c4-0c8e-41e7-8140-316cd2407fed - - - - - -] key_repository is world readable: /etc/keystone/fernet-keys/ 10.0.0.230 - - [19/Jun/2026:23:13:59 +0000] "POST /v3/auth/tokens HTTP/1.1" 201 1992
[Fri Jun 19 23:13:59.776807 2026] [wsgi:error] [pid 12:tid 140424554317504] [remote 10.0.0.230:41542] 2026-06-19 23:13:59.776 12 WARNING keystone.common.fernet_utils [None req-9eb86dc3-919d-4edd-8e55-6dd4498fe21e - - - - - -] key_repository is world readable: /etc/keystone/fernet-keys/ 10.0.0.230 - - [19/Jun/2026:23:13:59 +0000] "POST /v3/auth/tokens HTTP/1.1" 201 1992 10.0.0.230 - - [19/Jun/2026:23:13:59 +0000] "GET /v3/endpoints/476ab41befdf4807887b95999e35142b HTTP/1.1" 200 380 10.0.0.230 - - [19/Jun/2026:23:13:59 +0000] "GET /v3/endpoints/67e57141aea14ab2bed0bdfb9192d1c2 HTTP/1.1" 200 383 10.0.0.230 - - [19/Jun/2026:23:13:59 +0000] "GET /v3/services/fb5420bad28944f7a58faa1add56e1dc HTTP/1.1" 200 296 10.0.0.230 - - [19/Jun/2026:23:13:59 +0000] "GET /v3/services/fb5420bad28944f7a58faa1add56e1dc HTTP/1.1" 200 296 10.0.0.230 - - [19/Jun/2026:23:13:59 +0000] "GET /v3/endpoints/b6993fccaa4e4ba990efb36689aa18e9 HTTP/1.1" 200 370 10.0.0.230 - - [19/Jun/2026:23:13:59 +0000] "GET /v3/services/fb5420bad28944f7a58faa1add56e1dc HTTP/1.1" 200 296 10.0.0.15 - - [19/Jun/2026:23:14:12 +0000] "GET / HTTP/1.1" 300 295
[Fri Jun 19 23:14:12.276196 2026] [wsgi:error] [pid 12:tid 140424554317504] [remote 10.0.0.15:36130] 2026-06-19 23:14:12.275 12 WARNING keystone.common.password_hashing [None req-92f360c9-3de2-4249-834c-3db57710f0ea - - - - - -] Truncating password to algorithm specific maximum length 72 characters.
[Fri Jun 19 23:14:12.547784 2026] [wsgi:error] [pid 12:tid 140424554317504] [remote 10.0.0.15:36130] 2026-06-19 23:14:12.547 12 WARNING keystone.common.fernet_utils [None req-92f360c9-3de2-4249-834c-3db57710f0ea - - - - - -] key_repository is world readable: /etc/keystone/fernet-keys/ 10.0.0.15 - - [19/Jun/2026:23:14:12 +0000] "POST /v3/auth/tokens HTTP/1.1" 201 1992 10.0.0.15 - - [19/Jun/2026:23:14:12 +0000] "POST /v3/domains HTTP/1.1" 201 284 10.0.0.15 - - [19/Jun/2026:23:14:14 +0000] "GET / HTTP/1.1" 300 295
[Fri Jun 19 23:14:14.189843 2026] [wsgi:error] [pid 9:tid 140424554317504] [remote 10.0.0.15:36142] 2026-06-19 23:14:14.189 9 WARNING keystone.common.password_hashing [None req-32160aac-4f5b-4e60-8217-7cb2903fb00e - - - - - -] Truncating password to algorithm specific maximum length 72 characters.
[Fri Jun 19 23:14:14.462052 2026] [wsgi:error] [pid 9:tid 140424554317504] [remote 10.0.0.15:36142] 2026-06-19 23:14:14.461 9 WARNING keystone.common.fernet_utils [None req-32160aac-4f5b-4e60-8217-7cb2903fb00e - - - - - -] key_repository is world readable: /etc/keystone/fernet-keys/ 10.0.0.15 - - [19/Jun/2026:23:14:14 +0000] "POST /v3/auth/tokens HTTP/1.1" 201 1992
[Fri Jun 19 23:14:14.628279 2026] [wsgi:error] [pid 12:tid 140424554317504] [remote 10.0.0.15:36142] 2026-06-19 23:14:14.611 12 ERROR keystone.server.flask.application [None req-ae1a6e99-40fd-48a1-8253-5ab18a1b44d4 9935dbf78dfd4bd19bb6c09c2447e921 29cb42958a784584810cf592d3bddfc2 - - default default] Conflict occurred attempting to store project - it is not permitted to have two projects acting as domains with the same name: service.: keystone.exception.Conflict: Conflict occurred attempting to store project - it is not permitted to have two projects acting as domains with the same name: service.
[Fri Jun 19 23:14:14.628305 2026] [wsgi:error] [pid 12:tid 140424554317504] [remote 10.0.0.15:36142] 2026-06-19 23:14:14.611 12 ERROR keystone.server.flask.application
Traceback (most recent call last):
[Fri Jun 19 23:14:14.628307 2026] [wsgi:error] [pid 12:tid 140424554317504] [remote 10.0.0.15:36142] 2026-06-19 23:14:14.611 12 ERROR keystone.server.flask.application
File "/var/lib/openstack/lib/python3.12/site-packages/sqlalchemy/engine/base.py", line 1969, in _exec_single_context
[Fri Jun 19 23:14:14.628309 2026] [wsgi:error] [pid 12:tid 140424554317504] [remote 10.0.0.15:36142] 2026-06-19 23:14:14.611 12 ERROR keystone.server.flask.application self.dialect.do_execute(
[Fri Jun 19 23:14:14.628311 2026] [wsgi:error] [pid 12:tid 140424554317504] [remote 10.0.0.15:36142] 2026-06-19 23:14:14.611 12 ERROR keystone.server.flask.application
File "/var/lib/openstack/lib/python3.12/site-packages/sqlalchemy/engine/default.py", line 952, in do_execute
[Fri Jun 19 23:14:14.628314 2026] [wsgi:error] [pid 12:tid 140424554317504] [remote 10.0.0.15:36142] 2026-06-19 23:14:14.611 12 ERROR keystone.server.flask.application cursor.execute(statement, parameters)
[Fri Jun 19 23:14:14.628316 2026] [wsgi:error] [pid 12:tid 140424554317504] [remote 10.0.0.15:36142] 2026-06-19 23:14:14.611 12 ERROR keystone.server.flask.application
File "/var/lib/openstack/lib/python3.12/site-packages/pymysql/cursors.py", line 159, in execute
[Fri Jun 19 23:14:14.628318 2026] [wsgi:error] [pid 12:tid 140424554317504] [remote 10.0.0.15:36142] 2026-06-19 23:14:14.611 12 ERROR keystone.server.flask.application result = self._query(query)
[Fri Jun 19 23:14:14.628320 2026] [wsgi:error] [pid 12:tid 140424554317504] [remote 10.0.0.15:36142] 2026-06-19 23:14:14.611 12 ERROR keystone.server.flask.application ^^^^^^^^^^^^^^^^^^
[Fri Jun 19 23:14:14.628321 2026] [wsgi:error] [pid 12:tid 140424554317504] [remote 10.0.0.15:36142] 2026-06-19 23:14:14.611 12 ERROR keystone.server.flask.application
File "/var/lib/openstack/lib/python3.12/site-packages/pymysql/cursors.py", line 330, in _query
[Fri Jun 19 23:14:14.628324 2026] [wsgi:error] [pid 12:tid 140424554317504] [remote 10.0.0.15:36142] 2026-06-19 23:14:14.611 12 ERROR keystone.server.flask.application conn.query(q)
[Fri Jun 19 23:14:14.628326 2026] [wsgi:error] [pid 12:tid 140424554317504] [remote 10.0.0.15:36142] 2026-06-19 23:14:14.611 12 ERROR keystone.server.flask.application
File "/var/lib/openstack/lib/python3.12/site-packages/pymysql/connections.py", line 582, in query
[Fri Jun 19 23:14:14.628328 2026] [wsgi:error] [pid 12:tid 140424554317504] [remote 10.0.0.15:36142] 2026-06-19 23:14:14.611 12 ERROR keystone.server.flask.application self._affected_rows = self._read_query_result(unbuffered=unbuffered)
[Fri Jun 19 23:14:14.628330 2026] [wsgi:error] [pid 12:tid 140424554317504] [remote 10.0.0.15:36142] 2026-06-19 23:14:14.611 12 ERROR keystone.server.flask.application ^^^^^^^^^^^^^^^^^^^^^^^^^^^^^^^^^^^^^^^^^^^^^^
[Fri Jun 19 23:14:14.628332 2026] [wsgi:error] [pid 12:tid 140424554317504] [remote 10.0.0.15:36142] 2026-06-19 23:14:14.611 12 ERROR keystone.server.flask.application
File "/var/lib/openstack/lib/python3.12/site-packages/pymysql/connections.py", line 847, in _read_query_result
[Fri Jun 19 23:14:14.628334 2026] [wsgi:error] [pid 12:tid 140424554317504] [remote 10.0.0.15:36142] 2026-06-19 23:14:14.611 12 ERROR keystone.server.flask.application result.read()
[Fri Jun 19 23:14:14.628338 2026] [wsgi:error] [pid 12:tid 140424554317504] [remote 10.0.0.15:36142] 2026-06-19 23:14:14.611 12 ERROR keystone.server.flask.application
File "/var/lib/openstack/lib/python3.12/site-packages/pymysql/connections.py", line 1245, in read
[Fri Jun 19 23:14:14.628340 2026] [wsgi:error] [pid 12:tid 140424554317504] [remote 10.0.0.15:36142] 2026-06-19 23:14:14.611 12 ERROR keystone.server.flask.application first_packet = self.connection._read_packet()
[Fri Jun 19 23:14:14.628342 2026] [wsgi:error] [pid 12:tid 140424554317504] [remote 10.0.0.15:36142] 2026-06-19 23:14:14.611 12 ERROR keystone.server.flask.application ^^^^^^^^^^^^^^^^^^^^^^^^^^^^^^
[Fri Jun 19 23:14:14.628344 2026] [wsgi:error] [pid 12:tid 140424554317504] [remote 10.0.0.15:36142] 2026-06-19 23:14:14.611 12 ERROR keystone.server.flask.application
File "/var/lib/openstack/lib/python3.12/site-packages/pymysql/connections.py", line 803, in _read_packet
[Fri Jun 19 23:14:14.628346 2026] [wsgi:error] [pid 12:tid 140424554317504] [remote 10.0.0.15:36142] 2026-06-19 23:14:14.611 12 ERROR keystone.server.flask.application packet.raise_for_error()
[Fri Jun 19 23:14:14.628348 2026] [wsgi:error] [pid 12:tid 140424554317504] [remote 10.0.0.15:36142] 2026-06-19 23:14:14.611 12 ERROR keystone.server.flask.application
File "/var/lib/openstack/lib/python3.12/site-packages/pymysql/protocol.py", line 219, in raise_for_error
[Fri Jun 19 23:14:14.628350 2026] [wsgi:error] [pid 12:tid 140424554317504] [remote 10.0.0.15:36142] 2026-06-19 23:14:14.611 12 ERROR keystone.server.flask.application err.raise_mysql_exception(self._data)
[Fri Jun 19 23:14:14.628352 2026] [wsgi:error] [pid 12:tid 140424554317504] [remote 10.0.0.15:36142] 2026-06-19 23:14:14.611 12 ERROR keystone.server.flask.application
File "/var/lib/openstack/lib/python3.12/site-packages/pymysql/err.py", line 154, in raise_mysql_exception
[Fri Jun 19 23:14:14.628354 2026] [wsgi:error] [pid 12:tid 140424554317504] [remote 10.0.0.15:36142] 2026-06-19 23:14:14.611 12 ERROR keystone.server.flask.application raise errorclass(errno, errval, sqlstate=sqlstate)
[Fri Jun 19 23:14:14.628357 2026] [wsgi:error] [pid 12:tid 140424554317504] [remote 10.0.0.15:36142] 2026-06-19 23:14:14.611 12 ERROR keystone.server.flask.application pymysql.err.IntegrityError: (1062, "Duplicate entry '<>-service' for key 'project.ixu_project_name_domain_id'")
[Fri Jun 19 23:14:14.628359 2026] [wsgi:error] [pid 12:tid 140424554317504] [remote 10.0.0.15:36142] 2026-06-19 23:14:14.611 12 ERROR keystone.server.flask.application
[Fri Jun 19 23:14:14.628361 2026] [wsgi:error] [pid 12:tid 140424554317504] [remote 10.0.0.15:36142] 2026-06-19 23:14:14.611 12 ERROR keystone.server.flask.application The above exception was the direct cause of the following exception:
[Fri Jun 19 23:14:14.628363 2026] [wsgi:error] [pid 12:tid 140424554317504] [remote 10.0.0.15:36142] 2026-06-19 23:14:14.611 12 ERROR keystone.server.flask.application
[Fri Jun 19 23:14:14.628365 2026] [wsgi:error] [pid 12:tid 140424554317504] [remote 10.0.0.15:36142] 2026-06-19 23:14:14.611 12 ERROR keystone.server.flask.application
Traceback (most recent call last):
[Fri Jun 19 23:14:14.628366 2026] [wsgi:error] [pid 12:tid 140424554317504] [remote 10.0.0.15:36142] 2026-06-19 23:14:14.611 12 ERROR keystone.server.flask.application
File "/var/lib/openstack/lib/python3.12/site-packages/keystone/common/sql/core.py", line 575, in wrapper
[Fri Jun 19 23:14:14.628369 2026] [wsgi:error] [pid 12:tid 140424554317504] [remote 10.0.0.15:36142] 2026-06-19 23:14:14.611 12 ERROR keystone.server.flask.application return method(*args, **kwargs)
[Fri Jun 19 23:14:14.628370 2026] [wsgi:error] [pid 12:tid 140424554317504] [remote 10.0.0.15:36142] 2026-06-19 23:14:14.611 12 ERROR keystone.server.flask.application ^^^^^^^^^^^^^^^^^^^^^^^
[Fri Jun 19 23:14:14.628373 2026] [wsgi:error] [pid 12:tid 140424554317504] [remote 10.0.0.15:36142] 2026-06-19 23:14:14.611 12 ERROR keystone.server.flask.application
File "/var/lib/openstack/lib/python3.12/site-packages/keystone/resource/backends/sql.py", line 278, in create_project
[Fri Jun 19 23:14:14.628375 2026] [wsgi:error] [pid 12:tid 140424554317504] [remote 10.0.0.15:36142] 2026-06-19 23:14:14.611 12 ERROR keystone.server.flask.application with sql.session_for_write() as session:
[Fri Jun 19 23:14:14.628378 2026] [wsgi:error] [pid 12:tid 140424554317504] [remote 10.0.0.15:36142] 2026-06-19 23:14:14.611 12 ERROR keystone.server.flask.application
File "/usr/lib/python3.12/contextlib.py", line 144, in __exit__
[Fri Jun 19 23:14:14.628389 2026] [wsgi:error] [pid 12:tid 140424554317504] [remote 10.0.0.15:36142] 2026-06-19 23:14:14.611 12 ERROR keystone.server.flask.application next(self.gen)
[Fri Jun 19 23:14:14.628391 2026] [wsgi:error] [pid 12:tid 140424554317504] [remote 10.0.0.15:36142] 2026-06-19 23:14:14.611 12 ERROR keystone.server.flask.application
File "/var/lib/openstack/lib/python3.12/site-packages/oslo_db/sqlalchemy/enginefacade.py", line 1175, in _transaction_scope
[Fri Jun 19 23:14:14.628394 2026] [wsgi:error] [pid 12:tid 140424554317504] [remote 10.0.0.15:36142] 2026-06-19 23:14:14.611 12 ERROR keystone.server.flask.application with current._produce_block(
[Fri Jun 19 23:14:14.628396 2026] [wsgi:error] [pid 12:tid 140424554317504] [remote 10.0.0.15:36142] 2026-06-19 23:14:14.611 12 ERROR keystone.server.flask.application
File "/usr/lib/python3.12/contextlib.py", line 144, in __exit__
[Fri Jun 19 23:14:14.628398 2026] [wsgi:error] [pid 12:tid 140424554317504] [remote 10.0.0.15:36142] 2026-06-19 23:14:14.611 12 ERROR keystone.server.flask.application next(self.gen)
[Fri Jun 19 23:14:14.628399 2026] [wsgi:error] [pid 12:tid 140424554317504] [remote 10.0.0.15:36142] 2026-06-19 23:14:14.611 12 ERROR keystone.server.flask.application
File "/var/lib/openstack/lib/python3.12/site-packages/oslo_db/sqlalchemy/enginefacade.py", line 837, in _session
[Fri Jun 19 23:14:14.628402 2026] [wsgi:error] [pid 12:tid 140424554317504] [remote 10.0.0.15:36142] 2026-06-19 23:14:14.611 12 ERROR keystone.server.flask.application with excutils.save_and_reraise_exception():
[Fri Jun 19 23:14:14.628403 2026] [wsgi:error] [pid 12:tid 140424554317504] [remote 10.0.0.15:36142] 2026-06-19 23:14:14.611 12 ERROR keystone.server.flask.application
File "/var/lib/openstack/lib/python3.12/site-packages/oslo_utils/excutils.py", line 266, in __exit__
[Fri Jun 19 23:14:14.628406 2026] [wsgi:error] [pid 12:tid 140424554317504] [remote 10.0.0.15:36142] 2026-06-19 23:14:14.611 12 ERROR keystone.server.flask.application self.force_reraise()
[Fri Jun 19 23:14:14.628408 2026] [wsgi:error] [pid 12:tid 140424554317504] [remote 10.0.0.15:36142] 2026-06-19 23:14:14.611 12 ERROR keystone.server.flask.application
File "/var/lib/openstack/lib/python3.12/site-packages/oslo_utils/excutils.py", line 232, in force_reraise
[Fri Jun 19 23:14:14.628410 2026] [wsgi:error] [pid 12:tid 140424554317504] [remote 10.0.0.15:36142] 2026-06-19 23:14:14.611 12 ERROR keystone.server.flask.application raise self.value
[Fri Jun 19 23:14:14.628412 2026] [wsgi:error] [pid 12:tid 140424554317504] [remote 10.0.0.15:36142] 2026-06-19 23:14:14.611 12 ERROR keystone.server.flask.application
File "/var/lib/openstack/lib/python3.12/site-packages/oslo_db/sqlalchemy/enginefacade.py", line 835, in _session
[Fri Jun 19 23:14:14.628415 2026] [wsgi:error] [pid 12:tid 140424554317504] [remote 10.0.0.15:36142] 2026-06-19 23:14:14.611 12 ERROR keystone.server.flask.application self._end_session_transaction(self.session)
[Fri Jun 19 23:14:14.628417 2026] [wsgi:error] [pid 12:tid 140424554317504] [remote 10.0.0.15:36142] 2026-06-19 23:14:14.611 12 ERROR keystone.server.flask.application
File "/var/lib/openstack/lib/python3.12/site-packages/oslo_db/sqlalchemy/enginefacade.py", line 748, in _end_session_transaction
[Fri Jun 19 23:14:14.628420 2026] [wsgi:error] [pid 12:tid 140424554317504] [remote 10.0.0.15:36142] 2026-06-19 23:14:14.611 12 ERROR keystone.server.flask.application session.commit()
[Fri Jun 19 23:14:14.628423 2026] [wsgi:error] [pid 12:tid 140424554317504] [remote 10.0.0.15:36142] 2026-06-19 23:14:14.611 12 ERROR keystone.server.flask.application
File "/var/lib/openstack/lib/python3.12/site-packages/sqlalchemy/orm/session.py", line 2034, in commit
[Fri Jun 19 23:14:14.628426 2026] [wsgi:error] [pid 12:tid 140424554317504] [remote 10.0.0.15:36142] 2026-06-19 23:14:14.611 12 ERROR keystone.server.flask.application trans.commit(_to_root=True)
[Fri Jun 19 23:14:14.628428 2026] [wsgi:error] [pid 12:tid 140424554317504] [remote 10.0.0.15:36142] 2026-06-19 23:14:14.611 12 ERROR keystone.server.flask.application File "", line 2, in commit
[Fri Jun 19 23:14:14.628431 2026] [wsgi:error] [pid 12:tid 140424554317504] [remote 10.0.0.15:36142] 2026-06-19 23:14:14.611 12 ERROR keystone.server.flask.application
File "/var/lib/openstack/lib/python3.12/site-packages/sqlalchemy/orm/state_changes.py", line 137, in _go
[Fri Jun 19 23:14:14.628434 2026] [wsgi:error] [pid 12:tid 140424554317504] [remote 10.0.0.15:36142] 2026-06-19 23:14:14.611 12 ERROR keystone.server.flask.application ret_value = fn(self, *arg, **kw)
[Fri Jun 19 23:14:14.628437 2026] [wsgi:error] [pid 12:tid 140424554317504] [remote 10.0.0.15:36142] 2026-06-19 23:14:14.611 12 ERROR keystone.server.flask.application ^^^^^^^^^^^^^^^^^^^^
[Fri Jun 19 23:14:14.628440 2026] [wsgi:error] [pid 12:tid 140424554317504] [remote 10.0.0.15:36142] 2026-06-19 23:14:14.611 12 ERROR keystone.server.flask.application
File "/var/lib/openstack/lib/python3.12/site-packages/sqlalchemy/orm/session.py", line 1315, in commit
[Fri Jun 19 23:14:14.628443 2026] [wsgi:error] [pid 12:tid 140424554317504] [remote 10.0.0.15:36142] 2026-06-19 23:14:14.611 12 ERROR keystone.server.flask.application self._prepare_impl()
[Fri Jun 19 23:14:14.628445 2026] [wsgi:error] [pid 12:tid 140424554317504] [remote 10.0.0.15:36142] 2026-06-19 23:14:14.611 12 ERROR keystone.server.flask.application File "", line 2, in _prepare_impl
[Fri Jun 19 23:14:14.628447 2026] [wsgi:error] [pid 12:tid 140424554317504] [remote 10.0.0.15:36142] 2026-06-19 23:14:14.611 12 ERROR keystone.server.flask.application
File "/var/lib/openstack/lib/python3.12/site-packages/sqlalchemy/orm/state_changes.py", line 137, in _go
[Fri Jun 19 23:14:14.628451 2026] [wsgi:error] [pid 12:tid 140424554317504] [remote 10.0.0.15:36142] 2026-06-19 23:14:14.611 12 ERROR keystone.server.flask.application ret_value = fn(self, *arg, **kw)
[Fri Jun 19 23:14:14.628454 2026] [wsgi:error] [pid 12:tid 140424554317504] [remote 10.0.0.15:36142] 2026-06-19 23:14:14.611 12 ERROR keystone.server.flask.application ^^^^^^^^^^^^^^^^^^^^
[Fri Jun 19 23:14:14.628457 2026] [wsgi:error] [pid 12:tid 140424554317504] [remote 10.0.0.15:36142] 2026-06-19 23:14:14.611 12 ERROR keystone.server.flask.application
File "/var/lib/openstack/lib/python3.12/site-packages/sqlalchemy/orm/session.py", line 1290, in _prepare_impl
[Fri Jun 19 23:14:14.628461 2026] [wsgi:error] [pid 12:tid 140424554317504] [remote 10.0.0.15:36142] 2026-06-19 23:14:14.611 12 ERROR keystone.server.flask.application self.session.flush()
[Fri Jun 19 23:14:14.628464 2026] [wsgi:error] [pid 12:tid 140424554317504] [remote 10.0.0.15:36142] 2026-06-19 23:14:14.611 12 ERROR keystone.server.flask.application
File "/var/lib/openstack/lib/python3.12/site-packages/sqlalchemy/orm/session.py", line 4352, in flush
[Fri Jun 19 23:14:14.628468 2026] [wsgi:error] [pid 12:tid 140424554317504] [remote 10.0.0.15:36142] 2026-06-19 23:14:14.611 12 ERROR keystone.server.flask.application self._flush(objects)
[Fri Jun 19 23:14:14.628470 2026] [wsgi:error] [pid 12:tid 140424554317504] [remote 10.0.0.15:36142] 2026-06-19 23:14:14.611 12 ERROR keystone.server.flask.application
File "/var/lib/openstack/lib/python3.12/site-packages/sqlalchemy/orm/session.py", line 4487, in _flush
[Fri Jun 19 23:14:14.628473 2026] [wsgi:error] [pid 12:tid 140424554317504] [remote 10.0.0.15:36142] 2026-06-19 23:14:14.611 12 ERROR keystone.server.flask.application with util.safe_reraise():
[Fri Jun 19 23:14:14.628476 2026] [wsgi:error] [pid 12:tid 140424554317504] [remote 10.0.0.15:36142] 2026-06-19 23:14:14.611 12 ERROR keystone.server.flask.application
File "/var/lib/openstack/lib/python3.12/site-packages/sqlalchemy/util/langhelpers.py", line 122, in __exit__
[Fri Jun 19 23:14:14.628479 2026] [wsgi:error] [pid 12:tid 140424554317504] [remote 10.0.0.15:36142] 2026-06-19 23:14:14.611 12 ERROR keystone.server.flask.application raise exc_value.with_traceback(exc_tb)
[Fri Jun 19 23:14:14.628481 2026] [wsgi:error] [pid 12:tid 140424554317504] [remote 10.0.0.15:36142] 2026-06-19 23:14:14.611 12 ERROR keystone.server.flask.application
File "/var/lib/openstack/lib/python3.12/site-packages/sqlalchemy/orm/session.py", line 4448, in _flush
[Fri Jun 19 23:14:14.628484 2026] [wsgi:error] [pid 12:tid 140424554317504] [remote 10.0.0.15:36142] 2026-06-19 23:14:14.611 12 ERROR keystone.server.flask.application flush_context.execute()
[Fri Jun 19 23:14:14.628487 2026] [wsgi:error] [pid 12:tid 140424554317504] [remote 10.0.0.15:36142] 2026-06-19 23:14:14.611 12 ERROR keystone.server.flask.application
File "/var/lib/openstack/lib/python3.12/site-packages/sqlalchemy/orm/unitofwork.py", line 465, in execute
