2026-06-22 03:08:47.184 8 INFO placement.requestlog [None req-56d7cab1-6538-4504-804d-b20b84d86b3d 9c2ec76d651b4a968e8e5cb3da787150 f254dc609ba44643be3cdb08e210e21a - - 0e06659dc47f45049412a23eed7c28a3 0e06659dc47f45049412a23eed7c28a3] 10.0.0.196 "GET /resource_providers/505a477e-4a2e-47e0-a3b0-8a703d224db4/aggregates" status: 404 len: 235 microversion: 1.1 [pid: 8|app: 0|req: 555/1109] 10.0.0.196 () {32 vars in 815 bytes} [Mon Jun 22 03:08:47 2026] GET /resource_providers/505a477e-4a2e-47e0-a3b0-8a703d224db4/aggregates => generated 235 bytes in 10 msecs (HTTP/1.1 404) 5 headers in 202 bytes (1 switches on core 0)
2026-06-22 03:08:47.185 7 INFO placement.requestlog [None req-33d03de1-ab6d-4bbf-b0c3-69d563d02af2 9c2ec76d651b4a968e8e5cb3da787150 f254dc609ba44643be3cdb08e210e21a - - 0e06659dc47f45049412a23eed7c28a3 0e06659dc47f45049412a23eed7c28a3] 10.0.0.196 "GET /resource_providers/505a477e-4a2e-47e0-a3b0-8a703d224db4/aggregates" status: 404 len: 235 microversion: 1.1 [pid: 7|app: 0|req: 555/1110] 10.0.0.196 () {32 vars in 815 bytes} [Mon Jun 22 03:08:47 2026] GET /resource_providers/505a477e-4a2e-47e0-a3b0-8a703d224db4/aggregates => generated 235 bytes in 10 msecs (HTTP/1.1 404) 5 headers in 202 bytes (1 switches on core 0)
2026-06-22 03:08:47.203 8 INFO placement.requestlog [None req-4a985106-4bb1-4a1b-9836-8a98823fa867 9c2ec76d651b4a968e8e5cb3da787150 f254dc609ba44643be3cdb08e210e21a - - 0e06659dc47f45049412a23eed7c28a3 0e06659dc47f45049412a23eed7c28a3] 10.0.0.196 "DELETE /resource_providers/505a477e-4a2e-47e0-a3b0-8a703d224db4" status: 404 len: 246 microversion: 1.1 [pid: 8|app: 0|req: 556/1111] 10.0.0.196 () {34 vars in 815 bytes} [Mon Jun 22 03:08:47 2026] DELETE /resource_providers/505a477e-4a2e-47e0-a3b0-8a703d224db4 => generated 246 bytes in 7 msecs (HTTP/1.1 404) 6 headers in 231 bytes (1 switches on core 0)
2026-06-22 03:08:47.207 7 INFO placement.requestlog [None req-d0ccd750-cd2c-4a1b-9935-777e7bf19147 9c2ec76d651b4a968e8e5cb3da787150 f254dc609ba44643be3cdb08e210e21a - - 0e06659dc47f45049412a23eed7c28a3 0e06659dc47f45049412a23eed7c28a3] 10.0.0.196 "DELETE /resource_providers/505a477e-4a2e-47e0-a3b0-8a703d224db4" status: 404 len: 246 microversion: 1.1 [pid: 7|app: 0|req: 556/1112] 10.0.0.196 () {34 vars in 815 bytes} [Mon Jun 22 03:08:47 2026] DELETE /resource_providers/505a477e-4a2e-47e0-a3b0-8a703d224db4 => generated 246 bytes in 9 msecs (HTTP/1.1 404) 6 headers in 231 bytes (1 switches on core 0)
2026-06-22 03:08:56.777 8 INFO placement.requestlog [None req-23ce6a33-7e2b-4b5a-8599-14b554c6a496 - - - - - -] 10.0.0.142 "GET /" status: 200 len: 136 microversion: 1.0
2026-06-22 03:08:56.778 7 INFO placement.requestlog [None req-0794354a-5500-448d-8e57-a2d87e6f41de - - - - - -] 10.0.0.142 "GET /" status: 200 len: 136 microversion: 1.0
2026-06-22 03:09:01.807 7 INFO placement.requestlog [None req-8e1baa76-1a38-4552-a122-234e7a4d0b32 9c2ec76d651b4a968e8e5cb3da787150 f254dc609ba44643be3cdb08e210e21a - - 0e06659dc47f45049412a23eed7c28a3 0e06659dc47f45049412a23eed7c28a3] 10.0.0.196 "GET /resource_providers/218024cf-af7f-4fcd-9e97-5cee31669dae/aggregates" status: 404 len: 235 microversion: 1.1 [pid: 7|app: 0|req: 558/1115] 10.0.0.196 () {32 vars in 815 bytes} [Mon Jun 22 03:09:01 2026] GET /resource_providers/218024cf-af7f-4fcd-9e97-5cee31669dae/aggregates => generated 235 bytes in 10 msecs (HTTP/1.1 404) 5 headers in 202 bytes (1 switches on core 0)
2026-06-22 03:09:01.809 8 INFO placement.requestlog [None req-a36b2ad0-6350-45bc-b47b-a97230027a60 9c2ec76d651b4a968e8e5cb3da787150 f254dc609ba44643be3cdb08e210e21a - - 0e06659dc47f45049412a23eed7c28a3 0e06659dc47f45049412a23eed7c28a3] 10.0.0.196 "GET /resource_providers/218024cf-af7f-4fcd-9e97-5cee31669dae/aggregates" status: 404 len: 235 microversion: 1.1 [pid: 8|app: 0|req: 558/1116] 10.0.0.196 () {32 vars in 815 bytes} [Mon Jun 22 03:09:01 2026] GET /resource_providers/218024cf-af7f-4fcd-9e97-5cee31669dae/aggregates => generated 235 bytes in 13 msecs (HTTP/1.1 404) 5 headers in 202 bytes (1 switches on core 0)
2026-06-22 03:09:01.826 8 INFO placement.requestlog [None req-2a805858-f606-4933-a3b8-ba3523abb305 9c2ec76d651b4a968e8e5cb3da787150 f254dc609ba44643be3cdb08e210e21a - - 0e06659dc47f45049412a23eed7c28a3 0e06659dc47f45049412a23eed7c28a3] 10.0.0.196 "DELETE /resource_providers/218024cf-af7f-4fcd-9e97-5cee31669dae" status: 404 len: 246 microversion: 1.1 [pid: 8|app: 0|req: 559/1117] 10.0.0.196 () {34 vars in 815 bytes} [Mon Jun 22 03:09:01 2026] DELETE /resource_providers/218024cf-af7f-4fcd-9e97-5cee31669dae => generated 246 bytes in 9 msecs (HTTP/1.1 404) 6 headers in 231 bytes (1 switches on core 0)
2026-06-22 03:09:01.834 7 INFO placement.requestlog [None req-e4038f9d-5da7-4efa-9196-d7f59033b72f 9c2ec76d651b4a968e8e5cb3da787150 f254dc609ba44643be3cdb08e210e21a - - 0e06659dc47f45049412a23eed7c28a3 0e06659dc47f45049412a23eed7c28a3] 10.0.0.196 "DELETE /resource_providers/218024cf-af7f-4fcd-9e97-5cee31669dae" status: 404 len: 246 microversion: 1.1 [pid: 7|app: 0|req: 559/1118] 10.0.0.196 () {34 vars in 815 bytes} [Mon Jun 22 03:09:01 2026] DELETE /resource_providers/218024cf-af7f-4fcd-9e97-5cee31669dae => generated 246 bytes in 19 msecs (HTTP/1.1 404) 6 headers in 231 bytes (1 switches on core 0)
2026-06-22 03:09:06.777 8 INFO placement.requestlog [None req-e03f40a2-371f-4a8e-aa33-24cf81d120eb - - - - - -] 10.0.0.142 "GET /" status: 200 len: 136 microversion: 1.0
2026-06-22 03:09:06.777 7 INFO placement.requestlog [None req-caeaf770-fa7a-4c32-8a88-289b371a3353 - - - - - -] 10.0.0.142 "GET /" status: 200 len: 136 microversion: 1.0
2026-06-22 03:09:16.776 7 INFO placement.requestlog [None req-71cb55ec-4c1b-4afd-be7c-8447f533ff12 - - - - - -] 10.0.0.142 "GET /" status: 200 len: 136 microversion: 1.0
2026-06-22 03:09:16.777 8 INFO placement.requestlog [None req-f2cf255f-5c33-4d05-9963-c8308f9633ed - - - - - -] 10.0.0.142 "GET /" status: 200 len: 136 microversion: 1.0
2026-06-22 03:09:23.257 7 INFO placement.requestlog [req-fb5cc438-c7ce-4ecd-bfbb-69c6cdd81b21 req-c6ba7ba4-ecda-4eae-93e3-d8e6c890d9a8 08055ab4ed09410aa07f9732de04e677 f254dc609ba44643be3cdb08e210e21a - - 0e06659dc47f45049412a23eed7c28a3 0e06659dc47f45049412a23eed7c28a3] 10.0.0.239 "GET /allocation_candidates?limit=1000&resources=MEMORY_MB%3A2048%2CVCPU%3A2&root_required=%21COMPUTE_STATUS_DISABLED" status: 200 len: 2432 microversion: 1.36 [pid: 7|app: 0|req: 562/1123] 10.0.0.239 () {34 vars in 985 bytes} [Mon Jun 22 03:09:23 2026] GET /allocation_candidates?limit=1000&resources=MEMORY_MB%3A2048%2CVCPU%3A2&root_required=%21COMPUTE_STATUS_DISABLED => generated 2432 bytes in 37 msecs (HTTP/1.1 200) 8 headers in 297 bytes (1 switches on core 0)
2026-06-22 03:09:23.279 8 INFO placement.requestlog [req-fb5cc438-c7ce-4ecd-bfbb-69c6cdd81b21 req-19926959-d2b6-4f5c-a1d7-0c6016da911a 08055ab4ed09410aa07f9732de04e677 f254dc609ba44643be3cdb08e210e21a - - 0e06659dc47f45049412a23eed7c28a3 0e06659dc47f45049412a23eed7c28a3] 10.0.0.239 "GET /allocations/2beef4ea-af22-4a2c-955c-8be06f391b7e" status: 200 len: 19 microversion: 1.28 [pid: 8|app: 0|req: 562/1124] 10.0.0.239 () {34 vars in 860 bytes} [Mon Jun 22 03:09:23 2026] GET /allocations/2beef4ea-af22-4a2c-955c-8be06f391b7e => generated 19 bytes in 7 msecs (HTTP/1.1 200) 8 headers in 295 bytes (1 switches on core 0)
2026-06-22 03:09:23.340 7 INFO placement.requestlog [req-fb5cc438-c7ce-4ecd-bfbb-69c6cdd81b21 req-7395979e-c717-40f2-9fc0-3551faf848ee 08055ab4ed09410aa07f9732de04e677 f254dc609ba44643be3cdb08e210e21a - - 0e06659dc47f45049412a23eed7c28a3 0e06659dc47f45049412a23eed7c28a3] 10.0.0.239 "PUT /allocations/2beef4ea-af22-4a2c-955c-8be06f391b7e" status: 204 len: 0 microversion: 1.36 [pid: 7|app: 0|req: 563/1125] 10.0.0.239 () {38 vars in 913 bytes} [Mon Jun 22 03:09:23 2026] PUT /allocations/2beef4ea-af22-4a2c-955c-8be06f391b7e => generated 0 bytes in 58 msecs (HTTP/1.1 204) 5 headers in 199 bytes (1 switches on core 0)
2026-06-22 03:09:24.909 8 INFO placement.requestlog [req-fb5cc438-c7ce-4ecd-bfbb-69c6cdd81b21 req-dc19e84c-7b4f-418e-83b3-6f47f2cfe591 08055ab4ed09410aa07f9732de04e677 f254dc609ba44643be3cdb08e210e21a - - 0e06659dc47f45049412a23eed7c28a3 0e06659dc47f45049412a23eed7c28a3] 199.204.45.35 "GET /allocations/2beef4ea-af22-4a2c-955c-8be06f391b7e" status: 200 len: 245 microversion: 1.28 [pid: 8|app: 0|req: 563/1126] 199.204.45.35 () {34 vars in 861 bytes} [Mon Jun 22 03:09:24 2026] GET /allocations/2beef4ea-af22-4a2c-955c-8be06f391b7e => generated 245 bytes in 12 msecs (HTTP/1.1 200) 8 headers in 296 bytes (1 switches on core 0)
2026-06-22 03:09:25.947 7 INFO placement.requestlog [req-fb5cc438-c7ce-4ecd-bfbb-69c6cdd81b21 req-c55d1cef-1430-4750-97bf-01962b9ef962 08055ab4ed09410aa07f9732de04e677 f254dc609ba44643be3cdb08e210e21a - - 0e06659dc47f45049412a23eed7c28a3 0e06659dc47f45049412a23eed7c28a3] 199.204.45.35 "GET /resource_providers/445ddf23-f77b-4c5c-80a0-e9adf1370347/allocations" status: 200 len: 340 microversion: 1.0 [pid: 7|app: 0|req: 564/1127] 199.204.45.35 () {32 vars in 855 bytes} [Mon Jun 22 03:09:25 2026] GET /resource_providers/445ddf23-f77b-4c5c-80a0-e9adf1370347/allocations => generated 340 bytes in 15 msecs (HTTP/1.1 200) 6 headers in 224 bytes (1 switches on core 0)
2026-06-22 03:09:25.969 8 INFO placement.requestlog [req-fb5cc438-c7ce-4ecd-bfbb-69c6cdd81b21 req-0d600408-404e-47ec-8a1a-ef03d3dc2474 08055ab4ed09410aa07f9732de04e677 f254dc609ba44643be3cdb08e210e21a - - 0e06659dc47f45049412a23eed7c28a3 0e06659dc47f45049412a23eed7c28a3] 199.204.45.35 "GET /allocations/a052f709-86bb-4b61-923e-a77270ad70bf" status: 200 len: 258 microversion: 1.28 [pid: 8|app: 0|req: 564/1128] 199.204.45.35 () {34 vars in 861 bytes} [Mon Jun 22 03:09:25 2026] GET /allocations/a052f709-86bb-4b61-923e-a77270ad70bf => generated 258 bytes in 19 msecs (HTTP/1.1 200) 8 headers in 296 bytes (1 switches on core 0)
2026-06-22 03:09:25.987 7 INFO placement.requestlog [req-fb5cc438-c7ce-4ecd-bfbb-69c6cdd81b21 req-c51c0b17-ba36-4413-acc4-f9fd7fe2dfc4 08055ab4ed09410aa07f9732de04e677 f254dc609ba44643be3cdb08e210e21a - - 0e06659dc47f45049412a23eed7c28a3 0e06659dc47f45049412a23eed7c28a3] 199.204.45.35 "GET /allocations/9feee3fc-3bcb-4953-8cbe-7215bf9b7003" status: 200 len: 258 microversion: 1.28 [pid: 7|app: 0|req: 565/1129] 199.204.45.35 () {34 vars in 861 bytes} [Mon Jun 22 03:09:25 2026] GET /allocations/9feee3fc-3bcb-4953-8cbe-7215bf9b7003 => generated 258 bytes in 11 msecs (HTTP/1.1 200) 8 headers in 296 bytes (1 switches on core 0)
2026-06-22 03:09:26.011 8 INFO placement.requestlog [req-fb5cc438-c7ce-4ecd-bfbb-69c6cdd81b21 req-450b6cfc-bace-4538-9245-66ea870ac4f6 08055ab4ed09410aa07f9732de04e677 f254dc609ba44643be3cdb08e210e21a - - 0e06659dc47f45049412a23eed7c28a3 0e06659dc47f45049412a23eed7c28a3] 199.204.45.35 "GET /allocations/2beef4ea-af22-4a2c-955c-8be06f391b7e" status: 200 len: 245 microversion: 1.28 [pid: 8|app: 0|req: 565/1130] 199.204.45.35 () {34 vars in 861 bytes} [Mon Jun 22 03:09:25 2026] GET /allocations/2beef4ea-af22-4a2c-955c-8be06f391b7e => generated 245 bytes in 18 msecs (HTTP/1.1 200) 8 headers in 296 bytes (1 switches on core 0)
2026-06-22 03:09:26.777 7 INFO placement.requestlog [None req-d7d83f4d-a117-4204-8888-109f24abd530 - - - - - -] 10.0.0.142 "GET /" status: 200 len: 136 microversion: 1.0
2026-06-22 03:09:26.778 8 INFO placement.requestlog [None req-e1b6052a-9e9e-4f05-b8c4-05707d2e5a2f - - - - - -] 10.0.0.142 "GET /" status: 200 len: 136 microversion: 1.0
2026-06-22 03:09:36.777 7 INFO placement.requestlog [None req-f2bf942e-3b04-4573-8c07-3d4241adba19 - - - - - -] 10.0.0.142 "GET /" status: 200 len: 136 microversion: 1.0
2026-06-22 03:09:36.777 8 INFO placement.requestlog [None req-8183d08b-d5dd-4575-816e-0a10744e9be8 - - - - - -] 10.0.0.142 "GET /" status: 200 len: 136 microversion: 1.0
2026-06-22 03:09:37.880 7 INFO placement.requestlog [req-001a2ad8-cfa2-4d58-b61a-1601753d2f14 req-a3a63a3c-26bc-4fc7-b9aa-3eb90f78720f 08055ab4ed09410aa07f9732de04e677 f254dc609ba44643be3cdb08e210e21a - - 0e06659dc47f45049412a23eed7c28a3 0e06659dc47f45049412a23eed7c28a3] 199.204.45.35 "GET /resource_providers/445ddf23-f77b-4c5c-80a0-e9adf1370347/allocations" status: 200 len: 340 microversion: 1.0 [pid: 7|app: 0|req: 568/1135] 199.204.45.35 () {32 vars in 855 bytes} [Mon Jun 22 03:09:37 2026] GET /resource_providers/445ddf23-f77b-4c5c-80a0-e9adf1370347/allocations => generated 340 bytes in 23 msecs (HTTP/1.1 200) 6 headers in 224 bytes (1 switches on core 0)
2026-06-22 03:09:37.904 8 INFO placement.requestlog [req-001a2ad8-cfa2-4d58-b61a-1601753d2f14 req-bf993d3b-2010-437f-8f3f-e6affb624f1f 08055ab4ed09410aa07f9732de04e677 f254dc609ba44643be3cdb08e210e21a - - 0e06659dc47f45049412a23eed7c28a3 0e06659dc47f45049412a23eed7c28a3] 199.204.45.35 "GET /resource_providers/445ddf23-f77b-4c5c-80a0-e9adf1370347/allocations" status: 200 len: 340 microversion: 1.0 [pid: 8|app: 0|req: 568/1136] 199.204.45.35 () {32 vars in 855 bytes} [Mon Jun 22 03:09:37 2026] GET /resource_providers/445ddf23-f77b-4c5c-80a0-e9adf1370347/allocations => generated 340 bytes in 19 msecs (HTTP/1.1 200) 6 headers in 224 bytes (1 switches on core 0)
2026-06-22 03:09:37.924 7 INFO placement.requestlog [req-001a2ad8-cfa2-4d58-b61a-1601753d2f14 req-c8edd164-4647-4d89-ad6f-0f5717cd0d35 08055ab4ed09410aa07f9732de04e677 f254dc609ba44643be3cdb08e210e21a - - 0e06659dc47f45049412a23eed7c28a3 0e06659dc47f45049412a23eed7c28a3] 199.204.45.35 "GET /allocations/a052f709-86bb-4b61-923e-a77270ad70bf" status: 200 len: 258 microversion: 1.28 [pid: 7|app: 0|req: 569/1137] 199.204.45.35 () {34 vars in 861 bytes} [Mon Jun 22 03:09:37 2026] GET /allocations/a052f709-86bb-4b61-923e-a77270ad70bf => generated 258 bytes in 15 msecs (HTTP/1.1 200) 8 headers in 296 bytes (1 switches on core 0)
2026-06-22 03:09:37.940 8 INFO placement.requestlog [req-001a2ad8-cfa2-4d58-b61a-1601753d2f14 req-cdee7abb-136a-42a3-9fe1-f28c56eaea8e 08055ab4ed09410aa07f9732de04e677 f254dc609ba44643be3cdb08e210e21a - - 0e06659dc47f45049412a23eed7c28a3 0e06659dc47f45049412a23eed7c28a3] 199.204.45.35 "GET /allocations/9feee3fc-3bcb-4953-8cbe-7215bf9b7003" status: 200 len: 258 microversion: 1.28 [pid: 8|app: 0|req: 569/1138] 199.204.45.35 () {34 vars in 861 bytes} [Mon Jun 22 03:09:37 2026] GET /allocations/9feee3fc-3bcb-4953-8cbe-7215bf9b7003 => generated 258 bytes in 10 msecs (HTTP/1.1 200) 8 headers in 296 bytes (1 switches on core 0)
2026-06-22 03:09:37.957 7 INFO placement.requestlog [req-001a2ad8-cfa2-4d58-b61a-1601753d2f14 req-dffa91a2-d873-489f-933d-ed04ffa40dec 08055ab4ed09410aa07f9732de04e677 f254dc609ba44643be3cdb08e210e21a - - 0e06659dc47f45049412a23eed7c28a3 0e06659dc47f45049412a23eed7c28a3] 199.204.45.35 "GET /allocations/2beef4ea-af22-4a2c-955c-8be06f391b7e" status: 200 len: 245 microversion: 1.28 [pid: 7|app: 0|req: 570/1139] 199.204.45.35 () {34 vars in 861 bytes} [Mon Jun 22 03:09:37 2026] GET /allocations/2beef4ea-af22-4a2c-955c-8be06f391b7e => generated 245 bytes in 10 msecs (HTTP/1.1 200) 8 headers in 296 bytes (1 switches on core 0)
2026-06-22 03:09:46.777 8 INFO placement.requestlog [None req-8e603d6a-4426-4cf8-8309-baca71e4976c - - - - - -] 10.0.0.142 "GET /" status: 200 len: 136 microversion: 1.0
2026-06-22 03:09:46.777 7 INFO placement.requestlog [None req-223d7c42-0c3e-460b-b099-5b73ecd3e236 - - - - - -] 10.0.0.142 "GET /" status: 200 len: 136 microversion: 1.0
2026-06-22 03:09:56.776 8 INFO placement.requestlog [None req-c4a1cfa2-3eab-40cc-a7b0-d335426e1e2a - - - - - -] 10.0.0.142 "GET /" status: 200 len: 136 microversion: 1.0
2026-06-22 03:09:56.779 7 INFO placement.requestlog [None req-e136928a-87fc-4612-b467-f74141380f28 - - - - - -] 10.0.0.142 "GET /" status: 200 len: 136 microversion: 1.0
2026-06-22 03:10:06.776 8 INFO placement.requestlog [None req-f4801dbb-e5ec-483b-a55d-41896ad6b0d5 - - - - - -] 10.0.0.142 "GET /" status: 200 len: 136 microversion: 1.0
2026-06-22 03:10:06.780 7 INFO placement.requestlog [None req-a93d64bb-bd21-45b3-acd5-a01a29da256b - - - - - -] 10.0.0.142 "GET /" status: 200 len: 136 microversion: 1.0
2026-06-22 03:10:16.777 7 INFO placement.requestlog [None req-c5c44f16-8aed-44ec-8e52-c35c46e57d88 - - - - - -] 10.0.0.142 "GET /" status: 200 len: 136 microversion: 1.0
2026-06-22 03:10:16.777 8 INFO placement.requestlog [None req-8ffde536-c035-4769-8ca1-91875397fcdc - - - - - -] 10.0.0.142 "GET /" status: 200 len: 136 microversion: 1.0
2026-06-22 03:10:26.777 8 INFO placement.requestlog [None req-a15238f8-f032-422a-a1f4-79ea15a09a5b - - - - - -] 10.0.0.142 "GET /" status: 200 len: 136 microversion: 1.0
2026-06-22 03:10:26.777 7 INFO placement.requestlog [None req-da129b60-8ea4-467c-955d-3fa9247ede17 - - - - - -] 10.0.0.142 "GET /" status: 200 len: 136 microversion: 1.0
2026-06-22 03:10:36.777 7 INFO placement.requestlog [None req-e6d0697b-f7d2-47f4-81e2-cdc7839ef843 - - - - - -] 10.0.0.142 "GET /" status: 200 len: 136 microversion: 1.0
2026-06-22 03:10:36.777 8 INFO placement.requestlog [None req-28dde371-7e2e-4500-a7fd-038c16f4ce8e - - - - - -] 10.0.0.142 "GET /" status: 200 len: 136 microversion: 1.0
2026-06-22 03:10:38.976 7 INFO placement.requestlog [req-5c72a732-77c6-4f6f-b9cc-20d76e646e84 req-604ff19a-0346-48d8-afd7-049620ff1750 08055ab4ed09410aa07f9732de04e677 f254dc609ba44643be3cdb08e210e21a - - 0e06659dc47f45049412a23eed7c28a3 0e06659dc47f45049412a23eed7c28a3] 199.204.45.35 "GET /resource_providers/445ddf23-f77b-4c5c-80a0-e9adf1370347/allocations" status: 200 len: 340 microversion: 1.0 [pid: 7|app: 0|req: 577/1152] 199.204.45.35 () {32 vars in 855 bytes} [Mon Jun 22 03:10:38 2026] GET /resource_providers/445ddf23-f77b-4c5c-80a0-e9adf1370347/allocations => generated 340 bytes in 17 msecs (HTTP/1.1 200) 6 headers in 224 bytes (1 switches on core 0)
2026-06-22 03:10:38.995 8 INFO placement.requestlog [req-5c72a732-77c6-4f6f-b9cc-20d76e646e84 req-dbd4e876-d17a-43cf-becb-68e56ed736a7 08055ab4ed09410aa07f9732de04e677 f254dc609ba44643be3cdb08e210e21a - - 0e06659dc47f45049412a23eed7c28a3 0e06659dc47f45049412a23eed7c28a3] 199.204.45.35 "GET /resource_providers/445ddf23-f77b-4c5c-80a0-e9adf1370347/allocations" status: 200 len: 340 microversion: 1.0 [pid: 8|app: 0|req: 576/1153] 199.204.45.35 () {32 vars in 855 bytes} [Mon Jun 22 03:10:38 2026] GET /resource_providers/445ddf23-f77b-4c5c-80a0-e9adf1370347/allocations => generated 340 bytes in 15 msecs (HTTP/1.1 200) 6 headers in 224 bytes (1 switches on core 0)
2026-06-22 03:10:39.010 7 INFO placement.requestlog [req-5c72a732-77c6-4f6f-b9cc-20d76e646e84 req-68a6e1a9-8708-4cff-b6f2-e4045e976f6e 08055ab4ed09410aa07f9732de04e677 f254dc609ba44643be3cdb08e210e21a - - 0e06659dc47f45049412a23eed7c28a3 0e06659dc47f45049412a23eed7c28a3] 199.204.45.35 "GET /allocations/a052f709-86bb-4b61-923e-a77270ad70bf" status: 200 len: 258 microversion: 1.28 [pid: 7|app: 0|req: 578/1154] 199.204.45.35 () {34 vars in 861 bytes} [Mon Jun 22 03:10:39 2026] GET /allocations/a052f709-86bb-4b61-923e-a77270ad70bf => generated 258 bytes in 10 msecs (HTTP/1.1 200) 8 headers in 296 bytes (1 switches on core 0)
2026-06-22 03:10:39.035 8 INFO placement.requestlog [req-5c72a732-77c6-4f6f-b9cc-20d76e646e84 req-c34083a1-ba50-4442-93df-8e573042f19a 08055ab4ed09410aa07f9732de04e677 f254dc609ba44643be3cdb08e210e21a - - 0e06659dc47f45049412a23eed7c28a3 0e06659dc47f45049412a23eed7c28a3] 199.204.45.35 "GET /allocations/9feee3fc-3bcb-4953-8cbe-7215bf9b7003" status: 200 len: 258 microversion: 1.28 [pid: 8|app: 0|req: 577/1155] 199.204.45.35 () {34 vars in 861 bytes} [Mon Jun 22 03:10:39 2026] GET /allocations/9feee3fc-3bcb-4953-8cbe-7215bf9b7003 => generated 258 bytes in 17 msecs (HTTP/1.1 200) 8 headers in 296 bytes (1 switches on core 0)
2026-06-22 03:10:39.054 7 INFO placement.requestlog [req-5c72a732-77c6-4f6f-b9cc-20d76e646e84 req-455e4b9e-7e3c-41c9-a092-ad487ff771fe 08055ab4ed09410aa07f9732de04e677 f254dc609ba44643be3cdb08e210e21a - - 0e06659dc47f45049412a23eed7c28a3 0e06659dc47f45049412a23eed7c28a3] 199.204.45.35 "GET /allocations/2beef4ea-af22-4a2c-955c-8be06f391b7e" status: 200 len: 245 microversion: 1.28 [pid: 7|app: 0|req: 579/1156] 199.204.45.35 () {34 vars in 861 bytes} [Mon Jun 22 03:10:39 2026] GET /allocations/2beef4ea-af22-4a2c-955c-8be06f391b7e => generated 245 bytes in 10 msecs (HTTP/1.1 200) 8 headers in 296 bytes (1 switches on core 0)
2026-06-22 03:10:46.778 7 INFO placement.requestlog [None req-6bda7da8-03d8-4285-b596-8f0692afaa33 - - - - - -] 10.0.0.142 "GET /" status: 200 len: 136 microversion: 1.0
2026-06-22 03:10:46.777 8 INFO placement.requestlog [None req-a7508e18-cbdf-4781-aa5e-a284b6d67316 - - - - - -] 10.0.0.142 "GET /" status: 200 len: 136 microversion: 1.0
2026-06-22 03:10:56.777 7 INFO placement.requestlog [None req-41570593-4a07-4191-a485-3cbd88a0a7be - - - - - -] 10.0.0.142 "GET /" status: 200 len: 136 microversion: 1.0
2026-06-22 03:10:56.777 8 INFO placement.requestlog [None req-71136625-5328-44a6-b862-30bf59496e4f - - - - - -] 10.0.0.142 "GET /" status: 200 len: 136 microversion: 1.0
2026-06-22 03:11:06.777 8 INFO placement.requestlog [None req-0ee80fbe-f28d-496b-913a-2550e9c011b9 - - - - - -] 10.0.0.142 "GET /" status: 200 len: 136 microversion: 1.0
2026-06-22 03:11:06.777 7 INFO placement.requestlog [None req-8d39e94b-6d2e-4391-a102-068573a498ff - - - - - -] 10.0.0.142 "GET /" status: 200 len: 136 microversion: 1.0
2026-06-22 03:11:16.776 8 INFO placement.requestlog [None req-a813e3e7-4eda-41a3-a0ed-36900481271f - - - - - -] 10.0.0.142 "GET /" status: 200 len: 136 microversion: 1.0
2026-06-22 03:11:16.777 7 INFO placement.requestlog [None req-268dd6bf-5436-448d-890d-0d4f79b3f57c - - - - - -] 10.0.0.142 "GET /" status: 200 len: 136 microversion: 1.0
2026-06-22 03:11:26.777 7 INFO placement.requestlog [None req-26b97305-d53d-4a6a-b9c2-a8d3b93856be - - - - - -] 10.0.0.142 "GET /" status: 200 len: 136 microversion: 1.0
2026-06-22 03:11:26.777 8 INFO placement.requestlog [None req-3d197194-02ba-4359-a292-e4f1492aa1c4 - - - - - -] 10.0.0.142 "GET /" status: 200 len: 136 microversion: 1.0
2026-06-22 03:11:36.776 8 INFO placement.requestlog [None req-e33f8b13-7feb-4028-9b8c-84ffb59f7a87 - - - - - -] 10.0.0.142 "GET /" status: 200 len: 136 microversion: 1.0
2026-06-22 03:11:36.776 7 INFO placement.requestlog [None req-efb568fa-3467-4e9a-aca7-58002c4254cd - - - - - -] 10.0.0.142 "GET /" status: 200 len: 136 microversion: 1.0
2026-06-22 03:11:39.783 8 INFO placement.requestlog [req-6670392f-6244-4495-ae11-3766fe2f3393 req-0f5f4b3f-abf9-4077-906f-5d7c06287ffb 08055ab4ed09410aa07f9732de04e677 f254dc609ba44643be3cdb08e210e21a - - 0e06659dc47f45049412a23eed7c28a3 0e06659dc47f45049412a23eed7c28a3] 199.204.45.35 "GET /resource_providers/445ddf23-f77b-4c5c-80a0-e9adf1370347/allocations" status: 200 len: 340 microversion: 1.0 [pid: 8|app: 0|req: 584/1169] 199.204.45.35 () {32 vars in 855 bytes} [Mon Jun 22 03:11:39 2026] GET /resource_providers/445ddf23-f77b-4c5c-80a0-e9adf1370347/allocations => generated 340 bytes in 16 msecs (HTTP/1.1 200) 6 headers in 224 bytes (1 switches on core 0)
2026-06-22 03:11:39.806 7 INFO placement.requestlog [req-6670392f-6244-4495-ae11-3766fe2f3393 req-66e9f7aa-28e2-47e6-8aa1-f0670bde3593 08055ab4ed09410aa07f9732de04e677 f254dc609ba44643be3cdb08e210e21a - - 0e06659dc47f45049412a23eed7c28a3 0e06659dc47f45049412a23eed7c28a3] 199.204.45.35 "GET /resource_providers/445ddf23-f77b-4c5c-80a0-e9adf1370347/allocations" status: 200 len: 340 microversion: 1.0 [pid: 7|app: 0|req: 586/1170] 199.204.45.35 () {32 vars in 855 bytes} [Mon Jun 22 03:11:39 2026] GET /resource_providers/445ddf23-f77b-4c5c-80a0-e9adf1370347/allocations => generated 340 bytes in 17 msecs (HTTP/1.1 200) 6 headers in 224 bytes (1 switches on core 0)
2026-06-22 03:11:39.832 8 INFO placement.requestlog [req-6670392f-6244-4495-ae11-3766fe2f3393 req-2bc79b83-0473-4036-b508-6b066ca7eb6d 08055ab4ed09410aa07f9732de04e677 f254dc609ba44643be3cdb08e210e21a - - 0e06659dc47f45049412a23eed7c28a3 0e06659dc47f45049412a23eed7c28a3] 199.204.45.35 "GET /allocations/a052f709-86bb-4b61-923e-a77270ad70bf" status: 200 len: 258 microversion: 1.28 [pid: 8|app: 0|req: 585/1171] 199.204.45.35 () {34 vars in 861 bytes} [Mon Jun 22 03:11:39 2026] GET /allocations/a052f709-86bb-4b61-923e-a77270ad70bf => generated 258 bytes in 22 msecs (HTTP/1.1 200) 8 headers in 296 bytes (1 switches on core 0)
2026-06-22 03:11:39.852 7 INFO placement.requestlog [req-6670392f-6244-4495-ae11-3766fe2f3393 req-a97f2950-abb9-48d0-abe1-e1650f673b59 08055ab4ed09410aa07f9732de04e677 f254dc609ba44643be3cdb08e210e21a - - 0e06659dc47f45049412a23eed7c28a3 0e06659dc47f45049412a23eed7c28a3] 199.204.45.35 "GET /allocations/9feee3fc-3bcb-4953-8cbe-7215bf9b7003" status: 200 len: 258 microversion: 1.28 [pid: 7|app: 0|req: 587/1172] 199.204.45.35 () {34 vars in 861 bytes} [Mon Jun 22 03:11:39 2026] GET /allocations/9feee3fc-3bcb-4953-8cbe-7215bf9b7003 => generated 258 bytes in 15 msecs (HTTP/1.1 200) 8 headers in 296 bytes (1 switches on core 0)
2026-06-22 03:11:39.871 8 INFO placement.requestlog [req-6670392f-6244-4495-ae11-3766fe2f3393 req-91c4541d-a085-414d-9a6c-72f5e1a6c802 08055ab4ed09410aa07f9732de04e677 f254dc609ba44643be3cdb08e210e21a - - 0e06659dc47f45049412a23eed7c28a3 0e06659dc47f45049412a23eed7c28a3] 199.204.45.35 "GET /allocations/2beef4ea-af22-4a2c-955c-8be06f391b7e" status: 200 len: 245 microversion: 1.28 [pid: 8|app: 0|req: 586/1173] 199.204.45.35 () {34 vars in 861 bytes} [Mon Jun 22 03:11:39 2026] GET /allocations/2beef4ea-af22-4a2c-955c-8be06f391b7e => generated 245 bytes in 14 msecs (HTTP/1.1 200) 8 headers in 296 bytes (1 switches on core 0)
2026-06-22 03:11:46.778 7 INFO placement.requestlog [None req-30f48f14-c16a-4635-b5d4-0d8cee86baf5 - - - - - -] 10.0.0.142 "GET /" status: 200 len: 136 microversion: 1.0
2026-06-22 03:11:46.778 8 INFO placement.requestlog [None req-ea4517a8-52f7-433f-9495-9f6a0d47edb0 - - - - - -] 10.0.0.142 "GET /" status: 200 len: 136 microversion: 1.0
2026-06-22 03:11:56.777 7 INFO placement.requestlog [None req-cb980ba2-38f5-4133-9115-5308d296da68 - - - - - -] 10.0.0.142 "GET /" status: 200 len: 136 microversion: 1.0
2026-06-22 03:11:56.777 8 INFO placement.requestlog [None req-93853ed4-9571-4bb6-8450-31d0527b5de4 - - - - - -] 10.0.0.142 "GET /" status: 200 len: 136 microversion: 1.0
2026-06-22 03:12:06.777 8 INFO placement.requestlog [None req-d7bc910e-10a6-4db7-b5c5-baade05ecd3e - - - - - -] 10.0.0.142 "GET /" status: 200 len: 136 microversion: 1.0
2026-06-22 03:12:06.778 7 INFO placement.requestlog [None req-db6cd6ce-a275-402e-972b-b84055f31fa8 - - - - - -] 10.0.0.142 "GET /" status: 200 len: 136 microversion: 1.0
2026-06-22 03:12:12.849 8 INFO placement.requestlog [req-59de7963-1e82-44f7-87ba-ecb7744221af req-7e387f4b-3612-4d9b-86d1-d80a60625b42 08055ab4ed09410aa07f9732de04e677 f254dc609ba44643be3cdb08e210e21a - - 0e06659dc47f45049412a23eed7c28a3 0e06659dc47f45049412a23eed7c28a3] 199.204.45.35 "GET /resource_providers/445ddf23-f77b-4c5c-80a0-e9adf1370347/allocations" status: 200 len: 340 microversion: 1.0 [pid: 8|app: 0|req: 590/1180] 199.204.45.35 () {32 vars in 855 bytes} [Mon Jun 22 03:12:12 2026] GET /resource_providers/445ddf23-f77b-4c5c-80a0-e9adf1370347/allocations => generated 340 bytes in 20 msecs (HTTP/1.1 200) 6 headers in 224 bytes (1 switches on core 0)
2026-06-22 03:12:12.875 7 INFO placement.requestlog [req-59de7963-1e82-44f7-87ba-ecb7744221af req-10e46eec-4d7e-40c6-9668-34d4cf69fffa 08055ab4ed09410aa07f9732de04e677 f254dc609ba44643be3cdb08e210e21a - - 0e06659dc47f45049412a23eed7c28a3 0e06659dc47f45049412a23eed7c28a3] 199.204.45.35 "GET /allocations/a052f709-86bb-4b61-923e-a77270ad70bf" status: 200 len: 258 microversion: 1.28 [pid: 7|app: 0|req: 591/1181] 199.204.45.35 () {34 vars in 861 bytes} [Mon Jun 22 03:12:12 2026] GET /allocations/a052f709-86bb-4b61-923e-a77270ad70bf => generated 258 bytes in 16 msecs (HTTP/1.1 200) 8 headers in 296 bytes (1 switches on core 0)
2026-06-22 03:12:12.896 8 INFO placement.requestlog [req-59de7963-1e82-44f7-87ba-ecb7744221af req-6dd2ea12-fabe-462a-8ecb-b45b38eac31e 08055ab4ed09410aa07f9732de04e677 f254dc609ba44643be3cdb08e210e21a - - 0e06659dc47f45049412a23eed7c28a3 0e06659dc47f45049412a23eed7c28a3] 199.204.45.35 "GET /allocations/9feee3fc-3bcb-4953-8cbe-7215bf9b7003" status: 200 len: 258 microversion: 1.28 [pid: 8|app: 0|req: 591/1182] 199.204.45.35 () {34 vars in 861 bytes} [Mon Jun 22 03:12:12 2026] GET /allocations/9feee3fc-3bcb-4953-8cbe-7215bf9b7003 => generated 258 bytes in 13 msecs (HTTP/1.1 200) 8 headers in 296 bytes (1 switches on core 0)
2026-06-22 03:12:12.915 7 INFO placement.requestlog [req-59de7963-1e82-44f7-87ba-ecb7744221af req-84443128-4b39-42fd-8a3c-4bcb085dfb8a 08055ab4ed09410aa07f9732de04e677 f254dc609ba44643be3cdb08e210e21a - - 0e06659dc47f45049412a23eed7c28a3 0e06659dc47f45049412a23eed7c28a3] 199.204.45.35 "GET /allocations/2beef4ea-af22-4a2c-955c-8be06f391b7e" status: 200 len: 245 microversion: 1.28 [pid: 7|app: 0|req: 592/1183] 199.204.45.35 () {34 vars in 861 bytes} [Mon Jun 22 03:12:12 2026] GET /allocations/2beef4ea-af22-4a2c-955c-8be06f391b7e => generated 245 bytes in 14 msecs (HTTP/1.1 200) 8 headers in 296 bytes (1 switches on core 0)
2026-06-22 03:12:13.971 8 INFO placement.requestlog [req-59de7963-1e82-44f7-87ba-ecb7744221af req-23d0ae72-d6df-4afb-903f-c108859e533f 08055ab4ed09410aa07f9732de04e677 f254dc609ba44643be3cdb08e210e21a - - 0e06659dc47f45049412a23eed7c28a3 0e06659dc47f45049412a23eed7c28a3] 199.204.45.35 "DELETE /allocations/2beef4ea-af22-4a2c-955c-8be06f391b7e" status: 204 len: 0 microversion: 1.0 [pid: 8|app: 0|req: 592/1184] 199.204.45.35 () {34 vars in 839 bytes} [Mon Jun 22 03:12:13 2026] DELETE /allocations/2beef4ea-af22-4a2c-955c-8be06f391b7e => generated 0 bytes in 29 msecs (HTTP/1.1 204) 5 headers in 198 bytes (1 switches on core 0)
2026-06-22 03:12:16.438 7 INFO placement.requestlog [req-0ffaf27c-a9cb-481a-be29-38311458be61 req-9fd77d1a-789b-42f0-ae00-5b54b9c6c140 08055ab4ed09410aa07f9732de04e677 f254dc609ba44643be3cdb08e210e21a - - 0e06659dc47f45049412a23eed7c28a3 0e06659dc47f45049412a23eed7c28a3] 199.204.45.35 "GET /resource_providers/445ddf23-f77b-4c5c-80a0-e9adf1370347/allocations" status: 200 len: 253 microversion: 1.0 [pid: 7|app: 0|req: 593/1185] 199.204.45.35 () {32 vars in 855 bytes} [Mon Jun 22 03:12:16 2026] GET /resource_providers/445ddf23-f77b-4c5c-80a0-e9adf1370347/allocations => generated 253 bytes in 17 msecs (HTTP/1.1 200) 6 headers in 224 bytes (1 switches on core 0)
2026-06-22 03:12:16.457 8 INFO placement.requestlog [req-0ffaf27c-a9cb-481a-be29-38311458be61 req-ad5bbca7-d3f4-40f2-8af8-ea9f3d90c57c 08055ab4ed09410aa07f9732de04e677 f254dc609ba44643be3cdb08e210e21a - - 0e06659dc47f45049412a23eed7c28a3 0e06659dc47f45049412a23eed7c28a3] 199.204.45.35 "GET /allocations/a052f709-86bb-4b61-923e-a77270ad70bf" status: 200 len: 258 microversion: 1.28 [pid: 8|app: 0|req: 593/1186] 199.204.45.35 () {34 vars in 861 bytes} [Mon Jun 22 03:12:16 2026] GET /allocations/a052f709-86bb-4b61-923e-a77270ad70bf => generated 258 bytes in 14 msecs (HTTP/1.1 200) 8 headers in 296 bytes (1 switches on core 0)
2026-06-22 03:12:16.473 7 INFO placement.requestlog [req-0ffaf27c-a9cb-481a-be29-38311458be61 req-d44f9b3a-fcab-48ae-b49c-5bba71182d7e 08055ab4ed09410aa07f9732de04e677 f254dc609ba44643be3cdb08e210e21a - - 0e06659dc47f45049412a23eed7c28a3 0e06659dc47f45049412a23eed7c28a3] 199.204.45.35 "GET /allocations/9feee3fc-3bcb-4953-8cbe-7215bf9b7003" status: 200 len: 258 microversion: 1.28 [pid: 7|app: 0|req: 594/1187] 199.204.45.35 () {34 vars in 861 bytes} [Mon Jun 22 03:12:16 2026] GET /allocations/9feee3fc-3bcb-4953-8cbe-7215bf9b7003 => generated 258 bytes in 12 msecs (HTTP/1.1 200) 8 headers in 296 bytes (1 switches on core 0)
2026-06-22 03:12:16.776 7 INFO placement.requestlog [None req-e2d86044-b139-4b52-b596-a6bc33ad80b1 - - - - - -] 10.0.0.142 "GET /" status: 200 len: 136 microversion: 1.0
2026-06-22 03:12:16.776 8 INFO placement.requestlog [None req-bb23a44b-f0f8-40d0-9a60-aee0556dbb16 - - - - - -] 10.0.0.142 "GET /" status: 200 len: 136 microversion: 1.0
2026-06-22 03:12:17.522 7 INFO placement.requestlog [req-0ffaf27c-a9cb-481a-be29-38311458be61 req-f38eb4de-70cc-4ff8-a578-dc686a9ce9ee 08055ab4ed09410aa07f9732de04e677 f254dc609ba44643be3cdb08e210e21a - - 0e06659dc47f45049412a23eed7c28a3 0e06659dc47f45049412a23eed7c28a3] 199.204.45.35 "DELETE /allocations/9feee3fc-3bcb-4953-8cbe-7215bf9b7003" status: 204 len: 0 microversion: 1.0 [pid: 7|app: 0|req: 596/1190] 199.204.45.35 () {34 vars in 839 bytes} [Mon Jun 22 03:12:17 2026] DELETE /allocations/9feee3fc-3bcb-4953-8cbe-7215bf9b7003 => generated 0 bytes in 24 msecs (HTTP/1.1 204) 5 headers in 198 bytes (1 switches on core 0)
2026-06-22 03:12:26.777 8 INFO placement.requestlog [None req-6d28e228-d184-4087-9f02-0a4e19ec7d64 - - - - - -] 10.0.0.142 "GET /" status: 200 len: 136 microversion: 1.0
2026-06-22 03:12:26.777 7 INFO placement.requestlog [None req-738ad79c-28aa-4d55-a19c-7c1d80cb0bfa - - - - - -] 10.0.0.142 "GET /" status: 200 len: 136 microversion: 1.0
2026-06-22 03:12:27.288 8 INFO placement.requestlog [req-a4e08b30-6f40-414e-b2f0-7fc5080d1464 req-1ec3b4a8-f966-4aec-b6bf-35ccfebe142a 08055ab4ed09410aa07f9732de04e677 f254dc609ba44643be3cdb08e210e21a - - 0e06659dc47f45049412a23eed7c28a3 0e06659dc47f45049412a23eed7c28a3] 199.204.45.35 "GET /resource_providers/445ddf23-f77b-4c5c-80a0-e9adf1370347/allocations" status: 200 len: 153 microversion: 1.0 [pid: 8|app: 0|req: 596/1193] 199.204.45.35 () {32 vars in 855 bytes} [Mon Jun 22 03:12:27 2026] GET /resource_providers/445ddf23-f77b-4c5c-80a0-e9adf1370347/allocations => generated 153 bytes in 13 msecs (HTTP/1.1 200) 6 headers in 224 bytes (1 switches on core 0)
2026-06-22 03:12:27.307 7 INFO placement.requestlog [req-a4e08b30-6f40-414e-b2f0-7fc5080d1464 req-1670ccca-d181-496b-83cb-f4bffe354b3c 08055ab4ed09410aa07f9732de04e677 f254dc609ba44643be3cdb08e210e21a - - 0e06659dc47f45049412a23eed7c28a3 0e06659dc47f45049412a23eed7c28a3] 199.204.45.35 "GET /allocations/a052f709-86bb-4b61-923e-a77270ad70bf" status: 200 len: 258 microversion: 1.28 [pid: 7|app: 0|req: 598/1194] 199.204.45.35 () {34 vars in 861 bytes} [Mon Jun 22 03:12:27 2026] GET /allocations/a052f709-86bb-4b61-923e-a77270ad70bf => generated 258 bytes in 13 msecs (HTTP/1.1 200) 8 headers in 296 bytes (1 switches on core 0)
2026-06-22 03:12:28.354 8 INFO placement.requestlog [req-a4e08b30-6f40-414e-b2f0-7fc5080d1464 req-52451b9b-0d51-4f26-8c2c-2c898bd1ab63 08055ab4ed09410aa07f9732de04e677 f254dc609ba44643be3cdb08e210e21a - - 0e06659dc47f45049412a23eed7c28a3 0e06659dc47f45049412a23eed7c28a3] 199.204.45.35 "DELETE /allocations/a052f709-86bb-4b61-923e-a77270ad70bf" status: 204 len: 0 microversion: 1.0 [pid: 8|app: 0|req: 597/1195] 199.204.45.35 () {34 vars in 839 bytes} [Mon Jun 22 03:12:28 2026] DELETE /allocations/a052f709-86bb-4b61-923e-a77270ad70bf => generated 0 bytes in 23 msecs (HTTP/1.1 204) 5 headers in 198 bytes (1 switches on core 0)
2026-06-22 03:12:36.776 8 INFO placement.requestlog [None req-fd8e74b2-4287-4c22-9ea3-f0915a97e552 - - - - - -] 10.0.0.142 "GET /" status: 200 len: 136 microversion: 1.0
2026-06-22 03:12:36.776 7 INFO placement.requestlog [None req-1a0ada0c-1e35-4113-af53-c375c5a06461 - - - - - -] 10.0.0.142 "GET /" status: 200 len: 136 microversion: 1.0
2026-06-22 03:12:38.464 8 INFO placement.requestlog [req-0847b99d-b2df-4c9c-bf93-e671f3444920 req-184a617e-5225-4bcf-824a-5232b080bb88 08055ab4ed09410aa07f9732de04e677 f254dc609ba44643be3cdb08e210e21a - - 0e06659dc47f45049412a23eed7c28a3 0e06659dc47f45049412a23eed7c28a3] 199.204.45.35 "GET /resource_providers/445ddf23-f77b-4c5c-80a0-e9adf1370347/allocations" status: 200 len: 55 microversion: 1.0 [pid: 8|app: 0|req: 599/1198] 199.204.45.35 () {32 vars in 855 bytes} [Mon Jun 22 03:12:38 2026] GET /resource_providers/445ddf23-f77b-4c5c-80a0-e9adf1370347/allocations => generated 55 bytes in 11 msecs (HTTP/1.1 200) 6 headers in 223 bytes (1 switches on core 0)
2026-06-22 03:12:38.483 7 INFO placement.requestlog [req-0847b99d-b2df-4c9c-bf93-e671f3444920 req-32ed77b5-257a-44f1-a624-bf1acb9764fd 08055ab4ed09410aa07f9732de04e677 f254dc609ba44643be3cdb08e210e21a - - 0e06659dc47f45049412a23eed7c28a3 0e06659dc47f45049412a23eed7c28a3] 199.204.45.35 "GET /resource_providers/445ddf23-f77b-4c5c-80a0-e9adf1370347/allocations" status: 200 len: 55 microversion: 1.0 [pid: 7|app: 0|req: 600/1199] 199.204.45.35 () {32 vars in 855 bytes} [Mon Jun 22 03:12:38 2026] GET /resource_providers/445ddf23-f77b-4c5c-80a0-e9adf1370347/allocations => generated 55 bytes in 13 msecs (HTTP/1.1 200) 6 headers in 223 bytes (1 switches on core 0)
2026-06-22 03:12:40.328 7 INFO placement.requestlog [None req-6e7c8abb-fc8a-4a41-91c3-bb10cfbbda3b 9c2ec76d651b4a968e8e5cb3da787150 f254dc609ba44643be3cdb08e210e21a - - 0e06659dc47f45049412a23eed7c28a3 0e06659dc47f45049412a23eed7c28a3] 10.0.0.196 "GET /resource_providers/4c4af8cd-d17c-4666-b048-4fd2d135eecc/aggregates" status: 404 len: 235 microversion: 1.1 [pid: 7|app: 0|req: 601/1200] 10.0.0.196 () {32 vars in 815 bytes} [Mon Jun 22 03:12:40 2026] GET /resource_providers/4c4af8cd-d17c-4666-b048-4fd2d135eecc/aggregates => generated 235 bytes in 9 msecs (HTTP/1.1 404) 5 headers in 202 bytes (1 switches on core 0)
2026-06-22 03:12:40.328 8 INFO placement.requestlog [None req-4978d376-5b90-40e2-b8ac-b56ac7a947dc 9c2ec76d651b4a968e8e5cb3da787150 f254dc609ba44643be3cdb08e210e21a - - 0e06659dc47f45049412a23eed7c28a3 0e06659dc47f45049412a23eed7c28a3] 10.0.0.196 "GET /resource_providers/4c4af8cd-d17c-4666-b048-4fd2d135eecc/aggregates" status: 404 len: 235 microversion: 1.1 [pid: 8|app: 0|req: 600/1201] 10.0.0.196 () {32 vars in 815 bytes} [Mon Jun 22 03:12:40 2026] GET /resource_providers/4c4af8cd-d17c-4666-b048-4fd2d135eecc/aggregates => generated 235 bytes in 9 msecs (HTTP/1.1 404) 5 headers in 202 bytes (1 switches on core 0)
2026-06-22 03:12:40.352 7 INFO placement.requestlog [None req-56acdbf8-917d-4238-b1a5-aa51a7538b5e 9c2ec76d651b4a968e8e5cb3da787150 f254dc609ba44643be3cdb08e210e21a - - 0e06659dc47f45049412a23eed7c28a3 0e06659dc47f45049412a23eed7c28a3] 10.0.0.196 "DELETE /resource_providers/4c4af8cd-d17c-4666-b048-4fd2d135eecc" status: 404 len: 246 microversion: 1.1 [pid: 7|app: 0|req: 602/1202] 10.0.0.196 () {34 vars in 815 bytes} [Mon Jun 22 03:12:40 2026] DELETE /resource_providers/4c4af8cd-d17c-4666-b048-4fd2d135eecc => generated 246 bytes in 10 msecs (HTTP/1.1 404) 6 headers in 231 bytes (1 switches on core 0)
2026-06-22 03:12:40.355 8 INFO placement.requestlog [None req-b5b136a1-386c-424d-8845-48ae2dd2d654 9c2ec76d651b4a968e8e5cb3da787150 f254dc609ba44643be3cdb08e210e21a - - 0e06659dc47f45049412a23eed7c28a3 0e06659dc47f45049412a23eed7c28a3] 10.0.0.196 "DELETE /resource_providers/4c4af8cd-d17c-4666-b048-4fd2d135eecc" status: 404 len: 246 microversion: 1.1 [pid: 8|app: 0|req: 601/1203] 10.0.0.196 () {34 vars in 815 bytes} [Mon Jun 22 03:12:40 2026] DELETE /resource_providers/4c4af8cd-d17c-4666-b048-4fd2d135eecc => generated 246 bytes in 9 msecs (HTTP/1.1 404) 6 headers in 231 bytes (1 switches on core 0)
2026-06-22 03:12:42.372 7 INFO placement.requestlog [None req-7c834573-c6c3-455f-84bc-a7ea5a331a73 9c2ec76d651b4a968e8e5cb3da787150 f254dc609ba44643be3cdb08e210e21a - - 0e06659dc47f45049412a23eed7c28a3 0e06659dc47f45049412a23eed7c28a3] 10.0.0.196 "GET /resource_providers/8477fc57-22cb-4f41-9050-4c32522b96da/aggregates" status: 404 len: 235 microversion: 1.1 [pid: 7|app: 0|req: 603/1204] 10.0.0.196 () {32 vars in 815 bytes} [Mon Jun 22 03:12:42 2026] GET /resource_providers/8477fc57-22cb-4f41-9050-4c32522b96da/aggregates => generated 235 bytes in 9 msecs (HTTP/1.1 404) 5 headers in 202 bytes (1 switches on core 0)
2026-06-22 03:12:42.376 8 INFO placement.requestlog [None req-204ccdce-4ba3-42e3-a635-0add9805757e 9c2ec76d651b4a968e8e5cb3da787150 f254dc609ba44643be3cdb08e210e21a - - 0e06659dc47f45049412a23eed7c28a3 0e06659dc47f45049412a23eed7c28a3] 10.0.0.196 "GET /resource_providers/8477fc57-22cb-4f41-9050-4c32522b96da/aggregates" status: 404 len: 235 microversion: 1.1 [pid: 8|app: 0|req: 602/1205] 10.0.0.196 () {32 vars in 815 bytes} [Mon Jun 22 03:12:42 2026] GET /resource_providers/8477fc57-22cb-4f41-9050-4c32522b96da/aggregates => generated 235 bytes in 12 msecs (HTTP/1.1 404) 5 headers in 202 bytes (1 switches on core 0)
2026-06-22 03:12:42.388 7 INFO placement.requestlog [None req-04ece3ef-ed65-45f0-9fd4-621b9cc5ded3 9c2ec76d651b4a968e8e5cb3da787150 f254dc609ba44643be3cdb08e210e21a - - 0e06659dc47f45049412a23eed7c28a3 0e06659dc47f45049412a23eed7c28a3] 10.0.0.196 "DELETE /resource_providers/8477fc57-22cb-4f41-9050-4c32522b96da" status: 404 len: 246 microversion: 1.1 [pid: 7|app: 0|req: 604/1206] 10.0.0.196 () {34 vars in 815 bytes} [Mon Jun 22 03:12:42 2026] DELETE /resource_providers/8477fc57-22cb-4f41-9050-4c32522b96da => generated 246 bytes in 6 msecs (HTTP/1.1 404) 6 headers in 231 bytes (1 switches on core 0)
2026-06-22 03:12:42.389 8 INFO placement.requestlog [None req-ea720c50-f829-406f-93e9-fe35fbaab6e0 9c2ec76d651b4a968e8e5cb3da787150 f254dc609ba44643be3cdb08e210e21a - - 0e06659dc47f45049412a23eed7c28a3 0e06659dc47f45049412a23eed7c28a3] 10.0.0.196 "DELETE /resource_providers/8477fc57-22cb-4f41-9050-4c32522b96da" status: 404 len: 246 microversion: 1.1 [pid: 8|app: 0|req: 603/1207] 10.0.0.196 () {34 vars in 815 bytes} [Mon Jun 22 03:12:42 2026] DELETE /resource_providers/8477fc57-22cb-4f41-9050-4c32522b96da => generated 246 bytes in 6 msecs (HTTP/1.1 404) 6 headers in 231 bytes (1 switches on core 0)
2026-06-22 03:12:42.404 7 INFO placement.requestlog [None req-313f4b65-46bf-41ed-babb-d835d94f21a0 9c2ec76d651b4a968e8e5cb3da787150 f254dc609ba44643be3cdb08e210e21a - - 0e06659dc47f45049412a23eed7c28a3 0e06659dc47f45049412a23eed7c28a3] 10.0.0.196 "GET /resource_providers/4709050d-77e4-4b24-b1a0-b8e82eecedb9/aggregates" status: 404 len: 235 microversion: 1.1 [pid: 7|app: 0|req: 605/1208] 10.0.0.196 () {32 vars in 815 bytes} [Mon Jun 22 03:12:42 2026] GET /resource_providers/4709050d-77e4-4b24-b1a0-b8e82eecedb9/aggregates => generated 235 bytes in 6 msecs (HTTP/1.1 404) 5 headers in 202 bytes (1 switches on core 0)
2026-06-22 03:12:42.405 8 INFO placement.requestlog [None req-6f5e54e1-8719-4eb7-86c2-d133c657c5f5 9c2ec76d651b4a968e8e5cb3da787150 f254dc609ba44643be3cdb08e210e21a - - 0e06659dc47f45049412a23eed7c28a3 0e06659dc47f45049412a23eed7c28a3] 10.0.0.196 "GET /resource_providers/4709050d-77e4-4b24-b1a0-b8e82eecedb9/aggregates" status: 404 len: 235 microversion: 1.1 [pid: 8|app: 0|req: 604/1209] 10.0.0.196 () {32 vars in 815 bytes} [Mon Jun 22 03:12:42 2026] GET /resource_providers/4709050d-77e4-4b24-b1a0-b8e82eecedb9/aggregates => generated 235 bytes in 7 msecs (HTTP/1.1 404) 5 headers in 202 bytes (1 switches on core 0)
2026-06-22 03:12:42.424 7 INFO placement.requestlog [None req-c6f9ba88-bd4e-4cb9-a5e2-761b621b2cf1 9c2ec76d651b4a968e8e5cb3da787150 f254dc609ba44643be3cdb08e210e21a - - 0e06659dc47f45049412a23eed7c28a3 0e06659dc47f45049412a23eed7c28a3] 10.0.0.196 "DELETE /resource_providers/4709050d-77e4-4b24-b1a0-b8e82eecedb9" status: 404 len: 246 microversion: 1.1 [pid: 7|app: 0|req: 606/1210] 10.0.0.196 () {34 vars in 815 bytes} [Mon Jun 22 03:12:42 2026] DELETE /resource_providers/4709050d-77e4-4b24-b1a0-b8e82eecedb9 => generated 246 bytes in 9 msecs (HTTP/1.1 404) 6 headers in 231 bytes (1 switches on core 0)
2026-06-22 03:12:42.424 8 INFO placement.requestlog [None req-3a616e0c-cedb-4a6b-b151-141552084678 9c2ec76d651b4a968e8e5cb3da787150 f254dc609ba44643be3cdb08e210e21a - - 0e06659dc47f45049412a23eed7c28a3 0e06659dc47f45049412a23eed7c28a3] 10.0.0.196 "DELETE /resource_providers/4709050d-77e4-4b24-b1a0-b8e82eecedb9" status: 404 len: 246 microversion: 1.1 [pid: 8|app: 0|req: 605/1211] 10.0.0.196 () {34 vars in 815 bytes} [Mon Jun 22 03:12:42 2026] DELETE /resource_providers/4709050d-77e4-4b24-b1a0-b8e82eecedb9 => generated 246 bytes in 8 msecs (HTTP/1.1 404) 6 headers in 231 bytes (1 switches on core 0)
2026-06-22 03:12:46.782 7 INFO placement.requestlog [None req-bebccc0d-76c5-4562-a812-7a7fd5800a31 - - - - - -] 10.0.0.142 "GET /" status: 200 len: 136 microversion: 1.0
2026-06-22 03:12:46.782 8 INFO placement.requestlog [None req-bc92a55d-1d8d-4eb5-816d-1e7245bb4547 - - - - - -] 10.0.0.142 "GET /" status: 200 len: 136 microversion: 1.0
2026-06-22 03:12:56.777 8 INFO placement.requestlog [None req-7cabc5aa-5af2-4f32-a2fb-352b16d2df73 - - - - - -] 10.0.0.142 "GET /" status: 200 len: 136 microversion: 1.0
2026-06-22 03:12:56.777 7 INFO placement.requestlog [None req-6fc43c67-49a4-4707-97de-fab929d01260 - - - - - -] 10.0.0.142 "GET /" status: 200 len: 136 microversion: 1.0
2026-06-22 03:13:06.777 7 INFO placement.requestlog [None req-31f99619-5bdc-444c-9dbb-67ab2cf2d7bb - - - - - -] 10.0.0.142 "GET /" status: 200 len: 136 microversion: 1.0
2026-06-22 03:13:06.780 8 INFO placement.requestlog [None req-02c0df43-0553-4776-bc92-4f780dbeaaf5 - - - - - -] 10.0.0.142 "GET /" status: 200 len: 136 microversion: 1.0
2026-06-22 03:13:16.777 8 INFO placement.requestlog [None req-759fc5c7-5104-4d26-8c64-5d26bfad1c3f - - - - - -] 10.0.0.142 "GET /" status: 200 len: 136 microversion: 1.0
2026-06-22 03:13:16.777 7 INFO placement.requestlog [None req-757393c6-0683-43fe-ad07-7c8817d633b0 - - - - - -] 10.0.0.142 "GET /" status: 200 len: 136 microversion: 1.0
2026-06-22 03:13:26.777 8 INFO placement.requestlog [None req-3f00b2bb-369c-45fa-99ee-420c0ca596d7 - - - - - -] 10.0.0.142 "GET /" status: 200 len: 136 microversion: 1.0
2026-06-22 03:13:26.777 7 INFO placement.requestlog [None req-e23f3485-7f1a-4430-8c6e-cc03eabe3656 - - - - - -] 10.0.0.142 "GET /" status: 200 len: 136 microversion: 1.0
2026-06-22 03:13:36.777 7 INFO placement.requestlog [None req-f7bd47af-e8ec-4792-955f-077862d0b77b - - - - - -] 10.0.0.142 "GET /" status: 200 len: 136 microversion: 1.0
2026-06-22 03:13:36.777 8 INFO placement.requestlog [None req-03fbcc70-0740-48c0-8415-35ae7aba0170 - - - - - -] 10.0.0.142 "GET /" status: 200 len: 136 microversion: 1.0
2026-06-22 03:13:39.993 7 INFO placement.requestlog [req-eef41e9a-a975-4236-94b8-05e6630440e7 req-be9f6857-e7e9-410a-8ec5-7b5b2300948d 08055ab4ed09410aa07f9732de04e677 f254dc609ba44643be3cdb08e210e21a - - 0e06659dc47f45049412a23eed7c28a3 0e06659dc47f45049412a23eed7c28a3] 199.204.45.35 "GET /resource_providers/445ddf23-f77b-4c5c-80a0-e9adf1370347/allocations" status: 200 len: 55 microversion: 1.0 [pid: 7|app: 0|req: 613/1224] 199.204.45.35 () {32 vars in 855 bytes} [Mon Jun 22 03:13:39 2026] GET /resource_providers/445ddf23-f77b-4c5c-80a0-e9adf1370347/allocations => generated 55 bytes in 133 msecs (HTTP/1.1 200) 6 headers in 223 bytes (1 switches on core 0)
2026-06-22 03:13:40.022 8 INFO placement.requestlog [req-eef41e9a-a975-4236-94b8-05e6630440e7 req-510349bd-3b99-44b5-9195-461484de6e23 08055ab4ed09410aa07f9732de04e677 f254dc609ba44643be3cdb08e210e21a - - 0e06659dc47f45049412a23eed7c28a3 0e06659dc47f45049412a23eed7c28a3] 199.204.45.35 "GET /resource_providers?in_tree=445ddf23-f77b-4c5c-80a0-e9adf1370347" status: 200 len: 798 microversion: 1.14 [pid: 8|app: 0|req: 612/1225] 199.204.45.35 () {34 vars in 890 bytes} [Mon Jun 22 03:13:40 2026] GET /resource_providers?in_tree=445ddf23-f77b-4c5c-80a0-e9adf1370347 => generated 798 bytes in 22 msecs (HTTP/1.1 200) 6 headers in 225 bytes (1 switches on core 0)
2026-06-22 03:13:40.041 7 INFO placement.requestlog [req-eef41e9a-a975-4236-94b8-05e6630440e7 req-ccb6653a-417c-47de-91a1-9a02bad49e07 08055ab4ed09410aa07f9732de04e677 f254dc609ba44643be3cdb08e210e21a - - 0e06659dc47f45049412a23eed7c28a3 0e06659dc47f45049412a23eed7c28a3] 199.204.45.35 "GET /resource_providers/445ddf23-f77b-4c5c-80a0-e9adf1370347/inventories" status: 200 len: 401 microversion: 1.0 [pid: 7|app: 0|req: 614/1226] 199.204.45.35 () {32 vars in 855 bytes} [Mon Jun 22 03:13:40 2026] GET /resource_providers/445ddf23-f77b-4c5c-80a0-e9adf1370347/inventories => generated 401 bytes in 12 msecs (HTTP/1.1 200) 6 headers in 224 bytes (1 switches on core 0)
2026-06-22 03:13:40.067 8 INFO placement.requestlog [req-eef41e9a-a975-4236-94b8-05e6630440e7 req-0c7eeac0-4ce1-44e4-b6f6-71a8cfa474a1 08055ab4ed09410aa07f9732de04e677 f254dc609ba44643be3cdb08e210e21a - - 0e06659dc47f45049412a23eed7c28a3 0e06659dc47f45049412a23eed7c28a3] 199.204.45.35 "GET /resource_providers/445ddf23-f77b-4c5c-80a0-e9adf1370347/aggregates" status: 200 len: 54 microversion: 1.19 [pid: 8|app: 0|req: 613/1227] 199.204.45.35 () {34 vars in 897 bytes} [Mon Jun 22 03:13:40 2026] GET /resource_providers/445ddf23-f77b-4c5c-80a0-e9adf1370347/aggregates => generated 54 bytes in 23 msecs (HTTP/1.1 200) 8 headers in 295 bytes (1 switches on core 0)
2026-06-22 03:13:40.104 7 INFO placement.requestlog [req-eef41e9a-a975-4236-94b8-05e6630440e7 req-d563ae49-46e8-4403-a2e9-1ef6fd0bd1a4 08055ab4ed09410aa07f9732de04e677 f254dc609ba44643be3cdb08e210e21a - - 0e06659dc47f45049412a23eed7c28a3 0e06659dc47f45049412a23eed7c28a3] 199.204.45.35 "GET /resource_providers/445ddf23-f77b-4c5c-80a0-e9adf1370347/traits" status: 200 len: 1978 microversion: 1.6 [pid: 7|app: 0|req: 615/1228] 199.204.45.35 () {34 vars in 888 bytes} [Mon Jun 22 03:13:40 2026] GET /resource_providers/445ddf23-f77b-4c5c-80a0-e9adf1370347/traits => generated 1978 bytes in 29 msecs (HTTP/1.1 200) 6 headers in 225 bytes (1 switches on core 0)
2026-06-22 03:13:40.120 8 INFO placement.requestlog [req-eef41e9a-a975-4236-94b8-05e6630440e7 req-01fd76d6-12f6-46f2-b884-13b23ad63927 08055ab4ed09410aa07f9732de04e677 f254dc609ba44643be3cdb08e210e21a - - 0e06659dc47f45049412a23eed7c28a3 0e06659dc47f45049412a23eed7c28a3] 199.204.45.35 "GET /resource_providers/445ddf23-f77b-4c5c-80a0-e9adf1370347/allocations" status: 200 len: 55 microversion: 1.0 [pid: 8|app: 0|req: 614/1229] 199.204.45.35 () {32 vars in 855 bytes} [Mon Jun 22 03:13:40 2026] GET /resource_providers/445ddf23-f77b-4c5c-80a0-e9adf1370347/allocations => generated 55 bytes in 11 msecs (HTTP/1.1 200) 6 headers in 223 bytes (1 switches on core 0)
