2026-06-22 03:08:03.763 8 INFO neutron.plugins.ml2.drivers.ovn.mech_driver.ovsdb.commands [None req-dd624eb7-ce36-4e25-b408-07b96feb2362 - - - - - -] Schedule LRP lrp-81f67e80-3b8f-4815-9040-c5b489d078d2 on gateway 66e033bb-39a8-4af1-9c72-5bdf369bef6f with priority 1 [pid: 7|app: 0|req: 1374/2681] 10.0.0.21 () {32 vars in 662 bytes} [Mon Jun 22 03:08:03 2026] GET /v2.0/vpn/ikepolicies => generated 408 bytes in 21 msecs (HTTP/1.1 200) 4 headers in 157 bytes (1 switches on core 0)
2026-06-22 03:08:03.861 7 INFO neutron.plugins.ml2.drivers.ovn.mech_driver.mech_driver [None req-51ac6cdb-9135-4396-beac-9e52779200f5 - - - - - -] OVN reports status up for port: 81f67e80-3b8f-4815-9040-c5b489d078d2
2026-06-22 03:08:03.862 8 INFO neutron.db.ovn_revision_numbers_db [None req-36f24d3e-42db-4e4c-ba28-90f0f006e81d 880d9f620586416897cc75c706e0b8fb e75a98066773421fb3a0a233d3a10e36 - - default default] Successfully bumped revision number for resource 81f67e80-3b8f-4815-9040-c5b489d078d2 (type: router_ports) to 1
2026-06-22 03:08:03.891 7 INFO neutron.plugins.ml2.plugin [None req-51ac6cdb-9135-4396-beac-9e52779200f5 - - - - - -] Attempt 1 to provision port 81f67e80-3b8f-4815-9040-c5b489d078d2
2026-06-22 03:08:03.906 7 INFO neutron.plugins.ml2.drivers.ovn.mech_driver.ovsdb.ovsdb_monitor [None req-789b548e-111e-488d-b1e9-b5a54df130f7 - - - - - -] Router da897809-0f85-4a75-8abb-3932f2542fb6 is bound to host instance [pid: 7|app: 0|req: 1375/2682] 10.0.0.21 () {34 vars in 688 bytes} [Mon Jun 22 03:08:03 2026] POST /v2.0/vpn/ipsecpolicies => generated 411 bytes in 120 msecs (HTTP/1.1 201) 4 headers in 162 bytes (1 switches on core 0)
2026-06-22 03:08:03.951 8 INFO neutron.db.ovn_revision_numbers_db [None req-36f24d3e-42db-4e4c-ba28-90f0f006e81d 880d9f620586416897cc75c706e0b8fb e75a98066773421fb3a0a233d3a10e36 - - default default] Successfully bumped revision number for resource da897809-0f85-4a75-8abb-3932f2542fb6 (type: routers) to 2 [pid: 8|app: 0|req: 1308/2683] 10.0.0.21 () {34 vars in 668 bytes} [Mon Jun 22 03:08:02 2026] POST /v2.0/routers => generated 945 bytes in 1535 msecs (HTTP/1.1 201) 4 headers in 162 bytes (1 switches on core 0) [pid: 7|app: 0|req: 1376/2684] 10.0.0.21 () {30 vars in 698 bytes} [Mon Jun 22 03:08:03 2026] PUT /v2.0/vpn/ipsecpolicies/259dd401-ea28-4c48-ba1d-c00c8e409ef3 => generated 430 bytes in 121 msecs (HTTP/1.1 200) 4 headers in 157 bytes (1 switches on core 0) [pid: 7|app: 0|req: 1377/2685] 10.0.0.21 () {32 vars in 743 bytes} [Mon Jun 22 03:08:04 2026] DELETE /v2.0/vpn/ipsecpolicies/259dd401-ea28-4c48-ba1d-c00c8e409ef3 => generated 0 bytes in 102 msecs (HTTP/1.1 204) 2 headers in 112 bytes (1 switches on core 0)
2026-06-22 03:08:04.580 7 INFO neutron.db.ovn_revision_numbers_db [None req-ae72df3d-9fcc-42ca-88f6-9a417bd7b408 6d500495420b4d2d8fcd9f5f0782c0e4 93df128f638e487a8fb27240c96668c9 - - default default] Successfully bumped revision number for resource 629f1948-2e3f-479e-928a-152e6510a963 (type: security_groups) to 1
2026-06-22 03:08:04.597 8 WARNING neutron.scheduler.dhcp_agent_scheduler [None req-61134ce4-e28b-4b04-8eef-d53daaf0f2ba 880d9f620586416897cc75c706e0b8fb e75a98066773421fb3a0a233d3a10e36 - - default default] No more DHCP agents
2026-06-22 03:08:04.598 8 WARNING neutron.api.rpc.agentnotifiers.dhcp_rpc_agent_api [None req-61134ce4-e28b-4b04-8eef-d53daaf0f2ba 880d9f620586416897cc75c706e0b8fb e75a98066773421fb3a0a233d3a10e36 - - default default] Unable to schedule network c5d33642-3bb2-416e-aaec-da0f7656c214: no agents available; will retry on subsequent port and subnet creation events.
2026-06-22 03:08:04.617 7 INFO neutron.db.ovn_revision_numbers_db [None req-ae72df3d-9fcc-42ca-88f6-9a417bd7b408 6d500495420b4d2d8fcd9f5f0782c0e4 93df128f638e487a8fb27240c96668c9 - - default default] Successfully bumped revision number for resource 1fab8726-a848-445e-8b0f-7fec28d52649 (type: security_group_rules) to 0
2026-06-22 03:08:04.637 7 INFO neutron.db.ovn_revision_numbers_db [None req-ae72df3d-9fcc-42ca-88f6-9a417bd7b408 6d500495420b4d2d8fcd9f5f0782c0e4 93df128f638e487a8fb27240c96668c9 - - default default] Successfully bumped revision number for resource 4455f1ca-a91f-4b7f-9485-c485c96a5fd6 (type: security_group_rules) to 0
2026-06-22 03:08:04.669 7 INFO neutron.db.ovn_revision_numbers_db [None req-ae72df3d-9fcc-42ca-88f6-9a417bd7b408 6d500495420b4d2d8fcd9f5f0782c0e4 93df128f638e487a8fb27240c96668c9 - - default default] Successfully bumped revision number for resource d0aef00a-51bc-4149-8a05-551f24dd85e8 (type: security_group_rules) to 0
2026-06-22 03:08:04.722 7 INFO neutron.db.ovn_revision_numbers_db [None req-ae72df3d-9fcc-42ca-88f6-9a417bd7b408 6d500495420b4d2d8fcd9f5f0782c0e4 93df128f638e487a8fb27240c96668c9 - - default default] Successfully bumped revision number for resource e517bb7d-d118-424b-9861-a33ef50b250d (type: security_group_rules) to 0
2026-06-22 03:08:04.758 8 INFO neutron.db.ovn_revision_numbers_db [None req-61134ce4-e28b-4b04-8eef-d53daaf0f2ba 880d9f620586416897cc75c706e0b8fb e75a98066773421fb3a0a233d3a10e36 - - default default] Successfully bumped revision number for resource 7e41a940-e222-4473-a72f-c97a9ef94df1 (type: ports) to 1
2026-06-22 03:08:04.909 7 INFO neutron.db.segments_db [None req-ae72df3d-9fcc-42ca-88f6-9a417bd7b408 6d500495420b4d2d8fcd9f5f0782c0e4 93df128f638e487a8fb27240c96668c9 - - default default] Added segment 6522240d-ab14-4103-a635-859c47f63ad1 of type geneve for network 8e5851d9-54fc-462f-b929-10ef3ecc37f7
2026-06-22 03:08:05.105 7 INFO neutron.db.ovn_revision_numbers_db [None req-ae72df3d-9fcc-42ca-88f6-9a417bd7b408 6d500495420b4d2d8fcd9f5f0782c0e4 93df128f638e487a8fb27240c96668c9 - - default default] Successfully bumped revision number for resource 8e5851d9-54fc-462f-b929-10ef3ecc37f7 (type: networks) to 1
2026-06-22 03:08:05.432 7 WARNING neutron.scheduler.dhcp_agent_scheduler [None req-ae72df3d-9fcc-42ca-88f6-9a417bd7b408 6d500495420b4d2d8fcd9f5f0782c0e4 93df128f638e487a8fb27240c96668c9 - - default default] No more DHCP agents
2026-06-22 03:08:05.437 7 WARNING neutron.api.rpc.agentnotifiers.dhcp_rpc_agent_api [None req-ae72df3d-9fcc-42ca-88f6-9a417bd7b408 6d500495420b4d2d8fcd9f5f0782c0e4 93df128f638e487a8fb27240c96668c9 - - default default] Unable to schedule network 8e5851d9-54fc-462f-b929-10ef3ecc37f7: no agents available; will retry on subsequent port and subnet creation events.
2026-06-22 03:08:05.441 7 INFO neutron.db.ovn_revision_numbers_db [None req-ecec4c2e-863e-40b0-8387-27affa573d06 - - - - - -] Successfully bumped revision number for resource 81f67e80-3b8f-4815-9040-c5b489d078d2 (type: ports) to 4
2026-06-22 03:08:05.586 8 WARNING neutron.scheduler.dhcp_agent_scheduler [None req-61134ce4-e28b-4b04-8eef-d53daaf0f2ba 880d9f620586416897cc75c706e0b8fb e75a98066773421fb3a0a233d3a10e36 - - default default] No more DHCP agents
2026-06-22 03:08:05.587 8 WARNING neutron.api.rpc.agentnotifiers.dhcp_rpc_agent_api [None req-61134ce4-e28b-4b04-8eef-d53daaf0f2ba 880d9f620586416897cc75c706e0b8fb e75a98066773421fb3a0a233d3a10e36 - - default default] Unable to schedule network c5d33642-3bb2-416e-aaec-da0f7656c214: no agents available; will retry on subsequent port and subnet creation events.
2026-06-22 03:08:05.637 7 INFO neutron.db.ovn_revision_numbers_db [None req-ae72df3d-9fcc-42ca-88f6-9a417bd7b408 6d500495420b4d2d8fcd9f5f0782c0e4 93df128f638e487a8fb27240c96668c9 - - default default] Successfully bumped revision number for resource 7dccda40-9455-4d12-aa48-3aa29a52ebe1 (type: ports) to 1
2026-06-22 03:08:05.947 8 INFO neutron.db.ovn_revision_numbers_db [None req-61134ce4-e28b-4b04-8eef-d53daaf0f2ba 880d9f620586416897cc75c706e0b8fb e75a98066773421fb3a0a233d3a10e36 - - default default] Successfully bumped revision number for resource 7e41a940-e222-4473-a72f-c97a9ef94df1 (type: router_ports) to 1 [pid: 8|app: 0|req: 1309/2686] 10.0.0.21 () {34 vars in 782 bytes} [Mon Jun 22 03:08:03 2026] PUT /v2.0/routers/da897809-0f85-4a75-8abb-3932f2542fb6/add_router_interface => generated 309 bytes in 1965 msecs (HTTP/1.1 200) 4 headers in 157 bytes (1 switches on core 0)
2026-06-22 03:08:05.962 8 INFO neutron.api.v2.resource [None req-b826914b-0235-4836-b3b8-95fe4f836e31 9e86860a3a2a4af9a3c1589b14a211c8 bddceb5079e84549857c0589170a34b6 - - default default] delete failed (client error): The resource could not be found. [pid: 8|app: 0|req: 1310/2687] 10.0.0.21 () {32 vars in 743 bytes} [Mon Jun 22 03:08:05 2026] DELETE /v2.0/vpn/ipsecpolicies/259dd401-ea28-4c48-ba1d-c00c8e409ef3 => generated 145 bytes in 9 msecs (HTTP/1.1 404) 4 headers in 164 bytes (1 switches on core 0)
2026-06-22 03:08:06.482 8 WARNING neutron.scheduler.dhcp_agent_scheduler [None req-7f237338-34d3-4a74-9c0d-301cc60d0614 880d9f620586416897cc75c706e0b8fb e75a98066773421fb3a0a233d3a10e36 - - default default] No more DHCP agents
2026-06-22 03:08:06.484 8 WARNING neutron.api.rpc.agentnotifiers.dhcp_rpc_agent_api [None req-7f237338-34d3-4a74-9c0d-301cc60d0614 880d9f620586416897cc75c706e0b8fb e75a98066773421fb3a0a233d3a10e36 - - default default] Unable to schedule network 4d40a33b-2be4-4ad2-8eb3-c3cbbfbac6a1: no agents available; will retry on subsequent port and subnet creation events. [pid: 7|app: 0|req: 1378/2688] 10.0.0.21 () {34 vars in 669 bytes} [Mon Jun 22 03:08:04 2026] POST /v2.0/networks => generated 631 bytes in 2348 msecs (HTTP/1.1 201) 4 headers in 162 bytes (1 switches on core 0)
2026-06-22 03:08:06.532 7 INFO neutron.api.v2.resource [None req-7407e8d1-3559-40fe-be6c-89666cf649bb 9e86860a3a2a4af9a3c1589b14a211c8 bddceb5079e84549857c0589170a34b6 - - default default] delete failed (client error): The resource could not be found. [pid: 7|app: 0|req: 1379/2689] 10.0.0.21 () {32 vars in 743 bytes} [Mon Jun 22 03:08:06 2026] DELETE /v2.0/vpn/ipsecpolicies/259dd401-ea28-4c48-ba1d-c00c8e409ef3 => generated 145 bytes in 46 msecs (HTTP/1.1 404) 4 headers in 164 bytes (1 switches on core 0)
2026-06-22 03:08:06.624 8 INFO neutron.db.ovn_revision_numbers_db [None req-7f237338-34d3-4a74-9c0d-301cc60d0614 880d9f620586416897cc75c706e0b8fb e75a98066773421fb3a0a233d3a10e36 - - default default] Successfully bumped revision number for resource 441e62c1-a15f-4d2b-9a6f-686ee385d41f (type: ports) to 1
2026-06-22 03:08:06.723 7 INFO neutron.plugins.ml2.drivers.ovn.mech_driver.mech_driver [None req-51ac6cdb-9135-4396-beac-9e52779200f5 - - - - - -] OVN reports status down for port: 7e41a940-e222-4473-a72f-c97a9ef94df1
2026-06-22 03:08:06.972 7 WARNING neutron.plugins.ml2.drivers.ovn.mech_driver.ovsdb.ovn_client [None req-51ac6cdb-9135-4396-beac-9e52779200f5 - - - - - -] Logical_Switch_Port 7e41a940-e222-4473-a72f-c97a9ef94df1 host information not removed, the port state is up
2026-06-22 03:08:06.973 7 INFO neutron.plugins.ml2.drivers.ovn.mech_driver.mech_driver [None req-51ac6cdb-9135-4396-beac-9e52779200f5 - - - - - -] OVN reports status up for port: 7e41a940-e222-4473-a72f-c97a9ef94df1
2026-06-22 03:08:07.023 7 INFO neutron.plugins.ml2.plugin [None req-51ac6cdb-9135-4396-beac-9e52779200f5 - - - - - -] Attempt 1 to provision port 7e41a940-e222-4473-a72f-c97a9ef94df1
2026-06-22 03:08:07.281 7 INFO neutron.db.ovn_revision_numbers_db [None req-ecec4c2e-863e-40b0-8387-27affa573d06 - - - - - -] Successfully bumped revision number for resource 81f67e80-3b8f-4815-9040-c5b489d078d2 (type: ports) to 5
2026-06-22 03:08:07.385 7 WARNING neutron.scheduler.dhcp_agent_scheduler [None req-b596e900-aa46-450e-be52-25bedbfd517e 6d500495420b4d2d8fcd9f5f0782c0e4 93df128f638e487a8fb27240c96668c9 - - default default] No more DHCP agents
2026-06-22 03:08:07.389 7 WARNING neutron.api.rpc.agentnotifiers.dhcp_rpc_agent_api [None req-b596e900-aa46-450e-be52-25bedbfd517e 6d500495420b4d2d8fcd9f5f0782c0e4 93df128f638e487a8fb27240c96668c9 - - default default] Unable to schedule network 8e5851d9-54fc-462f-b929-10ef3ecc37f7: no agents available; will retry on subsequent port and subnet creation events.
2026-06-22 03:08:07.403 8 WARNING neutron.scheduler.dhcp_agent_scheduler [None req-7f237338-34d3-4a74-9c0d-301cc60d0614 880d9f620586416897cc75c706e0b8fb e75a98066773421fb3a0a233d3a10e36 - - default default] No more DHCP agents
2026-06-22 03:08:07.404 8 WARNING neutron.api.rpc.agentnotifiers.dhcp_rpc_agent_api [None req-7f237338-34d3-4a74-9c0d-301cc60d0614 880d9f620586416897cc75c706e0b8fb e75a98066773421fb3a0a233d3a10e36 - - default default] Unable to schedule network 4d40a33b-2be4-4ad2-8eb3-c3cbbfbac6a1: no agents available; will retry on subsequent port and subnet creation events.
2026-06-22 03:08:07.515 8 INFO neutron.plugins.ml2.drivers.ovn.mech_driver.mech_driver [None req-7a950416-453a-4195-8415-787e815ca92f - - - - - -] OVN reports status down for port: a8cc2a11-94ac-422f-9cdb-6f58104fd6a5
2026-06-22 03:08:07.616 7 INFO neutron.db.ovn_revision_numbers_db [None req-b596e900-aa46-450e-be52-25bedbfd517e 6d500495420b4d2d8fcd9f5f0782c0e4 93df128f638e487a8fb27240c96668c9 - - default default] Successfully bumped revision number for resource a8cc2a11-94ac-422f-9cdb-6f58104fd6a5 (type: ports) to 1 [pid: 7|app: 0|req: 1380/2690] 10.0.0.21 () {34 vars in 663 bytes} [Mon Jun 22 03:08:06 2026] POST /v2.0/ports => generated 743 bytes in 1160 msecs (HTTP/1.1 201) 4 headers in 162 bytes (1 switches on core 0) /var/lib/openstack/lib/python3.12/site-packages/pycadf/identifier.py:70: UserWarning: Invalid uuid: neutron. To ensure interoperability, identifiers should be a valid uuid. warnings.warn(('Invalid uuid: %s. To ensure interoperability, '
2026-06-22 03:08:07.849 7 INFO neutron.db.segments_db [None req-677fcb4f-98d5-4421-b36c-86aedf27871a 9e86860a3a2a4af9a3c1589b14a211c8 bddceb5079e84549857c0589170a34b6 - - default default] Added segment 2ac13954-03af-4e5a-a055-42487208a1f7 of type geneve for network fcc5393e-ac38-4239-a8e3-36cee14b5af9
2026-06-22 03:08:07.894 8 INFO neutron.db.ovn_revision_numbers_db [None req-7f237338-34d3-4a74-9c0d-301cc60d0614 880d9f620586416897cc75c706e0b8fb e75a98066773421fb3a0a233d3a10e36 - - default default] Successfully bumped revision number for resource 441e62c1-a15f-4d2b-9a6f-686ee385d41f (type: router_ports) to 1 [pid: 8|app: 0|req: 1311/2691] 10.0.0.21 () {34 vars in 782 bytes} [Mon Jun 22 03:08:05 2026] PUT /v2.0/routers/da897809-0f85-4a75-8abb-3932f2542fb6/add_router_interface => generated 309 bytes in 1936 msecs (HTTP/1.1 200) 4 headers in 157 bytes (1 switches on core 0)
2026-06-22 03:08:07.985 8 INFO neutron.db.segments_db [None req-a290673a-01ac-4846-90b5-da3077bb9feb 6d500495420b4d2d8fcd9f5f0782c0e4 93df128f638e487a8fb27240c96668c9 - - default default] Added segment 0a1b9974-853c-4787-ac7e-2fe1572e5efc of type geneve for network 3b4b29ea-1ec5-4ef7-8329-e2497e71db76
2026-06-22 03:08:08.053 7 INFO neutron.db.ovn_revision_numbers_db [None req-51ac6cdb-9135-4396-beac-9e52779200f5 - - - - - -] Successfully bumped revision number for resource 7e41a940-e222-4473-a72f-c97a9ef94df1 (type: ports) to 2
2026-06-22 03:08:08.091 8 INFO neutron.db.ovn_revision_numbers_db [None req-a290673a-01ac-4846-90b5-da3077bb9feb 6d500495420b4d2d8fcd9f5f0782c0e4 93df128f638e487a8fb27240c96668c9 - - default default] Successfully bumped revision number for resource 3b4b29ea-1ec5-4ef7-8329-e2497e71db76 (type: networks) to 1
2026-06-22 03:08:08.137 7 INFO neutron.db.ovn_revision_numbers_db [None req-677fcb4f-98d5-4421-b36c-86aedf27871a 9e86860a3a2a4af9a3c1589b14a211c8 bddceb5079e84549857c0589170a34b6 - - default default] Successfully bumped revision number for resource fcc5393e-ac38-4239-a8e3-36cee14b5af9 (type: networks) to 1
2026-06-22 03:08:08.254 8 WARNING neutron.scheduler.dhcp_agent_scheduler [None req-a290673a-01ac-4846-90b5-da3077bb9feb 6d500495420b4d2d8fcd9f5f0782c0e4 93df128f638e487a8fb27240c96668c9 - - default default] No more DHCP agents
2026-06-22 03:08:08.255 8 WARNING neutron.api.rpc.agentnotifiers.dhcp_rpc_agent_api [None req-a290673a-01ac-4846-90b5-da3077bb9feb 6d500495420b4d2d8fcd9f5f0782c0e4 93df128f638e487a8fb27240c96668c9 - - default default] Unable to schedule network 3b4b29ea-1ec5-4ef7-8329-e2497e71db76: no agents available; will retry on subsequent port and subnet creation events.
2026-06-22 03:08:08.331 8 INFO neutron.db.ovn_revision_numbers_db [None req-a290673a-01ac-4846-90b5-da3077bb9feb 6d500495420b4d2d8fcd9f5f0782c0e4 93df128f638e487a8fb27240c96668c9 - - default default] Successfully bumped revision number for resource 46b72fb9-d408-4723-a13a-511a9a876620 (type: ports) to 1
2026-06-22 03:08:08.349 7 WARNING neutron.scheduler.dhcp_agent_scheduler [None req-677fcb4f-98d5-4421-b36c-86aedf27871a 9e86860a3a2a4af9a3c1589b14a211c8 bddceb5079e84549857c0589170a34b6 - - default default] No more DHCP agents
2026-06-22 03:08:08.350 7 WARNING neutron.api.rpc.agentnotifiers.dhcp_rpc_agent_api [None req-677fcb4f-98d5-4421-b36c-86aedf27871a 9e86860a3a2a4af9a3c1589b14a211c8 bddceb5079e84549857c0589170a34b6 - - default default] Unable to schedule network fcc5393e-ac38-4239-a8e3-36cee14b5af9: no agents available; will retry on subsequent port and subnet creation events. [pid: 8|app: 0|req: 1312/2692] 10.0.0.21 () {34 vars in 669 bytes} [Mon Jun 22 03:08:07 2026] POST /v2.0/networks => generated 631 bytes in 454 msecs (HTTP/1.1 201) 4 headers in 162 bytes (1 switches on core 0)
2026-06-22 03:08:08.444 7 INFO neutron.db.ovn_revision_numbers_db [None req-677fcb4f-98d5-4421-b36c-86aedf27871a 9e86860a3a2a4af9a3c1589b14a211c8 bddceb5079e84549857c0589170a34b6 - - default default] Successfully bumped revision number for resource 58d90eba-2a8a-4f0e-9bc8-9e7e93c10cde (type: ports) to 1 [pid: 7|app: 0|req: 1381/2693] 10.0.0.21 () {34 vars in 669 bytes} [Mon Jun 22 03:08:07 2026] POST /v2.0/networks => generated 632 bytes in 771 msecs (HTTP/1.1 201) 4 headers in 162 bytes (1 switches on core 0)
2026-06-22 03:08:08.694 7 WARNING neutron.scheduler.dhcp_agent_scheduler [None req-a24407a9-9dbb-455a-ace4-a6308065d57b 6d500495420b4d2d8fcd9f5f0782c0e4 93df128f638e487a8fb27240c96668c9 - - default default] No more DHCP agents
2026-06-22 03:08:08.696 7 WARNING neutron.api.rpc.agentnotifiers.dhcp_rpc_agent_api [None req-a24407a9-9dbb-455a-ace4-a6308065d57b 6d500495420b4d2d8fcd9f5f0782c0e4 93df128f638e487a8fb27240c96668c9 - - default default] Unable to schedule network 3b4b29ea-1ec5-4ef7-8329-e2497e71db76: no agents available; will retry on subsequent port and subnet creation events.
2026-06-22 03:08:08.820 7 INFO neutron.db.ovn_revision_numbers_db [None req-a24407a9-9dbb-455a-ace4-a6308065d57b 6d500495420b4d2d8fcd9f5f0782c0e4 93df128f638e487a8fb27240c96668c9 - - default default] Successfully bumped revision number for resource b063f100-a6c9-44a6-970e-34fa930d16c6 (type: ports) to 1 [pid: 7|app: 0|req: 1382/2694] 10.0.0.21 () {34 vars in 663 bytes} [Mon Jun 22 03:08:08 2026] POST /v2.0/ports => generated 743 bytes in 410 msecs (HTTP/1.1 201) 4 headers in 162 bytes (1 switches on core 0) /var/lib/openstack/lib/python3.12/site-packages/pycadf/identifier.py:70: UserWarning: Invalid uuid: neutron. To ensure interoperability, identifiers should be a valid uuid. warnings.warn(('Invalid uuid: %s. To ensure interoperability, '
2026-06-22 03:08:08.959 8 WARNING neutron.scheduler.dhcp_agent_scheduler [None req-9a25c0c3-b9e1-4818-98dc-08eed6e7b9e6 880d9f620586416897cc75c706e0b8fb e75a98066773421fb3a0a233d3a10e36 - - default default] No more DHCP agents
2026-06-22 03:08:08.961 8 WARNING neutron.api.rpc.agentnotifiers.dhcp_rpc_agent_api [None req-9a25c0c3-b9e1-4818-98dc-08eed6e7b9e6 880d9f620586416897cc75c706e0b8fb e75a98066773421fb3a0a233d3a10e36 - - default default] Unable to schedule network 3c07116b-1736-4a5f-b293-c1cf71e0f21e: no agents available; will retry on subsequent port and subnet creation events.
2026-06-22 03:08:09.105 7 WARNING neutron.scheduler.dhcp_agent_scheduler [None req-ae8664fe-a298-4284-9e36-d4d69a9da9ac 9e86860a3a2a4af9a3c1589b14a211c8 bddceb5079e84549857c0589170a34b6 - - default default] No more DHCP agents
2026-06-22 03:08:09.107 7 WARNING neutron.api.rpc.agentnotifiers.dhcp_rpc_agent_api [None req-ae8664fe-a298-4284-9e36-d4d69a9da9ac 9e86860a3a2a4af9a3c1589b14a211c8 bddceb5079e84549857c0589170a34b6 - - default default] Unable to schedule network fcc5393e-ac38-4239-a8e3-36cee14b5af9: no agents available; will retry on subsequent port and subnet creation events.
2026-06-22 03:08:09.110 8 INFO neutron.db.ovn_revision_numbers_db [None req-9a25c0c3-b9e1-4818-98dc-08eed6e7b9e6 880d9f620586416897cc75c706e0b8fb e75a98066773421fb3a0a233d3a10e36 - - default default] Successfully bumped revision number for resource eb35a7b8-3e86-4e2d-9af7-d6b040924e0b (type: ports) to 1
2026-06-22 03:08:09.598 7 INFO neutron.db.ovn_revision_numbers_db [None req-2a67c5b7-9fa0-4ac8-b4d8-0f9566f30c2b - - - - - -] Successfully bumped revision number for resource 58d90eba-2a8a-4f0e-9bc8-9e7e93c10cde (type: ports) to 2
2026-06-22 03:08:09.620 7 INFO neutron.db.ovn_revision_numbers_db [None req-2a67c5b7-9fa0-4ac8-b4d8-0f9566f30c2b - - - - - -] Successfully bumped revision number for resource 649c468b-6e04-4760-bad4-b8e9624a4c99 (type: subnets) to 0 [pid: 7|app: 0|req: 1383/2695] 10.0.0.21 () {34 vars in 668 bytes} [Mon Jun 22 03:08:08 2026] POST /v2.0/subnets => generated 629 bytes in 758 msecs (HTTP/1.1 201) 4 headers in 162 bytes (1 switches on core 0)
2026-06-22 03:08:09.731 7 INFO neutron.db.segments_db [None req-af47e8b8-ed42-4a5e-8e44-292586fe5d19 6d500495420b4d2d8fcd9f5f0782c0e4 93df128f638e487a8fb27240c96668c9 - - default default] Added segment deb2f1b6-bfac-4c39-b3d8-d15ab9eed5cc of type geneve for network d513fc33-b36a-42ee-87c8-3a6179c9e7e0
2026-06-22 03:08:09.876 7 INFO neutron.db.ovn_revision_numbers_db [None req-af47e8b8-ed42-4a5e-8e44-292586fe5d19 6d500495420b4d2d8fcd9f5f0782c0e4 93df128f638e487a8fb27240c96668c9 - - default default] Successfully bumped revision number for resource d513fc33-b36a-42ee-87c8-3a6179c9e7e0 (type: networks) to 1
2026-06-22 03:08:09.960 8 WARNING neutron.scheduler.dhcp_agent_scheduler [None req-9a25c0c3-b9e1-4818-98dc-08eed6e7b9e6 880d9f620586416897cc75c706e0b8fb e75a98066773421fb3a0a233d3a10e36 - - default default] No more DHCP agents
2026-06-22 03:08:09.962 8 WARNING neutron.api.rpc.agentnotifiers.dhcp_rpc_agent_api [None req-9a25c0c3-b9e1-4818-98dc-08eed6e7b9e6 880d9f620586416897cc75c706e0b8fb e75a98066773421fb3a0a233d3a10e36 - - default default] Unable to schedule network 3c07116b-1736-4a5f-b293-c1cf71e0f21e: no agents available; will retry on subsequent port and subnet creation events.
2026-06-22 03:08:10.069 7 WARNING neutron.scheduler.dhcp_agent_scheduler [None req-af47e8b8-ed42-4a5e-8e44-292586fe5d19 6d500495420b4d2d8fcd9f5f0782c0e4 93df128f638e487a8fb27240c96668c9 - - default default] No more DHCP agents
2026-06-22 03:08:10.071 7 WARNING neutron.api.rpc.agentnotifiers.dhcp_rpc_agent_api [None req-af47e8b8-ed42-4a5e-8e44-292586fe5d19 6d500495420b4d2d8fcd9f5f0782c0e4 93df128f638e487a8fb27240c96668c9 - - default default] Unable to schedule network d513fc33-b36a-42ee-87c8-3a6179c9e7e0: no agents available; will retry on subsequent port and subnet creation events.
2026-06-22 03:08:10.161 7 INFO neutron.db.ovn_revision_numbers_db [None req-af47e8b8-ed42-4a5e-8e44-292586fe5d19 6d500495420b4d2d8fcd9f5f0782c0e4 93df128f638e487a8fb27240c96668c9 - - default default] Successfully bumped revision number for resource 8807627a-fc87-4e5b-aaae-f2cc73342c82 (type: ports) to 1 [pid: 7|app: 0|req: 1384/2696] 10.0.0.21 () {34 vars in 669 bytes} [Mon Jun 22 03:08:09 2026] POST /v2.0/networks => generated 631 bytes in 547 msecs (HTTP/1.1 201) 4 headers in 162 bytes (1 switches on core 0)
2026-06-22 03:08:10.285 8 INFO neutron.db.ovn_revision_numbers_db [None req-9a25c0c3-b9e1-4818-98dc-08eed6e7b9e6 880d9f620586416897cc75c706e0b8fb e75a98066773421fb3a0a233d3a10e36 - - default default] Successfully bumped revision number for resource eb35a7b8-3e86-4e2d-9af7-d6b040924e0b (type: router_ports) to 1 [pid: 8|app: 0|req: 1313/2697] 10.0.0.21 () {34 vars in 782 bytes} [Mon Jun 22 03:08:08 2026] PUT /v2.0/routers/da897809-0f85-4a75-8abb-3932f2542fb6/add_router_interface => generated 309 bytes in 1937 msecs (HTTP/1.1 200) 4 headers in 157 bytes (1 switches on core 0)
2026-06-22 03:08:10.500 8 WARNING neutron.scheduler.dhcp_agent_scheduler [None req-e80959c6-22df-4845-98b8-cf047867fe90 6d500495420b4d2d8fcd9f5f0782c0e4 93df128f638e487a8fb27240c96668c9 - - default default] No more DHCP agents
2026-06-22 03:08:10.501 8 WARNING neutron.api.rpc.agentnotifiers.dhcp_rpc_agent_api [None req-e80959c6-22df-4845-98b8-cf047867fe90 6d500495420b4d2d8fcd9f5f0782c0e4 93df128f638e487a8fb27240c96668c9 - - default default] Unable to schedule network d513fc33-b36a-42ee-87c8-3a6179c9e7e0: no agents available; will retry on subsequent port and subnet creation events.
2026-06-22 03:08:10.580 8 INFO neutron.db.ovn_revision_numbers_db [None req-e80959c6-22df-4845-98b8-cf047867fe90 6d500495420b4d2d8fcd9f5f0782c0e4 93df128f638e487a8fb27240c96668c9 - - default default] Successfully bumped revision number for resource 8da424a6-b8b3-4f7b-8cbf-622979a5d61d (type: ports) to 1 [pid: 8|app: 0|req: 1314/2698] 10.0.0.21 () {34 vars in 663 bytes} [Mon Jun 22 03:08:10 2026] POST /v2.0/ports => generated 743 bytes in 333 msecs (HTTP/1.1 201) 4 headers in 162 bytes (1 switches on core 0) /var/lib/openstack/lib/python3.12/site-packages/pycadf/identifier.py:70: UserWarning: Invalid uuid: neutron. To ensure interoperability, identifiers should be a valid uuid. warnings.warn(('Invalid uuid: %s. To ensure interoperability, '
2026-06-22 03:08:10.700 7 WARNING neutron.scheduler.dhcp_agent_scheduler [None req-675bae64-9178-4fa1-b4da-f0dcb8c8dbb2 9e86860a3a2a4af9a3c1589b14a211c8 bddceb5079e84549857c0589170a34b6 - - default default] No more DHCP agents
2026-06-22 03:08:10.702 7 WARNING neutron.api.rpc.agentnotifiers.dhcp_rpc_agent_api [None req-675bae64-9178-4fa1-b4da-f0dcb8c8dbb2 9e86860a3a2a4af9a3c1589b14a211c8 bddceb5079e84549857c0589170a34b6 - - default default] Unable to schedule network 90b918d0-6c52-40a0-a6e3-e8ffe1581355: no agents available; will retry on subsequent port and subnet creation events.
2026-06-22 03:08:10.748 8 INFO neutron.db.ovn_revision_numbers_db [None req-79c2a42a-8eeb-4adc-8c58-0a5db66bd19b 880d9f620586416897cc75c706e0b8fb e75a98066773421fb3a0a233d3a10e36 - - default default] Successfully bumped revision number for resource 89b04213-3d2e-49cf-92b2-271b26e0b56c (type: security_groups) to 1
2026-06-22 03:08:10.766 8 INFO neutron.db.ovn_revision_numbers_db [None req-79c2a42a-8eeb-4adc-8c58-0a5db66bd19b 880d9f620586416897cc75c706e0b8fb e75a98066773421fb3a0a233d3a10e36 - - default default] Successfully bumped revision number for resource 3dbf38ee-6cdb-4556-a256-688dfd1b69bd (type: security_group_rules) to 0
2026-06-22 03:08:10.782 8 INFO neutron.db.ovn_revision_numbers_db [None req-79c2a42a-8eeb-4adc-8c58-0a5db66bd19b 880d9f620586416897cc75c706e0b8fb e75a98066773421fb3a0a233d3a10e36 - - default default] Successfully bumped revision number for resource 4ffcb238-9827-4099-8292-b2d02b92b577 (type: security_group_rules) to 0 [pid: 8|app: 0|req: 1315/2699] 10.0.0.21 () {34 vars in 683 bytes} [Mon Jun 22 03:08:10 2026] POST /v2.0/security-groups => generated 1628 bytes in 239 msecs (HTTP/1.1 201) 4 headers in 163 bytes (1 switches on core 0)
2026-06-22 03:08:10.869 7 INFO neutron.db.ovn_revision_numbers_db [None req-675bae64-9178-4fa1-b4da-f0dcb8c8dbb2 9e86860a3a2a4af9a3c1589b14a211c8 bddceb5079e84549857c0589170a34b6 - - default default] Successfully bumped revision number for resource d800f5be-2644-4a1f-8529-bd27f464361b (type: ports) to 1
2026-06-22 03:08:10.954 8 INFO neutron.db.segments_db [None req-d4f8ae04-e696-4adf-999b-c277ab44c060 6d500495420b4d2d8fcd9f5f0782c0e4 93df128f638e487a8fb27240c96668c9 - - default default] Added segment 153437d1-39d8-49eb-8a9b-19d188ec596a of type geneve for network 32075038-9277-49b2-a688-356903cd964e
2026-06-22 03:08:11.086 8 INFO neutron.db.ovn_revision_numbers_db [None req-d4f8ae04-e696-4adf-999b-c277ab44c060 6d500495420b4d2d8fcd9f5f0782c0e4 93df128f638e487a8fb27240c96668c9 - - default default] Successfully bumped revision number for resource 32075038-9277-49b2-a688-356903cd964e (type: networks) to 1
2026-06-22 03:08:11.238 8 WARNING neutron.scheduler.dhcp_agent_scheduler [None req-d4f8ae04-e696-4adf-999b-c277ab44c060 6d500495420b4d2d8fcd9f5f0782c0e4 93df128f638e487a8fb27240c96668c9 - - default default] No more DHCP agents
2026-06-22 03:08:11.239 8 WARNING neutron.api.rpc.agentnotifiers.dhcp_rpc_agent_api [None req-d4f8ae04-e696-4adf-999b-c277ab44c060 6d500495420b4d2d8fcd9f5f0782c0e4 93df128f638e487a8fb27240c96668c9 - - default default] Unable to schedule network 32075038-9277-49b2-a688-356903cd964e: no agents available; will retry on subsequent port and subnet creation events.
2026-06-22 03:08:11.280 8 INFO neutron.plugins.ml2.drivers.ovn.mech_driver.mech_driver [None req-7a950416-453a-4195-8415-787e815ca92f - - - - - -] OVN reports status down for port: 0be98eb0-c374-43c3-a05f-9473ee99656f
2026-06-22 03:08:11.335 8 INFO neutron.db.ovn_revision_numbers_db [None req-d4f8ae04-e696-4adf-999b-c277ab44c060 6d500495420b4d2d8fcd9f5f0782c0e4 93df128f638e487a8fb27240c96668c9 - - default default] Successfully bumped revision number for resource 0be98eb0-c374-43c3-a05f-9473ee99656f (type: ports) to 1 [pid: 8|app: 0|req: 1316/2700] 10.0.0.21 () {34 vars in 669 bytes} [Mon Jun 22 03:08:10 2026] POST /v2.0/networks => generated 631 bytes in 516 msecs (HTTP/1.1 201) 4 headers in 162 bytes (1 switches on core 0)
2026-06-22 03:08:11.473 7 INFO neutron.plugins.ml2.drivers.ovn.mech_driver.ovsdb.commands [None req-585be22d-21b2-437f-9e64-bab5d514ede8 - - - - - -] Schedule LRP lrp-d800f5be-2644-4a1f-8529-bd27f464361b on gateway 66e033bb-39a8-4af1-9c72-5bdf369bef6f with priority 1
2026-06-22 03:08:11.512 8 INFO neutron.db.ovn_revision_numbers_db [None req-3633f727-0dd7-49a0-8814-65ed81d7b161 880d9f620586416897cc75c706e0b8fb e75a98066773421fb3a0a233d3a10e36 - - default default] Successfully bumped revision number for resource e7a94511-7f03-471a-af54-74eccf051323 (type: security_group_rules) to 0
2026-06-22 03:08:11.527 7 INFO neutron.db.ovn_revision_numbers_db [None req-675bae64-9178-4fa1-b4da-f0dcb8c8dbb2 9e86860a3a2a4af9a3c1589b14a211c8 bddceb5079e84549857c0589170a34b6 - - default default] Successfully bumped revision number for resource d800f5be-2644-4a1f-8529-bd27f464361b (type: router_ports) to 1 [pid: 8|app: 0|req: 1317/2701] 10.0.0.21 () {34 vars in 694 bytes} [Mon Jun 22 03:08:11 2026] POST /v2.0/security-group-rules => generated 597 bytes in 162 msecs (HTTP/1.1 201) 4 headers in 162 bytes (1 switches on core 0)
2026-06-22 03:08:11.582 7 INFO neutron.db.ovn_revision_numbers_db [None req-675bae64-9178-4fa1-b4da-f0dcb8c8dbb2 9e86860a3a2a4af9a3c1589b14a211c8 bddceb5079e84549857c0589170a34b6 - - default default] Successfully bumped revision number for resource 114b5a6b-5d64-40f6-a4d1-be14c9eb4d58 (type: routers) to 2 [pid: 7|app: 0|req: 1385/2702] 10.0.0.21 () {34 vars in 668 bytes} [Mon Jun 22 03:08:10 2026] POST /v2.0/routers => generated 936 bytes in 1414 msecs (HTTP/1.1 201) 4 headers in 162 bytes (1 switches on core 0)
2026-06-22 03:08:11.728 7 INFO neutron.db.ovn_revision_numbers_db [None req-5546415c-6722-4202-b429-09355fd14f1e 880d9f620586416897cc75c706e0b8fb e75a98066773421fb3a0a233d3a10e36 - - default default] Successfully bumped revision number for resource d5e27870-8d62-4fd1-9454-a2b2c3b78d1b (type: security_group_rules) to 0
2026-06-22 03:08:11.750 8 WARNING neutron.scheduler.dhcp_agent_scheduler [None req-3e3a83f6-43ab-4ce9-968e-1360bbd35eff 6d500495420b4d2d8fcd9f5f0782c0e4 93df128f638e487a8fb27240c96668c9 - - default default] No more DHCP agents
2026-06-22 03:08:11.752 8 WARNING neutron.api.rpc.agentnotifiers.dhcp_rpc_agent_api [None req-3e3a83f6-43ab-4ce9-968e-1360bbd35eff 6d500495420b4d2d8fcd9f5f0782c0e4 93df128f638e487a8fb27240c96668c9 - - default default] Unable to schedule network 32075038-9277-49b2-a688-356903cd964e: no agents available; will retry on subsequent port and subnet creation events. [pid: 7|app: 0|req: 1386/2703] 10.0.0.21 () {34 vars in 694 bytes} [Mon Jun 22 03:08:11 2026] POST /v2.0/security-group-rules => generated 597 bytes in 185 msecs (HTTP/1.1 201) 4 headers in 162 bytes (1 switches on core 0)
2026-06-22 03:08:11.840 8 INFO neutron.db.ovn_revision_numbers_db [None req-3e3a83f6-43ab-4ce9-968e-1360bbd35eff 6d500495420b4d2d8fcd9f5f0782c0e4 93df128f638e487a8fb27240c96668c9 - - default default] Successfully bumped revision number for resource bffd5983-3133-4f42-8bac-7c6f4ab59471 (type: ports) to 1 [pid: 8|app: 0|req: 1318/2704] 10.0.0.21 () {34 vars in 663 bytes} [Mon Jun 22 03:08:11 2026] POST /v2.0/ports => generated 743 bytes in 339 msecs (HTTP/1.1 201) 4 headers in 162 bytes (1 switches on core 0) /var/lib/openstack/lib/python3.12/site-packages/pycadf/identifier.py:70: UserWarning: Invalid uuid: neutron. To ensure interoperability, identifiers should be a valid uuid. warnings.warn(('Invalid uuid: %s. To ensure interoperability, '
2026-06-22 03:08:12.000 8 INFO neutron.db.ovn_revision_numbers_db [None req-c512a397-8a72-4fe1-86e1-7437122a500e 880d9f620586416897cc75c706e0b8fb e75a98066773421fb3a0a233d3a10e36 - - default default] Successfully bumped revision number for resource 1665a4cd-3276-4396-8dcb-a3bbd9257277 (type: security_group_rules) to 0 [pid: 8|app: 0|req: 1319/2705] 10.0.0.21 () {34 vars in 694 bytes} [Mon Jun 22 03:08:11 2026] POST /v2.0/security-group-rules => generated 599 bytes in 154 msecs (HTTP/1.1 201) 4 headers in 162 bytes (1 switches on core 0)
2026-06-22 03:08:12.117 8 INFO neutron.db.segments_db [None req-0f19234b-7751-469a-bdd1-b85d15d32e22 6d500495420b4d2d8fcd9f5f0782c0e4 93df128f638e487a8fb27240c96668c9 - - default default] Added segment dc8afabd-9cda-48f6-bf5e-8f6cd8fe6126 of type geneve for network 98dda715-50e9-43ea-91f8-37fc3e3e6ba1
2026-06-22 03:08:12.214 8 INFO neutron.db.ovn_revision_numbers_db [None req-0f19234b-7751-469a-bdd1-b85d15d32e22 6d500495420b4d2d8fcd9f5f0782c0e4 93df128f638e487a8fb27240c96668c9 - - default default] Successfully bumped revision number for resource 98dda715-50e9-43ea-91f8-37fc3e3e6ba1 (type: networks) to 1
2026-06-22 03:08:12.239 7 WARNING neutron.scheduler.dhcp_agent_scheduler [None req-e21e38a8-4fcd-4df5-b691-a0fa78578c93 9e86860a3a2a4af9a3c1589b14a211c8 bddceb5079e84549857c0589170a34b6 - - default default] No more DHCP agents
2026-06-22 03:08:12.241 7 WARNING neutron.api.rpc.agentnotifiers.dhcp_rpc_agent_api [None req-e21e38a8-4fcd-4df5-b691-a0fa78578c93 9e86860a3a2a4af9a3c1589b14a211c8 bddceb5079e84549857c0589170a34b6 - - default default] Unable to schedule network fcc5393e-ac38-4239-a8e3-36cee14b5af9: no agents available; will retry on subsequent port and subnet creation events.
2026-06-22 03:08:12.334 8 INFO neutron.plugins.ml2.drivers.ovn.mech_driver.mech_driver [None req-7a950416-453a-4195-8415-787e815ca92f - - - - - -] OVN reports status down for port: ed6a38b7-6553-46f1-a22b-81a00b093da1
2026-06-22 03:08:12.360 7 INFO neutron.db.ovn_revision_numbers_db [None req-e21e38a8-4fcd-4df5-b691-a0fa78578c93 9e86860a3a2a4af9a3c1589b14a211c8 bddceb5079e84549857c0589170a34b6 - - default default] Successfully bumped revision number for resource ed6a38b7-6553-46f1-a22b-81a00b093da1 (type: ports) to 1
2026-06-22 03:08:12.442 8 WARNING neutron.scheduler.dhcp_agent_scheduler [None req-0f19234b-7751-469a-bdd1-b85d15d32e22 6d500495420b4d2d8fcd9f5f0782c0e4 93df128f638e487a8fb27240c96668c9 - - default default] No more DHCP agents
2026-06-22 03:08:12.445 8 WARNING neutron.api.rpc.agentnotifiers.dhcp_rpc_agent_api [None req-0f19234b-7751-469a-bdd1-b85d15d32e22 6d500495420b4d2d8fcd9f5f0782c0e4 93df128f638e487a8fb27240c96668c9 - - default default] Unable to schedule network 98dda715-50e9-43ea-91f8-37fc3e3e6ba1: no agents available; will retry on subsequent port and subnet creation events.
2026-06-22 03:08:12.539 8 INFO neutron.db.ovn_revision_numbers_db [None req-0f19234b-7751-469a-bdd1-b85d15d32e22 6d500495420b4d2d8fcd9f5f0782c0e4 93df128f638e487a8fb27240c96668c9 - - default default] Successfully bumped revision number for resource 5c691d8d-f89e-40c4-b2ea-2722a4abdfdf (type: ports) to 1 [pid: 8|app: 0|req: 1320/2706] 10.0.0.21 () {34 vars in 669 bytes} [Mon Jun 22 03:08:12 2026] POST /v2.0/networks => generated 632 bytes in 524 msecs (HTTP/1.1 201) 4 headers in 162 bytes (1 switches on core 0)
2026-06-22 03:08:12.713 8 INFO neutron.db.ovn_revision_numbers_db [None req-87609fa7-d173-4627-9497-0a9e1be6583a 880d9f620586416897cc75c706e0b8fb e75a98066773421fb3a0a233d3a10e36 - - default default] Successfully bumped revision number for resource 56f0c91d-3834-4e4c-a81f-dec4e123bee8 (type: security_group_rules) to 0 [pid: 8|app: 0|req: 1321/2707] 10.0.0.21 () {34 vars in 694 bytes} [Mon Jun 22 03:08:12 2026] POST /v2.0/security-group-rules => generated 601 bytes in 201 msecs (HTTP/1.1 201) 4 headers in 162 bytes (1 switches on core 0)
2026-06-22 03:08:12.935 7 WARNING neutron.plugins.ml2.drivers.ovn.mech_driver.ovsdb.ovn_client [None req-7eb9b88d-7e03-4e07-810c-7043bfe679a8 - - - - - -] No hosting information found for port 7e41a940-e222-4473-a72f-c97a9ef94df1: RuntimeError: No hosting information found for port 7e41a940-e222-4473-a72f-c97a9ef94df1
2026-06-22 03:08:12.936 7 INFO neutron.plugins.ml2.drivers.ovn.mech_driver.mech_driver [None req-7eb9b88d-7e03-4e07-810c-7043bfe679a8 - - - - - -] OVN reports status down for port: 7dccda40-9455-4d12-aa48-3aa29a52ebe1
2026-06-22 03:08:13.003 8 WARNING neutron.scheduler.dhcp_agent_scheduler [None req-06752c6d-8d52-4101-938c-56a5b61c473e 6d500495420b4d2d8fcd9f5f0782c0e4 93df128f638e487a8fb27240c96668c9 - - default default] No more DHCP agents
2026-06-22 03:08:13.004 8 INFO neutron.plugins.ml2.drivers.ovn.mech_driver.mech_driver [None req-7a950416-453a-4195-8415-787e815ca92f - - - - - -] OVN reports status up for port: ed6a38b7-6553-46f1-a22b-81a00b093da1
2026-06-22 03:08:13.010 8 WARNING neutron.api.rpc.agentnotifiers.dhcp_rpc_agent_api [None req-06752c6d-8d52-4101-938c-56a5b61c473e 6d500495420b4d2d8fcd9f5f0782c0e4 93df128f638e487a8fb27240c96668c9 - - default default] Unable to schedule network 98dda715-50e9-43ea-91f8-37fc3e3e6ba1: no agents available; will retry on subsequent port and subnet creation events.
2026-06-22 03:08:13.026 8 INFO neutron.plugins.ml2.plugin [None req-7a950416-453a-4195-8415-787e815ca92f - - - - - -] Attempt 1 to provision port ed6a38b7-6553-46f1-a22b-81a00b093da1
2026-06-22 03:08:13.142 8 INFO neutron.db.ovn_revision_numbers_db [None req-06752c6d-8d52-4101-938c-56a5b61c473e 6d500495420b4d2d8fcd9f5f0782c0e4 93df128f638e487a8fb27240c96668c9 - - default default] Successfully bumped revision number for resource 014a8e27-bfb6-4016-9f84-46babf6a600b (type: ports) to 1
2026-06-22 03:08:13.155 7 WARNING neutron.scheduler.dhcp_agent_scheduler [None req-e21e38a8-4fcd-4df5-b691-a0fa78578c93 9e86860a3a2a4af9a3c1589b14a211c8 bddceb5079e84549857c0589170a34b6 - - default default] No more DHCP agents
2026-06-22 03:08:13.159 7 WARNING neutron.api.rpc.agentnotifiers.dhcp_rpc_agent_api [None req-e21e38a8-4fcd-4df5-b691-a0fa78578c93 9e86860a3a2a4af9a3c1589b14a211c8 bddceb5079e84549857c0589170a34b6 - - default default] Unable to schedule network fcc5393e-ac38-4239-a8e3-36cee14b5af9: no agents available; will retry on subsequent port and subnet creation events.
2026-06-22 03:08:13.218 7 INFO neutron.db.ovn_revision_numbers_db [None req-7eb9b88d-7e03-4e07-810c-7043bfe679a8 - - - - - -] Successfully bumped revision number for resource 7e41a940-e222-4473-a72f-c97a9ef94df1 (type: router_ports) to 2
2026-06-22 03:08:13.219 7 INFO neutron.plugins.ml2.drivers.ovn.mech_driver.mech_driver [None req-7eb9b88d-7e03-4e07-810c-7043bfe679a8 - - - - - -] OVN reports status down for port: 441e62c1-a15f-4d2b-9a6f-686ee385d41f [pid: 8|app: 0|req: 1322/2708] 10.0.0.21 () {34 vars in 663 bytes} [Mon Jun 22 03:08:12 2026] POST /v2.0/ports => generated 743 bytes in 495 msecs (HTTP/1.1 201) 4 headers in 162 bytes (1 switches on core 0) /var/lib/openstack/lib/python3.12/site-packages/pycadf/identifier.py:70: UserWarning: Invalid uuid: neutron. To ensure interoperability, identifiers should be a valid uuid. warnings.warn(('Invalid uuid: %s. To ensure interoperability, '
2026-06-22 03:08:13.325 7 WARNING neutron.plugins.ml2.drivers.ovn.mech_driver.ovsdb.ovn_client [None req-7eb9b88d-7e03-4e07-810c-7043bfe679a8 - - - - - -] Logical_Switch_Port 441e62c1-a15f-4d2b-9a6f-686ee385d41f host information not removed, the port state is up
2026-06-22 03:08:13.325 7 INFO neutron.plugins.ml2.drivers.ovn.mech_driver.mech_driver [None req-7eb9b88d-7e03-4e07-810c-7043bfe679a8 - - - - - -] OVN reports status up for port: 441e62c1-a15f-4d2b-9a6f-686ee385d41f
2026-06-22 03:08:13.347 7 INFO neutron.plugins.ml2.plugin [None req-7eb9b88d-7e03-4e07-810c-7043bfe679a8 - - - - - -] Attempt 1 to provision port 441e62c1-a15f-4d2b-9a6f-686ee385d41f
2026-06-22 03:08:13.449 8 INFO neutron.db.ovn_revision_numbers_db [None req-30561ccf-2259-4b48-825e-77711f3328bc 880d9f620586416897cc75c706e0b8fb e75a98066773421fb3a0a233d3a10e36 - - default default] Successfully bumped revision number for resource 5d08aab0-b22c-4fab-add1-7a1cad661b15 (type: security_group_rules) to 0 [pid: 8|app: 0|req: 1323/2709] 10.0.0.21 () {34 vars in 694 bytes} [Mon Jun 22 03:08:13 2026] POST /v2.0/security-group-rules => generated 601 bytes in 261 msecs (HTTP/1.1 201) 4 headers in 162 bytes (1 switches on core 0)
2026-06-22 03:08:13.604 8 INFO neutron.db.ovn_revision_numbers_db [None req-7a950416-453a-4195-8415-787e815ca92f - - - - - -] Successfully bumped revision number for resource ed6a38b7-6553-46f1-a22b-81a00b093da1 (type: ports) to 2 [pid: 8|app: 0|req: 1324/2710] 10.0.0.21 () {34 vars in 746 bytes} [Mon Jun 22 03:08:13 2026] PUT /v2.0/ports/a8cc2a11-94ac-422f-9cdb-6f58104fd6a5/tags => generated 17 bytes in 146 msecs (HTTP/1.1 200) 4 headers in 156 bytes (1 switches on core 0) /var/lib/openstack/lib/python3.12/site-packages/pycadf/identifier.py:70: UserWarning: Invalid uuid: neutron. To ensure interoperability, identifiers should be a valid uuid. warnings.warn(('Invalid uuid: %s. To ensure interoperability, '
2026-06-22 03:08:13.684 7 INFO neutron.db.ovn_revision_numbers_db [None req-e21e38a8-4fcd-4df5-b691-a0fa78578c93 9e86860a3a2a4af9a3c1589b14a211c8 bddceb5079e84549857c0589170a34b6 - - default default] Successfully bumped revision number for resource ed6a38b7-6553-46f1-a22b-81a00b093da1 (type: router_ports) to 1 [pid: 7|app: 0|req: 1387/2711] 10.0.0.21 () {34 vars in 782 bytes} [Mon Jun 22 03:08:11 2026] PUT /v2.0/routers/114b5a6b-5d64-40f6-a4d1-be14c9eb4d58/add_router_interface => generated 309 bytes in 1910 msecs (HTTP/1.1 200) 4 headers in 157 bytes (1 switches on core 0) [pid: 7|app: 0|req: 1388/2712] 10.0.0.21 () {34 vars in 746 bytes} [Mon Jun 22 03:08:13 2026] PUT /v2.0/ports/b063f100-a6c9-44a6-970e-34fa930d16c6/tags => generated 25 bytes in 140 msecs (HTTP/1.1 200) 4 headers in 156 bytes (1 switches on core 0) /var/lib/openstack/lib/python3.12/site-packages/pycadf/identifier.py:70: UserWarning: Invalid uuid: neutron. To ensure interoperability, identifiers should be a valid uuid. warnings.warn(('Invalid uuid: %s. To ensure interoperability, '
2026-06-22 03:08:13.990 8 INFO neutron.db.ovn_revision_numbers_db [None req-3fd24bc3-1cdc-48cf-9064-dd1b353c5e1d 880d9f620586416897cc75c706e0b8fb e75a98066773421fb3a0a233d3a10e36 - - default default] Successfully bumped revision number for resource 73651e87-3a68-4b89-b106-c45f3c487be7 (type: security_group_rules) to 0 [pid: 8|app: 0|req: 1325/2713] 10.0.0.21 () {34 vars in 694 bytes} [Mon Jun 22 03:08:13 2026] POST /v2.0/security-group-rules => generated 597 bytes in 354 msecs (HTTP/1.1 201) 4 headers in 162 bytes (1 switches on core 0) [pid: 8|app: 0|req: 1326/2714] 10.0.0.21 () {34 vars in 746 bytes} [Mon Jun 22 03:08:14 2026] PUT /v2.0/ports/8da424a6-b8b3-4f7b-8cbf-622979a5d61d/tags => generated 34 bytes in 72 msecs (HTTP/1.1 200) 4 headers in 156 bytes (1 switches on core 0) /var/lib/openstack/lib/python3.12/site-packages/pycadf/identifier.py:70: UserWarning: Invalid uuid: neutron. To ensure interoperability, identifiers should be a valid uuid. warnings.warn(('Invalid uuid: %s. To ensure interoperability, '
2026-06-22 03:08:14.101 7 INFO neutron.db.ovn_revision_numbers_db [None req-7eb9b88d-7e03-4e07-810c-7043bfe679a8 - - - - - -] Successfully bumped revision number for resource 441e62c1-a15f-4d2b-9a6f-686ee385d41f (type: ports) to 2
2026-06-22 03:08:14.256 8 INFO neutron.db.ovn_revision_numbers_db [None req-7306e917-8119-47b1-ab78-0e30ff0e0e33 880d9f620586416897cc75c706e0b8fb e75a98066773421fb3a0a233d3a10e36 - - default default] Successfully bumped revision number for resource 0d3ca25a-04a4-44aa-b5a4-c00f25d846fc (type: security_group_rules) to 0 [pid: 8|app: 0|req: 1327/2715] 10.0.0.21 () {34 vars in 694 bytes} [Mon Jun 22 03:08:14 2026] POST /v2.0/security-group-rules => generated 597 bytes in 187 msecs (HTTP/1.1 201) 4 headers in 162 bytes (1 switches on core 0) [pid: 8|app: 0|req: 1328/2716] 10.0.0.21 () {34 vars in 746 bytes} [Mon Jun 22 03:08:14 2026] PUT /v2.0/ports/bffd5983-3133-4f42-8bac-7c6f4ab59471/tags => generated 19 bytes in 62 msecs (HTTP/1.1 200) 4 headers in 156 bytes (1 switches on core 0) /var/lib/openstack/lib/python3.12/site-packages/pycadf/identifier.py:70: UserWarning: Invalid uuid: neutron. To ensure interoperability, identifiers should be a valid uuid. warnings.warn(('Invalid uuid: %s. To ensure interoperability, '
2026-06-22 03:08:14.499 8 INFO neutron.db.ovn_revision_numbers_db [None req-c27a7162-461b-4b19-b2d4-e4e5a4e7cca5 880d9f620586416897cc75c706e0b8fb e75a98066773421fb3a0a233d3a10e36 - - default default] Successfully bumped revision number for resource 189fe159-f5d3-45be-baae-eb26c92eca7e (type: security_group_rules) to 0 [pid: 8|app: 0|req: 1329/2717] 10.0.0.21 () {34 vars in 694 bytes} [Mon Jun 22 03:08:14 2026] POST /v2.0/security-group-rules => generated 597 bytes in 186 msecs (HTTP/1.1 201) 4 headers in 162 bytes (1 switches on core 0)
2026-06-22 03:08:14.531 7 WARNING neutron.scheduler.dhcp_agent_scheduler [None req-4e9da1b0-b833-412a-99db-d7693dd35671 - - - - - -] No more DHCP agents
2026-06-22 03:08:14.532 7 WARNING neutron.api.rpc.agentnotifiers.dhcp_rpc_agent_api [None req-4e9da1b0-b833-412a-99db-d7693dd35671 - - - - - -] Unable to schedule network 90b918d0-6c52-40a0-a6e3-e8ffe1581355: no agents available; will retry on subsequent port and subnet creation events.
2026-06-22 03:08:14.657 7 INFO neutron.db.ovn_revision_numbers_db [None req-4e9da1b0-b833-412a-99db-d7693dd35671 - - - - - -] Successfully bumped revision number for resource 41decb91-1256-4ebd-a599-4e12be0919e5 (type: ports) to 1 [pid: 8|app: 0|req: 1330/2718] 10.0.0.21 () {32 vars in 659 bytes} [Mon Jun 22 03:08:14 2026] GET /v2.0/ports?tags=red => generated 2253 bytes in 140 msecs (HTTP/1.1 200) 4 headers in 158 bytes (1 switches on core 0)
2026-06-22 03:08:14.842 8 INFO neutron.db.ovn_revision_numbers_db [None req-4e05f162-b19b-4c27-b734-cb56b361b4b1 880d9f620586416897cc75c706e0b8fb e75a98066773421fb3a0a233d3a10e36 - - default default] Successfully bumped revision number for resource b6138377-f170-458f-a653-bf35be6bbf97 (type: security_group_rules) to 0 [pid: 8|app: 0|req: 1331/2719] 10.0.0.21 () {34 vars in 694 bytes} [Mon Jun 22 03:08:14 2026] POST /v2.0/security-group-rules => generated 599 bytes in 200 msecs (HTTP/1.1 201) 4 headers in 162 bytes (1 switches on core 0)
2026-06-22 03:08:14.912 7 INFO neutron.db.ovn_revision_numbers_db [None req-4e9da1b0-b833-412a-99db-d7693dd35671 - - - - - -] Successfully bumped revision number for resource 41decb91-1256-4ebd-a599-4e12be0919e5 (type: ports) to 3 [pid: 8|app: 0|req: 1332/2720] 10.0.0.21 () {32 vars in 673 bytes} [Mon Jun 22 03:08:14 2026] GET /v2.0/ports?tags=red%2Cblue => generated 1513 bytes in 76 msecs (HTTP/1.1 200) 4 headers in 158 bytes (1 switches on core 0)
2026-06-22 03:08:14.972 7 INFO neutron.db.segments_db [None req-4e9da1b0-b833-412a-99db-d7693dd35671 - - - - - -] Added segment ef4b9f28-ce3a-45e3-b2e6-ec2a51e66aa9 of type geneve for network d48c46e9-dc2a-4755-be5f-cf50ba31e3ce
2026-06-22 03:08:15.079 7 INFO neutron.db.ovn_revision_numbers_db [None req-21cc7a45-4e85-47ae-94c4-20d12d9c7340 - - - - - -] Successfully bumped revision number for resource d48c46e9-dc2a-4755-be5f-cf50ba31e3ce (type: networks) to 1
2026-06-22 03:08:15.109 8 INFO neutron.db.ovn_revision_numbers_db [None req-69a1ab40-8545-4be0-a143-3bd07cec0bd2 880d9f620586416897cc75c706e0b8fb e75a98066773421fb3a0a233d3a10e36 - - default default] Successfully bumped revision number for resource d333434b-765d-4295-b079-ba7f3982ea3a (type: security_group_rules) to 0 [pid: 8|app: 0|req: 1333/2721] 10.0.0.21 () {34 vars in 694 bytes} [Mon Jun 22 03:08:14 2026] POST /v2.0/security-group-rules => generated 601 bytes in 193 msecs (HTTP/1.1 201) 4 headers in 162 bytes (1 switches on core 0) [pid: 8|app: 0|req: 1334/2722] 10.0.0.21 () {32 vars in 669 bytes} [Mon Jun 22 03:08:15 2026] GET /v2.0/ports?tags-any=blue => generated 1513 bytes in 58 msecs (HTTP/1.1 200) 4 headers in 158 bytes (1 switches on core 0)
2026-06-22 03:08:15.209 7 WARNING neutron.scheduler.dhcp_agent_scheduler [None req-21cc7a45-4e85-47ae-94c4-20d12d9c7340 - - - - - -] No more DHCP agents
2026-06-22 03:08:15.211 7 WARNING neutron.api.rpc.agentnotifiers.dhcp_rpc_agent_api [None req-21cc7a45-4e85-47ae-94c4-20d12d9c7340 - - - - - -] Unable to schedule network d48c46e9-dc2a-4755-be5f-cf50ba31e3ce: no agents available; will retry on subsequent port and subnet creation events.
2026-06-22 03:08:15.282 7 INFO neutron.db.ovn_revision_numbers_db [None req-21cc7a45-4e85-47ae-94c4-20d12d9c7340 - - - - - -] Successfully bumped revision number for resource 254ef262-b755-4158-ab6f-1a74e45b2375 (type: ports) to 1
