2026-06-22 03:08:38.821 7 INFO cinder.api.openstack.wsgi [None req-2147efb4-9a83-4a42-ad46-6994ebcc4e63 3763353a52e741b58d9c62ec3126f98c 92cbcf2621c048edbb4a5a7b73035bde - - default default] http://cinder-api.openstack.svc.cluster.local:8776/v3/92cbcf2621c048edbb4a5a7b73035bde/snapshots?all_tenants=true returned with HTTP 200 [pid: 7|app: 0|req: 452/901] 10.0.0.47 () {28 vars in 673 bytes} [Mon Jun 22 03:08:38 2026] GET /v3/92cbcf2621c048edbb4a5a7b73035bde/snapshots?all_tenants=true => generated 17 bytes in 127 msecs (HTTP/1.1 200) 7 headers in 284 bytes (1 switches on core 0)
2026-06-22 03:08:38.833 8 INFO cinder.api.openstack.wsgi [None req-6be2df9d-fd93-44d2-aa14-75eebfaa065c 3763353a52e741b58d9c62ec3126f98c 92cbcf2621c048edbb4a5a7b73035bde - - default default] GET http://cinder-api.openstack.svc.cluster.local:8776/v3/92cbcf2621c048edbb4a5a7b73035bde/os-services
2026-06-22 03:08:38.842 8 INFO cinder.api.openstack.wsgi [None req-6be2df9d-fd93-44d2-aa14-75eebfaa065c 3763353a52e741b58d9c62ec3126f98c 92cbcf2621c048edbb4a5a7b73035bde - - default default] http://cinder-api.openstack.svc.cluster.local:8776/v3/92cbcf2621c048edbb4a5a7b73035bde/os-services returned with HTTP 200 [pid: 8|app: 0|req: 450/902] 10.0.0.47 () {28 vars in 644 bytes} [Mon Jun 22 03:08:38 2026] GET /v3/92cbcf2621c048edbb4a5a7b73035bde/os-services => generated 646 bytes in 18 msecs (HTTP/1.1 200) 7 headers in 285 bytes (1 switches on core 0)
2026-06-22 03:08:38.856 7 INFO cinder.api.openstack.wsgi [None req-4cf054d6-39c3-45b2-be7b-a27809c83544 3763353a52e741b58d9c62ec3126f98c 92cbcf2621c048edbb4a5a7b73035bde - - default default] GET http://cinder-api.openstack.svc.cluster.local:8776/v3/92cbcf2621c048edbb4a5a7b73035bde/scheduler-stats/get_pools?detail=true
2026-06-22 03:08:39.360 7 INFO cinder.api.openstack.wsgi [None req-4cf054d6-39c3-45b2-be7b-a27809c83544 3763353a52e741b58d9c62ec3126f98c 92cbcf2621c048edbb4a5a7b73035bde - - default default] http://cinder-api.openstack.svc.cluster.local:8776/v3/92cbcf2621c048edbb4a5a7b73035bde/scheduler-stats/get_pools?detail=true returned with HTTP 200 [pid: 7|app: 0|req: 453/903] 10.0.0.47 () {28 vars in 695 bytes} [Mon Jun 22 03:08:38 2026] GET /v3/92cbcf2621c048edbb4a5a7b73035bde/scheduler-stats/get_pools?detail=true => generated 670 bytes in 512 msecs (HTTP/1.1 200) 7 headers in 285 bytes (1 switches on core 0)
2026-06-22 03:08:39.408 8 INFO cinder.api.openstack.wsgi [None req-124d9f7f-e44d-41dc-86e2-205729bba54a 3763353a52e741b58d9c62ec3126f98c 92cbcf2621c048edbb4a5a7b73035bde - - default default] GET http://cinder-api.openstack.svc.cluster.local:8776/v3/92cbcf2621c048edbb4a5a7b73035bde/os-quota-sets/146cff408cb24c4fa71c14262e946331?usage=true
2026-06-22 03:08:39.434 8 INFO cinder.api.openstack.wsgi [None req-124d9f7f-e44d-41dc-86e2-205729bba54a 3763353a52e741b58d9c62ec3126f98c 92cbcf2621c048edbb4a5a7b73035bde - - default default] http://cinder-api.openstack.svc.cluster.local:8776/v3/92cbcf2621c048edbb4a5a7b73035bde/os-quota-sets/146cff408cb24c4fa71c14262e946331?usage=true returned with HTTP 200 [pid: 8|app: 0|req: 451/904] 10.0.0.47 () {28 vars in 735 bytes} [Mon Jun 22 03:08:39 2026] GET /v3/92cbcf2621c048edbb4a5a7b73035bde/os-quota-sets/146cff408cb24c4fa71c14262e946331?usage=true => generated 847 bytes in 32 msecs (HTTP/1.1 200) 7 headers in 285 bytes (1 switches on core 0)
2026-06-22 03:08:39.446 7 INFO cinder.api.openstack.wsgi [None req-b26e9a7b-0292-4342-a78d-c71fbbda0e11 3763353a52e741b58d9c62ec3126f98c 92cbcf2621c048edbb4a5a7b73035bde - - default default] GET http://cinder-api.openstack.svc.cluster.local:8776/v3/92cbcf2621c048edbb4a5a7b73035bde/os-quota-sets/4c0ae8180b3a4051807ab69a79197aed?usage=true
2026-06-22 03:08:39.478 7 INFO cinder.api.openstack.wsgi [None req-b26e9a7b-0292-4342-a78d-c71fbbda0e11 3763353a52e741b58d9c62ec3126f98c 92cbcf2621c048edbb4a5a7b73035bde - - default default] http://cinder-api.openstack.svc.cluster.local:8776/v3/92cbcf2621c048edbb4a5a7b73035bde/os-quota-sets/4c0ae8180b3a4051807ab69a79197aed?usage=true returned with HTTP 200 [pid: 7|app: 0|req: 454/905] 10.0.0.47 () {28 vars in 735 bytes} [Mon Jun 22 03:08:39 2026] GET /v3/92cbcf2621c048edbb4a5a7b73035bde/os-quota-sets/4c0ae8180b3a4051807ab69a79197aed?usage=true => generated 847 bytes in 40 msecs (HTTP/1.1 200) 7 headers in 285 bytes (1 switches on core 0)
2026-06-22 03:08:39.495 8 INFO cinder.api.openstack.wsgi [None req-cd1e0159-0981-49b1-bc0d-d9d204654f1f 3763353a52e741b58d9c62ec3126f98c 92cbcf2621c048edbb4a5a7b73035bde - - default default] GET http://cinder-api.openstack.svc.cluster.local:8776/v3/92cbcf2621c048edbb4a5a7b73035bde/os-quota-sets/5e57f0659f294e94a3442d4602a1a1d6?usage=true
2026-06-22 03:08:39.526 8 INFO cinder.api.openstack.wsgi [None req-cd1e0159-0981-49b1-bc0d-d9d204654f1f 3763353a52e741b58d9c62ec3126f98c 92cbcf2621c048edbb4a5a7b73035bde - - default default] http://cinder-api.openstack.svc.cluster.local:8776/v3/92cbcf2621c048edbb4a5a7b73035bde/os-quota-sets/5e57f0659f294e94a3442d4602a1a1d6?usage=true returned with HTTP 200 [pid: 8|app: 0|req: 452/906] 10.0.0.47 () {28 vars in 735 bytes} [Mon Jun 22 03:08:39 2026] GET /v3/92cbcf2621c048edbb4a5a7b73035bde/os-quota-sets/5e57f0659f294e94a3442d4602a1a1d6?usage=true => generated 847 bytes in 43 msecs (HTTP/1.1 200) 7 headers in 285 bytes (1 switches on core 0)
2026-06-22 03:08:39.538 7 INFO cinder.api.openstack.wsgi [None req-737dd532-24d9-44c5-b516-3f6d1d8bb2f8 3763353a52e741b58d9c62ec3126f98c 92cbcf2621c048edbb4a5a7b73035bde - - default default] GET http://cinder-api.openstack.svc.cluster.local:8776/v3/92cbcf2621c048edbb4a5a7b73035bde/os-quota-sets/655b1529ec86482fb0475a3dae6b7a18?usage=true
2026-06-22 03:08:39.581 7 INFO cinder.api.openstack.wsgi [None req-737dd532-24d9-44c5-b516-3f6d1d8bb2f8 3763353a52e741b58d9c62ec3126f98c 92cbcf2621c048edbb4a5a7b73035bde - - default default] http://cinder-api.openstack.svc.cluster.local:8776/v3/92cbcf2621c048edbb4a5a7b73035bde/os-quota-sets/655b1529ec86482fb0475a3dae6b7a18?usage=true returned with HTTP 200 [pid: 7|app: 0|req: 455/907] 10.0.0.47 () {28 vars in 735 bytes} [Mon Jun 22 03:08:39 2026] GET /v3/92cbcf2621c048edbb4a5a7b73035bde/os-quota-sets/655b1529ec86482fb0475a3dae6b7a18?usage=true => generated 847 bytes in 51 msecs (HTTP/1.1 200) 7 headers in 285 bytes (1 switches on core 0)
2026-06-22 03:08:39.596 8 INFO cinder.api.openstack.wsgi [None req-814de7a1-a840-4f49-82ee-d7a07887b0a2 3763353a52e741b58d9c62ec3126f98c 92cbcf2621c048edbb4a5a7b73035bde - - default default] GET http://cinder-api.openstack.svc.cluster.local:8776/v3/92cbcf2621c048edbb4a5a7b73035bde/os-quota-sets/65ecf24e57fc4337b94e53efc7d7b091?usage=true
2026-06-22 03:08:39.619 8 INFO cinder.api.openstack.wsgi [None req-814de7a1-a840-4f49-82ee-d7a07887b0a2 3763353a52e741b58d9c62ec3126f98c 92cbcf2621c048edbb4a5a7b73035bde - - default default] http://cinder-api.openstack.svc.cluster.local:8776/v3/92cbcf2621c048edbb4a5a7b73035bde/os-quota-sets/65ecf24e57fc4337b94e53efc7d7b091?usage=true returned with HTTP 200 [pid: 8|app: 0|req: 453/908] 10.0.0.47 () {28 vars in 735 bytes} [Mon Jun 22 03:08:39 2026] GET /v3/92cbcf2621c048edbb4a5a7b73035bde/os-quota-sets/65ecf24e57fc4337b94e53efc7d7b091?usage=true => generated 847 bytes in 33 msecs (HTTP/1.1 200) 7 headers in 285 bytes (1 switches on core 0)
2026-06-22 03:08:39.632 7 INFO cinder.api.openstack.wsgi [None req-65302b0c-d870-4ef9-8b2c-fe66f729d7c7 3763353a52e741b58d9c62ec3126f98c 92cbcf2621c048edbb4a5a7b73035bde - - default default] GET http://cinder-api.openstack.svc.cluster.local:8776/v3/92cbcf2621c048edbb4a5a7b73035bde/os-quota-sets/75f99270196e44149fa97bfbf96ca01f?usage=true
2026-06-22 03:08:39.651 7 INFO cinder.api.openstack.wsgi [None req-65302b0c-d870-4ef9-8b2c-fe66f729d7c7 3763353a52e741b58d9c62ec3126f98c 92cbcf2621c048edbb4a5a7b73035bde - - default default] http://cinder-api.openstack.svc.cluster.local:8776/v3/92cbcf2621c048edbb4a5a7b73035bde/os-quota-sets/75f99270196e44149fa97bfbf96ca01f?usage=true returned with HTTP 200 [pid: 7|app: 0|req: 456/909] 10.0.0.47 () {28 vars in 735 bytes} [Mon Jun 22 03:08:39 2026] GET /v3/92cbcf2621c048edbb4a5a7b73035bde/os-quota-sets/75f99270196e44149fa97bfbf96ca01f?usage=true => generated 847 bytes in 29 msecs (HTTP/1.1 200) 7 headers in 285 bytes (1 switches on core 0)
2026-06-22 03:08:39.663 8 INFO cinder.api.openstack.wsgi [None req-2fcf5dce-e2d9-43d6-b9dd-1d287f261889 3763353a52e741b58d9c62ec3126f98c 92cbcf2621c048edbb4a5a7b73035bde - - default default] GET http://cinder-api.openstack.svc.cluster.local:8776/v3/92cbcf2621c048edbb4a5a7b73035bde/os-quota-sets/76f024f9e76445c0b3c7621937c3c611?usage=true
2026-06-22 03:08:39.684 8 INFO cinder.api.openstack.wsgi [None req-2fcf5dce-e2d9-43d6-b9dd-1d287f261889 3763353a52e741b58d9c62ec3126f98c 92cbcf2621c048edbb4a5a7b73035bde - - default default] http://cinder-api.openstack.svc.cluster.local:8776/v3/92cbcf2621c048edbb4a5a7b73035bde/os-quota-sets/76f024f9e76445c0b3c7621937c3c611?usage=true returned with HTTP 200 [pid: 8|app: 0|req: 454/910] 10.0.0.47 () {28 vars in 735 bytes} [Mon Jun 22 03:08:39 2026] GET /v3/92cbcf2621c048edbb4a5a7b73035bde/os-quota-sets/76f024f9e76445c0b3c7621937c3c611?usage=true => generated 847 bytes in 29 msecs (HTTP/1.1 200) 7 headers in 285 bytes (1 switches on core 0)
2026-06-22 03:08:39.696 7 INFO cinder.api.openstack.wsgi [None req-353cf42f-914a-4110-989d-9b39425875a9 3763353a52e741b58d9c62ec3126f98c 92cbcf2621c048edbb4a5a7b73035bde - - default default] GET http://cinder-api.openstack.svc.cluster.local:8776/v3/92cbcf2621c048edbb4a5a7b73035bde/os-quota-sets/92cbcf2621c048edbb4a5a7b73035bde?usage=true
2026-06-22 03:08:39.718 7 INFO cinder.api.openstack.wsgi [None req-353cf42f-914a-4110-989d-9b39425875a9 3763353a52e741b58d9c62ec3126f98c 92cbcf2621c048edbb4a5a7b73035bde - - default default] http://cinder-api.openstack.svc.cluster.local:8776/v3/92cbcf2621c048edbb4a5a7b73035bde/os-quota-sets/92cbcf2621c048edbb4a5a7b73035bde?usage=true returned with HTTP 200 [pid: 7|app: 0|req: 457/911] 10.0.0.47 () {28 vars in 735 bytes} [Mon Jun 22 03:08:39 2026] GET /v3/92cbcf2621c048edbb4a5a7b73035bde/os-quota-sets/92cbcf2621c048edbb4a5a7b73035bde?usage=true => generated 845 bytes in 31 msecs (HTTP/1.1 200) 7 headers in 285 bytes (1 switches on core 0)
2026-06-22 03:08:39.731 8 INFO cinder.api.openstack.wsgi [None req-8bdcf96a-1930-478c-b7de-ed3d5d658d8b 3763353a52e741b58d9c62ec3126f98c 92cbcf2621c048edbb4a5a7b73035bde - - default default] GET http://cinder-api.openstack.svc.cluster.local:8776/v3/92cbcf2621c048edbb4a5a7b73035bde/os-quota-sets/bddceb5079e84549857c0589170a34b6?usage=true
2026-06-22 03:08:39.758 8 INFO cinder.api.openstack.wsgi [None req-8bdcf96a-1930-478c-b7de-ed3d5d658d8b 3763353a52e741b58d9c62ec3126f98c 92cbcf2621c048edbb4a5a7b73035bde - - default default] http://cinder-api.openstack.svc.cluster.local:8776/v3/92cbcf2621c048edbb4a5a7b73035bde/os-quota-sets/bddceb5079e84549857c0589170a34b6?usage=true returned with HTTP 200 [pid: 8|app: 0|req: 455/912] 10.0.0.47 () {28 vars in 735 bytes} [Mon Jun 22 03:08:39 2026] GET /v3/92cbcf2621c048edbb4a5a7b73035bde/os-quota-sets/bddceb5079e84549857c0589170a34b6?usage=true => generated 847 bytes in 36 msecs (HTTP/1.1 200) 7 headers in 285 bytes (1 switches on core 0)
2026-06-22 03:08:39.770 7 INFO cinder.api.openstack.wsgi [None req-1e757760-0f6b-4e71-99c3-d263d0dc42cb 3763353a52e741b58d9c62ec3126f98c 92cbcf2621c048edbb4a5a7b73035bde - - default default] GET http://cinder-api.openstack.svc.cluster.local:8776/v3/92cbcf2621c048edbb4a5a7b73035bde/os-quota-sets/c07f5ba74c034362b69d7ae6030af147?usage=true
2026-06-22 03:08:39.793 7 INFO cinder.api.openstack.wsgi [None req-1e757760-0f6b-4e71-99c3-d263d0dc42cb 3763353a52e741b58d9c62ec3126f98c 92cbcf2621c048edbb4a5a7b73035bde - - default default] http://cinder-api.openstack.svc.cluster.local:8776/v3/92cbcf2621c048edbb4a5a7b73035bde/os-quota-sets/c07f5ba74c034362b69d7ae6030af147?usage=true returned with HTTP 200 [pid: 7|app: 0|req: 458/913] 10.0.0.47 () {28 vars in 735 bytes} [Mon Jun 22 03:08:39 2026] GET /v3/92cbcf2621c048edbb4a5a7b73035bde/os-quota-sets/c07f5ba74c034362b69d7ae6030af147?usage=true => generated 847 bytes in 32 msecs (HTTP/1.1 200) 7 headers in 285 bytes (1 switches on core 0)
2026-06-22 03:08:39.805 8 INFO cinder.api.openstack.wsgi [None req-dd1c2ea7-7d2b-417e-80d3-f2400d25fba9 3763353a52e741b58d9c62ec3126f98c 92cbcf2621c048edbb4a5a7b73035bde - - default default] GET http://cinder-api.openstack.svc.cluster.local:8776/v3/92cbcf2621c048edbb4a5a7b73035bde/os-quota-sets/ce2bbd1eeaa44890817a7addcbe81ef6?usage=true
2026-06-22 03:08:39.830 8 INFO cinder.api.openstack.wsgi [None req-dd1c2ea7-7d2b-417e-80d3-f2400d25fba9 3763353a52e741b58d9c62ec3126f98c 92cbcf2621c048edbb4a5a7b73035bde - - default default] http://cinder-api.openstack.svc.cluster.local:8776/v3/92cbcf2621c048edbb4a5a7b73035bde/os-quota-sets/ce2bbd1eeaa44890817a7addcbe81ef6?usage=true returned with HTTP 200 [pid: 8|app: 0|req: 456/914] 10.0.0.47 () {28 vars in 735 bytes} [Mon Jun 22 03:08:39 2026] GET /v3/92cbcf2621c048edbb4a5a7b73035bde/os-quota-sets/ce2bbd1eeaa44890817a7addcbe81ef6?usage=true => generated 847 bytes in 32 msecs (HTTP/1.1 200) 7 headers in 285 bytes (1 switches on core 0)
2026-06-22 03:08:39.843 7 INFO cinder.api.openstack.wsgi [None req-38ac6d29-8c57-4f67-a491-54ef3227edca 3763353a52e741b58d9c62ec3126f98c 92cbcf2621c048edbb4a5a7b73035bde - - default default] GET http://cinder-api.openstack.svc.cluster.local:8776/v3/92cbcf2621c048edbb4a5a7b73035bde/os-quota-sets/d541dac236df48418f6781f223b0c02a?usage=true
2026-06-22 03:08:39.865 7 INFO cinder.api.openstack.wsgi [None req-38ac6d29-8c57-4f67-a491-54ef3227edca 3763353a52e741b58d9c62ec3126f98c 92cbcf2621c048edbb4a5a7b73035bde - - default default] http://cinder-api.openstack.svc.cluster.local:8776/v3/92cbcf2621c048edbb4a5a7b73035bde/os-quota-sets/d541dac236df48418f6781f223b0c02a?usage=true returned with HTTP 200 [pid: 7|app: 0|req: 459/915] 10.0.0.47 () {28 vars in 735 bytes} [Mon Jun 22 03:08:39 2026] GET /v3/92cbcf2621c048edbb4a5a7b73035bde/os-quota-sets/d541dac236df48418f6781f223b0c02a?usage=true => generated 847 bytes in 32 msecs (HTTP/1.1 200) 7 headers in 285 bytes (1 switches on core 0)
2026-06-22 03:08:39.880 8 INFO cinder.api.openstack.wsgi [None req-c677e767-f64f-4545-bf2a-00d8ad602de7 3763353a52e741b58d9c62ec3126f98c 92cbcf2621c048edbb4a5a7b73035bde - - default default] GET http://cinder-api.openstack.svc.cluster.local:8776/v3/92cbcf2621c048edbb4a5a7b73035bde/os-quota-sets/e48eeb32efae41cd99f9524fd7a7f8bb?usage=true
2026-06-22 03:08:39.901 8 INFO cinder.api.openstack.wsgi [None req-c677e767-f64f-4545-bf2a-00d8ad602de7 3763353a52e741b58d9c62ec3126f98c 92cbcf2621c048edbb4a5a7b73035bde - - default default] http://cinder-api.openstack.svc.cluster.local:8776/v3/92cbcf2621c048edbb4a5a7b73035bde/os-quota-sets/e48eeb32efae41cd99f9524fd7a7f8bb?usage=true returned with HTTP 200 [pid: 8|app: 0|req: 457/916] 10.0.0.47 () {28 vars in 735 bytes} [Mon Jun 22 03:08:39 2026] GET /v3/92cbcf2621c048edbb4a5a7b73035bde/os-quota-sets/e48eeb32efae41cd99f9524fd7a7f8bb?usage=true => generated 847 bytes in 30 msecs (HTTP/1.1 200) 7 headers in 285 bytes (1 switches on core 0)
2026-06-22 03:08:39.915 7 INFO cinder.api.openstack.wsgi [None req-b609ab61-61ec-425d-8d61-1cedd2668186 3763353a52e741b58d9c62ec3126f98c 92cbcf2621c048edbb4a5a7b73035bde - - default default] GET http://cinder-api.openstack.svc.cluster.local:8776/v3/92cbcf2621c048edbb4a5a7b73035bde/os-quota-sets/e75a98066773421fb3a0a233d3a10e36?usage=true
2026-06-22 03:08:39.936 7 INFO cinder.api.openstack.wsgi [None req-b609ab61-61ec-425d-8d61-1cedd2668186 3763353a52e741b58d9c62ec3126f98c 92cbcf2621c048edbb4a5a7b73035bde - - default default] http://cinder-api.openstack.svc.cluster.local:8776/v3/92cbcf2621c048edbb4a5a7b73035bde/os-quota-sets/e75a98066773421fb3a0a233d3a10e36?usage=true returned with HTTP 200 [pid: 7|app: 0|req: 460/917] 10.0.0.47 () {28 vars in 735 bytes} [Mon Jun 22 03:08:39 2026] GET /v3/92cbcf2621c048edbb4a5a7b73035bde/os-quota-sets/e75a98066773421fb3a0a233d3a10e36?usage=true => generated 847 bytes in 30 msecs (HTTP/1.1 200) 7 headers in 285 bytes (1 switches on core 0)
2026-06-22 03:08:39.948 8 INFO cinder.api.openstack.wsgi [None req-fe8d3906-f141-448d-be99-f1d3ba8bf1cb 3763353a52e741b58d9c62ec3126f98c 92cbcf2621c048edbb4a5a7b73035bde - - default default] GET http://cinder-api.openstack.svc.cluster.local:8776/v3/92cbcf2621c048edbb4a5a7b73035bde/os-quota-sets/f254dc609ba44643be3cdb08e210e21a?usage=true
2026-06-22 03:08:39.975 8 INFO cinder.api.openstack.wsgi [None req-fe8d3906-f141-448d-be99-f1d3ba8bf1cb 3763353a52e741b58d9c62ec3126f98c 92cbcf2621c048edbb4a5a7b73035bde - - default default] http://cinder-api.openstack.svc.cluster.local:8776/v3/92cbcf2621c048edbb4a5a7b73035bde/os-quota-sets/f254dc609ba44643be3cdb08e210e21a?usage=true returned with HTTP 200 [pid: 8|app: 0|req: 458/918] 10.0.0.47 () {28 vars in 735 bytes} [Mon Jun 22 03:08:39 2026] GET /v3/92cbcf2621c048edbb4a5a7b73035bde/os-quota-sets/f254dc609ba44643be3cdb08e210e21a?usage=true => generated 845 bytes in 35 msecs (HTTP/1.1 200) 7 headers in 285 bytes (1 switches on core 0)
2026-06-22 03:08:39.987 7 INFO cinder.api.openstack.wsgi [None req-b701540b-d5f5-4a99-becf-a748d9c7fd4b 3763353a52e741b58d9c62ec3126f98c 92cbcf2621c048edbb4a5a7b73035bde - - default default] GET http://cinder-api.openstack.svc.cluster.local:8776/v3/92cbcf2621c048edbb4a5a7b73035bde/os-quota-sets/f818546c45e54d0d910f82b4113d8f2b?usage=true
2026-06-22 03:08:40.009 7 INFO cinder.api.openstack.wsgi [None req-b701540b-d5f5-4a99-becf-a748d9c7fd4b 3763353a52e741b58d9c62ec3126f98c 92cbcf2621c048edbb4a5a7b73035bde - - default default] http://cinder-api.openstack.svc.cluster.local:8776/v3/92cbcf2621c048edbb4a5a7b73035bde/os-quota-sets/f818546c45e54d0d910f82b4113d8f2b?usage=true returned with HTTP 200 [pid: 7|app: 0|req: 461/919] 10.0.0.47 () {28 vars in 735 bytes} [Mon Jun 22 03:08:39 2026] GET /v3/92cbcf2621c048edbb4a5a7b73035bde/os-quota-sets/f818546c45e54d0d910f82b4113d8f2b?usage=true => generated 847 bytes in 31 msecs (HTTP/1.1 200) 7 headers in 285 bytes (1 switches on core 0)
2026-06-22 03:08:40.022 8 INFO cinder.api.openstack.wsgi [None req-16870eda-6210-4ae9-8afd-7085874f08a8 3763353a52e741b58d9c62ec3126f98c 92cbcf2621c048edbb4a5a7b73035bde - - default default] GET http://cinder-api.openstack.svc.cluster.local:8776/v3/92cbcf2621c048edbb4a5a7b73035bde/volumes/detail?all_tenants=true
2026-06-22 03:08:40.035 8 INFO cinder.volume.api [None req-16870eda-6210-4ae9-8afd-7085874f08a8 3763353a52e741b58d9c62ec3126f98c 92cbcf2621c048edbb4a5a7b73035bde - - default default] Get all volumes completed successfully.
2026-06-22 03:08:40.038 8 INFO cinder.api.openstack.wsgi [None req-16870eda-6210-4ae9-8afd-7085874f08a8 3763353a52e741b58d9c62ec3126f98c 92cbcf2621c048edbb4a5a7b73035bde - - default default] http://cinder-api.openstack.svc.cluster.local:8776/v3/92cbcf2621c048edbb4a5a7b73035bde/volumes/detail?all_tenants=true returned with HTTP 200 [pid: 8|app: 0|req: 459/920] 10.0.0.47 () {28 vars in 683 bytes} [Mon Jun 22 03:08:40 2026] GET /v3/92cbcf2621c048edbb4a5a7b73035bde/volumes/detail?all_tenants=true => generated 15 bytes in 24 msecs (HTTP/1.1 200) 7 headers in 284 bytes (1 switches on core 0)
2026-06-22 03:08:40.051 7 INFO cinder.api.openstack.wsgi [None req-ca07cbd9-1b94-42e2-bae0-2f5047b39093 3763353a52e741b58d9c62ec3126f98c 92cbcf2621c048edbb4a5a7b73035bde - - default default] GET http://cinder-api.openstack.svc.cluster.local:8776/v3/92cbcf2621c048edbb4a5a7b73035bde/volumes/detail?all_tenants=true
2026-06-22 03:08:40.060 7 INFO cinder.volume.api [None req-ca07cbd9-1b94-42e2-bae0-2f5047b39093 3763353a52e741b58d9c62ec3126f98c 92cbcf2621c048edbb4a5a7b73035bde - - default default] Get all volumes completed successfully.
2026-06-22 03:08:40.062 7 INFO cinder.api.openstack.wsgi [None req-ca07cbd9-1b94-42e2-bae0-2f5047b39093 3763353a52e741b58d9c62ec3126f98c 92cbcf2621c048edbb4a5a7b73035bde - - default default] http://cinder-api.openstack.svc.cluster.local:8776/v3/92cbcf2621c048edbb4a5a7b73035bde/volumes/detail?all_tenants=true returned with HTTP 200 [pid: 7|app: 0|req: 462/921] 10.0.0.47 () {28 vars in 683 bytes} [Mon Jun 22 03:08:40 2026] GET /v3/92cbcf2621c048edbb4a5a7b73035bde/volumes/detail?all_tenants=true => generated 15 bytes in 18 msecs (HTTP/1.1 200) 7 headers in 284 bytes (1 switches on core 0)
2026-06-22 03:08:48.483 8 INFO cinder.api.openstack.wsgi [None req-16870eda-6210-4ae9-8afd-7085874f08a8 3763353a52e741b58d9c62ec3126f98c 92cbcf2621c048edbb4a5a7b73035bde - - default default] GET http://10.0.0.99:8776/
2026-06-22 03:08:48.483 7 INFO cinder.api.openstack.wsgi [None req-ca07cbd9-1b94-42e2-bae0-2f5047b39093 3763353a52e741b58d9c62ec3126f98c 92cbcf2621c048edbb4a5a7b73035bde - - default default] GET http://10.0.0.99:8776/
2026-06-22 03:08:48.484 7 INFO cinder.api.openstack.wsgi [None req-ca07cbd9-1b94-42e2-bae0-2f5047b39093 3763353a52e741b58d9c62ec3126f98c 92cbcf2621c048edbb4a5a7b73035bde - - default default] http://10.0.0.99:8776/ returned with HTTP 300
2026-06-22 03:08:48.484 8 INFO cinder.api.openstack.wsgi [None req-16870eda-6210-4ae9-8afd-7085874f08a8 3763353a52e741b58d9c62ec3126f98c 92cbcf2621c048edbb4a5a7b73035bde - - default default] http://10.0.0.99:8776/ returned with HTTP 300
2026-06-22 03:08:58.483 7 INFO cinder.api.openstack.wsgi [None req-ca07cbd9-1b94-42e2-bae0-2f5047b39093 3763353a52e741b58d9c62ec3126f98c 92cbcf2621c048edbb4a5a7b73035bde - - default default] GET http://10.0.0.99:8776/
2026-06-22 03:08:58.483 8 INFO cinder.api.openstack.wsgi [None req-16870eda-6210-4ae9-8afd-7085874f08a8 3763353a52e741b58d9c62ec3126f98c 92cbcf2621c048edbb4a5a7b73035bde - - default default] GET http://10.0.0.99:8776/
2026-06-22 03:08:58.485 7 INFO cinder.api.openstack.wsgi [None req-ca07cbd9-1b94-42e2-bae0-2f5047b39093 3763353a52e741b58d9c62ec3126f98c 92cbcf2621c048edbb4a5a7b73035bde - - default default] http://10.0.0.99:8776/ returned with HTTP 300
2026-06-22 03:08:58.485 8 INFO cinder.api.openstack.wsgi [None req-16870eda-6210-4ae9-8afd-7085874f08a8 3763353a52e741b58d9c62ec3126f98c 92cbcf2621c048edbb4a5a7b73035bde - - default default] http://10.0.0.99:8776/ returned with HTTP 300
2026-06-22 03:09:08.483 8 INFO cinder.api.openstack.wsgi [None req-16870eda-6210-4ae9-8afd-7085874f08a8 3763353a52e741b58d9c62ec3126f98c 92cbcf2621c048edbb4a5a7b73035bde - - default default] GET http://10.0.0.99:8776/
2026-06-22 03:09:08.483 7 INFO cinder.api.openstack.wsgi [None req-ca07cbd9-1b94-42e2-bae0-2f5047b39093 3763353a52e741b58d9c62ec3126f98c 92cbcf2621c048edbb4a5a7b73035bde - - default default] GET http://10.0.0.99:8776/
2026-06-22 03:09:08.485 7 INFO cinder.api.openstack.wsgi [None req-ca07cbd9-1b94-42e2-bae0-2f5047b39093 3763353a52e741b58d9c62ec3126f98c 92cbcf2621c048edbb4a5a7b73035bde - - default default] http://10.0.0.99:8776/ returned with HTTP 300
2026-06-22 03:09:08.485 8 INFO cinder.api.openstack.wsgi [None req-16870eda-6210-4ae9-8afd-7085874f08a8 3763353a52e741b58d9c62ec3126f98c 92cbcf2621c048edbb4a5a7b73035bde - - default default] http://10.0.0.99:8776/ returned with HTTP 300
2026-06-22 03:09:16.760 8 INFO cinder.api.openstack.wsgi [None req-f5171fb0-e62a-40a3-aacd-88c9865efd77 3763353a52e741b58d9c62ec3126f98c 92cbcf2621c048edbb4a5a7b73035bde - - default default] POST http://cinder-api.openstack.svc.cluster.local:8776/v3/92cbcf2621c048edbb4a5a7b73035bde/volumes
2026-06-22 03:09:16.901 8 INFO cinder.api.v3.volumes [None req-f5171fb0-e62a-40a3-aacd-88c9865efd77 3763353a52e741b58d9c62ec3126f98c 92cbcf2621c048edbb4a5a7b73035bde - - default default] Create volume of 16 GB
2026-06-22 03:09:16.907 8 INFO cinder.volume.api [None req-f5171fb0-e62a-40a3-aacd-88c9865efd77 3763353a52e741b58d9c62ec3126f98c 92cbcf2621c048edbb4a5a7b73035bde - - default default] Availability Zones retrieved successfully.
2026-06-22 03:09:17.117 8 INFO cinder.volume.api [None req-f5171fb0-e62a-40a3-aacd-88c9865efd77 3763353a52e741b58d9c62ec3126f98c 92cbcf2621c048edbb4a5a7b73035bde - - default default] Create volume request issued successfully.
2026-06-22 03:09:17.118 8 INFO cinder.api.openstack.wsgi [None req-f5171fb0-e62a-40a3-aacd-88c9865efd77 3763353a52e741b58d9c62ec3126f98c 92cbcf2621c048edbb4a5a7b73035bde - - default default] http://cinder-api.openstack.svc.cluster.local:8776/v3/92cbcf2621c048edbb4a5a7b73035bde/volumes returned with HTTP 202 [pid: 8|app: 0|req: 463/928] 199.204.45.35 () {34 vars in 733 bytes} [Mon Jun 22 03:09:16 2026] POST /v3/92cbcf2621c048edbb4a5a7b73035bde/volumes => generated 846 bytes in 448 msecs (HTTP/1.1 202) 7 headers in 291 bytes (1 switches on core 0)
2026-06-22 03:09:17.137 7 INFO cinder.api.openstack.wsgi [req-f5171fb0-e62a-40a3-aacd-88c9865efd77 req-bc168e17-713c-49da-a251-3b26ffee987f 3763353a52e741b58d9c62ec3126f98c 92cbcf2621c048edbb4a5a7b73035bde - - default default] GET http://cinder-api.openstack.svc.cluster.local:8776/v3/92cbcf2621c048edbb4a5a7b73035bde/volumes/f68166ee-86db-474e-97fb-6cada25dadd3 /var/lib/openstack/lib/python3.12/site-packages/oslo_context/context.py:100: DeprecationWarning: Policy enforcement is depending on the value of is_admin. This key is deprecated. Please update your policy file to use the standard policy values. warnings.warn('Policy enforcement is depending on the value of '
2026-06-22 03:09:17.173 7 INFO cinder.volume.api [req-f5171fb0-e62a-40a3-aacd-88c9865efd77 req-bc168e17-713c-49da-a251-3b26ffee987f 3763353a52e741b58d9c62ec3126f98c 92cbcf2621c048edbb4a5a7b73035bde - - default default] Volume info retrieved successfully.
2026-06-22 03:09:17.178 7 INFO cinder.api.openstack.wsgi [req-f5171fb0-e62a-40a3-aacd-88c9865efd77 req-bc168e17-713c-49da-a251-3b26ffee987f 3763353a52e741b58d9c62ec3126f98c 92cbcf2621c048edbb4a5a7b73035bde - - default default] http://cinder-api.openstack.svc.cluster.local:8776/v3/92cbcf2621c048edbb4a5a7b73035bde/volumes/f68166ee-86db-474e-97fb-6cada25dadd3 returned with HTTP 200 [pid: 7|app: 0|req: 466/929] 199.204.45.35 () {32 vars in 824 bytes} [Mon Jun 22 03:09:17 2026] GET /v3/92cbcf2621c048edbb4a5a7b73035bde/volumes/f68166ee-86db-474e-97fb-6cada25dadd3 => generated 1025 bytes in 51 msecs (HTTP/1.1 200) 7 headers in 286 bytes (1 switches on core 0)
2026-06-22 03:09:18.483 7 INFO cinder.api.openstack.wsgi [req-f5171fb0-e62a-40a3-aacd-88c9865efd77 req-bc168e17-713c-49da-a251-3b26ffee987f 3763353a52e741b58d9c62ec3126f98c 92cbcf2621c048edbb4a5a7b73035bde - - default default] GET http://10.0.0.99:8776/
2026-06-22 03:09:18.483 8 INFO cinder.api.openstack.wsgi [None req-f5171fb0-e62a-40a3-aacd-88c9865efd77 3763353a52e741b58d9c62ec3126f98c 92cbcf2621c048edbb4a5a7b73035bde - - default default] GET http://10.0.0.99:8776/
2026-06-22 03:09:18.484 7 INFO cinder.api.openstack.wsgi [req-f5171fb0-e62a-40a3-aacd-88c9865efd77 req-bc168e17-713c-49da-a251-3b26ffee987f 3763353a52e741b58d9c62ec3126f98c 92cbcf2621c048edbb4a5a7b73035bde - - default default] http://10.0.0.99:8776/ returned with HTTP 300
2026-06-22 03:09:18.485 8 INFO cinder.api.openstack.wsgi [None req-f5171fb0-e62a-40a3-aacd-88c9865efd77 3763353a52e741b58d9c62ec3126f98c 92cbcf2621c048edbb4a5a7b73035bde - - default default] http://10.0.0.99:8776/ returned with HTTP 300 /var/lib/openstack/lib/python3.12/site-packages/pycadf/identifier.py:70: UserWarning: Invalid uuid: cinderv3. To ensure interoperability, identifiers should be a valid uuid. warnings.warn(('Invalid uuid: %s. To ensure interoperability, '
2026-06-22 03:09:22.194 7 INFO cinder.api.openstack.wsgi [req-f5171fb0-e62a-40a3-aacd-88c9865efd77 req-c77a05a2-200a-445c-9379-11919ec5356e 3763353a52e741b58d9c62ec3126f98c 92cbcf2621c048edbb4a5a7b73035bde - - default default] GET http://cinder-api.openstack.svc.cluster.local:8776/v3/92cbcf2621c048edbb4a5a7b73035bde/volumes/f68166ee-86db-474e-97fb-6cada25dadd3 /var/lib/openstack/lib/python3.12/site-packages/oslo_context/context.py:100: DeprecationWarning: Policy enforcement is depending on the value of is_admin. This key is deprecated. Please update your policy file to use the standard policy values. warnings.warn('Policy enforcement is depending on the value of '
2026-06-22 03:09:22.206 7 INFO cinder.volume.api [req-f5171fb0-e62a-40a3-aacd-88c9865efd77 req-c77a05a2-200a-445c-9379-11919ec5356e 3763353a52e741b58d9c62ec3126f98c 92cbcf2621c048edbb4a5a7b73035bde - - default default] Volume info retrieved successfully.
2026-06-22 03:09:22.210 7 INFO cinder.api.openstack.wsgi [req-f5171fb0-e62a-40a3-aacd-88c9865efd77 req-c77a05a2-200a-445c-9379-11919ec5356e 3763353a52e741b58d9c62ec3126f98c 92cbcf2621c048edbb4a5a7b73035bde - - default default] http://cinder-api.openstack.svc.cluster.local:8776/v3/92cbcf2621c048edbb4a5a7b73035bde/volumes/f68166ee-86db-474e-97fb-6cada25dadd3 returned with HTTP 200 [pid: 7|app: 0|req: 468/932] 199.204.45.35 () {32 vars in 824 bytes} [Mon Jun 22 03:09:22 2026] GET /v3/92cbcf2621c048edbb4a5a7b73035bde/volumes/f68166ee-86db-474e-97fb-6cada25dadd3 => generated 1675 bytes in 21 msecs (HTTP/1.1 200) 7 headers in 286 bytes (1 switches on core 0) /var/lib/openstack/lib/python3.12/site-packages/pycadf/identifier.py:70: UserWarning: Invalid uuid: cinderv3. To ensure interoperability, identifiers should be a valid uuid. warnings.warn(('Invalid uuid: %s. To ensure interoperability, '
2026-06-22 03:09:22.632 8 INFO cinder.api.openstack.wsgi [req-fb5cc438-c7ce-4ecd-bfbb-69c6cdd81b21 req-03146172-b1fa-48ad-aac9-ed4dc5ec57cd 3763353a52e741b58d9c62ec3126f98c 92cbcf2621c048edbb4a5a7b73035bde - - default default] GET http://cinder-api.openstack.svc.cluster.local:8776/v3/92cbcf2621c048edbb4a5a7b73035bde/volumes/f68166ee-86db-474e-97fb-6cada25dadd3 /var/lib/openstack/lib/python3.12/site-packages/oslo_context/context.py:100: DeprecationWarning: Policy enforcement is depending on the value of is_admin. This key is deprecated. Please update your policy file to use the standard policy values. warnings.warn('Policy enforcement is depending on the value of '
2026-06-22 03:09:22.645 8 INFO cinder.volume.api [req-fb5cc438-c7ce-4ecd-bfbb-69c6cdd81b21 req-03146172-b1fa-48ad-aac9-ed4dc5ec57cd 3763353a52e741b58d9c62ec3126f98c 92cbcf2621c048edbb4a5a7b73035bde - - default default] Volume info retrieved successfully.
2026-06-22 03:09:22.654 8 INFO cinder.api.openstack.wsgi [req-fb5cc438-c7ce-4ecd-bfbb-69c6cdd81b21 req-03146172-b1fa-48ad-aac9-ed4dc5ec57cd 3763353a52e741b58d9c62ec3126f98c 92cbcf2621c048edbb4a5a7b73035bde - - default default] http://cinder-api.openstack.svc.cluster.local:8776/v3/92cbcf2621c048edbb4a5a7b73035bde/volumes/f68166ee-86db-474e-97fb-6cada25dadd3 returned with HTTP 200 [pid: 8|app: 0|req: 465/933] 10.0.0.253 () {34 vars in 1028 bytes} [Mon Jun 22 03:09:22 2026] GET /v3/92cbcf2621c048edbb4a5a7b73035bde/volumes/f68166ee-86db-474e-97fb-6cada25dadd3 => generated 1675 bytes in 31 msecs (HTTP/1.1 200) 7 headers in 286 bytes (1 switches on core 0) /var/lib/openstack/lib/python3.12/site-packages/pycadf/identifier.py:70: UserWarning: Invalid uuid: cinderv3. To ensure interoperability, identifiers should be a valid uuid. warnings.warn(('Invalid uuid: %s. To ensure interoperability, '
2026-06-22 03:09:23.065 7 INFO cinder.api.openstack.wsgi [req-fb5cc438-c7ce-4ecd-bfbb-69c6cdd81b21 req-3f396b8a-ad27-41a5-a640-803eb17f08bc 3763353a52e741b58d9c62ec3126f98c 92cbcf2621c048edbb4a5a7b73035bde - - default default] GET http://cinder-api.openstack.svc.cluster.local:8776/v3/92cbcf2621c048edbb4a5a7b73035bde/volumes/f68166ee-86db-474e-97fb-6cada25dadd3 /var/lib/openstack/lib/python3.12/site-packages/oslo_context/context.py:100: DeprecationWarning: Policy enforcement is depending on the value of is_admin. This key is deprecated. Please update your policy file to use the standard policy values. warnings.warn('Policy enforcement is depending on the value of '
2026-06-22 03:09:23.077 7 INFO cinder.volume.api [req-fb5cc438-c7ce-4ecd-bfbb-69c6cdd81b21 req-3f396b8a-ad27-41a5-a640-803eb17f08bc 3763353a52e741b58d9c62ec3126f98c 92cbcf2621c048edbb4a5a7b73035bde - - default default] Volume info retrieved successfully.
2026-06-22 03:09:23.082 7 INFO cinder.api.openstack.wsgi [req-fb5cc438-c7ce-4ecd-bfbb-69c6cdd81b21 req-3f396b8a-ad27-41a5-a640-803eb17f08bc 3763353a52e741b58d9c62ec3126f98c 92cbcf2621c048edbb4a5a7b73035bde - - default default] http://cinder-api.openstack.svc.cluster.local:8776/v3/92cbcf2621c048edbb4a5a7b73035bde/volumes/f68166ee-86db-474e-97fb-6cada25dadd3 returned with HTTP 200 [pid: 7|app: 0|req: 469/934] 10.0.0.253 () {34 vars in 1028 bytes} [Mon Jun 22 03:09:23 2026] GET /v3/92cbcf2621c048edbb4a5a7b73035bde/volumes/f68166ee-86db-474e-97fb-6cada25dadd3 => generated 1675 bytes in 23 msecs (HTTP/1.1 200) 7 headers in 286 bytes (1 switches on core 0)
2026-06-22 03:09:23.094 8 INFO cinder.api.openstack.wsgi [req-fb5cc438-c7ce-4ecd-bfbb-69c6cdd81b21 req-03146172-b1fa-48ad-aac9-ed4dc5ec57cd 3763353a52e741b58d9c62ec3126f98c 92cbcf2621c048edbb4a5a7b73035bde - - default default] GET http://cinder-api.openstack.svc.cluster.local:8776/
2026-06-22 03:09:23.096 8 INFO cinder.api.openstack.wsgi [req-fb5cc438-c7ce-4ecd-bfbb-69c6cdd81b21 req-03146172-b1fa-48ad-aac9-ed4dc5ec57cd 3763353a52e741b58d9c62ec3126f98c 92cbcf2621c048edbb4a5a7b73035bde - - default default] http://cinder-api.openstack.svc.cluster.local:8776/ returned with HTTP 300 [pid: 8|app: 0|req: 466/935] 10.0.0.253 () {32 vars in 829 bytes} [Mon Jun 22 03:09:23 2026] GET / => generated 411 bytes in 3 msecs (HTTP/1.1 300) 5 headers in 169 bytes (1 switches on core 0) /var/lib/openstack/lib/python3.12/site-packages/pycadf/identifier.py:70: UserWarning: Invalid uuid: cinderv3. To ensure interoperability, identifiers should be a valid uuid. warnings.warn(('Invalid uuid: %s. To ensure interoperability, '
2026-06-22 03:09:23.106 7 INFO cinder.api.openstack.wsgi [req-fb5cc438-c7ce-4ecd-bfbb-69c6cdd81b21 req-91137455-708b-48a2-ab5d-17de1631481a 3763353a52e741b58d9c62ec3126f98c 92cbcf2621c048edbb4a5a7b73035bde - - default default] POST http://cinder-api.openstack.svc.cluster.local:8776/v3/92cbcf2621c048edbb4a5a7b73035bde/attachments /var/lib/openstack/lib/python3.12/site-packages/oslo_context/context.py:100: DeprecationWarning: Policy enforcement is depending on the value of is_admin. This key is deprecated. Please update your policy file to use the standard policy values. warnings.warn('Policy enforcement is depending on the value of '
2026-06-22 03:09:23.152 7 INFO cinder.api.openstack.wsgi [req-fb5cc438-c7ce-4ecd-bfbb-69c6cdd81b21 req-91137455-708b-48a2-ab5d-17de1631481a 3763353a52e741b58d9c62ec3126f98c 92cbcf2621c048edbb4a5a7b73035bde - - default default] http://cinder-api.openstack.svc.cluster.local:8776/v3/92cbcf2621c048edbb4a5a7b73035bde/attachments returned with HTTP 200 [pid: 7|app: 0|req: 470/936] 10.0.0.253 () {40 vars in 1057 bytes} [Mon Jun 22 03:09:23 2026] POST /v3/92cbcf2621c048edbb4a5a7b73035bde/attachments => generated 273 bytes in 51 msecs (HTTP/1.1 200) 7 headers in 286 bytes (1 switches on core 0) /var/lib/openstack/lib/python3.12/site-packages/pycadf/identifier.py:70: UserWarning: Invalid uuid: cinderv3. To ensure interoperability, identifiers should be a valid uuid. warnings.warn(('Invalid uuid: %s. To ensure interoperability, '
2026-06-22 03:09:26.543 8 INFO cinder.api.openstack.wsgi [req-f5171fb0-e62a-40a3-aacd-88c9865efd77 req-2fc4d3b7-64f5-400b-9cd4-be32f138a269 3763353a52e741b58d9c62ec3126f98c 92cbcf2621c048edbb4a5a7b73035bde - - default default] GET http://cinder-api.openstack.svc.cluster.local:8776/v3/92cbcf2621c048edbb4a5a7b73035bde/volumes/f68166ee-86db-474e-97fb-6cada25dadd3 /var/lib/openstack/lib/python3.12/site-packages/oslo_context/context.py:100: DeprecationWarning: Policy enforcement is depending on the value of is_admin. This key is deprecated. Please update your policy file to use the standard policy values. warnings.warn('Policy enforcement is depending on the value of '
2026-06-22 03:09:26.561 8 INFO cinder.volume.api [req-f5171fb0-e62a-40a3-aacd-88c9865efd77 req-2fc4d3b7-64f5-400b-9cd4-be32f138a269 3763353a52e741b58d9c62ec3126f98c 92cbcf2621c048edbb4a5a7b73035bde - - default default] Volume info retrieved successfully.
2026-06-22 03:09:26.566 8 INFO cinder.api.openstack.wsgi [req-f5171fb0-e62a-40a3-aacd-88c9865efd77 req-2fc4d3b7-64f5-400b-9cd4-be32f138a269 3763353a52e741b58d9c62ec3126f98c 92cbcf2621c048edbb4a5a7b73035bde - - default default] http://cinder-api.openstack.svc.cluster.local:8776/v3/92cbcf2621c048edbb4a5a7b73035bde/volumes/f68166ee-86db-474e-97fb-6cada25dadd3 returned with HTTP 200 [pid: 8|app: 0|req: 467/937] 199.204.45.35 () {32 vars in 824 bytes} [Mon Jun 22 03:09:26 2026] GET /v3/92cbcf2621c048edbb4a5a7b73035bde/volumes/f68166ee-86db-474e-97fb-6cada25dadd3 => generated 1674 bytes in 29 msecs (HTTP/1.1 200) 7 headers in 286 bytes (1 switches on core 0)
2026-06-22 03:09:28.483 7 INFO cinder.api.openstack.wsgi [req-fb5cc438-c7ce-4ecd-bfbb-69c6cdd81b21 req-91137455-708b-48a2-ab5d-17de1631481a 3763353a52e741b58d9c62ec3126f98c 92cbcf2621c048edbb4a5a7b73035bde - - default default] GET http://10.0.0.99:8776/
2026-06-22 03:09:28.483 8 INFO cinder.api.openstack.wsgi [req-f5171fb0-e62a-40a3-aacd-88c9865efd77 req-2fc4d3b7-64f5-400b-9cd4-be32f138a269 3763353a52e741b58d9c62ec3126f98c 92cbcf2621c048edbb4a5a7b73035bde - - default default] GET http://10.0.0.99:8776/
2026-06-22 03:09:28.484 8 INFO cinder.api.openstack.wsgi [req-f5171fb0-e62a-40a3-aacd-88c9865efd77 req-2fc4d3b7-64f5-400b-9cd4-be32f138a269 3763353a52e741b58d9c62ec3126f98c 92cbcf2621c048edbb4a5a7b73035bde - - default default] http://10.0.0.99:8776/ returned with HTTP 300
2026-06-22 03:09:28.484 7 INFO cinder.api.openstack.wsgi [req-fb5cc438-c7ce-4ecd-bfbb-69c6cdd81b21 req-91137455-708b-48a2-ab5d-17de1631481a 3763353a52e741b58d9c62ec3126f98c 92cbcf2621c048edbb4a5a7b73035bde - - default default] http://10.0.0.99:8776/ returned with HTTP 300
2026-06-22 03:09:28.567 8 INFO cinder.api.openstack.wsgi [req-f5171fb0-e62a-40a3-aacd-88c9865efd77 req-2fc4d3b7-64f5-400b-9cd4-be32f138a269 3763353a52e741b58d9c62ec3126f98c 92cbcf2621c048edbb4a5a7b73035bde - - default default] GET http://cinder-api.openstack.svc.cluster.local:8776/
2026-06-22 03:09:28.568 8 INFO cinder.api.openstack.wsgi [req-f5171fb0-e62a-40a3-aacd-88c9865efd77 req-2fc4d3b7-64f5-400b-9cd4-be32f138a269 3763353a52e741b58d9c62ec3126f98c 92cbcf2621c048edbb4a5a7b73035bde - - default default] http://cinder-api.openstack.svc.cluster.local:8776/ returned with HTTP 300 [pid: 8|app: 0|req: 469/940] 199.204.45.35 () {32 vars in 839 bytes} [Mon Jun 22 03:09:28 2026] GET / => generated 411 bytes in 2 msecs (HTTP/1.1 300) 5 headers in 169 bytes (1 switches on core 0) /var/lib/openstack/lib/python3.12/site-packages/pycadf/identifier.py:70: UserWarning: Invalid uuid: cinderv3. To ensure interoperability, identifiers should be a valid uuid. warnings.warn(('Invalid uuid: %s. To ensure interoperability, '
2026-06-22 03:09:28.578 7 INFO cinder.api.openstack.wsgi [req-fb5cc438-c7ce-4ecd-bfbb-69c6cdd81b21 req-d63a341a-63c8-488e-ba86-e84552431c0e 3763353a52e741b58d9c62ec3126f98c 92cbcf2621c048edbb4a5a7b73035bde - - default default] GET http://cinder-api.openstack.svc.cluster.local:8776/v3/92cbcf2621c048edbb4a5a7b73035bde/volumes/f68166ee-86db-474e-97fb-6cada25dadd3 /var/lib/openstack/lib/python3.12/site-packages/oslo_context/context.py:100: DeprecationWarning: Policy enforcement is depending on the value of is_admin. This key is deprecated. Please update your policy file to use the standard policy values. warnings.warn('Policy enforcement is depending on the value of '
2026-06-22 03:09:28.602 7 INFO cinder.volume.api [req-fb5cc438-c7ce-4ecd-bfbb-69c6cdd81b21 req-d63a341a-63c8-488e-ba86-e84552431c0e 3763353a52e741b58d9c62ec3126f98c 92cbcf2621c048edbb4a5a7b73035bde - - default default] Volume info retrieved successfully.
2026-06-22 03:09:28.608 7 INFO cinder.api.openstack.wsgi [req-fb5cc438-c7ce-4ecd-bfbb-69c6cdd81b21 req-d63a341a-63c8-488e-ba86-e84552431c0e 3763353a52e741b58d9c62ec3126f98c 92cbcf2621c048edbb4a5a7b73035bde - - default default] http://cinder-api.openstack.svc.cluster.local:8776/v3/92cbcf2621c048edbb4a5a7b73035bde/volumes/f68166ee-86db-474e-97fb-6cada25dadd3 returned with HTTP 200 [pid: 7|app: 0|req: 472/941] 199.204.45.35 () {36 vars in 1072 bytes} [Mon Jun 22 03:09:28 2026] GET /v3/92cbcf2621c048edbb4a5a7b73035bde/volumes/f68166ee-86db-474e-97fb-6cada25dadd3 => generated 1898 bytes in 38 msecs (HTTP/1.1 200) 7 headers in 287 bytes (1 switches on core 0) /var/lib/openstack/lib/python3.12/site-packages/pycadf/identifier.py:70: UserWarning: Invalid uuid: cinderv3. To ensure interoperability, identifiers should be a valid uuid. warnings.warn(('Invalid uuid: %s. To ensure interoperability, '
2026-06-22 03:09:28.673 8 INFO cinder.api.openstack.wsgi [req-fb5cc438-c7ce-4ecd-bfbb-69c6cdd81b21 req-79cab9ba-e38b-4508-8920-4e8563e50f6d 3763353a52e741b58d9c62ec3126f98c 92cbcf2621c048edbb4a5a7b73035bde - - default default] PUT http://cinder-api.openstack.svc.cluster.local:8776/v3/92cbcf2621c048edbb4a5a7b73035bde/attachments/74ba93b2-a591-4897-9ce2-a54f55418ef8 /var/lib/openstack/lib/python3.12/site-packages/oslo_context/context.py:100: DeprecationWarning: Policy enforcement is depending on the value of is_admin. This key is deprecated. Please update your policy file to use the standard policy values. warnings.warn('Policy enforcement is depending on the value of ' /var/lib/openstack/lib/python3.12/site-packages/pycadf/identifier.py:70: UserWarning: Invalid uuid: cinderv3. To ensure interoperability, identifiers should be a valid uuid. warnings.warn(('Invalid uuid: %s. To ensure interoperability, '
2026-06-22 03:09:29.634 7 INFO cinder.api.openstack.wsgi [req-f5171fb0-e62a-40a3-aacd-88c9865efd77 req-483e86c2-77d2-4712-869d-4aba687f32f3 3763353a52e741b58d9c62ec3126f98c 92cbcf2621c048edbb4a5a7b73035bde - - default default] GET http://cinder-api.openstack.svc.cluster.local:8776/v3/92cbcf2621c048edbb4a5a7b73035bde/volumes/f68166ee-86db-474e-97fb-6cada25dadd3 /var/lib/openstack/lib/python3.12/site-packages/oslo_context/context.py:100: DeprecationWarning: Policy enforcement is depending on the value of is_admin. This key is deprecated. Please update your policy file to use the standard policy values. warnings.warn('Policy enforcement is depending on the value of '
2026-06-22 03:09:29.654 7 INFO cinder.volume.api [req-f5171fb0-e62a-40a3-aacd-88c9865efd77 req-483e86c2-77d2-4712-869d-4aba687f32f3 3763353a52e741b58d9c62ec3126f98c 92cbcf2621c048edbb4a5a7b73035bde - - default default] Volume info retrieved successfully.
2026-06-22 03:09:29.659 7 INFO cinder.api.openstack.wsgi [req-f5171fb0-e62a-40a3-aacd-88c9865efd77 req-483e86c2-77d2-4712-869d-4aba687f32f3 3763353a52e741b58d9c62ec3126f98c 92cbcf2621c048edbb4a5a7b73035bde - - default default] http://cinder-api.openstack.svc.cluster.local:8776/v3/92cbcf2621c048edbb4a5a7b73035bde/volumes/f68166ee-86db-474e-97fb-6cada25dadd3 returned with HTTP 200 [pid: 7|app: 0|req: 473/942] 199.204.45.35 () {32 vars in 824 bytes} [Mon Jun 22 03:09:29 2026] GET /v3/92cbcf2621c048edbb4a5a7b73035bde/volumes/f68166ee-86db-474e-97fb-6cada25dadd3 => generated 1675 bytes in 34 msecs (HTTP/1.1 200) 7 headers in 286 bytes (1 switches on core 0)
2026-06-22 03:09:29.725 8 INFO cinder.api.openstack.wsgi [req-fb5cc438-c7ce-4ecd-bfbb-69c6cdd81b21 req-79cab9ba-e38b-4508-8920-4e8563e50f6d 3763353a52e741b58d9c62ec3126f98c 92cbcf2621c048edbb4a5a7b73035bde - - default default] http://cinder-api.openstack.svc.cluster.local:8776/v3/92cbcf2621c048edbb4a5a7b73035bde/attachments/74ba93b2-a591-4897-9ce2-a54f55418ef8 returned with HTTP 200 [pid: 8|app: 0|req: 470/943] 199.204.45.35 () {40 vars in 1134 bytes} [Mon Jun 22 03:09:28 2026] PUT /v3/92cbcf2621c048edbb4a5a7b73035bde/attachments/74ba93b2-a591-4897-9ce2-a54f55418ef8 => generated 802 bytes in 1060 msecs (HTTP/1.1 200) 7 headers in 286 bytes (1 switches on core 0) /var/lib/openstack/lib/python3.12/site-packages/pycadf/identifier.py:70: UserWarning: Invalid uuid: cinderv3. To ensure interoperability, identifiers should be a valid uuid. warnings.warn(('Invalid uuid: %s. To ensure interoperability, '
2026-06-22 03:09:30.255 7 INFO cinder.api.openstack.wsgi [req-fb5cc438-c7ce-4ecd-bfbb-69c6cdd81b21 req-90e4e744-4598-4805-9e5b-75e324ff2764 3763353a52e741b58d9c62ec3126f98c 92cbcf2621c048edbb4a5a7b73035bde - - default default] POST http://cinder-api.openstack.svc.cluster.local:8776/v3/92cbcf2621c048edbb4a5a7b73035bde/attachments/74ba93b2-a591-4897-9ce2-a54f55418ef8/action /var/lib/openstack/lib/python3.12/site-packages/oslo_context/context.py:100: DeprecationWarning: Policy enforcement is depending on the value of is_admin. This key is deprecated. Please update your policy file to use the standard policy values. warnings.warn('Policy enforcement is depending on the value of '
2026-06-22 03:09:30.292 7 INFO cinder.api.openstack.wsgi [req-fb5cc438-c7ce-4ecd-bfbb-69c6cdd81b21 req-90e4e744-4598-4805-9e5b-75e324ff2764 3763353a52e741b58d9c62ec3126f98c 92cbcf2621c048edbb4a5a7b73035bde - - default default] http://cinder-api.openstack.svc.cluster.local:8776/v3/92cbcf2621c048edbb4a5a7b73035bde/attachments/74ba93b2-a591-4897-9ce2-a54f55418ef8/action returned with HTTP 204 [pid: 7|app: 0|req: 474/944] 199.204.45.35 () {40 vars in 1147 bytes} [Mon Jun 22 03:09:30 2026] POST /v3/92cbcf2621c048edbb4a5a7b73035bde/attachments/74ba93b2-a591-4897-9ce2-a54f55418ef8/action => generated 0 bytes in 55 msecs (HTTP/1.1 204) 7 headers in 292 bytes (1 switches on core 0) /var/lib/openstack/lib/python3.12/site-packages/pycadf/identifier.py:70: UserWarning: Invalid uuid: cinderv3. To ensure interoperability, identifiers should be a valid uuid. warnings.warn(('Invalid uuid: %s. To ensure interoperability, '
2026-06-22 03:09:32.499 8 INFO cinder.api.openstack.wsgi [req-f5171fb0-e62a-40a3-aacd-88c9865efd77 req-e7826806-1866-4571-ac76-66f9409adedd 3763353a52e741b58d9c62ec3126f98c 92cbcf2621c048edbb4a5a7b73035bde - - default default] GET http://cinder-api.openstack.svc.cluster.local:8776/v3/92cbcf2621c048edbb4a5a7b73035bde/volumes/f68166ee-86db-474e-97fb-6cada25dadd3 /var/lib/openstack/lib/python3.12/site-packages/oslo_context/context.py:100: DeprecationWarning: Policy enforcement is depending on the value of is_admin. This key is deprecated. Please update your policy file to use the standard policy values. warnings.warn('Policy enforcement is depending on the value of '
2026-06-22 03:09:32.518 8 INFO cinder.volume.api [req-f5171fb0-e62a-40a3-aacd-88c9865efd77 req-e7826806-1866-4571-ac76-66f9409adedd 3763353a52e741b58d9c62ec3126f98c 92cbcf2621c048edbb4a5a7b73035bde - - default default] Volume info retrieved successfully.
2026-06-22 03:09:32.523 8 INFO cinder.api.openstack.wsgi [req-f5171fb0-e62a-40a3-aacd-88c9865efd77 req-e7826806-1866-4571-ac76-66f9409adedd 3763353a52e741b58d9c62ec3126f98c 92cbcf2621c048edbb4a5a7b73035bde - - default default] http://cinder-api.openstack.svc.cluster.local:8776/v3/92cbcf2621c048edbb4a5a7b73035bde/volumes/f68166ee-86db-474e-97fb-6cada25dadd3 returned with HTTP 200 [pid: 8|app: 0|req: 471/945] 199.204.45.35 () {32 vars in 824 bytes} [Mon Jun 22 03:09:32 2026] GET /v3/92cbcf2621c048edbb4a5a7b73035bde/volumes/f68166ee-86db-474e-97fb-6cada25dadd3 => generated 1973 bytes in 29 msecs (HTTP/1.1 200) 7 headers in 286 bytes (1 switches on core 0) /var/lib/openstack/lib/python3.12/site-packages/pycadf/identifier.py:70: UserWarning: Invalid uuid: cinderv3. To ensure interoperability, identifiers should be a valid uuid. warnings.warn(('Invalid uuid: %s. To ensure interoperability, '
2026-06-22 03:09:35.684 7 INFO cinder.api.openstack.wsgi [req-f5171fb0-e62a-40a3-aacd-88c9865efd77 req-ed415fdc-a8c4-4702-92bb-0dbd356bb6a6 3763353a52e741b58d9c62ec3126f98c 92cbcf2621c048edbb4a5a7b73035bde - - default default] GET http://cinder-api.openstack.svc.cluster.local:8776/v3/92cbcf2621c048edbb4a5a7b73035bde/volumes/f68166ee-86db-474e-97fb-6cada25dadd3 /var/lib/openstack/lib/python3.12/site-packages/oslo_context/context.py:100: DeprecationWarning: Policy enforcement is depending on the value of is_admin. This key is deprecated. Please update your policy file to use the standard policy values. warnings.warn('Policy enforcement is depending on the value of '
2026-06-22 03:09:35.706 7 INFO cinder.volume.api [req-f5171fb0-e62a-40a3-aacd-88c9865efd77 req-ed415fdc-a8c4-4702-92bb-0dbd356bb6a6 3763353a52e741b58d9c62ec3126f98c 92cbcf2621c048edbb4a5a7b73035bde - - default default] Volume info retrieved successfully.
2026-06-22 03:09:35.711 7 INFO cinder.api.openstack.wsgi [req-f5171fb0-e62a-40a3-aacd-88c9865efd77 req-ed415fdc-a8c4-4702-92bb-0dbd356bb6a6 3763353a52e741b58d9c62ec3126f98c 92cbcf2621c048edbb4a5a7b73035bde - - default default] http://cinder-api.openstack.svc.cluster.local:8776/v3/92cbcf2621c048edbb4a5a7b73035bde/volumes/f68166ee-86db-474e-97fb-6cada25dadd3 returned with HTTP 200 [pid: 7|app: 0|req: 475/946] 199.204.45.35 () {32 vars in 824 bytes} [Mon Jun 22 03:09:35 2026] GET /v3/92cbcf2621c048edbb4a5a7b73035bde/volumes/f68166ee-86db-474e-97fb-6cada25dadd3 => generated 1973 bytes in 32 msecs (HTTP/1.1 200) 7 headers in 286 bytes (1 switches on core 0)
2026-06-22 03:09:38.482 8 INFO cinder.api.openstack.wsgi [req-f5171fb0-e62a-40a3-aacd-88c9865efd77 req-e7826806-1866-4571-ac76-66f9409adedd 3763353a52e741b58d9c62ec3126f98c 92cbcf2621c048edbb4a5a7b73035bde - - default default] GET http://10.0.0.99:8776/
2026-06-22 03:09:38.483 8 INFO cinder.api.openstack.wsgi [req-f5171fb0-e62a-40a3-aacd-88c9865efd77 req-e7826806-1866-4571-ac76-66f9409adedd 3763353a52e741b58d9c62ec3126f98c 92cbcf2621c048edbb4a5a7b73035bde - - default default] http://10.0.0.99:8776/ returned with HTTP 300
2026-06-22 03:09:38.483 7 INFO cinder.api.openstack.wsgi [req-f5171fb0-e62a-40a3-aacd-88c9865efd77 req-ed415fdc-a8c4-4702-92bb-0dbd356bb6a6 3763353a52e741b58d9c62ec3126f98c 92cbcf2621c048edbb4a5a7b73035bde - - default default] GET http://10.0.0.99:8776/
