Jun 16 01:13:28.384609 np0000180506 devstack@neutron-api.service[103416]: DEBUG neutron.api.extensions [None req-e314b2cf-b21a-4878-95b0-a92fbe71ffff None None] Ext name="Router Flavor Extension" alias="l3-flavors" description="Flavor support for routers." updated="2016-05-17T00:00:00-00:00" {{(pid=103416) _check_extension /opt/stack/neutron/neutron/api/extensions.py:415}}
Jun 16 01:13:28.384783 np0000180506 devstack@neutron-api.service[103416]: INFO neutron.api.extensions [None req-e314b2cf-b21a-4878-95b0-a92fbe71ffff None None] Loaded extension: l3-flavors
Jun 16 01:13:28.384875 np0000180506 devstack@neutron-api.service[103416]: DEBUG neutron.api.extensions [None req-e314b2cf-b21a-4878-95b0-a92fbe71ffff None None] Loading extension file: l3_ndp_proxy.py {{(pid=103416) _load_all_extensions_from_path /opt/stack/neutron/neutron/api/extensions.py:449}}
Jun 16 01:13:28.386114 np0000180506 devstack@neutron-api.service[103416]: DEBUG neutron.api.extensions [None req-e314b2cf-b21a-4878-95b0-a92fbe71ffff None None] Ext name="name" alias="l3-ndp-proxy" description="description" updated="2021-06-29T10:00:00-00:00" {{(pid=103416) _check_extension /opt/stack/neutron/neutron/api/extensions.py:415}}
Jun 16 01:13:28.386114 np0000180506 devstack@neutron-api.service[103416]: INFO neutron.api.extensions [None req-e314b2cf-b21a-4878-95b0-a92fbe71ffff None None] Extension l3-ndp-proxy not supported by any of loaded plugins
Jun 16 01:13:28.386114 np0000180506 devstack@neutron-api.service[103416]: DEBUG neutron.api.extensions [None req-e314b2cf-b21a-4878-95b0-a92fbe71ffff None None] Loading extension file: l3_port_ip_change_not_allowed.py {{(pid=103416) _load_all_extensions_from_path /opt/stack/neutron/neutron/api/extensions.py:449}}
Jun 16 01:13:28.386114 np0000180506 devstack@neutron-api.service[103416]: DEBUG neutron.api.extensions [None req-e314b2cf-b21a-4878-95b0-a92fbe71ffff None None] Ext name="Prevent L3 router ports IP address change extension" alias="l3-port-ip-change-not-allowed" description="Prevent change of IP address for some L3 router ports" updated="2018-10-09T10:00:00-00:00" {{(pid=103416) _check_extension /opt/stack/neutron/neutron/api/extensions.py:415}}
Jun 16 01:13:28.386114 np0000180506 devstack@neutron-api.service[103416]: INFO neutron.api.extensions [None req-e314b2cf-b21a-4878-95b0-a92fbe71ffff None None] Extension l3-port-ip-change-not-allowed not supported by any of loaded plugins
Jun 16 01:13:28.386114 np0000180506 devstack@neutron-api.service[103416]: DEBUG neutron.api.extensions [None req-e314b2cf-b21a-4878-95b0-a92fbe71ffff None None] Loading extension file: l3agentscheduler.py {{(pid=103416) _load_all_extensions_from_path /opt/stack/neutron/neutron/api/extensions.py:449}}
Jun 16 01:13:28.386719 np0000180506 devstack@neutron-api.service[103416]: DEBUG neutron.api.extensions [None req-e314b2cf-b21a-4878-95b0-a92fbe71ffff None None] Ext name="L3 Agent Scheduler" alias="l3_agent_scheduler" description="Schedule routers among l3 agents" updated="2013-02-07T10:00:00-00:00" {{(pid=103416) _check_extension /opt/stack/neutron/neutron/api/extensions.py:415}}
Jun 16 01:13:28.386922 np0000180506 devstack@neutron-api.service[103416]: INFO neutron.api.extensions [None req-e314b2cf-b21a-4878-95b0-a92fbe71ffff None None] Loaded extension: l3_agent_scheduler
Jun 16 01:13:28.387000 np0000180506 devstack@neutron-api.service[103416]: DEBUG neutron.api.extensions [None req-e314b2cf-b21a-4878-95b0-a92fbe71ffff None None] Loading extension file: local_ip.py {{(pid=103416) _load_all_extensions_from_path /opt/stack/neutron/neutron/api/extensions.py:449}}
Jun 16 01:13:28.387356 np0000180506 devstack@neutron-api.service[103416]: DEBUG neutron.api.extensions [None req-e314b2cf-b21a-4878-95b0-a92fbe71ffff None None] Ext name="Local IP" alias="local_ip" description="Support Node Local Virtual IP" updated="2021-07-26T10:00:00-00:00" {{(pid=103416) _check_extension /opt/stack/neutron/neutron/api/extensions.py:415}}
Jun 16 01:13:28.387529 np0000180506 devstack@neutron-api.service[103416]: INFO neutron.api.extensions [None req-e314b2cf-b21a-4878-95b0-a92fbe71ffff None None] Extension local_ip not supported by any of loaded plugins
Jun 16 01:13:28.387647 np0000180506 devstack@neutron-api.service[103416]: DEBUG neutron.api.extensions [None req-e314b2cf-b21a-4878-95b0-a92fbe71ffff None None] Loading extension file: logging.py {{(pid=103416) _load_all_extensions_from_path /opt/stack/neutron/neutron/api/extensions.py:449}}
Jun 16 01:13:28.387989 np0000180506 devstack@neutron-api.service[103416]: DEBUG neutron.api.extensions [None req-e314b2cf-b21a-4878-95b0-a92fbe71ffff None None] Ext name="Logging API Extension" alias="logging" description="Provides a logging API for resources such as security group and firewall." updated="2017-01-01T10:00:00-00:00" {{(pid=103416) _check_extension /opt/stack/neutron/neutron/api/extensions.py:415}}
Jun 16 01:13:28.388194 np0000180506 devstack@neutron-api.service[103416]: INFO neutron.api.extensions [None req-e314b2cf-b21a-4878-95b0-a92fbe71ffff None None] Extension logging not supported by any of loaded plugins
Jun 16 01:13:28.388245 np0000180506 devstack@neutron-api.service[103415]: DEBUG neutron.common.ovn.hash_ring_manager [None req-8330e661-2ad0-4786-8f71-94b275373e15 None None] Hash Ring loaded. 2 active nodes. 0 offline nodes {{(pid=103415) _load_hash_ring /opt/stack/neutron/neutron/common/ovn/hash_ring_manager.py:102}}
Jun 16 01:13:28.388282 np0000180506 devstack@neutron-api.service[103416]: DEBUG neutron.api.extensions [None req-e314b2cf-b21a-4878-95b0-a92fbe71ffff None None] Loading extension file: metering.py {{(pid=103416) _load_all_extensions_from_path /opt/stack/neutron/neutron/api/extensions.py:449}}
Jun 16 01:13:28.388602 np0000180506 devstack@neutron-api.service[103416]: DEBUG neutron.api.extensions [None req-e314b2cf-b21a-4878-95b0-a92fbe71ffff None None] Ext name="Neutron Metering" alias="metering" description="Neutron Metering extension." updated="2013-06-12T10:00:00-00:00" {{(pid=103416) _check_extension /opt/stack/neutron/neutron/api/extensions.py:415}}
Jun 16 01:13:28.388823 np0000180506 devstack@neutron-api.service[103416]: INFO neutron.api.extensions [None req-e314b2cf-b21a-4878-95b0-a92fbe71ffff None None] Extension metering not supported by any of loaded plugins
Jun 16 01:13:28.388876 np0000180506 devstack@neutron-api.service[103416]: DEBUG neutron.api.extensions [None req-e314b2cf-b21a-4878-95b0-a92fbe71ffff None None] Loading extension file: metering_source_and_destination_fields.py {{(pid=103416) _load_all_extensions_from_path /opt/stack/neutron/neutron/api/extensions.py:449}}
Jun 16 01:13:28.389188 np0000180506 devstack@neutron-api.service[103416]: DEBUG neutron.api.extensions [None req-e314b2cf-b21a-4878-95b0-a92fbe71ffff None None] Ext name="Neutron Metering with source and destination filtering" alias="metering_source_and_destination_fields" description="Neutron Metering extension that enables the use of source and destination IP prefixes to create metering label rules." updated="2020-08-21T08:12:00-00:00" {{(pid=103416) _check_extension /opt/stack/neutron/neutron/api/extensions.py:415}}
Jun 16 01:13:28.389321 np0000180506 devstack@neutron-api.service[103416]: INFO neutron.api.extensions [None req-e314b2cf-b21a-4878-95b0-a92fbe71ffff None None] Extension metering_source_and_destination_fields not supported by any of loaded plugins
Jun 16 01:13:28.389452 np0000180506 devstack@neutron-api.service[103416]: DEBUG neutron.api.extensions [None req-e314b2cf-b21a-4878-95b0-a92fbe71ffff None None] Loading extension file: multiprovidernet.py {{(pid=103416) _load_all_extensions_from_path /opt/stack/neutron/neutron/api/extensions.py:449}}
Jun 16 01:13:28.389649 np0000180506 devstack@neutron-api.service[103416]: DEBUG neutron.api.extensions [None req-e314b2cf-b21a-4878-95b0-a92fbe71ffff None None] Ext name="Multi Provider Network" alias="multi-provider" description="Expose mapping of virtual networks to multiple physical networks" updated="2013-06-27T10:00:00-00:00" {{(pid=103416) _check_extension /opt/stack/neutron/neutron/api/extensions.py:415}}
Jun 16 01:13:28.389822 np0000180506 devstack@neutron-api.service[103416]: INFO neutron.api.extensions [None req-e314b2cf-b21a-4878-95b0-a92fbe71ffff None None] Loaded extension: multi-provider
Jun 16 01:13:28.389915 np0000180506 devstack@neutron-api.service[103416]: DEBUG neutron.api.extensions [None req-e314b2cf-b21a-4878-95b0-a92fbe71ffff None None] Loading extension file: netmtu.py {{(pid=103416) _load_all_extensions_from_path /opt/stack/neutron/neutron/api/extensions.py:449}}
Jun 16 01:13:28.390183 np0000180506 devstack@neutron-api.service[103416]: DEBUG neutron.api.extensions [None req-e314b2cf-b21a-4878-95b0-a92fbe71ffff None None] Ext name="Network MTU" alias="net-mtu" description="Provides MTU attribute for a network resource." updated="2015-03-25T10:00:00-00:00" {{(pid=103416) _check_extension /opt/stack/neutron/neutron/api/extensions.py:415}}
Jun 16 01:13:28.390357 np0000180506 devstack@neutron-api.service[103416]: INFO neutron.api.extensions [None req-e314b2cf-b21a-4878-95b0-a92fbe71ffff None None] Loaded extension: net-mtu
Jun 16 01:13:28.390450 np0000180506 devstack@neutron-api.service[103416]: DEBUG neutron.api.extensions [None req-e314b2cf-b21a-4878-95b0-a92fbe71ffff None None] Loading extension file: netmtu_writable.py {{(pid=103416) _load_all_extensions_from_path /opt/stack/neutron/neutron/api/extensions.py:449}}
Jun 16 01:13:28.390698 np0000180506 devstack@neutron-api.service[103416]: DEBUG neutron.api.extensions [None req-e314b2cf-b21a-4878-95b0-a92fbe71ffff None None] Ext name="Network MTU (writable)" alias="net-mtu-writable" description="Provides a writable MTU attribute for a network resource." updated="2017-07-12T00:00:00-00:00" {{(pid=103416) _check_extension /opt/stack/neutron/neutron/api/extensions.py:415}}
Jun 16 01:13:28.390855 np0000180506 devstack@neutron-api.service[103416]: INFO neutron.api.extensions [None req-e314b2cf-b21a-4878-95b0-a92fbe71ffff None None] Loaded extension: net-mtu-writable
Jun 16 01:13:28.390949 np0000180506 devstack@neutron-api.service[103416]: DEBUG neutron.api.extensions [None req-e314b2cf-b21a-4878-95b0-a92fbe71ffff None None] Loading extension file: network_availability_zone.py {{(pid=103416) _load_all_extensions_from_path /opt/stack/neutron/neutron/api/extensions.py:449}}
Jun 16 01:13:28.391287 np0000180506 devstack@neutron-api.service[103416]: DEBUG neutron.api.extensions [None req-e314b2cf-b21a-4878-95b0-a92fbe71ffff None None] Ext name="Network Availability Zone" alias="network_availability_zone" description="Availability zone support for network." updated="2015-01-01T10:00:00-00:00" {{(pid=103416) _check_extension /opt/stack/neutron/neutron/api/extensions.py:415}}
Jun 16 01:13:28.391468 np0000180506 devstack@neutron-api.service[103416]: INFO neutron.api.extensions [None req-e314b2cf-b21a-4878-95b0-a92fbe71ffff None None] Loaded extension: network_availability_zone
Jun 16 01:13:28.391564 np0000180506 devstack@neutron-api.service[103416]: DEBUG neutron.api.extensions [None req-e314b2cf-b21a-4878-95b0-a92fbe71ffff None None] Loading extension file: network_ha.py {{(pid=103416) _load_all_extensions_from_path /opt/stack/neutron/neutron/api/extensions.py:449}}
Jun 16 01:13:28.391843 np0000180506 devstack@neutron-api.service[103416]: DEBUG neutron.api.extensions [None req-e314b2cf-b21a-4878-95b0-a92fbe71ffff None None] Ext name="Network HA creation flag" alias="network_ha" description="Network high availability creation flag." updated="2023-04-27T10:00:00-00:00" {{(pid=103416) _check_extension /opt/stack/neutron/neutron/api/extensions.py:415}}
Jun 16 01:13:28.392012 np0000180506 devstack@neutron-api.service[103416]: INFO neutron.api.extensions [None req-e314b2cf-b21a-4878-95b0-a92fbe71ffff None None] Extension network_ha not supported by any of loaded plugins
Jun 16 01:13:28.392148 np0000180506 devstack@neutron-api.service[103416]: DEBUG neutron.api.extensions [None req-e314b2cf-b21a-4878-95b0-a92fbe71ffff None None] Loading extension file: network_ip_availability.py {{(pid=103416) _load_all_extensions_from_path /opt/stack/neutron/neutron/api/extensions.py:449}}
Jun 16 01:13:28.392584 np0000180506 devstack@neutron-api.service[103416]: DEBUG neutron.api.extensions [None req-e314b2cf-b21a-4878-95b0-a92fbe71ffff None None] Ext name="Network IP Availability" alias="network-ip-availability" description="Provides IP availability data for each network and subnet." updated="2015-09-24T00:00:00-00:00" {{(pid=103416) _check_extension /opt/stack/neutron/neutron/api/extensions.py:415}}
Jun 16 01:13:28.392963 np0000180506 devstack@neutron-api.service[103416]: INFO neutron.api.extensions [None req-e314b2cf-b21a-4878-95b0-a92fbe71ffff None None] Loaded extension: network-ip-availability
Jun 16 01:13:28.392963 np0000180506 devstack@neutron-api.service[103416]: DEBUG neutron.api.extensions [None req-e314b2cf-b21a-4878-95b0-a92fbe71ffff None None] Loading extension file: network_ip_availability_details.py {{(pid=103416) _load_all_extensions_from_path /opt/stack/neutron/neutron/api/extensions.py:449}}
Jun 16 01:13:28.393127 np0000180506 devstack@neutron-api.service[103416]: DEBUG neutron.api.extensions [None req-e314b2cf-b21a-4878-95b0-a92fbe71ffff None None] Ext name="Network IP Availability Details Extension" alias="network-ip-availability-details" description="Add ip_availability_details attribute to network-ip-availabilities resource." updated="2025-10-31T00:00:00-00:00" {{(pid=103416) _check_extension /opt/stack/neutron/neutron/api/extensions.py:415}}
Jun 16 01:13:28.393170 np0000180506 devstack@neutron-api.service[103415]: DEBUG neutron.common.ovn.hash_ring_manager [None req-8330e661-2ad0-4786-8f71-94b275373e15 None None] Hash Ring loaded. 2 active nodes. 0 offline nodes {{(pid=103415) _load_hash_ring /opt/stack/neutron/neutron/common/ovn/hash_ring_manager.py:102}}
Jun 16 01:13:28.394667 np0000180506 devstack@neutron-api.service[103415]: DEBUG neutron.plugins.ml2.drivers.ovn.mech_driver.ovsdb.ovsdb_monitor [None req-8330e661-2ad0-4786-8f71-94b275373e15 None None] Hash Ring: Node aaec59526d8d5fad99da0d9ea7427a9d (host: np0000180506) handling event "create" for row a563ec93-5d31-4e3c-aaac-cc0a48e4d808 (table: ACL) {{(pid=103415) notify /opt/stack/neutron/neutron/plugins/ml2/drivers/ovn/mech_driver/ovsdb/ovsdb_monitor.py:1015}}
Jun 16 01:13:28.394807 np0000180506 devstack@neutron-api.service[103416]: INFO neutron.api.extensions [None req-e314b2cf-b21a-4878-95b0-a92fbe71ffff None None] Loaded extension: network-ip-availability-details
Jun 16 01:13:28.394807 np0000180506 devstack@neutron-api.service[103416]: DEBUG neutron.api.extensions [None req-e314b2cf-b21a-4878-95b0-a92fbe71ffff None None] Loading extension file: network_segment_range.py {{(pid=103416) _load_all_extensions_from_path /opt/stack/neutron/neutron/api/extensions.py:449}}
Jun 16 01:13:28.394916 np0000180506 devstack@neutron-api.service[103413]: INFO neutron.plugins.ml2.drivers.type_vlan [None req-018b54cb-52d4-4911-95e1-52e086656a82 None None] VlanTypeDriver initialization complete
Jun 16 01:13:28.394994 np0000180506 devstack@neutron-api.service[103416]: DEBUG neutron.api.extensions [None req-e314b2cf-b21a-4878-95b0-a92fbe71ffff None None] Ext name="Neutron Network Segment Range" alias="network-segment-range" description="Provides support for the network segment range management" updated="2018-11-29T00:00:00-00:00" {{(pid=103416) _check_extension /opt/stack/neutron/neutron/api/extensions.py:415}}
Jun 16 01:13:28.395062 np0000180506 devstack@neutron-api.service[103413]: INFO neutron.plugins.ml2.managers [None req-018b54cb-52d4-4911-95e1-52e086656a82 None None] Initializing extension driver 'port_security'
Jun 16 01:13:28.395062 np0000180506 devstack@neutron-api.service[103413]: INFO neutron.plugins.ml2.extensions.port_security [None req-018b54cb-52d4-4911-95e1-52e086656a82 None None] PortSecurityExtensionDriver initialization complete
Jun 16 01:13:28.395170 np0000180506 devstack@neutron-api.service[103416]: INFO neutron.api.extensions [None req-e314b2cf-b21a-4878-95b0-a92fbe71ffff None None] Extension network-segment-range not supported by any of loaded plugins
Jun 16 01:13:28.395235 np0000180506 devstack@neutron-api.service[103413]: INFO neutron.plugins.ml2.managers [None req-018b54cb-52d4-4911-95e1-52e086656a82 None None] Initializing extension driver 'qos'
Jun 16 01:13:28.395314 np0000180506 devstack@neutron-api.service[103416]: DEBUG neutron.api.extensions [None req-e314b2cf-b21a-4878-95b0-a92fbe71ffff None None] Loading extension file: pagination.py {{(pid=103416) _load_all_extensions_from_path /opt/stack/neutron/neutron/api/extensions.py:449}}
Jun 16 01:13:28.395383 np0000180506 devstack@neutron-api.service[103413]: DEBUG neutron.plugins.ml2.extensions.qos [None req-018b54cb-52d4-4911-95e1-52e086656a82 None None] QosExtensionDriver initialization complete {{(pid=103413) initialize /opt/stack/neutron/neutron/plugins/ml2/extensions/qos.py:31}}
Jun 16 01:13:28.395383 np0000180506 devstack@neutron-api.service[103413]: INFO neutron.plugins.ml2.managers [None req-018b54cb-52d4-4911-95e1-52e086656a82 None None] Initializing mechanism driver 'ovn'
Jun 16 01:13:28.395478 np0000180506 devstack@neutron-api.service[103416]: DEBUG neutron.api.extensions [None req-e314b2cf-b21a-4878-95b0-a92fbe71ffff None None] Ext name="Pagination support" alias="pagination" description="Extension that indicates that pagination is enabled." updated="2016-06-12T00:00:00-00:00" {{(pid=103416) _check_extension /opt/stack/neutron/neutron/api/extensions.py:415}}
Jun 16 01:13:28.395543 np0000180506 devstack@neutron-api.service[103413]: INFO neutron.plugins.ml2.drivers.ovn.mech_driver.mech_driver [None req-018b54cb-52d4-4911-95e1-52e086656a82 None None] Starting OVNMechanismDriver
Jun 16 01:13:28.395609 np0000180506 devstack@neutron-api.service[103416]: INFO neutron.api.extensions [None req-e314b2cf-b21a-4878-95b0-a92fbe71ffff None None] Loaded extension: pagination
Jun 16 01:13:28.395609 np0000180506 devstack@neutron-api.service[103416]: DEBUG neutron.api.extensions [None req-e314b2cf-b21a-4878-95b0-a92fbe71ffff None None] Loading extension file: port_device_profile.py {{(pid=103416) _load_all_extensions_from_path /opt/stack/neutron/neutron/api/extensions.py:449}}
Jun 16 01:13:28.395609 np0000180506 devstack@neutron-api.service[103416]: DEBUG neutron.api.extensions [None req-e314b2cf-b21a-4878-95b0-a92fbe71ffff None None] Ext name="Port device profile" alias="port-device-profile" description="Expose the port device profile (Cyborg)" updated="2020-12-17T10:00:00-00:00" {{(pid=103416) _check_extension /opt/stack/neutron/neutron/api/extensions.py:415}}
Jun 16 01:13:28.395609 np0000180506 devstack@neutron-api.service[103416]: INFO neutron.api.extensions [None req-e314b2cf-b21a-4878-95b0-a92fbe71ffff None None] Loaded extension: port-device-profile
Jun 16 01:13:28.395609 np0000180506 devstack@neutron-api.service[103416]: DEBUG neutron.api.extensions [None req-e314b2cf-b21a-4878-95b0-a92fbe71ffff None None] Loading extension file: port_hardware_offload_type.py {{(pid=103416) _load_all_extensions_from_path /opt/stack/neutron/neutron/api/extensions.py:449}}
Jun 16 01:13:28.395609 np0000180506 devstack@neutron-api.service[103416]: DEBUG neutron.api.extensions [None req-e314b2cf-b21a-4878-95b0-a92fbe71ffff None None] Ext name="Port hardware offload" alias="port-hardware-offload-type" description="Expose port hardware offload extension" updated="2023-05-09T10:00:00-00:00" {{(pid=103416) _check_extension /opt/stack/neutron/neutron/api/extensions.py:415}}
Jun 16 01:13:28.395609 np0000180506 devstack@neutron-api.service[103416]: INFO neutron.api.extensions [None req-e314b2cf-b21a-4878-95b0-a92fbe71ffff None None] Extension port-hardware-offload-type not supported by any of loaded plugins
Jun 16 01:13:28.395609 np0000180506 devstack@neutron-api.service[103416]: DEBUG neutron.api.extensions [None req-e314b2cf-b21a-4878-95b0-a92fbe71ffff None None] Loading extension file: port_hint_ovs_tx_steering.py {{(pid=103416) _load_all_extensions_from_path /opt/stack/neutron/neutron/api/extensions.py:449}}
Jun 16 01:13:28.395913 np0000180506 devstack@neutron-api.service[103416]: DEBUG neutron.api.extensions [None req-e314b2cf-b21a-4878-95b0-a92fbe71ffff None None] Ext name="Port hint: Open vSwitch Tx steering" alias="port-hint-ovs-tx-steering" description="Enable Port hint: Open vSwitch Tx steering" updated="2023-01-01T00:00:00-00:00" {{(pid=103416) _check_extension /opt/stack/neutron/neutron/api/extensions.py:415}}
Jun 16 01:13:28.395913 np0000180506 devstack@neutron-api.service[103416]: INFO neutron.api.extensions [None req-e314b2cf-b21a-4878-95b0-a92fbe71ffff None None] Extension port-hint-ovs-tx-steering not supported by any of loaded plugins
Jun 16 01:13:28.395913 np0000180506 devstack@neutron-api.service[103416]: DEBUG neutron.api.extensions [None req-e314b2cf-b21a-4878-95b0-a92fbe71ffff None None] Loading extension file: port_hints.py {{(pid=103416) _load_all_extensions_from_path /opt/stack/neutron/neutron/api/extensions.py:449}}
Jun 16 01:13:28.396213 np0000180506 devstack@neutron-api.service[103416]: DEBUG neutron.api.extensions [None req-e314b2cf-b21a-4878-95b0-a92fbe71ffff None None] Ext name="Port hints" alias="port-hints" description="Backend specific port hints to allow backend specific tuning" updated="2023-01-01T00:00:00-00:00" {{(pid=103416) _check_extension /opt/stack/neutron/neutron/api/extensions.py:415}}
Jun 16 01:13:28.396389 np0000180506 devstack@neutron-api.service[103416]: INFO neutron.api.extensions [None req-e314b2cf-b21a-4878-95b0-a92fbe71ffff None None] Extension port-hints not supported by any of loaded plugins
Jun 16 01:13:28.396456 np0000180506 devstack@neutron-api.service[103413]: DEBUG neutron_lib.callbacks.manager [None req-018b54cb-52d4-4911-95e1-52e086656a82 None None] Subscribe: > process before_spawn 55550000, False {{(pid=103413) subscribe /opt/stack/data/venv/lib/python3.12/site-packages/neutron_lib/callbacks/manager.py:52}}
Jun 16 01:13:28.396536 np0000180506 devstack@neutron-api.service[103416]: DEBUG neutron.api.extensions [None req-e314b2cf-b21a-4878-95b0-a92fbe71ffff None None] Loading extension file: port_mac_address_override.py {{(pid=103416) _load_all_extensions_from_path /opt/stack/neutron/neutron/api/extensions.py:449}}
Jun 16 01:13:28.396612 np0000180506 devstack@neutron-api.service[103413]: DEBUG neutron_lib.callbacks.manager [None req-018b54cb-52d4-4911-95e1-52e086656a82 None None] Subscribe: > process after_init 55550000, True {{(pid=103413) subscribe /opt/stack/data/venv/lib/python3.12/site-packages/neutron_lib/callbacks/manager.py:52}}
Jun 16 01:13:28.396612 np0000180506 devstack@neutron-api.service[103413]: DEBUG neutron_lib.callbacks.manager [None req-018b54cb-52d4-4911-95e1-52e086656a82 None None] Subscribe: > segment after_create 55550000, False {{(pid=103413) subscribe /opt/stack/data/venv/lib/python3.12/site-packages/neutron_lib/callbacks/manager.py:52}}
Jun 16 01:13:28.396673 np0000180506 devstack@neutron-api.service[103416]: DEBUG neutron.api.extensions [None req-e314b2cf-b21a-4878-95b0-a92fbe71ffff None None] Ext name="Neutron Port MAC address override" alias="port-mac-override" description="Allow overriding the MAC address of a direct-physical Port via the active binding profile" updated="2022-03-18T10:00:00-00:00" {{(pid=103416) _check_extension /opt/stack/neutron/neutron/api/extensions.py:415}}
Jun 16 01:13:28.396753 np0000180506 devstack@neutron-api.service[103413]: DEBUG neutron_lib.callbacks.manager [None req-018b54cb-52d4-4911-95e1-52e086656a82 None None] Subscribe: > segment after_create 55550000, False {{(pid=103413) subscribe /opt/stack/data/venv/lib/python3.12/site-packages/neutron_lib/callbacks/manager.py:52}}
Jun 16 01:13:28.396842 np0000180506 devstack@neutron-api.service[103416]: INFO neutron.api.extensions [None req-e314b2cf-b21a-4878-95b0-a92fbe71ffff None None] Extension port-mac-override not supported by any of loaded plugins
Jun 16 01:13:28.396879 np0000180506 devstack@neutron-api.service[103413]: DEBUG neutron_lib.callbacks.manager [None req-018b54cb-52d4-4911-95e1-52e086656a82 None None] Subscribe: > segment after_delete 55550000, False {{(pid=103413) subscribe /opt/stack/data/venv/lib/python3.12/site-packages/neutron_lib/callbacks/manager.py:52}}
Jun 16 01:13:28.396918 np0000180506 devstack@neutron-api.service[103416]: DEBUG neutron.api.extensions [None req-e314b2cf-b21a-4878-95b0-a92fbe71ffff None None] Loading extension file: port_mac_address_regenerate.py {{(pid=103416) _load_all_extensions_from_path /opt/stack/neutron/neutron/api/extensions.py:449}}
Jun 16 01:13:28.396955 np0000180506 devstack@neutron-api.service[103413]: DEBUG neutron_lib.callbacks.manager [None req-018b54cb-52d4-4911-95e1-52e086656a82 None None] Subscribe: > allowed_address_pair before_create 55550000, False {{(pid=103413) subscribe /opt/stack/data/venv/lib/python3.12/site-packages/neutron_lib/callbacks/manager.py:52}}
Jun 16 01:13:28.397098 np0000180506 devstack@neutron-api.service[103413]: DEBUG neutron_lib.callbacks.manager [None req-018b54cb-52d4-4911-95e1-52e086656a82 None None] Subscribe: > security_group precommit_create 55550000, False {{(pid=103413) subscribe /opt/stack/data/venv/lib/python3.12/site-packages/neutron_lib/callbacks/manager.py:52}}
Jun 16 01:13:28.397179 np0000180506 devstack@neutron-api.service[103413]: DEBUG neutron_lib.callbacks.manager [None req-018b54cb-52d4-4911-95e1-52e086656a82 None None] Subscribe: > security_group after_update 55550000, False {{(pid=103413) subscribe /opt/stack/data/venv/lib/python3.12/site-packages/neutron_lib/callbacks/manager.py:52}}
Jun 16 01:13:28.397219 np0000180506 devstack@neutron-api.service[103416]: DEBUG neutron.api.extensions [None req-e314b2cf-b21a-4878-95b0-a92fbe71ffff None None] Ext name="Neutron Port MAC address regenerate" alias="port-mac-address-regenerate" description="Network port MAC address regenerate" updated="2018-05-03T10:00:00-00:00" {{(pid=103416) _check_extension /opt/stack/neutron/neutron/api/extensions.py:415}}
Jun 16 01:13:28.397288 np0000180506 devstack@neutron-api.service[103413]: DEBUG neutron_lib.callbacks.manager [None req-018b54cb-52d4-4911-95e1-52e086656a82 None None] Subscribe: > security_group after_create 55550000, False {{(pid=103413) subscribe /opt/stack/data/venv/lib/python3.12/site-packages/neutron_lib/callbacks/manager.py:52}}
Jun 16 01:13:28.397334 np0000180506 devstack@neutron-api.service[103416]: INFO neutron.api.extensions [None req-e314b2cf-b21a-4878-95b0-a92fbe71ffff None None] Loaded extension: port-mac-address-regenerate
Jun 16 01:13:28.397364 np0000180506 devstack@neutron-api.service[103413]: DEBUG neutron_lib.callbacks.manager [None req-018b54cb-52d4-4911-95e1-52e086656a82 None None] Subscribe: > security_group precommit_delete 55550000, False {{(pid=103413) subscribe /opt/stack/data/venv/lib/python3.12/site-packages/neutron_lib/callbacks/manager.py:52}}
Jun 16 01:13:28.397449 np0000180506 devstack@neutron-api.service[103416]: DEBUG neutron.api.extensions [None req-e314b2cf-b21a-4878-95b0-a92fbe71ffff None None] Loading extension file: port_numa_affinity_policy.py {{(pid=103416) _load_all_extensions_from_path /opt/stack/neutron/neutron/api/extensions.py:449}}
Jun 16 01:13:28.397489 np0000180506 devstack@neutron-api.service[103413]: DEBUG neutron_lib.callbacks.manager [None req-018b54cb-52d4-4911-95e1-52e086656a82 None None] Subscribe: > security_group after_delete 55550000, False {{(pid=103413) subscribe /opt/stack/data/venv/lib/python3.12/site-packages/neutron_lib/callbacks/manager.py:52}}
Jun 16 01:13:28.397590 np0000180506 devstack@neutron-api.service[103413]: DEBUG neutron_lib.callbacks.manager [None req-018b54cb-52d4-4911-95e1-52e086656a82 None None] Subscribe: > security_group_rule precommit_create 55550000, False {{(pid=103413) subscribe /opt/stack/data/venv/lib/python3.12/site-packages/neutron_lib/callbacks/manager.py:52}}
Jun 16 01:13:28.397680 np0000180506 devstack@neutron-api.service[103416]: DEBUG neutron.api.extensions [None req-e314b2cf-b21a-4878-95b0-a92fbe71ffff None None] Ext name="Port NUMA affinity policy" alias="port-numa-affinity-policy" description="Expose the port NUMA affinity policy" updated="2020-07-08T10:00:00-00:00" {{(pid=103416) _check_extension /opt/stack/neutron/neutron/api/extensions.py:415}}
Jun 16 01:13:28.397720 np0000180506 devstack@neutron-api.service[103413]: DEBUG neutron_lib.callbacks.manager [None req-018b54cb-52d4-4911-95e1-52e086656a82 None None] Subscribe: > security_group_rule after_create 55550000, False {{(pid=103413) subscribe /opt/stack/data/venv/lib/python3.12/site-packages/neutron_lib/callbacks/manager.py:52}}
Jun 16 01:13:28.397793 np0000180506 devstack@neutron-api.service[103413]: DEBUG neutron_lib.callbacks.manager [None req-018b54cb-52d4-4911-95e1-52e086656a82 None None] Subscribe: > security_group_rule before_delete 55550000, False {{(pid=103413) subscribe /opt/stack/data/venv/lib/python3.12/site-packages/neutron_lib/callbacks/manager.py:52}}
Jun 16 01:13:28.397832 np0000180506 devstack@neutron-api.service[103416]: INFO neutron.api.extensions [None req-e314b2cf-b21a-4878-95b0-a92fbe71ffff None None] Loaded extension: port-numa-affinity-policy
Jun 16 01:13:28.397898 np0000180506 devstack@neutron-api.service[103413]: DEBUG neutron_lib.callbacks.manager [None req-018b54cb-52d4-4911-95e1-52e086656a82 None None] Subscribe: > address_group after_create 55550000, False {{(pid=103413) subscribe /opt/stack/data/venv/lib/python3.12/site-packages/neutron_lib/callbacks/manager.py:52}}
Jun 16 01:13:28.397936 np0000180506 devstack@neutron-api.service[103416]: DEBUG neutron.api.extensions [None req-e314b2cf-b21a-4878-95b0-a92fbe71ffff None None] Loading extension file: port_numa_affinity_policy_socket.py {{(pid=103416) _load_all_extensions_from_path /opt/stack/neutron/neutron/api/extensions.py:449}}
Jun 16 01:13:28.397970 np0000180506 devstack@neutron-api.service[103415]: DEBUG neutron.common.ovn.hash_ring_manager [None req-8330e661-2ad0-4786-8f71-94b275373e15 None None] Hash Ring loaded. 2 active nodes. 0 offline nodes {{(pid=103415) _load_hash_ring /opt/stack/neutron/neutron/common/ovn/hash_ring_manager.py:102}}
Jun 16 01:13:28.397998 np0000180506 devstack@neutron-api.service[103413]: DEBUG neutron_lib.callbacks.manager [None req-018b54cb-52d4-4911-95e1-52e086656a82 None None] Subscribe: > address_group after_update 55550000, False {{(pid=103413) subscribe /opt/stack/data/venv/lib/python3.12/site-packages/neutron_lib/callbacks/manager.py:52}}
Jun 16 01:13:28.398143 np0000180506 devstack@neutron-api.service[103415]: DEBUG neutron.plugins.ml2.drivers.ovn.mech_driver.ovsdb.ovsdb_monitor [None req-8330e661-2ad0-4786-8f71-94b275373e15 None None] Hash Ring: Node aaec59526d8d5fad99da0d9ea7427a9d (host: np0000180506) handling event "create" for row bd89c8e0-c09a-40b0-b259-d45a4871ffee (table: ACL) {{(pid=103415) notify /opt/stack/neutron/neutron/plugins/ml2/drivers/ovn/mech_driver/ovsdb/ovsdb_monitor.py:1015}}
Jun 16 01:13:28.398186 np0000180506 devstack@neutron-api.service[103413]: DEBUG neutron_lib.callbacks.manager [None req-018b54cb-52d4-4911-95e1-52e086656a82 None None] Subscribe: > address_group after_delete 55550000, False {{(pid=103413) subscribe /opt/stack/data/venv/lib/python3.12/site-packages/neutron_lib/callbacks/manager.py:52}}
Jun 16 01:13:28.398226 np0000180506 devstack@neutron-api.service[103416]: DEBUG neutron.api.extensions [None req-e314b2cf-b21a-4878-95b0-a92fbe71ffff None None] Ext name="Port NUMA affinity policy "socket"" alias="port-numa-affinity-policy-socket" description="Adds "socket" to the supported port NUMA affinity policies" updated="2024-02-09T10:00:00-00:00" {{(pid=103416) _check_extension /opt/stack/neutron/neutron/api/extensions.py:415}}
Jun 16 01:13:28.398360 np0000180506 devstack@neutron-api.service[103413]: DEBUG neutron_lib.callbacks.manager [None req-018b54cb-52d4-4911-95e1-52e086656a82 None None] Subscribe: > qos_plugin after_init 55550000, False {{(pid=103413) subscribe /opt/stack/data/venv/lib/python3.12/site-packages/neutron_lib/callbacks/manager.py:52}}
Jun 16 01:13:28.398396 np0000180506 devstack@neutron-api.service[103416]: INFO neutron.api.extensions [None req-e314b2cf-b21a-4878-95b0-a92fbe71ffff None None] Loaded extension: port-numa-affinity-policy-socket
Jun 16 01:13:28.398428 np0000180506 devstack@neutron-api.service[103416]: DEBUG neutron.api.extensions [None req-e314b2cf-b21a-4878-95b0-a92fbe71ffff None None] Loading extension file: port_resource_request.py {{(pid=103416) _load_all_extensions_from_path /opt/stack/neutron/neutron/api/extensions.py:449}}
Jun 16 01:13:28.400733 np0000180506 devstack@neutron-api.service[103413]: DEBUG neutron_lib.callbacks.manager [None req-018b54cb-52d4-4911-95e1-52e086656a82 None None] Subscribe: > trunk_plugin after_init 55550000, False {{(pid=103413) subscribe /opt/stack/data/venv/lib/python3.12/site-packages/neutron_lib/callbacks/manager.py:52}}
Jun 16 01:13:28.400799 np0000180506 devstack@neutron-api.service[103416]: DEBUG neutron.api.extensions [None req-e314b2cf-b21a-4878-95b0-a92fbe71ffff None None] Ext name="Port Resource Request" alias="port-resource-request" description="Expose resource request to Port" updated="2018-05-08T10:00:00-00:00" {{(pid=103416) _check_extension /opt/stack/neutron/neutron/api/extensions.py:415}}
Jun 16 01:13:28.400882 np0000180506 devstack@neutron-api.service[103413]: DEBUG neutron_lib.callbacks.manager [None req-018b54cb-52d4-4911-95e1-52e086656a82 None None] Subscribe: > logging-plugin after_init 55550000, False {{(pid=103413) subscribe /opt/stack/data/venv/lib/python3.12/site-packages/neutron_lib/callbacks/manager.py:52}}
Jun 16 01:13:28.400946 np0000180506 devstack@neutron-api.service[103416]: INFO neutron.api.extensions [None req-e314b2cf-b21a-4878-95b0-a92fbe71ffff None None] Extension port-resource-request not supported by any of loaded plugins
Jun 16 01:13:28.400946 np0000180506 devstack@neutron-api.service[103416]: DEBUG neutron.api.extensions [None req-e314b2cf-b21a-4878-95b0-a92fbe71ffff None None] Loading extension file: port_resource_request_groups.py {{(pid=103416) _load_all_extensions_from_path /opt/stack/neutron/neutron/api/extensions.py:449}}
Jun 16 01:13:28.400946 np0000180506 devstack@neutron-api.service[103416]: DEBUG neutron.api.extensions [None req-e314b2cf-b21a-4878-95b0-a92fbe71ffff None None] Ext name="Port Resource Request Groups" alias="port-resource-request-groups" description="Support requesting multiple groups of resources and traits from the same RP subtree in resource_request" updated="2021-08-02T10:00:00-00:00" {{(pid=103416) _check_extension /opt/stack/neutron/neutron/api/extensions.py:415}}
Jun 16 01:13:28.401064 np0000180506 devstack@neutron-api.service[103413]: INFO neutron.services.logapi.drivers.ovn.driver [None req-018b54cb-52d4-4911-95e1-52e086656a82 None None] OVN logging driver registered
Jun 16 01:13:28.401162 np0000180506 devstack@neutron-api.service[103416]: INFO neutron.api.extensions [None req-e314b2cf-b21a-4878-95b0-a92fbe71ffff None None] Extension port-resource-request-groups not supported by any of loaded plugins
Jun 16 01:13:28.401232 np0000180506 devstack@neutron-api.service[103413]: DEBUG neutron_lib.callbacks.manager [None req-018b54cb-52d4-4911-95e1-52e086656a82 None None] Subscribe: ._register_pvlan_driver at 0x72aac8770d60> pvlan_plugin before_spawn 55550000, False {{(pid=103413) subscribe /opt/stack/data/venv/lib/python3.12/site-packages/neutron_lib/callbacks/manager.py:52}}
Jun 16 01:13:28.401315 np0000180506 devstack@neutron-api.service[103416]: DEBUG neutron.api.extensions [None req-e314b2cf-b21a-4878-95b0-a92fbe71ffff None None] Loading extension file: port_trusted_vif.py {{(pid=103416) _load_all_extensions_from_path /opt/stack/neutron/neutron/api/extensions.py:449}}
Jun 16 01:13:28.401380 np0000180506 devstack@neutron-api.service[103413]: DEBUG neutron_lib.callbacks.manager [None req-018b54cb-52d4-4911-95e1-52e086656a82 None None] Subscribe: process after_init 55550000, False {{(pid=103413) subscribe /opt/stack/data/venv/lib/python3.12/site-packages/neutron_lib/callbacks/manager.py:52}}
Jun 16 01:13:28.401443 np0000180506 devstack@neutron-api.service[103416]: DEBUG neutron.api.extensions [None req-e314b2cf-b21a-4878-95b0-a92fbe71ffff None None] Ext name="Port trusted vif" alias="port-trusted-vif" description="Expose port 'trusted' attribute in the API" updated="2024-07-10T10:00:00-00:00" {{(pid=103416) _check_extension /opt/stack/neutron/neutron/api/extensions.py:415}}
Jun 16 01:13:28.401443 np0000180506 devstack@neutron-api.service[103416]: INFO neutron.api.extensions [None req-e314b2cf-b21a-4878-95b0-a92fbe71ffff None None] Extension port-trusted-vif not supported by any of loaded plugins
Jun 16 01:13:28.401443 np0000180506 devstack@neutron-api.service[103416]: DEBUG neutron.api.extensions [None req-e314b2cf-b21a-4878-95b0-a92fbe71ffff None None] Loading extension file: portbindings.py {{(pid=103416) _load_all_extensions_from_path /opt/stack/neutron/neutron/api/extensions.py:449}}
Jun 16 01:13:28.401443 np0000180506 devstack@neutron-api.service[103416]: DEBUG neutron.api.extensions [None req-e314b2cf-b21a-4878-95b0-a92fbe71ffff None None] Ext name="Port Binding" alias="binding" description="Expose port bindings of a virtual port to external application" updated="2014-02-03T10:00:00-00:00" {{(pid=103416) _check_extension /opt/stack/neutron/neutron/api/extensions.py:415}}
Jun 16 01:13:28.401443 np0000180506 devstack@neutron-api.service[103416]: INFO neutron.api.extensions [None req-e314b2cf-b21a-4878-95b0-a92fbe71ffff None None] Loaded extension: binding
Jun 16 01:13:28.401443 np0000180506 devstack@neutron-api.service[103416]: DEBUG neutron.api.extensions [None req-e314b2cf-b21a-4878-95b0-a92fbe71ffff None None] Loading extension file: portbindings_extended.py {{(pid=103416) _load_all_extensions_from_path /opt/stack/neutron/neutron/api/extensions.py:449}}
Jun 16 01:13:28.401443 np0000180506 devstack@neutron-api.service[103416]: DEBUG neutron.api.extensions [None req-e314b2cf-b21a-4878-95b0-a92fbe71ffff None None] Ext name="Port Bindings Extended" alias="binding-extended" description="Expose port bindings of a virtual port to external application" updated="2017-07-17T10:00:00-00:00" {{(pid=103416) _check_extension /opt/stack/neutron/neutron/api/extensions.py:415}}
Jun 16 01:13:28.401659 np0000180506 devstack@neutron-api.service[103416]: INFO neutron.api.extensions [None req-e314b2cf-b21a-4878-95b0-a92fbe71ffff None None] Loaded extension: binding-extended
Jun 16 01:13:28.401659 np0000180506 devstack@neutron-api.service[103416]: DEBUG neutron.api.extensions [None req-e314b2cf-b21a-4878-95b0-a92fbe71ffff None None] Loading extension file: portsecurity.py {{(pid=103416) _load_all_extensions_from_path /opt/stack/neutron/neutron/api/extensions.py:449}}
Jun 16 01:13:28.401756 np0000180506 devstack@neutron-api.service[103413]: DEBUG neutron.plugins.ml2.plugin [None req-018b54cb-52d4-4911-95e1-52e086656a82 None None] neutron.plugins.ml2.plugin.Ml2Plugin method _start_rpc_notifiers called with arguments () {} {{(pid=103413) wrapper /opt/stack/data/venv/lib/python3.12/site-packages/oslo_log/helpers.py:77}}
Jun 16 01:13:28.401819 np0000180506 devstack@neutron-api.service[103416]: DEBUG neutron.api.extensions [None req-e314b2cf-b21a-4878-95b0-a92fbe71ffff None None] Ext name="Port Security" alias="port-security" description="Provides port security" updated="2012-07-23T10:00:00-00:00" {{(pid=103416) _check_extension /opt/stack/neutron/neutron/api/extensions.py:415}}
Jun 16 01:13:28.401819 np0000180506 devstack@neutron-api.service[103416]: INFO neutron.api.extensions [None req-e314b2cf-b21a-4878-95b0-a92fbe71ffff None None] Loaded extension: port-security
Jun 16 01:13:28.401819 np0000180506 devstack@neutron-api.service[103416]: DEBUG neutron.api.extensions [None req-e314b2cf-b21a-4878-95b0-a92fbe71ffff None None] Loading extension file: project_id.py {{(pid=103416) _load_all_extensions_from_path /opt/stack/neutron/neutron/api/extensions.py:449}}
Jun 16 01:13:28.401927 np0000180506 devstack@neutron-api.service[103413]: DEBUG neutron_lib.callbacks.manager [None req-018b54cb-52d4-4911-95e1-52e086656a82 None None] Subscribe: > port after_create 55550000, False {{(pid=103413) subscribe /opt/stack/data/venv/lib/python3.12/site-packages/neutron_lib/callbacks/manager.py:52}}
Jun 16 01:13:28.401927 np0000180506 devstack@neutron-api.service[103413]: DEBUG neutron_lib.callbacks.manager [None req-018b54cb-52d4-4911-95e1-52e086656a82 None None] Subscribe: > port after_update 55550000, False {{(pid=103413) subscribe /opt/stack/data/venv/lib/python3.12/site-packages/neutron_lib/callbacks/manager.py:52}}
Jun 16 01:13:28.401927 np0000180506 devstack@neutron-api.service[103413]: DEBUG neutron_lib.callbacks.manager [None req-018b54cb-52d4-4911-95e1-52e086656a82 None None] Subscribe: > port after_delete 55550000, False {{(pid=103413) subscribe /opt/stack/data/venv/lib/python3.12/site-packages/neutron_lib/callbacks/manager.py:52}}
Jun 16 01:13:28.402054 np0000180506 devstack@neutron-api.service[103416]: DEBUG neutron.api.extensions [None req-e314b2cf-b21a-4878-95b0-a92fbe71ffff None None] Ext name="project_id field enabled" alias="project-id" description="Extension that indicates that project_id field is enabled." updated="2016-09-09T09:09:09-09:09" {{(pid=103416) _check_extension /opt/stack/neutron/neutron/api/extensions.py:415}}
Jun 16 01:13:28.402149 np0000180506 devstack@neutron-api.service[103413]: DEBUG neutron_lib.callbacks.manager [None req-018b54cb-52d4-4911-95e1-52e086656a82 None None] Subscribe: > subnet after_create 55550000, False {{(pid=103413) subscribe /opt/stack/data/venv/lib/python3.12/site-packages/neutron_lib/callbacks/manager.py:52}}
Jun 16 01:13:28.402218 np0000180506 devstack@neutron-api.service[103416]: INFO neutron.api.extensions [None req-e314b2cf-b21a-4878-95b0-a92fbe71ffff None None] Loaded extension: project-id
Jun 16 01:13:28.402281 np0000180506 devstack@neutron-api.service[103413]: DEBUG neutron_lib.callbacks.manager [None req-018b54cb-52d4-4911-95e1-52e086656a82 None None] Subscribe: > subnet after_update 55550000, False {{(pid=103413) subscribe /opt/stack/data/venv/lib/python3.12/site-packages/neutron_lib/callbacks/manager.py:52}}
Jun 16 01:13:28.402447 np0000180506 devstack@neutron-api.service[103416]: DEBUG neutron.api.extensions [None req-e314b2cf-b21a-4878-95b0-a92fbe71ffff None None] Loading extension file: providernet.py {{(pid=103416) _load_all_extensions_from_path /opt/stack/neutron/neutron/api/extensions.py:449}}
Jun 16 01:13:28.402528 np0000180506 devstack@neutron-api.service[103413]: DEBUG neutron_lib.callbacks.manager [None req-018b54cb-52d4-4911-95e1-52e086656a82 None None] Subscribe: > subnet after_delete 55550000, False {{(pid=103413) subscribe /opt/stack/data/venv/lib/python3.12/site-packages/neutron_lib/callbacks/manager.py:52}}
Jun 16 01:13:28.402528 np0000180506 devstack@neutron-api.service[103413]: DEBUG neutron_lib.callbacks.manager [None req-018b54cb-52d4-4911-95e1-52e086656a82 None None] Subscribe: > network after_create 55550000, False {{(pid=103413) subscribe /opt/stack/data/venv/lib/python3.12/site-packages/neutron_lib/callbacks/manager.py:52}}
Jun 16 01:13:28.402625 np0000180506 devstack@neutron-api.service[103416]: DEBUG neutron.api.extensions [None req-e314b2cf-b21a-4878-95b0-a92fbe71ffff None None] Ext name="Provider Network" alias="provider" description="Expose mapping of virtual networks to physical networks" updated="2012-09-07T10:00:00-00:00" {{(pid=103416) _check_extension /opt/stack/neutron/neutron/api/extensions.py:415}}
Jun 16 01:13:28.402687 np0000180506 devstack@neutron-api.service[103413]: DEBUG neutron_lib.callbacks.manager [None req-018b54cb-52d4-4911-95e1-52e086656a82 None None] Subscribe: > network after_update 55550000, False {{(pid=103413) subscribe /opt/stack/data/venv/lib/python3.12/site-packages/neutron_lib/callbacks/manager.py:52}}
Jun 16 01:13:28.402687 np0000180506 devstack@neutron-api.service[103413]: DEBUG neutron_lib.callbacks.manager [None req-018b54cb-52d4-4911-95e1-52e086656a82 None None] Subscribe: > network after_delete 55550000, False {{(pid=103413) subscribe /opt/stack/data/venv/lib/python3.12/site-packages/neutron_lib/callbacks/manager.py:52}}
Jun 16 01:13:28.402744 np0000180506 devstack@neutron-api.service[103416]: INFO neutron.api.extensions [None req-e314b2cf-b21a-4878-95b0-a92fbe71ffff None None] Loaded extension: provider
Jun 16 01:13:28.402744 np0000180506 devstack@neutron-api.service[103416]: DEBUG neutron.api.extensions [None req-e314b2cf-b21a-4878-95b0-a92fbe71ffff None None] Loading extension file: pvlan.py {{(pid=103416) _load_all_extensions_from_path /opt/stack/neutron/neutron/api/extensions.py:449}}
Jun 16 01:13:28.402836 np0000180506 devstack@neutron-api.service[103413]: DEBUG neutron_lib.callbacks.manager [None req-018b54cb-52d4-4911-95e1-52e086656a82 None None] Subscribe: > security_group after_create 55550000, False {{(pid=103413) subscribe /opt/stack/data/venv/lib/python3.12/site-packages/neutron_lib/callbacks/manager.py:52}}
Jun 16 01:13:28.402836 np0000180506 devstack@neutron-api.service[103413]: DEBUG neutron_lib.callbacks.manager [None req-018b54cb-52d4-4911-95e1-52e086656a82 None None] Subscribe: > security_group after_update 55550000, False {{(pid=103413) subscribe /opt/stack/data/venv/lib/python3.12/site-packages/neutron_lib/callbacks/manager.py:52}}
Jun 16 01:13:28.402836 np0000180506 devstack@neutron-api.service[103413]: DEBUG neutron_lib.callbacks.manager [None req-018b54cb-52d4-4911-95e1-52e086656a82 None None] Subscribe: > security_group after_delete 55550000, False {{(pid=103413) subscribe /opt/stack/data/venv/lib/python3.12/site-packages/neutron_lib/callbacks/manager.py:52}}
Jun 16 01:13:28.402922 np0000180506 devstack@neutron-api.service[103416]: DEBUG neutron.api.extensions [None req-e314b2cf-b21a-4878-95b0-a92fbe71ffff None None] Ext name="Private VLAN" alias="pvlan" description="The Private VLAN semantics extension." updated="2026-02-03T10:00:00-00:00" {{(pid=103416) _check_extension /opt/stack/neutron/neutron/api/extensions.py:415}}
Jun 16 01:13:28.402953 np0000180506 devstack@neutron-api.service[103413]: DEBUG neutron_lib.callbacks.manager [None req-018b54cb-52d4-4911-95e1-52e086656a82 None None] Subscribe: > security_group_rule after_create 55550000, False {{(pid=103413) subscribe /opt/stack/data/venv/lib/python3.12/site-packages/neutron_lib/callbacks/manager.py:52}}
Jun 16 01:13:28.402986 np0000180506 devstack@neutron-api.service[103415]: DEBUG neutron.common.ovn.hash_ring_manager [None req-8330e661-2ad0-4786-8f71-94b275373e15 None None] Hash Ring loaded. 2 active nodes. 0 offline nodes {{(pid=103415) _load_hash_ring /opt/stack/neutron/neutron/common/ovn/hash_ring_manager.py:102}}
Jun 16 01:13:28.403012 np0000180506 devstack@neutron-api.service[103413]: DEBUG neutron_lib.callbacks.manager [None req-018b54cb-52d4-4911-95e1-52e086656a82 None None] Subscribe: > security_group_rule after_update 55550000, False {{(pid=103413) subscribe /opt/stack/data/venv/lib/python3.12/site-packages/neutron_lib/callbacks/manager.py:52}}
Jun 16 01:13:28.403044 np0000180506 devstack@neutron-api.service[103416]: INFO neutron.api.extensions [None req-e314b2cf-b21a-4878-95b0-a92fbe71ffff None None] Extension pvlan not supported by any of loaded plugins
Jun 16 01:13:28.403044 np0000180506 devstack@neutron-api.service[103416]: DEBUG neutron.api.extensions [None req-e314b2cf-b21a-4878-95b0-a92fbe71ffff None None] Loading extension file: qinq.py {{(pid=103416) _load_all_extensions_from_path /opt/stack/neutron/neutron/api/extensions.py:449}}
Jun 16 01:13:28.403110 np0000180506 devstack@neutron-api.service[103413]: DEBUG neutron_lib.callbacks.manager [None req-018b54cb-52d4-4911-95e1-52e086656a82 None None] Subscribe: > security_group_rule after_delete 55550000, False {{(pid=103413) subscribe /opt/stack/data/venv/lib/python3.12/site-packages/neutron_lib/callbacks/manager.py:52}}
Jun 16 01:13:28.403110 np0000180506 devstack@neutron-api.service[103413]: DEBUG neutron_lib.callbacks.manager [None req-018b54cb-52d4-4911-95e1-52e086656a82 None None] Subscribe: > address_group after_create 55550000, False {{(pid=103413) subscribe /opt/stack/data/venv/lib/python3.12/site-packages/neutron_lib/callbacks/manager.py:52}}
Jun 16 01:13:28.403110 np0000180506 devstack@neutron-api.service[103413]: DEBUG neutron_lib.callbacks.manager [None req-018b54cb-52d4-4911-95e1-52e086656a82 None None] Subscribe: > address_group after_update 55550000, False {{(pid=103413) subscribe /opt/stack/data/venv/lib/python3.12/site-packages/neutron_lib/callbacks/manager.py:52}}
Jun 16 01:13:28.403193 np0000180506 devstack@neutron-api.service[103416]: DEBUG neutron.api.extensions [None req-e314b2cf-b21a-4878-95b0-a92fbe71ffff None None] Ext name="QinQ networks" alias="qinq" description="Expose network 'qinq' attribute in the API. This allows to configure network to allow vlan in vlan configuration using 0x88a8 ethertype (QinQ)." updated="2024-12-02T10:00:00-00:00" {{(pid=103416) _check_extension /opt/stack/neutron/neutron/api/extensions.py:415}}
Jun 16 01:13:28.403226 np0000180506 devstack@neutron-api.service[103413]: DEBUG neutron_lib.callbacks.manager [None req-018b54cb-52d4-4911-95e1-52e086656a82 None None] Subscribe: > address_group after_delete 55550000, False {{(pid=103413) subscribe /opt/stack/data/venv/lib/python3.12/site-packages/neutron_lib/callbacks/manager.py:52}}
Jun 16 01:13:28.403262 np0000180506 devstack@neutron-api.service[103413]: DEBUG neutron.plugins.ml2.ovo_rpc [None req-018b54cb-52d4-4911-95e1-52e086656a82 None None] ML2 OVO RPC backend initialized. {{(pid=103413) __init__ /opt/stack/neutron/neutron/plugins/ml2/ovo_rpc.py:117}}
