Jun 16 01:14:05.438807 np0000180506 nova-scheduler[108663]: DEBUG cotyledon.oslo_config_glue [-] workarounds.disable_group_policy_check_upcall = False {{(pid=108663) log_opt_values /opt/stack/data/venv/lib/python3.12/site-packages/oslo_config/cfg.py:3253}}
Jun 16 01:14:05.438807 np0000180506 nova-scheduler[108663]: DEBUG cotyledon.oslo_config_glue [-] workarounds.disable_libvirt_livesnapshot = False {{(pid=108663) log_opt_values /opt/stack/data/venv/lib/python3.12/site-packages/oslo_config/cfg.py:3253}}
Jun 16 01:14:05.438807 np0000180506 nova-scheduler[108663]: DEBUG cotyledon.oslo_config_glue [-] workarounds.disable_rootwrap = False {{(pid=108663) log_opt_values /opt/stack/data/venv/lib/python3.12/site-packages/oslo_config/cfg.py:3253}}
Jun 16 01:14:05.438807 np0000180506 nova-scheduler[108663]: DEBUG cotyledon.oslo_config_glue [-] workarounds.enable_numa_live_migration = False {{(pid=108663) log_opt_values /opt/stack/data/venv/lib/python3.12/site-packages/oslo_config/cfg.py:3253}}
Jun 16 01:14:05.438807 np0000180506 nova-scheduler[108663]: DEBUG cotyledon.oslo_config_glue [-] workarounds.enable_qemu_monitor_announce_self = False {{(pid=108663) log_opt_values /opt/stack/data/venv/lib/python3.12/site-packages/oslo_config/cfg.py:3253}}
Jun 16 01:14:05.438807 np0000180506 nova-scheduler[108663]: DEBUG cotyledon.oslo_config_glue [-] workarounds.ensure_libvirt_rbd_instance_dir_cleanup = False {{(pid=108663) log_opt_values /opt/stack/data/venv/lib/python3.12/site-packages/oslo_config/cfg.py:3253}}
Jun 16 01:14:05.438807 np0000180506 nova-scheduler[108663]: DEBUG cotyledon.oslo_config_glue [-] workarounds.handle_virt_lifecycle_events = True {{(pid=108663) log_opt_values /opt/stack/data/venv/lib/python3.12/site-packages/oslo_config/cfg.py:3253}}
Jun 16 01:14:05.439030 np0000180506 nova-scheduler[108663]: DEBUG cotyledon.oslo_config_glue [-] workarounds.libvirt_disable_apic = False {{(pid=108663) log_opt_values /opt/stack/data/venv/lib/python3.12/site-packages/oslo_config/cfg.py:3253}}
Jun 16 01:14:05.439030 np0000180506 nova-scheduler[108663]: DEBUG cotyledon.oslo_config_glue [-] workarounds.never_download_image_if_on_rbd = False {{(pid=108663) log_opt_values /opt/stack/data/venv/lib/python3.12/site-packages/oslo_config/cfg.py:3253}}
Jun 16 01:14:05.439030 np0000180506 nova-scheduler[108663]: DEBUG cotyledon.oslo_config_glue [-] workarounds.qemu_monitor_announce_self_count = 3 {{(pid=108663) log_opt_values /opt/stack/data/venv/lib/python3.12/site-packages/oslo_config/cfg.py:3253}}
Jun 16 01:14:05.439030 np0000180506 nova-scheduler[108663]: DEBUG cotyledon.oslo_config_glue [-] workarounds.qemu_monitor_announce_self_interval = 1 {{(pid=108663) log_opt_values /opt/stack/data/venv/lib/python3.12/site-packages/oslo_config/cfg.py:3253}}
Jun 16 01:14:05.439030 np0000180506 nova-scheduler[108663]: DEBUG cotyledon.oslo_config_glue [-] workarounds.reserve_disk_resource_for_image_cache = False {{(pid=108663) log_opt_values /opt/stack/data/venv/lib/python3.12/site-packages/oslo_config/cfg.py:3253}}
Jun 16 01:14:05.439030 np0000180506 nova-scheduler[108663]: DEBUG cotyledon.oslo_config_glue [-] workarounds.skip_cpu_compare_at_startup = False {{(pid=108663) log_opt_values /opt/stack/data/venv/lib/python3.12/site-packages/oslo_config/cfg.py:3253}}
Jun 16 01:14:05.439030 np0000180506 nova-scheduler[108663]: DEBUG cotyledon.oslo_config_glue [-] workarounds.skip_cpu_compare_on_dest = False {{(pid=108663) log_opt_values /opt/stack/data/venv/lib/python3.12/site-packages/oslo_config/cfg.py:3253}}
Jun 16 01:14:05.439030 np0000180506 nova-scheduler[108663]: DEBUG cotyledon.oslo_config_glue [-] workarounds.skip_hypervisor_version_check_on_lm = False {{(pid=108663) log_opt_values /opt/stack/data/venv/lib/python3.12/site-packages/oslo_config/cfg.py:3253}}
Jun 16 01:14:05.439030 np0000180506 nova-scheduler[108663]: DEBUG cotyledon.oslo_config_glue [-] workarounds.skip_reserve_in_use_ironic_nodes = False {{(pid=108663) log_opt_values /opt/stack/data/venv/lib/python3.12/site-packages/oslo_config/cfg.py:3253}}
Jun 16 01:14:05.439270 np0000180506 nova-scheduler[108663]: DEBUG cotyledon.oslo_config_glue [-] workarounds.unified_limits_count_pcpu_as_vcpu = False {{(pid=108663) log_opt_values /opt/stack/data/venv/lib/python3.12/site-packages/oslo_config/cfg.py:3253}}
Jun 16 01:14:05.439270 np0000180506 nova-scheduler[108663]: DEBUG cotyledon.oslo_config_glue [-] workarounds.wait_for_vif_plugged_event_during_hard_reboot = [] {{(pid=108663) log_opt_values /opt/stack/data/venv/lib/python3.12/site-packages/oslo_config/cfg.py:3253}}
Jun 16 01:14:05.439270 np0000180506 nova-scheduler[108663]: DEBUG cotyledon.oslo_config_glue [-] wsgi.api_paste_config = /etc/nova/api-paste.ini {{(pid=108663) log_opt_values /opt/stack/data/venv/lib/python3.12/site-packages/oslo_config/cfg.py:3253}}
Jun 16 01:14:05.439270 np0000180506 nova-scheduler[108663]: DEBUG cotyledon.oslo_config_glue [-] wsgi.secure_proxy_ssl_header = None {{(pid=108663) log_opt_values /opt/stack/data/venv/lib/python3.12/site-packages/oslo_config/cfg.py:3253}}
Jun 16 01:14:05.439270 np0000180506 nova-scheduler[108663]: DEBUG cotyledon.oslo_config_glue [-] zvm.ca_file = None {{(pid=108663) log_opt_values /opt/stack/data/venv/lib/python3.12/site-packages/oslo_config/cfg.py:3253}}
Jun 16 01:14:05.439270 np0000180506 nova-scheduler[108663]: DEBUG cotyledon.oslo_config_glue [-] zvm.cloud_connector_url = None {{(pid=108663) log_opt_values /opt/stack/data/venv/lib/python3.12/site-packages/oslo_config/cfg.py:3253}}
Jun 16 01:14:05.439270 np0000180506 nova-scheduler[108663]: DEBUG cotyledon.oslo_config_glue [-] zvm.image_tmp_path = /opt/stack/data/nova/images {{(pid=108663) log_opt_values /opt/stack/data/venv/lib/python3.12/site-packages/oslo_config/cfg.py:3253}}
Jun 16 01:14:05.439270 np0000180506 nova-scheduler[108663]: DEBUG cotyledon.oslo_config_glue [-] zvm.reachable_timeout = 300 {{(pid=108663) log_opt_values /opt/stack/data/venv/lib/python3.12/site-packages/oslo_config/cfg.py:3253}}
Jun 16 01:14:05.439270 np0000180506 nova-scheduler[108663]: DEBUG cotyledon.oslo_config_glue [-] oslo_versionedobjects.fatal_exception_format_errors = False {{(pid=108663) log_opt_values /opt/stack/data/venv/lib/python3.12/site-packages/oslo_config/cfg.py:3253}}
Jun 16 01:14:05.439572 np0000180506 nova-scheduler[108663]: DEBUG cotyledon.oslo_config_glue [-] oslo_middleware.http_basic_auth_user_file = /etc/htpasswd {{(pid=108663) log_opt_values /opt/stack/data/venv/lib/python3.12/site-packages/oslo_config/cfg.py:3253}}
Jun 16 01:14:05.439572 np0000180506 nova-scheduler[108663]: DEBUG cotyledon.oslo_config_glue [-] oslo_messaging_metrics.metrics_buffer_size = 1000 {{(pid=108663) log_opt_values /opt/stack/data/venv/lib/python3.12/site-packages/oslo_config/cfg.py:3253}}
Jun 16 01:14:05.439572 np0000180506 nova-scheduler[108663]: DEBUG cotyledon.oslo_config_glue [-] oslo_messaging_metrics.metrics_enabled = False {{(pid=108663) log_opt_values /opt/stack/data/venv/lib/python3.12/site-packages/oslo_config/cfg.py:3253}}
Jun 16 01:14:05.439572 np0000180506 nova-scheduler[108663]: DEBUG cotyledon.oslo_config_glue [-] oslo_messaging_metrics.metrics_process_name = {{(pid=108663) log_opt_values /opt/stack/data/venv/lib/python3.12/site-packages/oslo_config/cfg.py:3253}}
Jun 16 01:14:05.439572 np0000180506 nova-scheduler[108663]: DEBUG cotyledon.oslo_config_glue [-] oslo_messaging_metrics.metrics_socket_file = /var/tmp/metrics_collector.sock {{(pid=108663) log_opt_values /opt/stack/data/venv/lib/python3.12/site-packages/oslo_config/cfg.py:3253}}
Jun 16 01:14:05.439572 np0000180506 nova-scheduler[108663]: DEBUG cotyledon.oslo_config_glue [-] oslo_messaging_metrics.metrics_thread_stop_timeout = 10 {{(pid=108663) log_opt_values /opt/stack/data/venv/lib/python3.12/site-packages/oslo_config/cfg.py:3253}}
Jun 16 01:14:05.439572 np0000180506 nova-scheduler[108663]: DEBUG cotyledon.oslo_config_glue [-] profiler.connection_string = messaging:// {{(pid=108663) log_opt_values /opt/stack/data/venv/lib/python3.12/site-packages/oslo_config/cfg.py:3253}}
Jun 16 01:14:05.439572 np0000180506 nova-scheduler[108663]: DEBUG cotyledon.oslo_config_glue [-] profiler.enabled = False {{(pid=108663) log_opt_values /opt/stack/data/venv/lib/python3.12/site-packages/oslo_config/cfg.py:3253}}
Jun 16 01:14:05.439843 np0000180506 nova-scheduler[108663]: DEBUG cotyledon.oslo_config_glue [-] profiler.es_doc_type = notification {{(pid=108663) log_opt_values /opt/stack/data/venv/lib/python3.12/site-packages/oslo_config/cfg.py:3253}}
Jun 16 01:14:05.439843 np0000180506 nova-scheduler[108663]: DEBUG cotyledon.oslo_config_glue [-] profiler.es_scroll_size = 10000 {{(pid=108663) log_opt_values /opt/stack/data/venv/lib/python3.12/site-packages/oslo_config/cfg.py:3253}}
Jun 16 01:14:05.439843 np0000180506 nova-scheduler[108663]: DEBUG cotyledon.oslo_config_glue [-] profiler.es_scroll_time = 2m {{(pid=108663) log_opt_values /opt/stack/data/venv/lib/python3.12/site-packages/oslo_config/cfg.py:3253}}
Jun 16 01:14:05.439843 np0000180506 nova-scheduler[108663]: DEBUG cotyledon.oslo_config_glue [-] profiler.filter_error_trace = False {{(pid=108663) log_opt_values /opt/stack/data/venv/lib/python3.12/site-packages/oslo_config/cfg.py:3253}}
Jun 16 01:14:05.439843 np0000180506 nova-scheduler[108663]: DEBUG cotyledon.oslo_config_glue [-] profiler.hmac_keys = **** {{(pid=108663) log_opt_values /opt/stack/data/venv/lib/python3.12/site-packages/oslo_config/cfg.py:3253}}
Jun 16 01:14:05.439843 np0000180506 nova-scheduler[108663]: DEBUG cotyledon.oslo_config_glue [-] profiler.sentinel_service_name = mymaster {{(pid=108663) log_opt_values /opt/stack/data/venv/lib/python3.12/site-packages/oslo_config/cfg.py:3253}}
Jun 16 01:14:05.439843 np0000180506 nova-scheduler[108663]: DEBUG cotyledon.oslo_config_glue [-] profiler.socket_timeout = 0.1 {{(pid=108663) log_opt_values /opt/stack/data/venv/lib/python3.12/site-packages/oslo_config/cfg.py:3253}}
Jun 16 01:14:05.439843 np0000180506 nova-scheduler[108663]: DEBUG cotyledon.oslo_config_glue [-] profiler.trace_requests = False {{(pid=108663) log_opt_values /opt/stack/data/venv/lib/python3.12/site-packages/oslo_config/cfg.py:3253}}
Jun 16 01:14:05.439843 np0000180506 nova-scheduler[108663]: DEBUG cotyledon.oslo_config_glue [-] profiler.trace_sqlalchemy = False {{(pid=108663) log_opt_values /opt/stack/data/venv/lib/python3.12/site-packages/oslo_config/cfg.py:3253}}
Jun 16 01:14:05.440048 np0000180506 nova-scheduler[108663]: DEBUG cotyledon.oslo_config_glue [-] profiler_jaeger.process_tags = {} {{(pid=108663) log_opt_values /opt/stack/data/venv/lib/python3.12/site-packages/oslo_config/cfg.py:3253}}
Jun 16 01:14:05.440048 np0000180506 nova-scheduler[108663]: DEBUG cotyledon.oslo_config_glue [-] profiler_jaeger.service_name_prefix = None {{(pid=108663) log_opt_values /opt/stack/data/venv/lib/python3.12/site-packages/oslo_config/cfg.py:3253}}
Jun 16 01:14:05.440048 np0000180506 nova-scheduler[108663]: DEBUG cotyledon.oslo_config_glue [-] profiler_otlp.service_name_prefix = None {{(pid=108663) log_opt_values /opt/stack/data/venv/lib/python3.12/site-packages/oslo_config/cfg.py:3253}}
Jun 16 01:14:05.440048 np0000180506 nova-scheduler[108663]: DEBUG cotyledon.oslo_config_glue [-] oslo_messaging_rabbit.amqp_auto_delete = False {{(pid=108663) log_opt_values /opt/stack/data/venv/lib/python3.12/site-packages/oslo_config/cfg.py:3253}}
Jun 16 01:14:05.440048 np0000180506 nova-scheduler[108663]: DEBUG cotyledon.oslo_config_glue [-] oslo_messaging_rabbit.amqp_durable_queues = False {{(pid=108663) log_opt_values /opt/stack/data/venv/lib/python3.12/site-packages/oslo_config/cfg.py:3253}}
Jun 16 01:14:05.440048 np0000180506 nova-scheduler[108663]: DEBUG cotyledon.oslo_config_glue [-] oslo_messaging_rabbit.conn_pool_min_size = 2 {{(pid=108663) log_opt_values /opt/stack/data/venv/lib/python3.12/site-packages/oslo_config/cfg.py:3253}}
Jun 16 01:14:05.440048 np0000180506 nova-scheduler[108663]: DEBUG cotyledon.oslo_config_glue [-] oslo_messaging_rabbit.conn_pool_ttl = 1200 {{(pid=108663) log_opt_values /opt/stack/data/venv/lib/python3.12/site-packages/oslo_config/cfg.py:3253}}
Jun 16 01:14:05.440048 np0000180506 nova-scheduler[108663]: DEBUG cotyledon.oslo_config_glue [-] oslo_messaging_rabbit.direct_mandatory_flag = True {{(pid=108663) log_opt_values /opt/stack/data/venv/lib/python3.12/site-packages/oslo_config/cfg.py:3253}}
Jun 16 01:14:05.440048 np0000180506 nova-scheduler[108663]: DEBUG cotyledon.oslo_config_glue [-] oslo_messaging_rabbit.enable_cancel_on_failover = False {{(pid=108663) log_opt_values /opt/stack/data/venv/lib/python3.12/site-packages/oslo_config/cfg.py:3253}}
Jun 16 01:14:05.440301 np0000180506 nova-scheduler[108663]: DEBUG cotyledon.oslo_config_glue [-] oslo_messaging_rabbit.heartbeat_rate = 3 {{(pid=108663) log_opt_values /opt/stack/data/venv/lib/python3.12/site-packages/oslo_config/cfg.py:3253}}
Jun 16 01:14:05.440301 np0000180506 nova-scheduler[108663]: DEBUG cotyledon.oslo_config_glue [-] oslo_messaging_rabbit.heartbeat_timeout_threshold = 60 {{(pid=108663) log_opt_values /opt/stack/data/venv/lib/python3.12/site-packages/oslo_config/cfg.py:3253}}
Jun 16 01:14:05.440301 np0000180506 nova-scheduler[108663]: DEBUG cotyledon.oslo_config_glue [-] oslo_messaging_rabbit.hostname = np0000180506 {{(pid=108663) log_opt_values /opt/stack/data/venv/lib/python3.12/site-packages/oslo_config/cfg.py:3253}}
Jun 16 01:14:05.440301 np0000180506 nova-scheduler[108663]: DEBUG cotyledon.oslo_config_glue [-] oslo_messaging_rabbit.kombu_compression = None {{(pid=108663) log_opt_values /opt/stack/data/venv/lib/python3.12/site-packages/oslo_config/cfg.py:3253}}
Jun 16 01:14:05.440301 np0000180506 nova-scheduler[108663]: DEBUG cotyledon.oslo_config_glue [-] oslo_messaging_rabbit.kombu_failover_strategy = round-robin {{(pid=108663) log_opt_values /opt/stack/data/venv/lib/python3.12/site-packages/oslo_config/cfg.py:3253}}
Jun 16 01:14:05.440301 np0000180506 nova-scheduler[108663]: DEBUG cotyledon.oslo_config_glue [-] oslo_messaging_rabbit.kombu_missing_consumer_retry_timeout = 60 {{(pid=108663) log_opt_values /opt/stack/data/venv/lib/python3.12/site-packages/oslo_config/cfg.py:3253}}
Jun 16 01:14:05.440301 np0000180506 nova-scheduler[108663]: DEBUG cotyledon.oslo_config_glue [-] oslo_messaging_rabbit.kombu_reconnect_delay = 1.0 {{(pid=108663) log_opt_values /opt/stack/data/venv/lib/python3.12/site-packages/oslo_config/cfg.py:3253}}
Jun 16 01:14:05.440301 np0000180506 nova-scheduler[108663]: DEBUG cotyledon.oslo_config_glue [-] oslo_messaging_rabbit.kombu_reconnect_splay = 0.0 {{(pid=108663) log_opt_values /opt/stack/data/venv/lib/python3.12/site-packages/oslo_config/cfg.py:3253}}
Jun 16 01:14:05.440498 np0000180506 nova-scheduler[108663]: DEBUG cotyledon.oslo_config_glue [-] oslo_messaging_rabbit.processname = nova-scheduler {{(pid=108663) log_opt_values /opt/stack/data/venv/lib/python3.12/site-packages/oslo_config/cfg.py:3253}}
Jun 16 01:14:05.440498 np0000180506 nova-scheduler[108663]: DEBUG cotyledon.oslo_config_glue [-] oslo_messaging_rabbit.rabbit_ha_queues = False {{(pid=108663) log_opt_values /opt/stack/data/venv/lib/python3.12/site-packages/oslo_config/cfg.py:3253}}
Jun 16 01:14:05.440498 np0000180506 nova-scheduler[108663]: DEBUG cotyledon.oslo_config_glue [-] oslo_messaging_rabbit.rabbit_interval_max = 30 {{(pid=108663) log_opt_values /opt/stack/data/venv/lib/python3.12/site-packages/oslo_config/cfg.py:3253}}
Jun 16 01:14:05.440498 np0000180506 nova-scheduler[108663]: DEBUG cotyledon.oslo_config_glue [-] oslo_messaging_rabbit.rabbit_login_method = AMQPLAIN {{(pid=108663) log_opt_values /opt/stack/data/venv/lib/python3.12/site-packages/oslo_config/cfg.py:3253}}
Jun 16 01:14:05.440498 np0000180506 nova-scheduler[108663]: DEBUG cotyledon.oslo_config_glue [-] oslo_messaging_rabbit.rabbit_qos_prefetch_count = 0 {{(pid=108663) log_opt_values /opt/stack/data/venv/lib/python3.12/site-packages/oslo_config/cfg.py:3253}}
Jun 16 01:14:05.440498 np0000180506 nova-scheduler[108663]: DEBUG cotyledon.oslo_config_glue [-] oslo_messaging_rabbit.rabbit_quorum_delivery_limit = 0 {{(pid=108663) log_opt_values /opt/stack/data/venv/lib/python3.12/site-packages/oslo_config/cfg.py:3253}}
Jun 16 01:14:05.440498 np0000180506 nova-scheduler[108663]: DEBUG cotyledon.oslo_config_glue [-] oslo_messaging_rabbit.rabbit_quorum_max_memory_bytes = 0 {{(pid=108663) log_opt_values /opt/stack/data/venv/lib/python3.12/site-packages/oslo_config/cfg.py:3253}}
Jun 16 01:14:05.440498 np0000180506 nova-scheduler[108663]: DEBUG cotyledon.oslo_config_glue [-] oslo_messaging_rabbit.rabbit_quorum_max_memory_length = 0 {{(pid=108663) log_opt_values /opt/stack/data/venv/lib/python3.12/site-packages/oslo_config/cfg.py:3253}}
Jun 16 01:14:05.440692 np0000180506 nova-scheduler[108663]: DEBUG cotyledon.oslo_config_glue [-] oslo_messaging_rabbit.rabbit_quorum_queue = False {{(pid=108663) log_opt_values /opt/stack/data/venv/lib/python3.12/site-packages/oslo_config/cfg.py:3253}}
Jun 16 01:14:05.440692 np0000180506 nova-scheduler[108663]: DEBUG cotyledon.oslo_config_glue [-] oslo_messaging_rabbit.rabbit_retry_backoff = 2 {{(pid=108663) log_opt_values /opt/stack/data/venv/lib/python3.12/site-packages/oslo_config/cfg.py:3253}}
Jun 16 01:14:05.440692 np0000180506 nova-scheduler[108663]: DEBUG cotyledon.oslo_config_glue [-] oslo_messaging_rabbit.rabbit_retry_interval = 1 {{(pid=108663) log_opt_values /opt/stack/data/venv/lib/python3.12/site-packages/oslo_config/cfg.py:3253}}
Jun 16 01:14:05.440692 np0000180506 nova-scheduler[108663]: DEBUG cotyledon.oslo_config_glue [-] oslo_messaging_rabbit.rabbit_stream_fanout = False {{(pid=108663) log_opt_values /opt/stack/data/venv/lib/python3.12/site-packages/oslo_config/cfg.py:3253}}
Jun 16 01:14:05.440692 np0000180506 nova-scheduler[108663]: DEBUG cotyledon.oslo_config_glue [-] oslo_messaging_rabbit.rabbit_transient_queues_ttl = 1800 {{(pid=108663) log_opt_values /opt/stack/data/venv/lib/python3.12/site-packages/oslo_config/cfg.py:3253}}
Jun 16 01:14:05.440692 np0000180506 nova-scheduler[108663]: DEBUG cotyledon.oslo_config_glue [-] oslo_messaging_rabbit.rabbit_transient_quorum_queue = False {{(pid=108663) log_opt_values /opt/stack/data/venv/lib/python3.12/site-packages/oslo_config/cfg.py:3253}}
Jun 16 01:14:05.440692 np0000180506 nova-scheduler[108663]: DEBUG cotyledon.oslo_config_glue [-] oslo_messaging_rabbit.rpc_conn_pool_size = 30 {{(pid=108663) log_opt_values /opt/stack/data/venv/lib/python3.12/site-packages/oslo_config/cfg.py:3253}}
Jun 16 01:14:05.440692 np0000180506 nova-scheduler[108663]: DEBUG cotyledon.oslo_config_glue [-] oslo_messaging_rabbit.ssl = False {{(pid=108663) log_opt_values /opt/stack/data/venv/lib/python3.12/site-packages/oslo_config/cfg.py:3253}}
Jun 16 01:14:05.440692 np0000180506 nova-scheduler[108663]: DEBUG cotyledon.oslo_config_glue [-] oslo_messaging_rabbit.ssl_ca_file = {{(pid=108663) log_opt_values /opt/stack/data/venv/lib/python3.12/site-packages/oslo_config/cfg.py:3253}}
Jun 16 01:14:05.440906 np0000180506 nova-scheduler[108663]: DEBUG cotyledon.oslo_config_glue [-] oslo_messaging_rabbit.ssl_cert_file = {{(pid=108663) log_opt_values /opt/stack/data/venv/lib/python3.12/site-packages/oslo_config/cfg.py:3253}}
Jun 16 01:14:05.440906 np0000180506 nova-scheduler[108663]: DEBUG cotyledon.oslo_config_glue [-] oslo_messaging_rabbit.ssl_enforce_fips_mode = False {{(pid=108663) log_opt_values /opt/stack/data/venv/lib/python3.12/site-packages/oslo_config/cfg.py:3253}}
Jun 16 01:14:05.440906 np0000180506 nova-scheduler[108663]: DEBUG cotyledon.oslo_config_glue [-] oslo_messaging_rabbit.ssl_enforce_hostname_verification = True {{(pid=108663) log_opt_values /opt/stack/data/venv/lib/python3.12/site-packages/oslo_config/cfg.py:3253}}
Jun 16 01:14:05.440906 np0000180506 nova-scheduler[108663]: DEBUG cotyledon.oslo_config_glue [-] oslo_messaging_rabbit.ssl_key_file = {{(pid=108663) log_opt_values /opt/stack/data/venv/lib/python3.12/site-packages/oslo_config/cfg.py:3253}}
Jun 16 01:14:05.440906 np0000180506 nova-scheduler[108663]: DEBUG cotyledon.oslo_config_glue [-] oslo_messaging_rabbit.ssl_version = {{(pid=108663) log_opt_values /opt/stack/data/venv/lib/python3.12/site-packages/oslo_config/cfg.py:3253}}
Jun 16 01:14:05.440906 np0000180506 nova-scheduler[108663]: DEBUG cotyledon.oslo_config_glue [-] oslo_messaging_rabbit.use_queue_manager = False {{(pid=108663) log_opt_values /opt/stack/data/venv/lib/python3.12/site-packages/oslo_config/cfg.py:3253}}
Jun 16 01:14:05.440906 np0000180506 nova-scheduler[108663]: DEBUG cotyledon.oslo_config_glue [-] oslo_messaging_notifications.driver = ['messagingv2'] {{(pid=108663) log_opt_values /opt/stack/data/venv/lib/python3.12/site-packages/oslo_config/cfg.py:3253}}
Jun 16 01:14:05.440906 np0000180506 nova-scheduler[108663]: DEBUG cotyledon.oslo_config_glue [-] oslo_messaging_notifications.retry = -1 {{(pid=108663) log_opt_values /opt/stack/data/venv/lib/python3.12/site-packages/oslo_config/cfg.py:3253}}
Jun 16 01:14:05.440906 np0000180506 nova-scheduler[108663]: DEBUG cotyledon.oslo_config_glue [-] oslo_messaging_notifications.topics = ['notifications'] {{(pid=108663) log_opt_values /opt/stack/data/venv/lib/python3.12/site-packages/oslo_config/cfg.py:3253}}
Jun 16 01:14:05.441131 np0000180506 nova-scheduler[108663]: DEBUG cotyledon.oslo_config_glue [-] oslo_messaging_notifications.transport_url = **** {{(pid=108663) log_opt_values /opt/stack/data/venv/lib/python3.12/site-packages/oslo_config/cfg.py:3253}}
Jun 16 01:14:05.441131 np0000180506 nova-scheduler[108663]: DEBUG cotyledon.oslo_config_glue [-] oslo_limit.auth_section = None {{(pid=108663) log_opt_values /opt/stack/data/venv/lib/python3.12/site-packages/oslo_config/cfg.py:3253}}
Jun 16 01:14:05.441131 np0000180506 nova-scheduler[108663]: DEBUG cotyledon.oslo_config_glue [-] oslo_limit.auth_type = None {{(pid=108663) log_opt_values /opt/stack/data/venv/lib/python3.12/site-packages/oslo_config/cfg.py:3253}}
Jun 16 01:14:05.441131 np0000180506 nova-scheduler[108663]: DEBUG cotyledon.oslo_config_glue [-] oslo_limit.cafile = None {{(pid=108663) log_opt_values /opt/stack/data/venv/lib/python3.12/site-packages/oslo_config/cfg.py:3253}}
Jun 16 01:14:05.441131 np0000180506 nova-scheduler[108663]: DEBUG cotyledon.oslo_config_glue [-] oslo_limit.certfile = None {{(pid=108663) log_opt_values /opt/stack/data/venv/lib/python3.12/site-packages/oslo_config/cfg.py:3253}}
Jun 16 01:14:05.441131 np0000180506 nova-scheduler[108663]: DEBUG cotyledon.oslo_config_glue [-] oslo_limit.collect_timing = False {{(pid=108663) log_opt_values /opt/stack/data/venv/lib/python3.12/site-packages/oslo_config/cfg.py:3253}}
Jun 16 01:14:05.441131 np0000180506 nova-scheduler[108663]: DEBUG cotyledon.oslo_config_glue [-] oslo_limit.connect_retries = None {{(pid=108663) log_opt_values /opt/stack/data/venv/lib/python3.12/site-packages/oslo_config/cfg.py:3253}}
Jun 16 01:14:05.441131 np0000180506 nova-scheduler[108663]: DEBUG cotyledon.oslo_config_glue [-] oslo_limit.connect_retry_delay = None {{(pid=108663) log_opt_values /opt/stack/data/venv/lib/python3.12/site-packages/oslo_config/cfg.py:3253}}
Jun 16 01:14:05.441131 np0000180506 nova-scheduler[108663]: DEBUG cotyledon.oslo_config_glue [-] oslo_limit.endpoint_id = None {{(pid=108663) log_opt_values /opt/stack/data/venv/lib/python3.12/site-packages/oslo_config/cfg.py:3253}}
Jun 16 01:14:05.441346 np0000180506 nova-scheduler[108663]: DEBUG cotyledon.oslo_config_glue [-] oslo_limit.endpoint_interface = public {{(pid=108663) log_opt_values /opt/stack/data/venv/lib/python3.12/site-packages/oslo_config/cfg.py:3253}}
Jun 16 01:14:05.441346 np0000180506 nova-scheduler[108663]: DEBUG cotyledon.oslo_config_glue [-] oslo_limit.endpoint_override = None {{(pid=108663) log_opt_values /opt/stack/data/venv/lib/python3.12/site-packages/oslo_config/cfg.py:3253}}
Jun 16 01:14:05.441346 np0000180506 nova-scheduler[108663]: DEBUG cotyledon.oslo_config_glue [-] oslo_limit.endpoint_region_name = None {{(pid=108663) log_opt_values /opt/stack/data/venv/lib/python3.12/site-packages/oslo_config/cfg.py:3253}}
Jun 16 01:14:05.441346 np0000180506 nova-scheduler[108663]: DEBUG cotyledon.oslo_config_glue [-] oslo_limit.endpoint_service_name = None {{(pid=108663) log_opt_values /opt/stack/data/venv/lib/python3.12/site-packages/oslo_config/cfg.py:3253}}
Jun 16 01:14:05.441346 np0000180506 nova-scheduler[108663]: DEBUG cotyledon.oslo_config_glue [-] oslo_limit.endpoint_service_type = None {{(pid=108663) log_opt_values /opt/stack/data/venv/lib/python3.12/site-packages/oslo_config/cfg.py:3253}}
Jun 16 01:14:05.441346 np0000180506 nova-scheduler[108663]: DEBUG cotyledon.oslo_config_glue [-] oslo_limit.insecure = False {{(pid=108663) log_opt_values /opt/stack/data/venv/lib/python3.12/site-packages/oslo_config/cfg.py:3253}}
Jun 16 01:14:05.441346 np0000180506 nova-scheduler[108663]: DEBUG cotyledon.oslo_config_glue [-] oslo_limit.keyfile = None {{(pid=108663) log_opt_values /opt/stack/data/venv/lib/python3.12/site-packages/oslo_config/cfg.py:3253}}
Jun 16 01:14:05.441346 np0000180506 nova-scheduler[108663]: DEBUG cotyledon.oslo_config_glue [-] oslo_limit.max_version = None {{(pid=108663) log_opt_values /opt/stack/data/venv/lib/python3.12/site-packages/oslo_config/cfg.py:3253}}
Jun 16 01:14:05.441346 np0000180506 nova-scheduler[108663]: DEBUG cotyledon.oslo_config_glue [-] oslo_limit.min_version = None {{(pid=108663) log_opt_values /opt/stack/data/venv/lib/python3.12/site-packages/oslo_config/cfg.py:3253}}
Jun 16 01:14:05.441547 np0000180506 nova-scheduler[108663]: DEBUG cotyledon.oslo_config_glue [-] oslo_limit.region_name = None {{(pid=108663) log_opt_values /opt/stack/data/venv/lib/python3.12/site-packages/oslo_config/cfg.py:3253}}
Jun 16 01:14:05.441547 np0000180506 nova-scheduler[108663]: DEBUG cotyledon.oslo_config_glue [-] oslo_limit.retriable_status_codes = None {{(pid=108663) log_opt_values /opt/stack/data/venv/lib/python3.12/site-packages/oslo_config/cfg.py:3253}}
Jun 16 01:14:05.441547 np0000180506 nova-scheduler[108663]: DEBUG cotyledon.oslo_config_glue [-] oslo_limit.service_name = None {{(pid=108663) log_opt_values /opt/stack/data/venv/lib/python3.12/site-packages/oslo_config/cfg.py:3253}}
Jun 16 01:14:05.441547 np0000180506 nova-scheduler[108663]: DEBUG cotyledon.oslo_config_glue [-] oslo_limit.service_type = None {{(pid=108663) log_opt_values /opt/stack/data/venv/lib/python3.12/site-packages/oslo_config/cfg.py:3253}}
Jun 16 01:14:05.441547 np0000180506 nova-scheduler[108663]: DEBUG cotyledon.oslo_config_glue [-] oslo_limit.split_loggers = False {{(pid=108663) log_opt_values /opt/stack/data/venv/lib/python3.12/site-packages/oslo_config/cfg.py:3253}}
Jun 16 01:14:05.441547 np0000180506 nova-scheduler[108663]: DEBUG cotyledon.oslo_config_glue [-] oslo_limit.status_code_retries = None {{(pid=108663) log_opt_values /opt/stack/data/venv/lib/python3.12/site-packages/oslo_config/cfg.py:3253}}
Jun 16 01:14:05.441547 np0000180506 nova-scheduler[108663]: DEBUG cotyledon.oslo_config_glue [-] oslo_limit.status_code_retry_delay = None {{(pid=108663) log_opt_values /opt/stack/data/venv/lib/python3.12/site-packages/oslo_config/cfg.py:3253}}
Jun 16 01:14:05.441547 np0000180506 nova-scheduler[108663]: DEBUG cotyledon.oslo_config_glue [-] oslo_limit.timeout = None {{(pid=108663) log_opt_values /opt/stack/data/venv/lib/python3.12/site-packages/oslo_config/cfg.py:3253}}
Jun 16 01:14:05.441547 np0000180506 nova-scheduler[108663]: DEBUG cotyledon.oslo_config_glue [-] oslo_limit.valid_interfaces = None {{(pid=108663) log_opt_values /opt/stack/data/venv/lib/python3.12/site-packages/oslo_config/cfg.py:3253}}
Jun 16 01:14:05.441840 np0000180506 nova-scheduler[108663]: DEBUG cotyledon.oslo_config_glue [-] oslo_limit.version = None {{(pid=108663) log_opt_values /opt/stack/data/venv/lib/python3.12/site-packages/oslo_config/cfg.py:3253}}
Jun 16 01:14:05.441840 np0000180506 nova-scheduler[108663]: DEBUG cotyledon.oslo_config_glue [-] oslo_reports.file_event_handler = None {{(pid=108663) log_opt_values /opt/stack/data/venv/lib/python3.12/site-packages/oslo_config/cfg.py:3253}}
Jun 16 01:14:05.441840 np0000180506 nova-scheduler[108663]: DEBUG cotyledon.oslo_config_glue [-] oslo_reports.file_event_handler_interval = 1 {{(pid=108663) log_opt_values /opt/stack/data/venv/lib/python3.12/site-packages/oslo_config/cfg.py:3253}}
Jun 16 01:14:05.441840 np0000180506 nova-scheduler[108663]: DEBUG cotyledon.oslo_config_glue [-] oslo_reports.log_dir = None {{(pid=108663) log_opt_values /opt/stack/data/venv/lib/python3.12/site-packages/oslo_config/cfg.py:3253}}
Jun 16 01:14:05.441840 np0000180506 nova-scheduler[108663]: DEBUG cotyledon.oslo_config_glue [-] ******************************************************************************** {{(pid=108663) log_opt_values /opt/stack/data/venv/lib/python3.12/site-packages/oslo_config/cfg.py:3260}}
Jun 16 01:14:05.441840 np0000180506 nova-scheduler[108663]: DEBUG cotyledon._service_worker [-] Run service ServiceWrapper(3) [108663] {{(pid=108663) wait_forever /opt/stack/data/venv/lib/python3.12/site-packages/cotyledon/_service_worker.py:218}}
Jun 16 01:14:05.441840 np0000180506 nova-scheduler[108663]: INFO nova.service [-] Starting scheduler node (version 33.1.0)
Jun 16 01:14:05.442003 np0000180506 nova-scheduler[108654]: INFO dbcounter [None req-1672f138-c05b-4dbe-93f9-0cb130268676 None None] Registered counter for database nova_cell0
Jun 16 01:14:05.442035 np0000180506 nova-scheduler[108663]: INFO dbcounter [None req-5df4c68d-153c-48f6-aedc-63cbf953520d None None] Registered counter for database nova_cell0
Jun 16 01:14:05.448645 np0000180506 nova-scheduler[108647]: DEBUG oslo_db.sqlalchemy.engines [None req-03ee2a11-6a58-4f2a-8940-a5417c3c3333 None None] MySQL server mode set to STRICT_TRANS_TABLES,STRICT_ALL_TABLES,NO_ZERO_IN_DATE,NO_ZERO_DATE,ERROR_FOR_DIVISION_BY_ZERO,TRADITIONAL,NO_ENGINE_SUBSTITUTION {{(pid=108647) _check_effective_sql_mode /opt/stack/data/venv/lib/python3.12/site-packages/oslo_db/sqlalchemy/engines.py:325}}
Jun 16 01:14:05.459178 np0000180506 nova-scheduler[108638]: DEBUG oslo_db.sqlalchemy.engines [None req-4d9c0028-f2dd-4f54-8a4f-7a7f21eeaad4 None None] MySQL server mode set to STRICT_TRANS_TABLES,STRICT_ALL_TABLES,NO_ZERO_IN_DATE,NO_ZERO_DATE,ERROR_FOR_DIVISION_BY_ZERO,TRADITIONAL,NO_ENGINE_SUBSTITUTION {{(pid=108638) _check_effective_sql_mode /opt/stack/data/venv/lib/python3.12/site-packages/oslo_db/sqlalchemy/engines.py:325}}
Jun 16 01:14:05.464226 np0000180506 nova-scheduler[108663]: DEBUG oslo_db.sqlalchemy.engines [None req-5df4c68d-153c-48f6-aedc-63cbf953520d None None] MySQL server mode set to STRICT_TRANS_TABLES,STRICT_ALL_TABLES,NO_ZERO_IN_DATE,NO_ZERO_DATE,ERROR_FOR_DIVISION_BY_ZERO,TRADITIONAL,NO_ENGINE_SUBSTITUTION {{(pid=108663) _check_effective_sql_mode /opt/stack/data/venv/lib/python3.12/site-packages/oslo_db/sqlalchemy/engines.py:325}}
Jun 16 01:14:05.469505 np0000180506 nova-scheduler[108647]: DEBUG dbcounter [-] [108647] Writer thread running {{(pid=108647) stat_writer /opt/stack/data/venv/lib/python3.12/site-packages/dbcounter.py:102}}
Jun 16 01:14:05.471936 np0000180506 nova-scheduler[108654]: DEBUG oslo_db.sqlalchemy.engines [None req-1672f138-c05b-4dbe-93f9-0cb130268676 None None] MySQL server mode set to STRICT_TRANS_TABLES,STRICT_ALL_TABLES,NO_ZERO_IN_DATE,NO_ZERO_DATE,ERROR_FOR_DIVISION_BY_ZERO,TRADITIONAL,NO_ENGINE_SUBSTITUTION {{(pid=108654) _check_effective_sql_mode /opt/stack/data/venv/lib/python3.12/site-packages/oslo_db/sqlalchemy/engines.py:325}}
Jun 16 01:14:05.476256 np0000180506 nova-scheduler[108663]: DEBUG dbcounter [-] [108663] Writer thread running {{(pid=108663) stat_writer /opt/stack/data/venv/lib/python3.12/site-packages/dbcounter.py:102}}
Jun 16 01:14:05.480405 np0000180506 nova-scheduler[108638]: DEBUG dbcounter [-] [108638] Writer thread running {{(pid=108638) stat_writer /opt/stack/data/venv/lib/python3.12/site-packages/dbcounter.py:102}}
Jun 16 01:14:05.484305 np0000180506 nova-scheduler[108654]: DEBUG dbcounter [-] [108654] Writer thread running {{(pid=108654) stat_writer /opt/stack/data/venv/lib/python3.12/site-packages/dbcounter.py:102}}
Jun 16 01:14:05.489642 np0000180506 nova-scheduler[108647]: DEBUG nova.service [None req-03ee2a11-6a58-4f2a-8940-a5417c3c3333 None None] Creating RPC server for service: nova-scheduler on topic: scheduler {{(pid=108647) start /opt/stack/nova/nova/service.py:196}}
Jun 16 01:14:05.496046 np0000180506 nova-scheduler[108663]: DEBUG nova.service [None req-5df4c68d-153c-48f6-aedc-63cbf953520d None None] Creating RPC server for service: nova-scheduler on topic: scheduler {{(pid=108663) start /opt/stack/nova/nova/service.py:196}}
Jun 16 01:14:05.505729 np0000180506 nova-scheduler[108654]: DEBUG nova.service [None req-1672f138-c05b-4dbe-93f9-0cb130268676 None None] Creating RPC server for service: nova-scheduler on topic: scheduler {{(pid=108654) start /opt/stack/nova/nova/service.py:196}}
Jun 16 01:14:05.505856 np0000180506 nova-scheduler[108638]: DEBUG nova.service [None req-4d9c0028-f2dd-4f54-8a4f-7a7f21eeaad4 None None] Creating RPC server for service: nova-scheduler on topic: scheduler {{(pid=108638) start /opt/stack/nova/nova/service.py:196}}
Jun 16 01:14:05.526987 np0000180506 nova-scheduler[108663]: DEBUG nova.service [None req-5df4c68d-153c-48f6-aedc-63cbf953520d None None] Join ServiceGroup membership for this service scheduler {{(pid=108663) start /opt/stack/nova/nova/service.py:222}}
Jun 16 01:14:05.527040 np0000180506 nova-scheduler[108647]: DEBUG nova.service [None req-03ee2a11-6a58-4f2a-8940-a5417c3c3333 None None] Join ServiceGroup membership for this service scheduler {{(pid=108647) start /opt/stack/nova/nova/service.py:222}}
Jun 16 01:14:05.527559 np0000180506 nova-scheduler[108647]: DEBUG nova.servicegroup.drivers.db [None req-03ee2a11-6a58-4f2a-8940-a5417c3c3333 None None] DB_Driver: join new ServiceGroup member np0000180506 to the scheduler group, service = {{(pid=108647) join /opt/stack/nova/nova/servicegroup/drivers/db.py:44}}
Jun 16 01:14:05.527603 np0000180506 nova-scheduler[108663]: DEBUG nova.servicegroup.drivers.db [None req-5df4c68d-153c-48f6-aedc-63cbf953520d None None] DB_Driver: join new ServiceGroup member np0000180506 to the scheduler group, service = {{(pid=108663) join /opt/stack/nova/nova/servicegroup/drivers/db.py:44}}
Jun 16 01:14:05.542796 np0000180506 nova-scheduler[108654]: DEBUG nova.service [None req-1672f138-c05b-4dbe-93f9-0cb130268676 None None] Join ServiceGroup membership for this service scheduler {{(pid=108654) start /opt/stack/nova/nova/service.py:222}}
Jun 16 01:14:05.543058 np0000180506 nova-scheduler[108654]: DEBUG nova.servicegroup.drivers.db [None req-1672f138-c05b-4dbe-93f9-0cb130268676 None None] DB_Driver: join new ServiceGroup member np0000180506 to the scheduler group, service = {{(pid=108654) join /opt/stack/nova/nova/servicegroup/drivers/db.py:44}}
Jun 16 01:14:05.544142 np0000180506 nova-scheduler[108638]: DEBUG nova.service [None req-4d9c0028-f2dd-4f54-8a4f-7a7f21eeaad4 None None] Join ServiceGroup membership for this service scheduler {{(pid=108638) start /opt/stack/nova/nova/service.py:222}}
Jun 16 01:14:05.544440 np0000180506 nova-scheduler[108638]: DEBUG nova.servicegroup.drivers.db [None req-4d9c0028-f2dd-4f54-8a4f-7a7f21eeaad4 None None] DB_Driver: join new ServiceGroup member np0000180506 to the scheduler group, service = {{(pid=108638) join /opt/stack/nova/nova/servicegroup/drivers/db.py:44}}
Jun 16 01:14:07.554752 np0000180506 nova-scheduler[108638]: DEBUG oslo.service.backend._threading.loopingcall [None req-c8b35831-ecfe-47db-91af-0301640d2c3d None None] Dynamic interval looping call 'nova.service.Service.periodic_tasks' sleeping for 60.00 seconds {{(pid=108638) _run_loop /opt/stack/data/venv/lib/python3.12/site-packages/oslo_service/backend/_threading/loopingcall.py:125}}
Jun 16 01:14:10.549495 np0000180506 nova-scheduler[108663]: DEBUG oslo.service.backend._threading.loopingcall [-] Fixed interval looping call 'nova.servicegroup.drivers.db.DbDriver._report_state' sleeping for 119.98 seconds {{(pid=108663) _run_loop /opt/stack/data/venv/lib/python3.12/site-packages/oslo_service/backend/_threading/loopingcall.py:125}}
Jun 16 01:14:10.552574 np0000180506 nova-scheduler[108647]: DEBUG oslo.service.backend._threading.loopingcall [-] Fixed interval looping call 'nova.servicegroup.drivers.db.DbDriver._report_state' sleeping for 119.98 seconds {{(pid=108647) _run_loop /opt/stack/data/venv/lib/python3.12/site-packages/oslo_service/backend/_threading/loopingcall.py:125}}
Jun 16 01:14:10.554341 np0000180506 nova-scheduler[108654]: DEBUG oslo.service.backend._threading.loopingcall [-] Fixed interval looping call 'nova.servicegroup.drivers.db.DbDriver._report_state' sleeping for 119.99 seconds {{(pid=108654) _run_loop /opt/stack/data/venv/lib/python3.12/site-packages/oslo_service/backend/_threading/loopingcall.py:125}}
Jun 16 01:14:10.555235 np0000180506 nova-scheduler[108638]: DEBUG oslo.service.backend._threading.loopingcall [-] Fixed interval looping call 'nova.servicegroup.drivers.db.DbDriver._report_state' sleeping for 119.99 seconds {{(pid=108638) _run_loop /opt/stack/data/venv/lib/python3.12/site-packages/oslo_service/backend/_threading/loopingcall.py:125}}
Jun 16 01:14:13.953857 np0000180506 nova-scheduler[107934]: DEBUG dbcounter [-] [107934] Writing DB stats nova_api:SELECT=3 {{(pid=107934) stat_writer /opt/stack/data/venv/lib/python3.12/site-packages/dbcounter.py:115}}
Jun 16 01:14:14.126645 np0000180506 nova-scheduler[107934]: DEBUG dbcounter [-] [107934] Writing DB stats nova_cell0:SELECT=1 {{(pid=107934) stat_writer /opt/stack/data/venv/lib/python3.12/site-packages/dbcounter.py:115}}
Jun 16 01:14:14.134001 np0000180506 nova-scheduler[107934]: DEBUG dbcounter [-] [107934] Writing DB stats nova_cell1:SELECT=1 {{(pid=107934) stat_writer /opt/stack/data/venv/lib/python3.12/site-packages/dbcounter.py:115}}
Jun 16 01:14:20.541768 np0000180506 nova-scheduler[108663]: DEBUG dbcounter [-] [108663] Writing DB stats nova_cell0:SELECT=5,nova_cell0:INSERT=1,nova_cell0:UPDATE=1 {{(pid=108663) stat_writer /opt/stack/data/venv/lib/python3.12/site-packages/dbcounter.py:115}}
Jun 16 01:14:20.548618 np0000180506 nova-scheduler[108647]: DEBUG dbcounter [-] [108647] Writing DB stats nova_cell0:SELECT=4,nova_cell0:INSERT=1,nova_cell0:UPDATE=1 {{(pid=108647) stat_writer /opt/stack/data/venv/lib/python3.12/site-packages/dbcounter.py:115}}
Jun 16 01:14:20.551536 np0000180506 nova-scheduler[108638]: DEBUG dbcounter [-] [108638] Writing DB stats nova_cell0:SELECT=4,nova_cell0:INSERT=1 {{(pid=108638) stat_writer /opt/stack/data/venv/lib/python3.12/site-packages/dbcounter.py:115}}
Jun 16 01:14:20.552072 np0000180506 nova-scheduler[108654]: DEBUG dbcounter [-] [108654] Writing DB stats nova_cell0:SELECT=4,nova_cell0:INSERT=1 {{(pid=108654) stat_writer /opt/stack/data/venv/lib/python3.12/site-packages/dbcounter.py:115}}
Jun 16 01:14:36.530451 np0000180506 nova-scheduler[108647]: DEBUG oslo.service.backend._threading.loopingcall [None req-5e527525-dc6c-49f6-ab8c-6435f76ddf08 None None] Dynamic interval looping call 'nova.service.Service.periodic_tasks' sleeping for 60.00 seconds {{(pid=108647) _run_loop /opt/stack/data/venv/lib/python3.12/site-packages/oslo_service/backend/_threading/loopingcall.py:125}}
Jun 16 01:14:43.554338 np0000180506 nova-scheduler[108654]: DEBUG oslo.service.backend._threading.loopingcall [None req-5a2e0e05-7c9b-47a2-8be9-01becb789f04 None None] Dynamic interval looping call 'nova.service.Service.periodic_tasks' sleeping for 60.00 seconds {{(pid=108654) _run_loop /opt/stack/data/venv/lib/python3.12/site-packages/oslo_service/backend/_threading/loopingcall.py:125}}
Jun 16 01:14:47.532229 np0000180506 nova-scheduler[108663]: DEBUG oslo.service.backend._threading.loopingcall [None req-5cb204fd-ccf5-4c78-b087-074876805305 None None] Dynamic interval looping call 'nova.service.Service.periodic_tasks' sleeping for 60.00 seconds {{(pid=108663) _run_loop /opt/stack/data/venv/lib/python3.12/site-packages/oslo_service/backend/_threading/loopingcall.py:125}}
Jun 16 01:15:07.555944 np0000180506 nova-scheduler[108638]: DEBUG oslo.service.backend._threading.loopingcall [None req-c8b35831-ecfe-47db-91af-0301640d2c3d None None] Dynamic interval looping call 'nova.service.Service.periodic_tasks' sleeping for 60.00 seconds {{(pid=108638) _run_loop /opt/stack/data/venv/lib/python3.12/site-packages/oslo_service/backend/_threading/loopingcall.py:125}}