Jun 19 21:39:32.819424 np0000182326 devstack@neutron-api.service[103005]: DEBUG neutron.plugins.ml2.drivers.ovn.mech_driver.ovsdb.ovsdb_monitor [None req-559e6287-ed2c-4e65-92ae-b9ee168a8cf5 None None] Hash Ring: Node 03d5558d09905b0485d7996e8c4ca86c (host: np0000182326) handling event "update" for row ff30d0c9-5017-4d23-ba27-c19df9b3f891 (table: Port_Binding) {{(pid=103005) notify /opt/stack/neutron/neutron/plugins/ml2/drivers/ovn/mech_driver/ovsdb/ovsdb_monitor.py:1015}}
Jun 19 21:39:32.821377 np0000182326 devstack@neutron-api.service[103004]: DEBUG neutron.plugins.ml2.drivers.ovn.mech_driver.ovsdb.ovsdb_monitor [None req-6478b3e5-d655-4a71-8660-8059c87681d5 None None] Hash Ring: Node 1942f13dc226569e98145677d14b6a68 (host: np0000182326) handling event "update" for row aa5a6aa8-df3f-4bfb-8efa-fb05f34c629b (table: Logical_Switch_Port) {{(pid=103004) notify /opt/stack/neutron/neutron/plugins/ml2/drivers/ovn/mech_driver/ovsdb/ovsdb_monitor.py:1015}}
Jun 19 21:39:32.822913 np0000182326 devstack@neutron-api.service[103004]: DEBUG neutron.plugins.ml2.drivers.ovn.mech_driver.ovsdb.ovsdb_monitor [None req-be5c930e-20b6-4855-96e0-dd82b39354ef None None] Hash Ring: Node 1942f13dc226569e98145677d14b6a68 (host: np0000182326) handling event "update" for row ff30d0c9-5017-4d23-ba27-c19df9b3f891 (table: Port_Binding) {{(pid=103004) notify /opt/stack/neutron/neutron/plugins/ml2/drivers/ovn/mech_driver/ovsdb/ovsdb_monitor.py:1015}}
Jun 19 21:39:32.862721 np0000182326 devstack@neutron-api.service[103004]: DEBUG ovsdbapp.backend.ovs_idl.event [None req-6478b3e5-d655-4a71-8660-8059c87681d5 None None] Matched UPDATE: LogicalSwitchPortUpdateLogicalRouterPortEvent(events=('update',), table='Logical_Switch_Port', conditions=None, old_conditions=None), priority=20 to row=Logical_Switch_Port(uuid=aa5a6aa8-df3f-4bfb-8efa-fb05f34c629b, addresses=['router'], dhcpv4_options=[], dhcpv6_options=[], dynamic_addresses=[], enabled=True, external_ids={'neutron:cidrs': '10.1.0.1/26', 'neutron:device_id': '3074be95-1f76-41c3-8778-d97564a092ed', 'neutron:device_owner': 'network:router_interface', 'neutron:mtu': '', 'neutron:network_name': 'neutron-2ea2fad8-65ed-46b8-a732-1e2444280e9c', 'neutron:port_capabilities': '', 'neutron:port_name': '', 'neutron:project_id': 'da60ab377c07402cb37e4cbe80be407c', 'neutron:revision_number': '2', 'neutron:security_group_ids': '', 'neutron:subnet_pool_addr_scope4': '', 'neutron:subnet_pool_addr_scope6': '', 'neutron:vnic_type': 'normal'}, ha_chassis_group=[], mirror_rules=[], name='915b85a7-aa5a-462d-902a-39c105096773', options={'router-port': 'lrp-915b85a7-aa5a-462d-902a-39c105096773'}, parent_name=[], port_security=[], tag=[], tag_request=[], type='router', up=True) old=Logical_Switch_Port(uuid=aa5a6aa8-df3f-4bfb-8efa-fb05f34c629b, external_ids={'neutron:cidrs': '10.1.0.1/26', 'neutron:device_id': '3074be95-1f76-41c3-8778-d97564a092ed', 'neutron:device_owner': 'network:router_interface', 'neutron:mtu': '', 'neutron:network_name': 'neutron-2ea2fad8-65ed-46b8-a732-1e2444280e9c', 'neutron:port_capabilities': '', 'neutron:port_name': '', 'neutron:project_id': 'da60ab377c07402cb37e4cbe80be407c', 'neutron:revision_number': '1', 'neutron:security_group_ids': '', 'neutron:subnet_pool_addr_scope4': '', 'neutron:subnet_pool_addr_scope6': '', 'neutron:vnic_type': 'normal'}) {{(pid=103004) matches /opt/stack/data/venv/lib/python3.12/site-packages/ovsdbapp/backend/ovs_idl/event.py:55}}
Jun 19 21:39:32.922520 np0000182326 devstack@neutron-api.service[103004]: INFO neutron.db.ovn_revision_numbers_db [None req-68ad577c-6cfd-4b8f-bce3-37180094969a None None] Successfully bumped revision number for resource 915b85a7-aa5a-462d-902a-39c105096773 (type: ports) to 2
Jun 19 21:39:32.927397 np0000182326 devstack@neutron-api.service[103004]: DEBUG neutron_lib.callbacks.manager [None req-68ad577c-6cfd-4b8f-bce3-37180094969a None None] Publish callbacks ['neutron.plugins.ml2.ovo_rpc._ObjectChangeHandler.handle_event-7355370', 'neutron.services.ovn_l3.plugin.OVNL3RouterPlugin._port_update-8217601037062'] for port (915b85a7-aa5a-462d-902a-39c105096773), after_update {{(pid=103004) _notify_loop /opt/stack/data/venv/lib/python3.12/site-packages/neutron_lib/callbacks/manager.py:184}}
Jun 19 21:39:32.980693 np0000182326 devstack@neutron-api.service[103004]: DEBUG neutron.api.rpc.handlers.resources_rpc [None req-de57513f-915d-4517-8ac2-b39f57097aef None None] Pushing event updated for resources: {'Port': ['ID=915b85a7-aa5a-462d-902a-39c105096773,revision_number=2']} {{(pid=103004) push /opt/stack/neutron/neutron/api/rpc/handlers/resources_rpc.py:237}}
Jun 19 21:39:32.988669 np0000182326 devstack@neutron-api.service[103004]: DEBUG neutron.api.rpc.callbacks.version_manager [None req-de57513f-915d-4517-8ac2-b39f57097aef None None] Tracked resource versions report:
Jun 19 21:39:32.988669 np0000182326 devstack@neutron-api.service[103004]: pushed versions:
Jun 19 21:39:32.988669 np0000182326 devstack@neutron-api.service[103004]: { 'AddressGroup': {'1.2'},
Jun 19 21:39:32.988669 np0000182326 devstack@neutron-api.service[103004]: 'Agent': {'1.1'},
Jun 19 21:39:32.988669 np0000182326 devstack@neutron-api.service[103004]: 'ConntrackHelper': {'1.0'},
Jun 19 21:39:32.988669 np0000182326 devstack@neutron-api.service[103004]: 'LocalIPAssociation': {'1.0'},
Jun 19 21:39:32.988669 np0000182326 devstack@neutron-api.service[103004]: 'Log': {'1.0'},
Jun 19 21:39:32.988669 np0000182326 devstack@neutron-api.service[103004]: 'NDPProxy': {'1.0'},
Jun 19 21:39:32.988669 np0000182326 devstack@neutron-api.service[103004]: 'Network': {'1.3'},
Jun 19 21:39:32.988669 np0000182326 devstack@neutron-api.service[103004]: 'Port': {'1.11'},
Jun 19 21:39:32.988669 np0000182326 devstack@neutron-api.service[103004]: 'PortForwarding': {'1.3'},
Jun 19 21:39:32.988669 np0000182326 devstack@neutron-api.service[103004]: 'QosPolicy': {'1.10'},
Jun 19 21:39:32.988669 np0000182326 devstack@neutron-api.service[103004]: 'SecurityGroup': {'1.6'},
Jun 19 21:39:32.988669 np0000182326 devstack@neutron-api.service[103004]: 'SecurityGroupRule': {'1.3'},
Jun 19 21:39:32.988669 np0000182326 devstack@neutron-api.service[103004]: 'SubPort': {'1.0'},
Jun 19 21:39:32.988669 np0000182326 devstack@neutron-api.service[103004]: 'Subnet': {'1.2'},
Jun 19 21:39:32.988669 np0000182326 devstack@neutron-api.service[103004]: 'Trunk': {'1.1'}}
Jun 19 21:39:32.988669 np0000182326 devstack@neutron-api.service[103004]: consumer versions:
Jun 19 21:39:32.988669 np0000182326 devstack@neutron-api.service[103004]: { OVN Neutron agent@np0000182326: {},
Jun 19 21:39:32.988669 np0000182326 devstack@neutron-api.service[103004]: OVN Controller Gateway agent@np0000182326: {}}
Jun 19 21:39:32.988669 np0000182326 devstack@neutron-api.service[103004]: {{(pid=103004) report /opt/stack/neutron/neutron/api/rpc/callbacks/version_manager.py:183}}
Jun 19 21:39:33.160521 np0000182326 devstack@neutron-api.service[103004]: DEBUG neutron.api.wsgi [None req-7fa3dd10-a856-4244-b323-5adf21da505d admin admin] Missing Content-Type {{(pid=103004) get_content_type /opt/stack/neutron/neutron/api/wsgi.py:80}}
Jun 19 21:39:33.210282 np0000182326 devstack@neutron-api.service[103004]: [pid: 103004|app: 0|req: 7/22] 199.204.45.177 () {64 vars in 1412 bytes} [Fri Jun 19 21:39:33 2026] GET /networking/v2.0/routers/3074be95-1f76-41c3-8778-d97564a092ed => generated 599 bytes in 55 msecs (HTTP/1.1 200) 4 headers in 157 bytes (1 switches on core 0)
Jun 19 21:39:33.262828 np0000182326 devstack@neutron-api.service[103002]: DEBUG neutron.pecan_wsgi.hooks.policy_enforcement [None req-4c1f857d-edae-4d52-8e82-121253cbcfde admin admin] Attributes excluded by policy engine: ['standard_attr_id'] {{(pid=103002) _exclude_attributes_by_policy /opt/stack/neutron/neutron/pecan_wsgi/hooks/policy_enforcement.py:259}}
Jun 19 21:39:33.264080 np0000182326 devstack@neutron-api.service[103002]: [pid: 103002|app: 0|req: 6/23] 199.204.45.177 () {64 vars in 1415 bytes} [Fri Jun 19 21:39:33 2026] GET /networking/v2.0/networks/ee2055af-0da5-4982-8739-8da401f148db => generated 717 bytes in 38 msecs (HTTP/1.1 200) 4 headers in 157 bytes (1 switches on core 0)
Jun 19 21:39:33.282387 np0000182326 devstack@neutron-api.service[103005]: DEBUG neutron.api.wsgi [None req-e2ed18ee-49cc-4ae8-81aa-05e40806664d admin admin] Missing Content-Type {{(pid=103005) get_content_type /opt/stack/neutron/neutron/api/wsgi.py:80}}
Jun 19 21:39:33.282866 np0000182326 devstack@neutron-api.service[103005]: DEBUG neutron.api.wsgi [None req-e2ed18ee-49cc-4ae8-81aa-05e40806664d admin admin] https://199.204.45.177/networking/v2.0/extensions/external-gateway-multihoming returned with HTTP 200 {{(pid=103005) __call__ /opt/stack/neutron/neutron/api/wsgi.py:540}}
Jun 19 21:39:33.283446 np0000182326 devstack@neutron-api.service[103005]: [pid: 103005|app: 0|req: 6/24] 199.204.45.177 () {64 vars in 1397 bytes} [Fri Jun 19 21:39:33 2026] GET /networking/v2.0/extensions/external-gateway-multihoming => generated 227 bytes in 5 msecs (HTTP/1.1 200) 4 headers in 157 bytes (1 switches on core 0)
Jun 19 21:39:33.554148 np0000182326 devstack@neutron-api.service[103003]: DEBUG neutron_lib.callbacks.manager [None req-f221c259-9650-4053-846b-0330340a533c admin admin] Publish callbacks [] for router_gateway (3074be95-1f76-41c3-8778-d97564a092ed), precommit_update {{(pid=103003) _notify_loop /opt/stack/data/venv/lib/python3.12/site-packages/neutron_lib/callbacks/manager.py:184}}
Jun 19 21:39:33.642102 np0000182326 devstack@neutron-api.service[103003]: DEBUG neutron_lib.callbacks.manager [None req-f221c259-9650-4053-846b-0330340a533c admin admin] Publish callbacks [] for router_gateway (3074be95-1f76-41c3-8778-d97564a092ed), before_create {{(pid=103003) _notify_loop /opt/stack/data/venv/lib/python3.12/site-packages/neutron_lib/callbacks/manager.py:184}}
Jun 19 21:39:33.675341 np0000182326 devstack@neutron-api.service[103003]: DEBUG neutron_lib.callbacks.manager [None req-f221c259-9650-4053-846b-0330340a533c admin admin] Publish callbacks ['neutron.plugins.ml2.plugin.SecurityGroupDbMixin._ensure_default_security_group_handler-129189'] for port (None), before_create {{(pid=103003) _notify_loop /opt/stack/data/venv/lib/python3.12/site-packages/neutron_lib/callbacks/manager.py:184}}
Jun 19 21:39:33.740496 np0000182326 devstack@neutron-api.service[103003]: DEBUG neutron.db.db_base_plugin_common [None req-f221c259-9650-4053-846b-0330340a533c admin admin] Allocated IP 172.24.5.184 (ee2055af-0da5-4982-8739-8da401f148db/244c3ec4-48c0-44ec-8493-06b7825aaae1/f99224b1-796a-4af2-9902-c948375212b0) {{(pid=103003) _store_ip_allocation /opt/stack/neutron/neutron/db/db_base_plugin_common.py:131}}
Jun 19 21:39:33.798663 np0000182326 devstack@neutron-api.service[103003]: DEBUG neutron_lib.callbacks.manager [None req-f221c259-9650-4053-846b-0330340a533c admin admin] Publish callbacks ['neutron.plugins.ml2.drivers.ovn.mech_driver.mech_driver.OVNMechanismDriver._validate_allowed_address_pairs-183937'] for allowed_address_pair (f99224b1-796a-4af2-9902-c948375212b0), before_create {{(pid=103003) _notify_loop /opt/stack/data/venv/lib/python3.12/site-packages/neutron_lib/callbacks/manager.py:184}}
Jun 19 21:39:33.799394 np0000182326 devstack@neutron-api.service[103003]: DEBUG neutron_lib.callbacks.manager [None req-f221c259-9650-4053-846b-0330340a533c admin admin] Publish callbacks [] for port (f99224b1-796a-4af2-9902-c948375212b0), precommit_create {{(pid=103003) _notify_loop /opt/stack/data/venv/lib/python3.12/site-packages/neutron_lib/callbacks/manager.py:184}}
Jun 19 21:39:33.799696 np0000182326 devstack@neutron-api.service[103003]: DEBUG neutron.plugins.ml2.drivers.ovn.mech_driver.mech_driver [None req-f221c259-9650-4053-846b-0330340a533c admin admin] No provisioning block for port f99224b1-796a-4af2-9902-c948375212b0 since it does not have a host {{(pid=103003) _is_port_provisioning_required /opt/stack/neutron/neutron/plugins/ml2/drivers/ovn/mech_driver/mech_driver.py:899}}
Jun 19 21:39:33.799881 np0000182326 devstack@neutron-api.service[103003]: DEBUG neutron.db.ovn_revision_numbers_db [None req-f221c259-9650-4053-846b-0330340a533c admin admin] create_initial_revision uuid=f99224b1-796a-4af2-9902-c948375212b0, type=ports, rev=-1 {{(pid=103003) create_initial_revision /opt/stack/neutron/neutron/db/ovn_revision_numbers_db.py:98}}
Jun 19 21:39:33.904335 np0000182326 devstack@neutron-api.service[103003]: DEBUG neutron.db.ovn_revision_numbers_db [None req-f221c259-9650-4053-846b-0330340a533c admin admin] create_initial_revision uuid=f99224b1-796a-4af2-9902-c948375212b0, type=router_ports, rev=-1 {{(pid=103003) create_initial_revision /opt/stack/neutron/neutron/db/ovn_revision_numbers_db.py:98}}
Jun 19 21:39:33.943069 np0000182326 devstack@neutron-api.service[103003]: DEBUG neutron_lib.callbacks.manager [None req-f221c259-9650-4053-846b-0330340a533c admin admin] Publish callbacks ['neutron.plugins.ml2.ovo_rpc._ObjectChangeHandler.handle_event-6669083'] for port (f99224b1-796a-4af2-9902-c948375212b0), after_create {{(pid=103003) _notify_loop /opt/stack/data/venv/lib/python3.12/site-packages/neutron_lib/callbacks/manager.py:184}}
Jun 19 21:39:33.979420 np0000182326 devstack@neutron-api.service[103003]: DEBUG neutron.api.rpc.handlers.resources_rpc [None req-f221c259-9650-4053-846b-0330340a533c admin admin] Pushing event updated for resources: {'Port': ['ID=f99224b1-796a-4af2-9902-c948375212b0,revision_number=1']} {{(pid=103003) push /opt/stack/neutron/neutron/api/rpc/handlers/resources_rpc.py:237}}
Jun 19 21:39:34.022543 np0000182326 devstack@neutron-api.service[103003]: DEBUG neutron.plugins.ml2.drivers.ovn.mech_driver.ovsdb.commands [None req-f221c259-9650-4053-846b-0330340a533c admin admin] Converting tag [] to a tag_request {{(pid=103003) _tag_column_to_tag_request /opt/stack/neutron/neutron/plugins/ml2/drivers/ovn/mech_driver/ovsdb/commands.py:205}}
Jun 19 21:39:34.024348 np0000182326 devstack@neutron-api.service[103003]: DEBUG ovsdbapp.backend.ovs_idl.transaction [None req-cb919218-c071-4056-a278-b2550cfe44ca None None] Running txn n=1 command(idx=0): AddLSwitchPortCommand(_result=None, lport=f99224b1-796a-4af2-9902-c948375212b0, lswitch=neutron-ee2055af-0da5-4982-8739-8da401f148db, may_exist=True, network_uuid=ee2055af-0da5-4982-8739-8da401f148db, columns={'addresses': ['unknown'], 'external_ids': {'neutron:port_name': '', 'neutron:device_id': '3074be95-1f76-41c3-8778-d97564a092ed', 'neutron:project_id': '', 'neutron:cidrs': '172.24.5.184/24', 'neutron:device_owner': 'network:router_gateway', 'neutron:subnet_pool_addr_scope4': '', 'neutron:subnet_pool_addr_scope6': '', 'neutron:network_name': 'neutron-ee2055af-0da5-4982-8739-8da401f148db', 'neutron:security_group_ids': '', 'neutron:revision_number': '1', 'neutron:vnic_type': 'normal', 'neutron:port_capabilities': '', 'neutron:mtu': ''}, 'parent_name': [], 'enabled': True, 'options': {}, 'type': '', 'port_security': [], 'dhcpv4_options': [], 'dhcpv6_options': [], 'tag_request': []}) {{(pid=103003) do_commit /opt/stack/data/venv/lib/python3.12/site-packages/ovsdbapp/backend/ovs_idl/transaction.py:89}}
Jun 19 21:39:34.025878 np0000182326 devstack@neutron-api.service[103003]: DEBUG ovsdbapp.backend.ovs_idl.transaction [None req-cb919218-c071-4056-a278-b2550cfe44ca None None] Running txn n=1 command(idx=1): QoSDelCommand(_result=None, switch=neutron-ee2055af-0da5-4982-8739-8da401f148db, conditions=[('direction', '=', 'to-lport'), ('priority', '=', 2002), ('match', '=', 'outport == "f99224b1-796a-4af2-9902-c948375212b0"')], if_exists=True) {{(pid=103003) do_commit /opt/stack/data/venv/lib/python3.12/site-packages/ovsdbapp/backend/ovs_idl/transaction.py:89}}
Jun 19 21:39:34.026467 np0000182326 devstack@neutron-api.service[103003]: DEBUG ovsdbapp.backend.ovs_idl.transaction [None req-cb919218-c071-4056-a278-b2550cfe44ca None None] Running txn n=1 command(idx=2): QoSDelCommand(_result=None, switch=neutron-ee2055af-0da5-4982-8739-8da401f148db, conditions=[('direction', '=', 'from-lport'), ('priority', '=', 2002), ('match', '=', 'inport == "f99224b1-796a-4af2-9902-c948375212b0"')], if_exists=True) {{(pid=103003) do_commit /opt/stack/data/venv/lib/python3.12/site-packages/ovsdbapp/backend/ovs_idl/transaction.py:89}}
Jun 19 21:39:34.026862 np0000182326 devstack@neutron-api.service[103003]: DEBUG ovsdbapp.backend.ovs_idl.transaction [None req-cb919218-c071-4056-a278-b2550cfe44ca None None] Running txn n=1 command(idx=3): UpdateLSwitchPortQosOptionsCommand(_result=None, lport=AddLSwitchPortCommand(_result=6ced47dc-aafe-4c99-9a2c-1d6547edcc1b, lport=f99224b1-796a-4af2-9902-c948375212b0, lswitch=neutron-ee2055af-0da5-4982-8739-8da401f148db, may_exist=True, network_uuid=ee2055af-0da5-4982-8739-8da401f148db, columns={'addresses': ['unknown'], 'external_ids': {'neutron:port_name': '', 'neutron:device_id': '3074be95-1f76-41c3-8778-d97564a092ed', 'neutron:project_id': '', 'neutron:cidrs': '172.24.5.184/24', 'neutron:device_owner': 'network:router_gateway', 'neutron:subnet_pool_addr_scope4': '', 'neutron:subnet_pool_addr_scope6': '', 'neutron:network_name': 'neutron-ee2055af-0da5-4982-8739-8da401f148db', 'neutron:security_group_ids': '', 'neutron:revision_number': '1', 'neutron:vnic_type': 'normal', 'neutron:port_capabilities': '', 'neutron:mtu': ''}, 'parent_name': [], 'enabled': True, 'options': {}, 'type': '', 'port_security': [], 'tag_request': []}), if_exists=True, qos={'qos_max_rate': None, 'qos_burst': None, 'qos_min_rate': None}) {{(pid=103003) do_commit /opt/stack/data/venv/lib/python3.12/site-packages/ovsdbapp/backend/ovs_idl/transaction.py:89}}
Jun 19 21:39:34.036312 np0000182326 devstack@neutron-api.service[103004]: DEBUG neutron.plugins.ml2.drivers.ovn.mech_driver.ovsdb.ovsdb_monitor [None req-6478b3e5-d655-4a71-8660-8059c87681d5 None None] Touching Hash Ring node "1942f13dc226569e98145677d14b6a68" from IDL notify handler {{(pid=103004) notify /opt/stack/neutron/neutron/plugins/ml2/drivers/ovn/mech_driver/ovsdb/ovsdb_monitor.py:1007}}
Jun 19 21:39:34.044754 np0000182326 devstack@neutron-api.service[103004]: DEBUG neutron.plugins.ml2.drivers.ovn.mech_driver.ovsdb.ovsdb_monitor [None req-be5c930e-20b6-4855-96e0-dd82b39354ef None None] Touching Hash Ring node "1942f13dc226569e98145677d14b6a68" from IDL notify handler {{(pid=103004) notify /opt/stack/neutron/neutron/plugins/ml2/drivers/ovn/mech_driver/ovsdb/ovsdb_monitor.py:1007}}
Jun 19 21:39:34.045527 np0000182326 devstack@neutron-api.service[103002]: DEBUG neutron.plugins.ml2.drivers.ovn.mech_driver.ovsdb.ovsdb_monitor [None req-519418f5-83e3-4e85-8b8a-1f7d2ab876c2 None None] Touching Hash Ring node "b21d06d8f9a85954877dbae69b370588" from IDL notify handler {{(pid=103002) notify /opt/stack/neutron/neutron/plugins/ml2/drivers/ovn/mech_driver/ovsdb/ovsdb_monitor.py:1007}}
Jun 19 21:39:34.049644 np0000182326 devstack@neutron-api.service[103002]: DEBUG neutron.plugins.ml2.drivers.ovn.mech_driver.ovsdb.ovsdb_monitor [None req-69cede5e-37e5-4742-b32c-51537a9ab731 None None] Touching Hash Ring node "b21d06d8f9a85954877dbae69b370588" from IDL notify handler {{(pid=103002) notify /opt/stack/neutron/neutron/plugins/ml2/drivers/ovn/mech_driver/ovsdb/ovsdb_monitor.py:1007}}
Jun 19 21:39:34.054838 np0000182326 devstack@neutron-api.service[103004]: DEBUG neutron.plugins.ml2.drivers.ovn.mech_driver.ovsdb.ovsdb_monitor [None req-6478b3e5-d655-4a71-8660-8059c87681d5 None None] Hash Ring: Node 1942f13dc226569e98145677d14b6a68 (host: np0000182326) handling event "update" for row ee2055af-0da5-4982-8739-8da401f148db (table: Logical_Switch) {{(pid=103004) notify /opt/stack/neutron/neutron/plugins/ml2/drivers/ovn/mech_driver/ovsdb/ovsdb_monitor.py:1015}}
Jun 19 21:39:34.056323 np0000182326 devstack@neutron-api.service[103004]: DEBUG neutron.plugins.ml2.drivers.ovn.mech_driver.ovsdb.ovsdb_monitor [None req-6478b3e5-d655-4a71-8660-8059c87681d5 None None] Touching Hash Ring node "1942f13dc226569e98145677d14b6a68" from IDL notify handler {{(pid=103004) notify /opt/stack/neutron/neutron/plugins/ml2/drivers/ovn/mech_driver/ovsdb/ovsdb_monitor.py:1007}}
Jun 19 21:39:34.057195 np0000182326 devstack@neutron-api.service[103002]: DEBUG neutron.plugins.ml2.drivers.ovn.mech_driver.ovsdb.ovsdb_monitor [None req-519418f5-83e3-4e85-8b8a-1f7d2ab876c2 None None] Hash Ring: Node b21d06d8f9a85954877dbae69b370588 (host: np0000182326) handling event "update" for row ee2055af-0da5-4982-8739-8da401f148db (table: Logical_Switch) {{(pid=103002) notify /opt/stack/neutron/neutron/plugins/ml2/drivers/ovn/mech_driver/ovsdb/ovsdb_monitor.py:1015}}
Jun 19 21:39:34.058059 np0000182326 devstack@neutron-api.service[103002]: DEBUG neutron.plugins.ml2.drivers.ovn.mech_driver.ovsdb.ovsdb_monitor [None req-69cede5e-37e5-4742-b32c-51537a9ab731 None None] Hash Ring: Node b21d06d8f9a85954877dbae69b370588 (host: np0000182326) handling event "create" for row 3af994c6-6eb9-4d82-b946-95ebfe0a720c (table: Port_Binding) {{(pid=103002) notify /opt/stack/neutron/neutron/plugins/ml2/drivers/ovn/mech_driver/ovsdb/ovsdb_monitor.py:1015}}
Jun 19 21:39:34.058205 np0000182326 devstack@neutron-api.service[103004]: DEBUG neutron.plugins.ml2.drivers.ovn.mech_driver.ovsdb.ovsdb_monitor [None req-be5c930e-20b6-4855-96e0-dd82b39354ef None None] Hash Ring: Node 1942f13dc226569e98145677d14b6a68 (host: np0000182326) handling event "create" for row 3af994c6-6eb9-4d82-b946-95ebfe0a720c (table: Port_Binding) {{(pid=103004) notify /opt/stack/neutron/neutron/plugins/ml2/drivers/ovn/mech_driver/ovsdb/ovsdb_monitor.py:1015}}
Jun 19 21:39:34.060785 np0000182326 devstack@neutron-api.service[103004]: DEBUG neutron.plugins.ml2.drivers.ovn.mech_driver.ovsdb.ovsdb_monitor [None req-6478b3e5-d655-4a71-8660-8059c87681d5 None None] Hash Ring: Node 1942f13dc226569e98145677d14b6a68 (host: np0000182326) handling event "create" for row fe00a82b-8408-4913-8782-5af5f8be0940 (table: Logical_Switch_Port) {{(pid=103004) notify /opt/stack/neutron/neutron/plugins/ml2/drivers/ovn/mech_driver/ovsdb/ovsdb_monitor.py:1015}}
Jun 19 21:39:34.062308 np0000182326 devstack@neutron-api.service[103004]: DEBUG ovsdbapp.backend.ovs_idl.event [None req-6478b3e5-d655-4a71-8660-8059c87681d5 None None] Matched CREATE: LogicalSwitchPortCreateEvent(events=('create',), table='Logical_Switch_Port', conditions=[], old_conditions=None), priority=20 to row=Logical_Switch_Port(uuid=fe00a82b-8408-4913-8782-5af5f8be0940, addresses=['unknown'], dhcpv4_options=[], dhcpv6_options=[], dynamic_addresses=[], enabled=True, external_ids={'neutron:cidrs': '172.24.5.184/24', 'neutron:device_id': '3074be95-1f76-41c3-8778-d97564a092ed', 'neutron:device_owner': 'network:router_gateway', 'neutron:mtu': '', 'neutron:network_name': 'neutron-ee2055af-0da5-4982-8739-8da401f148db', 'neutron:port_capabilities': '', 'neutron:port_name': '', 'neutron:project_id': '', 'neutron:revision_number': '1', 'neutron:security_group_ids': '', 'neutron:subnet_pool_addr_scope4': '', 'neutron:subnet_pool_addr_scope6': '', 'neutron:vnic_type': 'normal'}, ha_chassis_group=[], mirror_rules=[], name='f99224b1-796a-4af2-9902-c948375212b0', options={}, parent_name=[], port_security=[], tag=[], tag_request=[], type='', up=[]) old= {{(pid=103004) matches /opt/stack/data/venv/lib/python3.12/site-packages/ovsdbapp/backend/ovs_idl/event.py:55}}
Jun 19 21:39:34.064550 np0000182326 devstack@neutron-api.service[103004]: DEBUG neutron.plugins.ml2.drivers.ovn.mech_driver.ovsdb.ovsdb_monitor [None req-6478b3e5-d655-4a71-8660-8059c87681d5 None None] Touching Hash Ring node "1942f13dc226569e98145677d14b6a68" from IDL notify handler {{(pid=103004) notify /opt/stack/neutron/neutron/plugins/ml2/drivers/ovn/mech_driver/ovsdb/ovsdb_monitor.py:1007}}
Jun 19 21:39:34.067294 np0000182326 devstack@neutron-api.service[103004]: DEBUG neutron.plugins.ml2.drivers.ovn.mech_driver.ovsdb.ovsdb_monitor [None req-6478b3e5-d655-4a71-8660-8059c87681d5 None None] Hash Ring: Node 1942f13dc226569e98145677d14b6a68 (host: np0000182326) handling event "update" for row fe00a82b-8408-4913-8782-5af5f8be0940 (table: Logical_Switch_Port) {{(pid=103004) notify /opt/stack/neutron/neutron/plugins/ml2/drivers/ovn/mech_driver/ovsdb/ovsdb_monitor.py:1015}}
Jun 19 21:39:34.071701 np0000182326 devstack@neutron-api.service[103003]: INFO neutron.db.ovn_revision_numbers_db [None req-f221c259-9650-4053-846b-0330340a533c admin admin] Successfully bumped revision number for resource f99224b1-796a-4af2-9902-c948375212b0 (type: ports) to 1
Jun 19 21:39:34.207854 np0000182326 devstack@neutron-api.service[103003]: DEBUG neutron_lib.callbacks.manager [None req-f221c259-9650-4053-846b-0330340a533c admin admin] Publish callbacks [] for router_gateway (3074be95-1f76-41c3-8778-d97564a092ed), after_create {{(pid=103003) _notify_loop /opt/stack/data/venv/lib/python3.12/site-packages/neutron_lib/callbacks/manager.py:184}}
Jun 19 21:39:34.750180 np0000182326 devstack@neutron-api.service[103003]: DEBUG neutron_lib.callbacks.manager [None req-f221c259-9650-4053-846b-0330340a533c admin admin] Publish callbacks ['neutron.services.ovn_l3.plugin.ExtraGatewaysDbOnlyMixin._process_bfd_ecmp_update-2019015', 'neutron.services.ovn_l3.service_providers.driver_controller.DriverController._update_router_provider-902252'] for router (3074be95-1f76-41c3-8778-d97564a092ed), precommit_update {{(pid=103003) _notify_loop /opt/stack/data/venv/lib/python3.12/site-packages/neutron_lib/callbacks/manager.py:184}}
Jun 19 21:39:34.754242 np0000182326 devstack@neutron-api.service[103003]: DEBUG neutron_lib.callbacks.manager [None req-f221c259-9650-4053-846b-0330340a533c admin admin] Publish callbacks ['neutron.services.ovn_l3.service_providers.ovn.OvnDriver._process_router_update-31875'] for router (3074be95-1f76-41c3-8778-d97564a092ed), after_update {{(pid=103003) _notify_loop /opt/stack/data/venv/lib/python3.12/site-packages/neutron_lib/callbacks/manager.py:184}}
Jun 19 21:39:35.280322 np0000182326 devstack@neutron-api.service[103003]: DEBUG ovsdbapp.backend.ovs_idl.transaction [None req-cb919218-c071-4056-a278-b2550cfe44ca None None] Running txn n=1 command(idx=0): CheckRevisionNumberCommand(_result=None, name=neutron-3074be95-1f76-41c3-8778-d97564a092ed, resource={'id': '3074be95-1f76-41c3-8778-d97564a092ed', 'name': 'router1', 'project_id': 'da60ab377c07402cb37e4cbe80be407c', 'admin_state_up': True, 'status': 'ACTIVE', 'enable_snat': True, 'external_gateway_info': {'network_id': 'ee2055af-0da5-4982-8739-8da401f148db', 'external_fixed_ips': [{'subnet_id': '244c3ec4-48c0-44ec-8493-06b7825aaae1', 'ip_address': '172.24.5.184'}], 'enable_snat': True}, 'gw_port_id': 'f99224b1-796a-4af2-9902-c948375212b0', 'description': '', 'availability_zones': [], 'distributed': False, 'ha': True, 'ha_vr_id': 0, 'availability_zone_hints': [], 'enable_default_route_ecmp': False, 'enable_default_route_bfd': False, 'external_gateways': [{'network_id': 'ee2055af-0da5-4982-8739-8da401f148db', 'external_fixed_ips': [{'ip_address': '172.24.5.184', 'subnet_id': '244c3ec4-48c0-44ec-8493-06b7825aaae1'}]}], 'routes': [], 'flavor_id': None, 'tags': [], 'created_at': '2026-06-19T21:39:28Z', 'updated_at': '2026-06-19T21:39:34Z', 'revision_number': 3, 'tenant_id': 'da60ab377c07402cb37e4cbe80be407c'}, resource_type=routers, if_exists=True) {{(pid=103003) do_commit /opt/stack/data/venv/lib/python3.12/site-packages/ovsdbapp/backend/ovs_idl/transaction.py:89}}
Jun 19 21:39:35.280886 np0000182326 devstack@neutron-api.service[103003]: DEBUG ovsdbapp.backend.ovs_idl.transaction [None req-cb919218-c071-4056-a278-b2550cfe44ca None None] Running txn n=1 command(idx=1): DeleteLRouterExtGwCommand(_result=None, lrouter=neutron-3074be95-1f76-41c3-8778-d97564a092ed, if_exists=True, maintain_bfd=True) {{(pid=103003) do_commit /opt/stack/data/venv/lib/python3.12/site-packages/ovsdbapp/backend/ovs_idl/transaction.py:89}}
Jun 19 21:39:35.281640 np0000182326 devstack@neutron-api.service[103003]: DEBUG ovsdbapp.backend.ovs_idl.transaction [None req-cb919218-c071-4056-a278-b2550cfe44ca None None] Running txn n=1 command(idx=2): DeleteNATRuleInLRouterCommand(_result=None, lrouter=neutron-3074be95-1f76-41c3-8778-d97564a092ed, type=snat, logical_ip=10.1.0.0/26, external_ip=172.24.5.184, if_exists=True) {{(pid=103003) do_commit /opt/stack/data/venv/lib/python3.12/site-packages/ovsdbapp/backend/ovs_idl/transaction.py:89}}
Jun 19 21:39:35.281979 np0000182326 devstack@neutron-api.service[103003]: DEBUG ovsdbapp.backend.ovs_idl.transaction [None req-cb919218-c071-4056-a278-b2550cfe44ca None None] Running txn n=1 command(idx=3): DelStaticRoutesCommand(_result=None, lrouter=neutron-3074be95-1f76-41c3-8778-d97564a092ed, routes=[('0.0.0.0/0', '172.24.5.1')], if_exists=True) {{(pid=103003) do_commit /opt/stack/data/venv/lib/python3.12/site-packages/ovsdbapp/backend/ovs_idl/transaction.py:89}}
Jun 19 21:39:35.282239 np0000182326 devstack@neutron-api.service[103003]: DEBUG ovsdbapp.backend.ovs_idl.transaction [None req-cb919218-c071-4056-a278-b2550cfe44ca None None] Running txn n=1 command(idx=4): DelLRouterPortCommand(_result=None, name=lrp-f99224b1-796a-4af2-9902-c948375212b0, lrouter=neutron-3074be95-1f76-41c3-8778-d97564a092ed, if_exists=True) {{(pid=103003) do_commit /opt/stack/data/venv/lib/python3.12/site-packages/ovsdbapp/backend/ovs_idl/transaction.py:89}}
Jun 19 21:39:35.282548 np0000182326 devstack@neutron-api.service[103003]: DEBUG ovsdbapp.backend.ovs_idl.transaction [None req-cb919218-c071-4056-a278-b2550cfe44ca None None] Running txn n=1 command(idx=5): AddLRouterPortCommand(_result=None, name=lrp-f99224b1-796a-4af2-9902-c948375212b0, lrouter=neutron-3074be95-1f76-41c3-8778-d97564a092ed, may_exist=True, columns={'mac': 'fa:16:3e:19:a8:7a', 'networks': ['172.24.5.184/24'], 'external_ids': {'neutron:revision_number': '1', 'neutron:subnet_ids': '244c3ec4-48c0-44ec-8493-06b7825aaae1', 'neutron:network_name': 'neutron-ee2055af-0da5-4982-8739-8da401f148db', 'neutron:is_ext_gw': 'True', 'neutron:router_name': 'neutron-3074be95-1f76-41c3-8778-d97564a092ed'}, 'options': {'reside-on-redirect-chassis': 'true', 'gateway_mtu': '1372'}}) {{(pid=103003) do_commit /opt/stack/data/venv/lib/python3.12/site-packages/ovsdbapp/backend/ovs_idl/transaction.py:89}}
Jun 19 21:39:35.283229 np0000182326 devstack@neutron-api.service[103003]: DEBUG ovsdbapp.backend.ovs_idl.transaction [None req-cb919218-c071-4056-a278-b2550cfe44ca None None] Running txn n=1 command(idx=6): ScheduleNewGatewayCommand(_result=None, g_name=lrp-f99224b1-796a-4af2-9902-c948375212b0, sb_api=, lrouter_name=neutron-3074be95-1f76-41c3-8778-d97564a092ed, ovn_client=, scheduler=, physnet=public, az_hints=[]) {{(pid=103003) do_commit /opt/stack/data/venv/lib/python3.12/site-packages/ovsdbapp/backend/ovs_idl/transaction.py:89}}
Jun 19 21:39:35.284289 np0000182326 devstack@neutron-api.service[103003]: DEBUG neutron.plugins.ml2.drivers.ovn.mech_driver.ovsdb.ovn_client [None req-cb919218-c071-4056-a278-b2550cfe44ca None None] Chassis candidates for scheduling gateway router ports for "public" physical network: ['b33ad71d-a3df-4bc4-9bfe-0ab0527813d8'] {{(pid=103003) get_candidates_for_scheduling /opt/stack/neutron/neutron/plugins/ml2/drivers/ovn/mech_driver/ovsdb/ovn_client.py:1753}}
Jun 19 21:39:35.285103 np0000182326 devstack@neutron-api.service[103003]: DEBUG neutron.scheduler.l3_ovn_scheduler [None req-cb919218-c071-4056-a278-b2550cfe44ca None None] Gateway lrp-f99224b1-796a-4af2-9902-c948375212b0 scheduled on chassis ['b33ad71d-a3df-4bc4-9bfe-0ab0527813d8'] {{(pid=103003) _schedule_gateway /opt/stack/neutron/neutron/scheduler/l3_ovn_scheduler.py:88}}
Jun 19 21:39:35.285859 np0000182326 devstack@neutron-api.service[103003]: DEBUG ovsdbapp.backend.ovs_idl.transaction [None req-cb919218-c071-4056-a278-b2550cfe44ca None None] Running txn n=1 command(idx=7): SetLRouterPortInLSwitchPortCommand(_result=None, lswitch_port=f99224b1-796a-4af2-9902-c948375212b0, lrouter_port=lrp-f99224b1-796a-4af2-9902-c948375212b0, is_gw_port=True, if_exists=True, lsp_address=router) {{(pid=103003) do_commit /opt/stack/data/venv/lib/python3.12/site-packages/ovsdbapp/backend/ovs_idl/transaction.py:89}}
Jun 19 21:39:35.286376 np0000182326 devstack@neutron-api.service[103003]: DEBUG ovsdbapp.backend.ovs_idl.transaction [None req-cb919218-c071-4056-a278-b2550cfe44ca None None] Running txn n=1 command(idx=8): AddStaticRouteCommand(_result=None, lrouter=neutron-3074be95-1f76-41c3-8778-d97564a092ed, maintain_bfd=False, columns={'ip_prefix': '0.0.0.0/0', 'nexthop': '172.24.5.1', 'external_ids': {'neutron:is_ext_gw': 'true', 'neutron:subnet_id': '244c3ec4-48c0-44ec-8493-06b7825aaae1', 'neutron:is_static_route': 'true'}}) {{(pid=103003) do_commit /opt/stack/data/venv/lib/python3.12/site-packages/ovsdbapp/backend/ovs_idl/transaction.py:89}}
Jun 19 21:39:35.286817 np0000182326 devstack@neutron-api.service[103003]: DEBUG ovsdbapp.backend.ovs_idl.transaction [None req-cb919218-c071-4056-a278-b2550cfe44ca None None] Running txn n=1 command(idx=9): AddNATRuleInLRouterCommand(_result=None, lrouter=neutron-3074be95-1f76-41c3-8778-d97564a092ed, nat_uuid=None, columns={'type': 'snat', 'logical_ip': '10.1.0.0/26', 'external_ip': '172.24.5.184'}) {{(pid=103003) do_commit /opt/stack/data/venv/lib/python3.12/site-packages/ovsdbapp/backend/ovs_idl/transaction.py:89}}
Jun 19 21:39:35.287206 np0000182326 devstack@neutron-api.service[103003]: DEBUG ovsdbapp.backend.ovs_idl.transaction [None req-cb919218-c071-4056-a278-b2550cfe44ca None None] Running txn n=1 command(idx=10): UpdateLRouterCommand(_result=None, name=neutron-3074be95-1f76-41c3-8778-d97564a092ed, columns={'external_ids': {'neutron:router_name': 'router1', 'neutron:revision_number': '3', 'neutron:availability_zone_hints': ''}, 'enabled': True}, if_exists=True) {{(pid=103003) do_commit /opt/stack/data/venv/lib/python3.12/site-packages/ovsdbapp/backend/ovs_idl/transaction.py:89}}
Jun 19 21:39:35.287677 np0000182326 devstack@neutron-api.service[103003]: DEBUG ovsdbapp.backend.ovs_idl.transaction [None req-cb919218-c071-4056-a278-b2550cfe44ca None None] Running txn n=1 command(idx=11): QoSDelCommand(_result=None, switch=neutron-ee2055af-0da5-4982-8739-8da401f148db, conditions=[('direction', '=', 'from-lport'), ('priority', '=', 2002), ('match', '=', 'inport == "f99224b1-796a-4af2-9902-c948375212b0"')], if_exists=True) {{(pid=103003) do_commit /opt/stack/data/venv/lib/python3.12/site-packages/ovsdbapp/backend/ovs_idl/transaction.py:89}}
Jun 19 21:39:35.287991 np0000182326 devstack@neutron-api.service[103003]: DEBUG ovsdbapp.backend.ovs_idl.transaction [None req-cb919218-c071-4056-a278-b2550cfe44ca None None] Running txn n=1 command(idx=12): QoSDelCommand(_result=None, switch=neutron-ee2055af-0da5-4982-8739-8da401f148db, conditions=[('direction', '=', 'to-lport'), ('priority', '=', 2002), ('match', '=', 'outport == "f99224b1-796a-4af2-9902-c948375212b0"')], if_exists=True) {{(pid=103003) do_commit /opt/stack/data/venv/lib/python3.12/site-packages/ovsdbapp/backend/ovs_idl/transaction.py:89}}
Jun 19 21:39:35.295928 np0000182326 devstack@neutron-api.service[103003]: DEBUG neutron.plugins.ml2.drivers.ovn.mech_driver.ovsdb.ovsdb_monitor [None req-cb919218-c071-4056-a278-b2550cfe44ca None None] Touching Hash Ring node "eb25e920a4645f948ec68bdeee87797d" from IDL notify handler {{(pid=103003) notify /opt/stack/neutron/neutron/plugins/ml2/drivers/ovn/mech_driver/ovsdb/ovsdb_monitor.py:1007}}
Jun 19 21:39:35.302520 np0000182326 devstack@neutron-api.service[103002]: DEBUG neutron.plugins.ml2.drivers.ovn.mech_driver.ovsdb.ovsdb_monitor [None req-519418f5-83e3-4e85-8b8a-1f7d2ab876c2 None None] Touching Hash Ring node "b21d06d8f9a85954877dbae69b370588" from IDL notify handler {{(pid=103002) notify /opt/stack/neutron/neutron/plugins/ml2/drivers/ovn/mech_driver/ovsdb/ovsdb_monitor.py:1007}}
Jun 19 21:39:35.306824 np0000182326 devstack@neutron-api.service[103004]: DEBUG neutron.plugins.ml2.drivers.ovn.mech_driver.ovsdb.ovsdb_monitor [None req-be5c930e-20b6-4855-96e0-dd82b39354ef None None] Touching Hash Ring node "1942f13dc226569e98145677d14b6a68" from IDL notify handler {{(pid=103004) notify /opt/stack/neutron/neutron/plugins/ml2/drivers/ovn/mech_driver/ovsdb/ovsdb_monitor.py:1007}}
Jun 19 21:39:35.308186 np0000182326 devstack@neutron-api.service[103002]: DEBUG neutron.plugins.ml2.drivers.ovn.mech_driver.ovsdb.ovsdb_monitor [None req-69cede5e-37e5-4742-b32c-51537a9ab731 None None] Touching Hash Ring node "b21d06d8f9a85954877dbae69b370588" from IDL notify handler {{(pid=103002) notify /opt/stack/neutron/neutron/plugins/ml2/drivers/ovn/mech_driver/ovsdb/ovsdb_monitor.py:1007}}
Jun 19 21:39:35.311312 np0000182326 devstack@neutron-api.service[103004]: DEBUG neutron.plugins.ml2.drivers.ovn.mech_driver.ovsdb.ovsdb_monitor [None req-6478b3e5-d655-4a71-8660-8059c87681d5 None None] Touching Hash Ring node "1942f13dc226569e98145677d14b6a68" from IDL notify handler {{(pid=103004) notify /opt/stack/neutron/neutron/plugins/ml2/drivers/ovn/mech_driver/ovsdb/ovsdb_monitor.py:1007}}
Jun 19 21:39:35.321457 np0000182326 devstack@neutron-api.service[103004]: DEBUG neutron.plugins.ml2.drivers.ovn.mech_driver.ovsdb.ovsdb_monitor [None req-6478b3e5-d655-4a71-8660-8059c87681d5 None None] Hash Ring: Node 1942f13dc226569e98145677d14b6a68 (host: np0000182326) handling event "create" for row 2679bced-df53-4c73-b38b-18aad4434aa3 (table: HA_Chassis) {{(pid=103004) notify /opt/stack/neutron/neutron/plugins/ml2/drivers/ovn/mech_driver/ovsdb/ovsdb_monitor.py:1015}}
Jun 19 21:39:35.322690 np0000182326 devstack@neutron-api.service[103004]: DEBUG neutron.plugins.ml2.drivers.ovn.mech_driver.ovsdb.ovsdb_monitor [None req-be5c930e-20b6-4855-96e0-dd82b39354ef None None] Hash Ring: Node 1942f13dc226569e98145677d14b6a68 (host: np0000182326) handling event "update" for row 3af994c6-6eb9-4d82-b946-95ebfe0a720c (table: Port_Binding) {{(pid=103004) notify /opt/stack/neutron/neutron/plugins/ml2/drivers/ovn/mech_driver/ovsdb/ovsdb_monitor.py:1015}}
Jun 19 21:39:35.324728 np0000182326 devstack@neutron-api.service[103002]: DEBUG neutron.plugins.ml2.drivers.ovn.mech_driver.ovsdb.ovsdb_monitor [None req-519418f5-83e3-4e85-8b8a-1f7d2ab876c2 None None] Hash Ring: Node b21d06d8f9a85954877dbae69b370588 (host: np0000182326) handling event "update" for row 0706ec4a-7a7e-4c1d-984a-510dab746e29 (table: Logical_Router) {{(pid=103002) notify /opt/stack/neutron/neutron/plugins/ml2/drivers/ovn/mech_driver/ovsdb/ovsdb_monitor.py:1015}}
Jun 19 21:39:35.324890 np0000182326 devstack@neutron-api.service[103004]: DEBUG neutron.plugins.ml2.drivers.ovn.mech_driver.ovsdb.ovsdb_monitor [None req-be5c930e-20b6-4855-96e0-dd82b39354ef None None] Touching Hash Ring node "1942f13dc226569e98145677d14b6a68" from IDL notify handler {{(pid=103004) notify /opt/stack/neutron/neutron/plugins/ml2/drivers/ovn/mech_driver/ovsdb/ovsdb_monitor.py:1007}}
Jun 19 21:39:35.327106 np0000182326 devstack@neutron-api.service[103004]: DEBUG neutron.plugins.ml2.drivers.ovn.mech_driver.ovsdb.ovsdb_monitor [None req-6478b3e5-d655-4a71-8660-8059c87681d5 None None] Touching Hash Ring node "1942f13dc226569e98145677d14b6a68" from IDL notify handler {{(pid=103004) notify /opt/stack/neutron/neutron/plugins/ml2/drivers/ovn/mech_driver/ovsdb/ovsdb_monitor.py:1007}}
Jun 19 21:39:35.328947 np0000182326 devstack@neutron-api.service[103002]: DEBUG neutron.plugins.ml2.drivers.ovn.mech_driver.ovsdb.ovsdb_monitor [None req-69cede5e-37e5-4742-b32c-51537a9ab731 None None] Hash Ring: Node b21d06d8f9a85954877dbae69b370588 (host: np0000182326) handling event "update" for row 3af994c6-6eb9-4d82-b946-95ebfe0a720c (table: Port_Binding) {{(pid=103002) notify /opt/stack/neutron/neutron/plugins/ml2/drivers/ovn/mech_driver/ovsdb/ovsdb_monitor.py:1015}}
Jun 19 21:39:35.330010 np0000182326 devstack@neutron-api.service[103002]: DEBUG neutron.plugins.ml2.drivers.ovn.mech_driver.ovsdb.ovsdb_monitor [None req-69cede5e-37e5-4742-b32c-51537a9ab731 None None] Touching Hash Ring node "b21d06d8f9a85954877dbae69b370588" from IDL notify handler {{(pid=103002) notify /opt/stack/neutron/neutron/plugins/ml2/drivers/ovn/mech_driver/ovsdb/ovsdb_monitor.py:1007}}
Jun 19 21:39:35.333984 np0000182326 devstack@neutron-api.service[103002]: DEBUG neutron.plugins.ml2.drivers.ovn.mech_driver.ovsdb.ovsdb_monitor [None req-69cede5e-37e5-4742-b32c-51537a9ab731 None None] Hash Ring: Node b21d06d8f9a85954877dbae69b370588 (host: np0000182326) handling event "create" for row 41abb43a-513a-4360-aeae-25dc356ea7d5 (table: Port_Binding) {{(pid=103002) notify /opt/stack/neutron/neutron/plugins/ml2/drivers/ovn/mech_driver/ovsdb/ovsdb_monitor.py:1015}}
Jun 19 21:39:35.334688 np0000182326 devstack@neutron-api.service[103004]: DEBUG neutron.plugins.ml2.drivers.ovn.mech_driver.ovsdb.ovsdb_monitor [None req-be5c930e-20b6-4855-96e0-dd82b39354ef None None] Hash Ring: Node 1942f13dc226569e98145677d14b6a68 (host: np0000182326) handling event "create" for row 41abb43a-513a-4360-aeae-25dc356ea7d5 (table: Port_Binding) {{(pid=103004) notify /opt/stack/neutron/neutron/plugins/ml2/drivers/ovn/mech_driver/ovsdb/ovsdb_monitor.py:1015}}
Jun 19 21:39:35.335103 np0000182326 devstack@neutron-api.service[103002]: DEBUG neutron.plugins.ml2.drivers.ovn.mech_driver.ovsdb.ovsdb_monitor [None req-69cede5e-37e5-4742-b32c-51537a9ab731 None None] Touching Hash Ring node "b21d06d8f9a85954877dbae69b370588" from IDL notify handler {{(pid=103002) notify /opt/stack/neutron/neutron/plugins/ml2/drivers/ovn/mech_driver/ovsdb/ovsdb_monitor.py:1007}}
Jun 19 21:39:35.336048 np0000182326 devstack@neutron-api.service[103004]: DEBUG neutron.plugins.ml2.drivers.ovn.mech_driver.ovsdb.ovsdb_monitor [None req-be5c930e-20b6-4855-96e0-dd82b39354ef None None] Touching Hash Ring node "1942f13dc226569e98145677d14b6a68" from IDL notify handler {{(pid=103004) notify /opt/stack/neutron/neutron/plugins/ml2/drivers/ovn/mech_driver/ovsdb/ovsdb_monitor.py:1007}}
Jun 19 21:39:35.337474 np0000182326 devstack@neutron-api.service[103004]: DEBUG neutron.plugins.ml2.drivers.ovn.mech_driver.ovsdb.ovsdb_monitor [None req-6478b3e5-d655-4a71-8660-8059c87681d5 None None] Hash Ring: Node 1942f13dc226569e98145677d14b6a68 (host: np0000182326) handling event "create" for row 8006d14b-cb05-4312-b384-e522d0171a6b (table: HA_Chassis_Group) {{(pid=103004) notify /opt/stack/neutron/neutron/plugins/ml2/drivers/ovn/mech_driver/ovsdb/ovsdb_monitor.py:1015}}
Jun 19 21:39:35.337610 np0000182326 devstack@neutron-api.service[103002]: DEBUG neutron.plugins.ml2.drivers.ovn.mech_driver.ovsdb.ovsdb_monitor [None req-69cede5e-37e5-4742-b32c-51537a9ab731 None None] Hash Ring: Node b21d06d8f9a85954877dbae69b370588 (host: np0000182326) handling event "create" for row d3e9ddf8-957f-41eb-a18e-2baa1cf96312 (table: Port_Binding) {{(pid=103002) notify /opt/stack/neutron/neutron/plugins/ml2/drivers/ovn/mech_driver/ovsdb/ovsdb_monitor.py:1015}}
Jun 19 21:39:35.338809 np0000182326 devstack@neutron-api.service[103002]: DEBUG neutron.plugins.ml2.drivers.ovn.mech_driver.ovsdb.ovsdb_monitor [None req-69cede5e-37e5-4742-b32c-51537a9ab731 None None] Touching Hash Ring node "b21d06d8f9a85954877dbae69b370588" from IDL notify handler {{(pid=103002) notify /opt/stack/neutron/neutron/plugins/ml2/drivers/ovn/mech_driver/ovsdb/ovsdb_monitor.py:1007}}
Jun 19 21:39:35.340298 np0000182326 devstack@neutron-api.service[103004]: DEBUG neutron.plugins.ml2.drivers.ovn.mech_driver.ovsdb.ovsdb_monitor [None req-6478b3e5-d655-4a71-8660-8059c87681d5 None None] Touching Hash Ring node "1942f13dc226569e98145677d14b6a68" from IDL notify handler {{(pid=103004) notify /opt/stack/neutron/neutron/plugins/ml2/drivers/ovn/mech_driver/ovsdb/ovsdb_monitor.py:1007}}
Jun 19 21:39:35.340751 np0000182326 devstack@neutron-api.service[103002]: DEBUG neutron.plugins.ml2.drivers.ovn.mech_driver.ovsdb.ovsdb_monitor [None req-69cede5e-37e5-4742-b32c-51537a9ab731 None None] Hash Ring: Node b21d06d8f9a85954877dbae69b370588 (host: np0000182326) handling event "update" for row 41abb43a-513a-4360-aeae-25dc356ea7d5 (table: Port_Binding) {{(pid=103002) notify /opt/stack/neutron/neutron/plugins/ml2/drivers/ovn/mech_driver/ovsdb/ovsdb_monitor.py:1015}}
Jun 19 21:39:35.342339 np0000182326 devstack@neutron-api.service[103002]: DEBUG ovsdbapp.backend.ovs_idl.event [None req-69cede5e-37e5-4742-b32c-51537a9ab731 None None] Matched UPDATE: PortBindingChassisEvent(events=('update',), table='Port_Binding', conditions=None, old_conditions=None), priority=20 to row=Port_Binding(uuid=41abb43a-513a-4360-aeae-25dc356ea7d5, additional_chassis=[], additional_encap=[], chassis=78887d16-cee7-4f6c-9a83-2b2ecb8000f3, datapath=eb9716ec-c6bf-46f0-83fe-220800b70e43, encap=[], external_ids={'neutron:is_ext_gw': 'True', 'neutron:network_name': 'neutron-ee2055af-0da5-4982-8739-8da401f148db', 'neutron:revision_number': '1', 'neutron:router_name': 'neutron-3074be95-1f76-41c3-8778-d97564a092ed', 'neutron:subnet_ids': '244c3ec4-48c0-44ec-8493-06b7825aaae1'}, gateway_chassis=[], logical_port='cr-lrp-f99224b1-796a-4af2-9902-c948375212b0', mac=['fa:16:3e:19:a8:7a 172.24.5.184/24'], mirror_rules=[], nat_addresses=[], options={'always-redirect': 'true', 'distributed-port': 'lrp-f99224b1-796a-4af2-9902-c948375212b0'}, parent_port=[], port_security=[], requested_additional_chassis=[], requested_chassis=[], tag=[], tunnel_key=3, type='chassisredirect', up=True, virtual_parent=[]) old=Port_Binding(uuid=41abb43a-513a-4360-aeae-25dc356ea7d5, chassis=[], up=False) {{(pid=103002) matches /opt/stack/data/venv/lib/python3.12/site-packages/ovsdbapp/backend/ovs_idl/event.py:55}}
Jun 19 21:39:35.343379 np0000182326 devstack@neutron-api.service[103002]: INFO neutron.plugins.ml2.drivers.ovn.mech_driver.ovsdb.ovsdb_monitor [-] Router 3074be95-1f76-41c3-8778-d97564a092ed is bound to host np0000182326
Jun 19 21:39:35.344796 np0000182326 devstack@neutron-api.service[103004]: DEBUG neutron.plugins.ml2.drivers.ovn.mech_driver.ovsdb.ovsdb_monitor [None req-6478b3e5-d655-4a71-8660-8059c87681d5 None None] Hash Ring: Node 1942f13dc226569e98145677d14b6a68 (host: np0000182326) handling event "update" for row 0706ec4a-7a7e-4c1d-984a-510dab746e29 (table: Logical_Router) {{(pid=103004) notify /opt/stack/neutron/neutron/plugins/ml2/drivers/ovn/mech_driver/ovsdb/ovsdb_monitor.py:1015}}
Jun 19 21:39:35.345913 np0000182326 devstack@neutron-api.service[103004]: DEBUG neutron.plugins.ml2.drivers.ovn.mech_driver.ovsdb.ovsdb_monitor [None req-6478b3e5-d655-4a71-8660-8059c87681d5 None None] Touching Hash Ring node "1942f13dc226569e98145677d14b6a68" from IDL notify handler {{(pid=103004) notify /opt/stack/neutron/neutron/plugins/ml2/drivers/ovn/mech_driver/ovsdb/ovsdb_monitor.py:1007}}
Jun 19 21:39:35.347221 np0000182326 devstack@neutron-api.service[103004]: DEBUG neutron.plugins.ml2.drivers.ovn.mech_driver.ovsdb.ovsdb_monitor [None req-be5c930e-20b6-4855-96e0-dd82b39354ef None None] Hash Ring: Node 1942f13dc226569e98145677d14b6a68 (host: np0000182326) handling event "create" for row d3e9ddf8-957f-41eb-a18e-2baa1cf96312 (table: Port_Binding) {{(pid=103004) notify /opt/stack/neutron/neutron/plugins/ml2/drivers/ovn/mech_driver/ovsdb/ovsdb_monitor.py:1015}}
Jun 19 21:39:35.348957 np0000182326 devstack@neutron-api.service[103003]: DEBUG neutron.plugins.ml2.drivers.ovn.mech_driver.ovsdb.ovsdb_monitor [None req-cb919218-c071-4056-a278-b2550cfe44ca None None] Hash Ring: Node eb25e920a4645f948ec68bdeee87797d (host: np0000182326) handling event "create" for row 8006d14b-cb05-4312-b384-e522d0171a6b (table: HA_Chassis_Group) {{(pid=103003) notify /opt/stack/neutron/neutron/plugins/ml2/drivers/ovn/mech_driver/ovsdb/ovsdb_monitor.py:1015}}
Jun 19 21:39:35.349977 np0000182326 devstack@neutron-api.service[103004]: DEBUG neutron.plugins.ml2.drivers.ovn.mech_driver.ovsdb.ovsdb_monitor [None req-be5c930e-20b6-4855-96e0-dd82b39354ef None None] Touching Hash Ring node "1942f13dc226569e98145677d14b6a68" from IDL notify handler {{(pid=103004) notify /opt/stack/neutron/neutron/plugins/ml2/drivers/ovn/mech_driver/ovsdb/ovsdb_monitor.py:1007}}
Jun 19 21:39:35.351227 np0000182326 devstack@neutron-api.service[103004]: DEBUG neutron.plugins.ml2.drivers.ovn.mech_driver.ovsdb.ovsdb_monitor [None req-6478b3e5-d655-4a71-8660-8059c87681d5 None None] Hash Ring: Node 1942f13dc226569e98145677d14b6a68 (host: np0000182326) handling event "create" for row c6617926-d369-475b-9a70-3dc06c8a7b77 (table: Logical_Router_Port) {{(pid=103004) notify /opt/stack/neutron/neutron/plugins/ml2/drivers/ovn/mech_driver/ovsdb/ovsdb_monitor.py:1015}}
Jun 19 21:39:35.352504 np0000182326 devstack@neutron-api.service[103004]: DEBUG ovsdbapp.backend.ovs_idl.event [None req-6478b3e5-d655-4a71-8660-8059c87681d5 None None] Matched CREATE: LogicalRouterPortEvent(events=('create', 'delete'), table='Logical_Router_Port', conditions=None, old_conditions=None), priority=20 to row=Logical_Router_Port(uuid=c6617926-d369-475b-9a70-3dc06c8a7b77, enabled=[], external_ids={'neutron:is_ext_gw': 'True', 'neutron:network_name': 'neutron-ee2055af-0da5-4982-8739-8da401f148db', 'neutron:revision_number': '1', 'neutron:router_name': 'neutron-3074be95-1f76-41c3-8778-d97564a092ed', 'neutron:subnet_ids': '244c3ec4-48c0-44ec-8493-06b7825aaae1'}, gateway_chassis=[], ha_chassis_group=8006d14b-cb05-4312-b384-e522d0171a6b, ipv6_prefix=[], ipv6_ra_configs={}, mac='fa:16:3e:19:a8:7a', name='lrp-f99224b1-796a-4af2-9902-c948375212b0', networks=['172.24.5.184/24'], options={'gateway_mtu': '1372', 'reside-on-redirect-chassis': 'true'}, peer=[], status={}) old= {{(pid=103004) matches /opt/stack/data/venv/lib/python3.12/site-packages/ovsdbapp/backend/ovs_idl/event.py:55}}
Jun 19 21:39:35.354750 np0000182326 devstack@neutron-api.service[103004]: DEBUG neutron.plugins.ml2.drivers.ovn.mech_driver.ovsdb.ovsdb_monitor [None req-6478b3e5-d655-4a71-8660-8059c87681d5 None None] Touching Hash Ring node "1942f13dc226569e98145677d14b6a68" from IDL notify handler {{(pid=103004) notify /opt/stack/neutron/neutron/plugins/ml2/drivers/ovn/mech_driver/ovsdb/ovsdb_monitor.py:1007}}
