Jun 19 21:39:12.969978 np0000182326 devstack@neutron-api.service[103002]: INFO neutron.api.extensions [None req-2e0a109e-518a-4aa1-8805-d94bfff79154 None None] Extension trunk not supported by any of loaded plugins
Jun 19 21:39:12.970061 np0000182326 devstack@neutron-api.service[103005]: DEBUG neutron_lib.callbacks.manager [None req-395b3c46-3318-41d2-b237-b1660c82477b None None] Subscribe: > router before_delete 55550000, False {{(pid=103005) subscribe /opt/stack/data/venv/lib/python3.12/site-packages/neutron_lib/callbacks/manager.py:52}}
Jun 19 21:39:12.970090 np0000182326 devstack@neutron-api.service[103002]: DEBUG neutron.api.extensions [None req-2e0a109e-518a-4aa1-8805-d94bfff79154 None None] Loading extension file: trunk_details.py {{(pid=103002) _load_all_extensions_from_path /opt/stack/neutron/neutron/api/extensions.py:449}}
Jun 19 21:39:12.970210 np0000182326 devstack@neutron-api.service[103005]: DEBUG neutron_lib.callbacks.manager [None req-395b3c46-3318-41d2-b237-b1660c82477b None None] Subscribe: port before_update 55550000, False {{(pid=103005) subscribe /opt/stack/data/venv/lib/python3.12/site-packages/neutron_lib/callbacks/manager.py:52}}
Jun 19 21:39:12.970341 np0000182326 devstack@neutron-api.service[103005]: DEBUG neutron_lib.callbacks.manager [None req-395b3c46-3318-41d2-b237-b1660c82477b None None] Subscribe: port after_update 55550000, False {{(pid=103005) subscribe /opt/stack/data/venv/lib/python3.12/site-packages/neutron_lib/callbacks/manager.py:52}}
Jun 19 21:39:12.970389 np0000182326 devstack@neutron-api.service[103002]: DEBUG neutron.api.extensions [None req-2e0a109e-518a-4aa1-8805-d94bfff79154 None None] Ext name="Trunk port details" alias="trunk-details" description="Expose trunk port details" updated="2016-01-01T10:00:00-00:00" {{(pid=103002) _check_extension /opt/stack/neutron/neutron/api/extensions.py:415}}
Jun 19 21:39:12.970417 np0000182326 devstack@neutron-api.service[103005]: DEBUG neutron_lib.callbacks.manager [None req-395b3c46-3318-41d2-b237-b1660c82477b None None] Subscribe: > port precommit_delete 55550000, False {{(pid=103005) subscribe /opt/stack/data/venv/lib/python3.12/site-packages/neutron_lib/callbacks/manager.py:52}}
Jun 19 21:39:12.970530 np0000182326 devstack@neutron-api.service[103005]: DEBUG neutron_lib.callbacks.manager [None req-395b3c46-3318-41d2-b237-b1660c82477b None None] Subscribe: port before_update 55550000, False {{(pid=103005) subscribe /opt/stack/data/venv/lib/python3.12/site-packages/neutron_lib/callbacks/manager.py:52}}
Jun 19 21:39:12.970569 np0000182326 devstack@neutron-api.service[103002]: INFO neutron.api.extensions [None req-2e0a109e-518a-4aa1-8805-d94bfff79154 None None] Extension trunk-details not supported by any of loaded plugins
Jun 19 21:39:12.970628 np0000182326 devstack@neutron-api.service[103005]: DEBUG neutron_lib.callbacks.manager [None req-395b3c46-3318-41d2-b237-b1660c82477b None None] Subscribe: port before_delete 55550000, False {{(pid=103005) subscribe /opt/stack/data/venv/lib/python3.12/site-packages/neutron_lib/callbacks/manager.py:52}}
Jun 19 21:39:12.970657 np0000182326 devstack@neutron-api.service[103002]: DEBUG neutron.api.extensions [None req-2e0a109e-518a-4aa1-8805-d94bfff79154 None None] Loading extension file: uplink_status_propagation.py {{(pid=103002) _load_all_extensions_from_path /opt/stack/neutron/neutron/api/extensions.py:449}}
Jun 19 21:39:12.970728 np0000182326 devstack@neutron-api.service[103005]: DEBUG neutron_lib.callbacks.manager [None req-395b3c46-3318-41d2-b237-b1660c82477b None None] Subscribe: > router precommit_create 55550000, False {{(pid=103005) subscribe /opt/stack/data/venv/lib/python3.12/site-packages/neutron_lib/callbacks/manager.py:52}}
Jun 19 21:39:12.970830 np0000182326 devstack@neutron-api.service[103005]: DEBUG neutron_lib.callbacks.manager [None req-395b3c46-3318-41d2-b237-b1660c82477b None None] Subscribe: > router precommit_create 55550000, False {{(pid=103005) subscribe /opt/stack/data/venv/lib/python3.12/site-packages/neutron_lib/callbacks/manager.py:52}}
Jun 19 21:39:12.970889 np0000182326 devstack@neutron-api.service[103002]: DEBUG neutron.api.extensions [None req-2e0a109e-518a-4aa1-8805-d94bfff79154 None None] Ext name="Uplink status propagation extension" alias="uplink-status-propagation" description="Provides ability to propagate port uplink status." updated="2018-05-31T18:00:00-00:00" {{(pid=103002) _check_extension /opt/stack/neutron/neutron/api/extensions.py:415}}
Jun 19 21:39:12.970935 np0000182326 devstack@neutron-api.service[103005]: DEBUG neutron_lib.callbacks.manager [None req-395b3c46-3318-41d2-b237-b1660c82477b None None] Subscribe: > router precommit_update 55550000, False {{(pid=103005) subscribe /opt/stack/data/venv/lib/python3.12/site-packages/neutron_lib/callbacks/manager.py:52}}
Jun 19 21:39:12.971036 np0000182326 devstack@neutron-api.service[103005]: DEBUG neutron_lib.callbacks.manager [None req-395b3c46-3318-41d2-b237-b1660c82477b None None] Subscribe: subnet after_update 55550000, False {{(pid=103005) subscribe /opt/stack/data/venv/lib/python3.12/site-packages/neutron_lib/callbacks/manager.py:52}}
Jun 19 21:39:12.971239 np0000182326 devstack@neutron-api.service[103005]: DEBUG neutron.quota.resource_registry [None req-395b3c46-3318-41d2-b237-b1660c82477b None None] Tracking information for resource: router configured {{(pid=103005) set_tracked_resource /opt/stack/neutron/neutron/quota/resource_registry.py:203}}
Jun 19 21:39:12.971304 np0000182326 devstack@neutron-api.service[103002]: INFO neutron.api.extensions [None req-2e0a109e-518a-4aa1-8805-d94bfff79154 None None] Extension uplink-status-propagation not supported by any of loaded plugins
Jun 19 21:39:12.971340 np0000182326 devstack@neutron-api.service[103005]: DEBUG neutron.quota.resource_registry [None req-395b3c46-3318-41d2-b237-b1660c82477b None None] Tracking information for resource: floatingip configured {{(pid=103005) set_tracked_resource /opt/stack/neutron/neutron/quota/resource_registry.py:203}}
Jun 19 21:39:12.971429 np0000182326 devstack@neutron-api.service[103002]: DEBUG neutron.api.extensions [None req-2e0a109e-518a-4aa1-8805-d94bfff79154 None None] Loading extension file: uplink_status_propagation_updatable.py {{(pid=103002) _load_all_extensions_from_path /opt/stack/neutron/neutron/api/extensions.py:449}}
Jun 19 21:39:12.971462 np0000182326 devstack@neutron-api.service[103005]: INFO neutron.services.ovn_l3.plugin [None req-395b3c46-3318-41d2-b237-b1660c82477b None None] Starting OVNL3RouterPlugin
Jun 19 21:39:12.971652 np0000182326 devstack@neutron-api.service[103005]: DEBUG neutron_lib.callbacks.manager [None req-395b3c46-3318-41d2-b237-b1660c82477b None None] Subscribe: > port_forwarding_plugin after_init 55550000, False {{(pid=103005) subscribe /opt/stack/data/venv/lib/python3.12/site-packages/neutron_lib/callbacks/manager.py:52}}
Jun 19 21:39:12.971683 np0000182326 devstack@neutron-api.service[103002]: DEBUG neutron.api.extensions [None req-2e0a109e-518a-4aa1-8805-d94bfff79154 None None] Ext name="Uplink status propagation updatable extension" alias="uplink-status-propagation-updatable" description="Provides ability to update the port uplink status." updated="2024-09-03T18:00:00-00:00" {{(pid=103002) _check_extension /opt/stack/neutron/neutron/api/extensions.py:415}}
Jun 19 21:39:12.971851 np0000182326 devstack@neutron-api.service[103002]: INFO neutron.api.extensions [None req-2e0a109e-518a-4aa1-8805-d94bfff79154 None None] Extension uplink-status-propagation-updatable not supported by any of loaded plugins
Jun 19 21:39:12.971884 np0000182326 devstack@neutron-api.service[103005]: DEBUG neutron_lib.callbacks.manager [None req-395b3c46-3318-41d2-b237-b1660c82477b None None] Subscribe: > router before_create 55550100, False {{(pid=103005) subscribe /opt/stack/data/venv/lib/python3.12/site-packages/neutron_lib/callbacks/manager.py:52}}
Jun 19 21:39:12.971947 np0000182326 devstack@neutron-api.service[103002]: DEBUG neutron.api.extensions [None req-2e0a109e-518a-4aa1-8805-d94bfff79154 None None] Loading extension file: vlantransparent.py {{(pid=103002) _load_all_extensions_from_path /opt/stack/neutron/neutron/api/extensions.py:449}}
Jun 19 21:39:12.972031 np0000182326 devstack@neutron-api.service[103005]: DEBUG neutron_lib.callbacks.manager [None req-395b3c46-3318-41d2-b237-b1660c82477b None None] Subscribe: > router precommit_delete 55550100, False {{(pid=103005) subscribe /opt/stack/data/venv/lib/python3.12/site-packages/neutron_lib/callbacks/manager.py:52}}
Jun 19 21:39:12.972152 np0000182326 devstack@neutron-api.service[103005]: DEBUG neutron_lib.callbacks.manager [None req-395b3c46-3318-41d2-b237-b1660c82477b None None] Subscribe: > router precommit_create 55550100, False {{(pid=103005) subscribe /opt/stack/data/venv/lib/python3.12/site-packages/neutron_lib/callbacks/manager.py:52}}
Jun 19 21:39:12.972152 np0000182326 devstack@neutron-api.service[103005]: DEBUG neutron_lib.callbacks.manager [None req-395b3c46-3318-41d2-b237-b1660c82477b None None] Subscribe: > router precommit_update 55550100, False {{(pid=103005) subscribe /opt/stack/data/venv/lib/python3.12/site-packages/neutron_lib/callbacks/manager.py:52}}
Jun 19 21:39:12.972249 np0000182326 devstack@neutron-api.service[103002]: DEBUG neutron.api.extensions [None req-2e0a109e-518a-4aa1-8805-d94bfff79154 None None] Ext name="Vlantransparent" alias="vlan-transparent" description="Provides Vlan Transparent Networks" updated="2015-03-23T09:00:00-00:00" {{(pid=103002) _check_extension /opt/stack/neutron/neutron/api/extensions.py:415}}
Jun 19 21:39:12.972417 np0000182326 devstack@neutron-api.service[103002]: INFO neutron.api.extensions [None req-2e0a109e-518a-4aa1-8805-d94bfff79154 None None] Loaded extension: vlan-transparent
Jun 19 21:39:12.974285 np0000182326 devstack@neutron-api.service[103002]: INFO neutron.quota.resource_registry [None req-2e0a109e-518a-4aa1-8805-d94bfff79154 None None] Creating instance of TrackedResource for resource:network
Jun 19 21:39:12.974624 np0000182326 devstack@neutron-api.service[103002]: INFO neutron.quota.resource_registry [None req-2e0a109e-518a-4aa1-8805-d94bfff79154 None None] Creating instance of TrackedResource for resource:subnet
Jun 19 21:39:12.974875 np0000182326 devstack@neutron-api.service[103002]: INFO neutron.quota.resource_registry [None req-2e0a109e-518a-4aa1-8805-d94bfff79154 None None] Creating instance of TrackedResource for resource:subnetpool
Jun 19 21:39:12.974875 np0000182326 devstack@neutron-api.service[103002]: INFO neutron.quota.resource_registry [None req-2e0a109e-518a-4aa1-8805-d94bfff79154 None None] Creating instance of TrackedResource for resource:port
Jun 19 21:39:12.975839 np0000182326 devstack@neutron-api.service[103005]: DEBUG neutron.services.provider_configuration [None req-395b3c46-3318-41d2-b237-b1660c82477b None None] Service providers = [] {{(pid=103005) parse_service_provider_opt /opt/stack/neutron/neutron/services/provider_configuration.py:170}}
Jun 19 21:39:12.975839 np0000182326 devstack@neutron-api.service[103005]: DEBUG neutron.db.servicetype_db [None req-395b3c46-3318-41d2-b237-b1660c82477b None None] Adding provider configuration for service L3_ROUTER_NAT {{(pid=103005) add_provider_configuration /opt/stack/neutron/neutron/db/servicetype_db.py:45}}
Jun 19 21:39:12.976711 np0000182326 devstack@neutron-api.service[103002]: DEBUG neutron.api.v2.resource_helper [None req-2e0a109e-518a-4aa1-8805-d94bfff79154 None None] Service L3_ROUTER_NAT assigned prefix: {{(pid=103002) build_resource_info /opt/stack/neutron/neutron/api/v2/resource_helper.py:77}}
Jun 19 21:39:12.977099 np0000182326 devstack@neutron-api.service[103005]: DEBUG neutron_lib.callbacks.manager [None req-395b3c46-3318-41d2-b237-b1660c82477b None None] Subscribe: > router precommit_create 55549900, False {{(pid=103005) subscribe /opt/stack/data/venv/lib/python3.12/site-packages/neutron_lib/callbacks/manager.py:52}}
Jun 19 21:39:12.977421 np0000182326 devstack@neutron-api.service[103002]: DEBUG neutron.api.v2.resource_helper [None req-2e0a109e-518a-4aa1-8805-d94bfff79154 None None] Service FLAVORS assigned prefix: {{(pid=103002) build_resource_info /opt/stack/neutron/neutron/api/v2/resource_helper.py:77}}
Jun 19 21:39:12.980890 np0000182326 devstack@neutron-api.service[103005]: DEBUG neutron_lib.callbacks.manager [None req-395b3c46-3318-41d2-b237-b1660c82477b None None] Subscribe: > router_interface after_create 55550000, False {{(pid=103005) subscribe /opt/stack/data/venv/lib/python3.12/site-packages/neutron_lib/callbacks/manager.py:52}}
Jun 19 21:39:12.980890 np0000182326 devstack@neutron-api.service[103005]: DEBUG neutron_lib.callbacks.manager [None req-395b3c46-3318-41d2-b237-b1660c82477b None None] Subscribe: > floatingip after_create 55550000, False {{(pid=103005) subscribe /opt/stack/data/venv/lib/python3.12/site-packages/neutron_lib/callbacks/manager.py:52}}
Jun 19 21:39:12.980890 np0000182326 devstack@neutron-api.service[103005]: DEBUG neutron_lib.callbacks.manager [None req-395b3c46-3318-41d2-b237-b1660c82477b None None] Subscribe: > floatingip precommit_create 55550000, False {{(pid=103005) subscribe /opt/stack/data/venv/lib/python3.12/site-packages/neutron_lib/callbacks/manager.py:52}}
Jun 19 21:39:12.980890 np0000182326 devstack@neutron-api.service[103005]: DEBUG neutron_lib.callbacks.manager [None req-395b3c46-3318-41d2-b237-b1660c82477b None None] Subscribe: > floatingip precommit_update 55550000, False {{(pid=103005) subscribe /opt/stack/data/venv/lib/python3.12/site-packages/neutron_lib/callbacks/manager.py:52}}
Jun 19 21:39:12.981306 np0000182326 devstack@neutron-api.service[103005]: DEBUG neutron_lib.callbacks.manager [None req-395b3c46-3318-41d2-b237-b1660c82477b None None] Subscribe: > floatingip after_delete 55550000, False {{(pid=103005) subscribe /opt/stack/data/venv/lib/python3.12/site-packages/neutron_lib/callbacks/manager.py:52}}
Jun 19 21:39:12.981306 np0000182326 devstack@neutron-api.service[103005]: DEBUG neutron_lib.callbacks.manager [None req-395b3c46-3318-41d2-b237-b1660c82477b None None] Subscribe: > floatingip after_status_update 55550000, False {{(pid=103005) subscribe /opt/stack/data/venv/lib/python3.12/site-packages/neutron_lib/callbacks/manager.py:52}}
Jun 19 21:39:12.981306 np0000182326 devstack@neutron-api.service[103005]: DEBUG neutron_lib.callbacks.manager [None req-395b3c46-3318-41d2-b237-b1660c82477b None None] Subscribe: > floatingip after_update 55550000, False {{(pid=103005) subscribe /opt/stack/data/venv/lib/python3.12/site-packages/neutron_lib/callbacks/manager.py:52}}
Jun 19 21:39:12.981306 np0000182326 devstack@neutron-api.service[103005]: DEBUG neutron_lib.callbacks.manager [None req-395b3c46-3318-41d2-b237-b1660c82477b None None] Subscribe: > port_forwarding after_create 55550000, False {{(pid=103005) subscribe /opt/stack/data/venv/lib/python3.12/site-packages/neutron_lib/callbacks/manager.py:52}}
Jun 19 21:39:12.981739 np0000182326 devstack@neutron-api.service[103005]: DEBUG neutron_lib.callbacks.manager [None req-395b3c46-3318-41d2-b237-b1660c82477b None None] Subscribe: > router_interface after_delete 55550000, False {{(pid=103005) subscribe /opt/stack/data/venv/lib/python3.12/site-packages/neutron_lib/callbacks/manager.py:52}}
Jun 19 21:39:12.981739 np0000182326 devstack@neutron-api.service[103005]: DEBUG neutron_lib.callbacks.manager [None req-395b3c46-3318-41d2-b237-b1660c82477b None None] Subscribe: > router after_create 55550000, False {{(pid=103005) subscribe /opt/stack/data/venv/lib/python3.12/site-packages/neutron_lib/callbacks/manager.py:52}}
Jun 19 21:39:12.981739 np0000182326 devstack@neutron-api.service[103005]: DEBUG neutron_lib.callbacks.manager [None req-395b3c46-3318-41d2-b237-b1660c82477b None None] Subscribe: > router precommit_create 55550000, False {{(pid=103005) subscribe /opt/stack/data/venv/lib/python3.12/site-packages/neutron_lib/callbacks/manager.py:52}}
Jun 19 21:39:12.981739 np0000182326 devstack@neutron-api.service[103005]: DEBUG neutron_lib.callbacks.manager [None req-395b3c46-3318-41d2-b237-b1660c82477b None None] Subscribe: > router after_delete 55550000, False {{(pid=103005) subscribe /opt/stack/data/venv/lib/python3.12/site-packages/neutron_lib/callbacks/manager.py:52}}
Jun 19 21:39:12.981981 np0000182326 devstack@neutron-api.service[103002]: DEBUG neutron.api.v2.resource_helper [None req-2e0a109e-518a-4aa1-8805-d94bfff79154 None None] Service L3_ROUTER_NAT assigned prefix: {{(pid=103002) build_resource_info /opt/stack/neutron/neutron/api/v2/resource_helper.py:77}}
Jun 19 21:39:12.982087 np0000182326 devstack@neutron-api.service[103005]: DEBUG neutron_lib.callbacks.manager [None req-395b3c46-3318-41d2-b237-b1660c82477b None None] Subscribe: > router after_update 55550000, False {{(pid=103005) subscribe /opt/stack/data/venv/lib/python3.12/site-packages/neutron_lib/callbacks/manager.py:52}}
Jun 19 21:39:12.982087 np0000182326 devstack@neutron-api.service[103005]: DEBUG neutron.services.service_base [None req-395b3c46-3318-41d2-b237-b1660c82477b None None] Loaded 'neutron.services.ovn_l3.service_providers.ovn.OvnDriver' provider for service L3_ROUTER_NAT {{(pid=103005) load_drivers /opt/stack/neutron/neutron/services/service_base.py:49}}
Jun 19 21:39:12.982087 np0000182326 devstack@neutron-api.service[103005]: DEBUG neutron_lib.callbacks.manager [None req-395b3c46-3318-41d2-b237-b1660c82477b None None] Subscribe: > process after_init 55550001, True {{(pid=103005) subscribe /opt/stack/data/venv/lib/python3.12/site-packages/neutron_lib/callbacks/manager.py:52}}
Jun 19 21:39:12.982087 np0000182326 devstack@neutron-api.service[103005]: DEBUG neutron.manager [None req-395b3c46-3318-41d2-b237-b1660c82477b None None] Successfully loaded L3_ROUTER_NAT plugin. Description: L3 Router Service Plugin for basic L3 forwarding using OVN {{(pid=103005) _create_and_add_service_plugin /opt/stack/neutron/neutron/manager.py:239}}
Jun 19 21:39:12.982087 np0000182326 devstack@neutron-api.service[103005]: INFO neutron.manager [None req-395b3c46-3318-41d2-b237-b1660c82477b None None] Loading Plugin: auto_allocate
Jun 19 21:39:12.982490 np0000182326 devstack@neutron-api.service[103002]: DEBUG neutron.api.v2.resource_helper [None req-2e0a109e-518a-4aa1-8805-d94bfff79154 None None] Service L3_ROUTER_NAT assigned prefix: {{(pid=103002) build_resource_info /opt/stack/neutron/neutron/api/v2/resource_helper.py:77}}
Jun 19 21:39:12.982490 np0000182326 devstack@neutron-api.service[103002]: INFO neutron.quota.resource_registry [None req-2e0a109e-518a-4aa1-8805-d94bfff79154 None None] Creating instance of TrackedResource for resource:router
Jun 19 21:39:12.982490 np0000182326 devstack@neutron-api.service[103002]: INFO neutron.quota.resource_registry [None req-2e0a109e-518a-4aa1-8805-d94bfff79154 None None] Creating instance of TrackedResource for resource:floatingip
Jun 19 21:39:12.982791 np0000182326 devstack@neutron-api.service[103005]: DEBUG neutron_lib.callbacks.manager [None req-395b3c46-3318-41d2-b237-b1660c82477b None None] Subscribe: network precommit_update 55550000, False {{(pid=103005) subscribe /opt/stack/data/venv/lib/python3.12/site-packages/neutron_lib/callbacks/manager.py:52}}
Jun 19 21:39:12.982791 np0000182326 devstack@neutron-api.service[103005]: DEBUG neutron_lib.callbacks.manager [None req-395b3c46-3318-41d2-b237-b1660c82477b None None] Subscribe: network precommit_create 55550000, False {{(pid=103005) subscribe /opt/stack/data/venv/lib/python3.12/site-packages/neutron_lib/callbacks/manager.py:52}}
Jun 19 21:39:12.982791 np0000182326 devstack@neutron-api.service[103005]: DEBUG neutron.manager [None req-395b3c46-3318-41d2-b237-b1660c82477b None None] Successfully loaded auto-allocated-topology plugin. Description: Auto Allocated Topology - aka get me a network. {{(pid=103005) _create_and_add_service_plugin /opt/stack/neutron/neutron/manager.py:239}}
Jun 19 21:39:12.982791 np0000182326 devstack@neutron-api.service[103005]: INFO neutron.manager [None req-395b3c46-3318-41d2-b237-b1660c82477b None None] Loading Plugin: tag
Jun 19 21:39:12.983146 np0000182326 devstack@neutron-api.service[103002]: INFO neutron.quota.resource_registry [None req-2e0a109e-518a-4aa1-8805-d94bfff79154 None None] Creating instance of CountableResource for resource:rbac_policy
Jun 19 21:39:12.983146 np0000182326 devstack@neutron-api.service[103002]: INFO neutron.quota.resource_registry [None req-2e0a109e-518a-4aa1-8805-d94bfff79154 None None] Creating instance of TrackedResource for resource:security_group
Jun 19 21:39:12.983146 np0000182326 devstack@neutron-api.service[103002]: INFO neutron.quota.resource_registry [None req-2e0a109e-518a-4aa1-8805-d94bfff79154 None None] Creating instance of TrackedResource for resource:security_group_rule
Jun 19 21:39:12.983329 np0000182326 devstack@neutron-api.service[103005]: DEBUG neutron.manager [None req-395b3c46-3318-41d2-b237-b1660c82477b None None] Successfully loaded TAG plugin. Description: Tag support {{(pid=103005) _create_and_add_service_plugin /opt/stack/neutron/neutron/manager.py:239}}
Jun 19 21:39:12.983459 np0000182326 devstack@neutron-api.service[103005]: INFO neutron.manager [None req-395b3c46-3318-41d2-b237-b1660c82477b None None] Loading Plugin: timestamp
Jun 19 21:39:12.983801 np0000182326 devstack@neutron-api.service[103002]: DEBUG neutron.api.v2.resource_helper [None req-2e0a109e-518a-4aa1-8805-d94bfff79154 None None] Service CORE assigned prefix: {{(pid=103002) build_resource_info /opt/stack/neutron/neutron/api/v2/resource_helper.py:77}}
Jun 19 21:39:12.983801 np0000182326 devstack@neutron-api.service[103002]: INFO neutron.quota.resource_registry [None req-2e0a109e-518a-4aa1-8805-d94bfff79154 None None] Creating instance of TrackedResource for resource:subnetpool
Jun 19 21:39:12.984208 np0000182326 devstack@neutron-api.service[103002]: WARNING neutron.quota.resource_registry [None req-2e0a109e-518a-4aa1-8805-d94bfff79154 None None] subnetpool is already registered
Jun 19 21:39:12.984426 np0000182326 devstack@neutron-api.service[103002]: DEBUG neutron.api.v2.resource_helper [None req-2e0a109e-518a-4aa1-8805-d94bfff79154 None None] Service CORE assigned prefix: {{(pid=103002) build_resource_info /opt/stack/neutron/neutron/api/v2/resource_helper.py:77}}
Jun 19 21:39:12.984617 np0000182326 devstack@neutron-api.service[103002]: INFO neutron.quota.resource_registry [None req-2e0a109e-518a-4aa1-8805-d94bfff79154 None None] Creating instance of TrackedResource for resource:subnetpool
Jun 19 21:39:12.984720 np0000182326 devstack@neutron-api.service[103005]: DEBUG neutron.manager [None req-395b3c46-3318-41d2-b237-b1660c82477b None None] Successfully loaded timestamp plugin. Description: Adds timestamps to Neutron resources with standard attributes {{(pid=103005) _create_and_add_service_plugin /opt/stack/neutron/neutron/manager.py:239}}
Jun 19 21:39:12.984927 np0000182326 devstack@neutron-api.service[103002]: WARNING neutron.quota.resource_registry [None req-2e0a109e-518a-4aa1-8805-d94bfff79154 None None] subnetpool is already registered
Jun 19 21:39:12.985027 np0000182326 devstack@neutron-api.service[103005]: INFO neutron.manager [None req-395b3c46-3318-41d2-b237-b1660c82477b None None] Loading Plugin: network_ip_availability
Jun 19 21:39:12.986562 np0000182326 devstack@neutron-api.service[103005]: DEBUG neutron.manager [None req-395b3c46-3318-41d2-b237-b1660c82477b None None] Successfully loaded network-ip-availability plugin. Description: Provides IP availability data for each network and subnet. {{(pid=103005) _create_and_add_service_plugin /opt/stack/neutron/neutron/manager.py:239}}
Jun 19 21:39:12.986562 np0000182326 devstack@neutron-api.service[103005]: INFO neutron.manager [None req-395b3c46-3318-41d2-b237-b1660c82477b None None] Loading Plugin: flavors
Jun 19 21:39:12.987452 np0000182326 devstack@neutron-api.service[103005]: DEBUG neutron.manager [None req-395b3c46-3318-41d2-b237-b1660c82477b None None] Successfully loaded FLAVORS plugin. Description: Neutron Flavors and Service Profiles manager plugin {{(pid=103005) _create_and_add_service_plugin /opt/stack/neutron/neutron/manager.py:239}}
Jun 19 21:39:12.987452 np0000182326 devstack@neutron-api.service[103005]: INFO neutron.manager [None req-395b3c46-3318-41d2-b237-b1660c82477b None None] Loading Plugin: revisions
Jun 19 21:39:12.987811 np0000182326 devstack@neutron-api.service[103002]: DEBUG neutron.api.v2.resource_helper [None req-2e0a109e-518a-4aa1-8805-d94bfff79154 None None] Service L3_ROUTER_NAT assigned prefix: {{(pid=103002) build_resource_info /opt/stack/neutron/neutron/api/v2/resource_helper.py:77}}
Jun 19 21:39:12.988297 np0000182326 devstack@neutron-api.service[103002]: DEBUG neutron.api.v2.resource_helper [None req-2e0a109e-518a-4aa1-8805-d94bfff79154 None None] Service FLAVORS assigned prefix: {{(pid=103002) build_resource_info /opt/stack/neutron/neutron/api/v2/resource_helper.py:77}}
Jun 19 21:39:12.988535 np0000182326 devstack@neutron-api.service[103005]: DEBUG neutron.manager [None req-395b3c46-3318-41d2-b237-b1660c82477b None None] Successfully loaded revision_plugin plugin. Description: Adds revision numbers to resources. {{(pid=103005) _create_and_add_service_plugin /opt/stack/neutron/neutron/manager.py:239}}
Jun 19 21:39:12.988683 np0000182326 devstack@neutron-api.service[103005]: DEBUG oslo_concurrency.lockutils [None req-395b3c46-3318-41d2-b237-b1660c82477b None None] Lock "manager" "released" by "neutron.manager.NeutronManager._create_instance" :: held 5.120s {{(pid=103005) inner /opt/stack/data/venv/lib/python3.12/site-packages/oslo_concurrency/lockutils.py:543}}
Jun 19 21:39:12.989012 np0000182326 devstack@neutron-api.service[103005]: DEBUG neutron.api.extensions [None req-395b3c46-3318-41d2-b237-b1660c82477b None None] get_extension_paths = OrderedDict({'/opt/stack/neutron/neutron/extensions': 1}) {{(pid=103005) get_extensions_path /opt/stack/neutron/neutron/api/extensions.py:640}}
Jun 19 21:39:12.989012 np0000182326 devstack@neutron-api.service[103005]: INFO neutron.api.extensions [None req-395b3c46-3318-41d2-b237-b1660c82477b None None] Initializing extension manager.
Jun 19 21:39:12.989353 np0000182326 devstack@neutron-api.service[103005]: DEBUG neutron.api.extensions [None req-395b3c46-3318-41d2-b237-b1660c82477b None None] Loading extension file: __init__.py {{(pid=103005) _load_all_extensions_from_path /opt/stack/neutron/neutron/api/extensions.py:449}}
Jun 19 21:39:12.989473 np0000182326 devstack@neutron-api.service[103002]: DEBUG neutron.api.v2.resource_helper [None req-2e0a109e-518a-4aa1-8805-d94bfff79154 None None] Service L3_ROUTER_NAT assigned prefix: {{(pid=103002) build_resource_info /opt/stack/neutron/neutron/api/v2/resource_helper.py:77}}
Jun 19 21:39:12.989618 np0000182326 devstack@neutron-api.service[103005]: DEBUG neutron.api.extensions [None req-395b3c46-3318-41d2-b237-b1660c82477b None None] Loading extension file: __pycache__ {{(pid=103005) _load_all_extensions_from_path /opt/stack/neutron/neutron/api/extensions.py:449}}
Jun 19 21:39:12.989618 np0000182326 devstack@neutron-api.service[103005]: DEBUG neutron.api.extensions [None req-395b3c46-3318-41d2-b237-b1660c82477b None None] Loading extension file: aap_reject_multicast.py {{(pid=103005) _load_all_extensions_from_path /opt/stack/neutron/neutron/api/extensions.py:449}}
Jun 19 21:39:12.989765 np0000182326 devstack@neutron-api.service[103005]: DEBUG neutron.api.extensions [None req-395b3c46-3318-41d2-b237-b1660c82477b None None] Ext name="Allowed address pairs reject multicast extension" alias="aap-reject-multicast" description="Reject multicast addresses in Allowed Address Pairs" updated="2026-04-01T00:00:00-00:00" {{(pid=103005) _check_extension /opt/stack/neutron/neutron/api/extensions.py:415}}
Jun 19 21:39:12.989996 np0000182326 devstack@neutron-api.service[103002]: DEBUG neutron.api.v2.resource_helper [None req-2e0a109e-518a-4aa1-8805-d94bfff79154 None None] Service L3_ROUTER_NAT assigned prefix: {{(pid=103002) build_resource_info /opt/stack/neutron/neutron/api/v2/resource_helper.py:77}}
Jun 19 21:39:12.989996 np0000182326 devstack@neutron-api.service[103002]: INFO neutron.quota.resource_registry [None req-2e0a109e-518a-4aa1-8805-d94bfff79154 None None] Creating instance of TrackedResource for resource:router
Jun 19 21:39:12.990383 np0000182326 devstack@neutron-api.service[103005]: INFO neutron.api.extensions [None req-395b3c46-3318-41d2-b237-b1660c82477b None None] Extension aap-reject-multicast not supported by any of loaded plugins
Jun 19 21:39:12.990383 np0000182326 devstack@neutron-api.service[103005]: DEBUG neutron.api.extensions [None req-395b3c46-3318-41d2-b237-b1660c82477b None None] Loading extension file: address_group.py {{(pid=103005) _load_all_extensions_from_path /opt/stack/neutron/neutron/api/extensions.py:449}}
Jun 19 21:39:12.990502 np0000182326 devstack@neutron-api.service[103002]: WARNING neutron.quota.resource_registry [None req-2e0a109e-518a-4aa1-8805-d94bfff79154 None None] router is already registered
Jun 19 21:39:12.990662 np0000182326 devstack@neutron-api.service[103005]: DEBUG neutron.api.extensions [None req-395b3c46-3318-41d2-b237-b1660c82477b None None] Ext name="Address group" alias="address-group" description="Support address group" updated="2020-07-15T10:00:00-00:00" {{(pid=103005) _check_extension /opt/stack/neutron/neutron/api/extensions.py:415}}
Jun 19 21:39:12.990662 np0000182326 devstack@neutron-api.service[103005]: INFO neutron.api.extensions [None req-395b3c46-3318-41d2-b237-b1660c82477b None None] Loaded extension: address-group
Jun 19 21:39:12.993835 np0000182326 devstack@neutron-api.service[103002]: INFO neutron.quota.resource_registry [None req-2e0a109e-518a-4aa1-8805-d94bfff79154 None None] Creating instance of TrackedResource for resource:floatingip
Jun 19 21:39:12.994054 np0000182326 devstack@neutron-api.service[103005]: DEBUG neutron.api.extensions [None req-395b3c46-3318-41d2-b237-b1660c82477b None None] Loading extension file: address_scope.py {{(pid=103005) _load_all_extensions_from_path /opt/stack/neutron/neutron/api/extensions.py:449}}
Jun 19 21:39:12.994460 np0000182326 devstack@neutron-api.service[103002]: WARNING neutron.quota.resource_registry [None req-2e0a109e-518a-4aa1-8805-d94bfff79154 None None] floatingip is already registered
Jun 19 21:39:12.994557 np0000182326 devstack@neutron-api.service[103005]: DEBUG neutron.api.extensions [None req-395b3c46-3318-41d2-b237-b1660c82477b None None] Ext name="Address scope" alias="address-scope" description="Address scopes extension." updated="2015-07-26T10:00:00-00:00" {{(pid=103005) _check_extension /opt/stack/neutron/neutron/api/extensions.py:415}}
Jun 19 21:39:12.994557 np0000182326 devstack@neutron-api.service[103005]: INFO neutron.api.extensions [None req-395b3c46-3318-41d2-b237-b1660c82477b None None] Loaded extension: address-scope
Jun 19 21:39:12.994557 np0000182326 devstack@neutron-api.service[103005]: DEBUG neutron.api.extensions [None req-395b3c46-3318-41d2-b237-b1660c82477b None None] Loading extension file: admin_state_down_before_update.py {{(pid=103005) _load_all_extensions_from_path /opt/stack/neutron/neutron/api/extensions.py:449}}
Jun 19 21:39:12.994557 np0000182326 devstack@neutron-api.service[103005]: DEBUG neutron.api.extensions [None req-395b3c46-3318-41d2-b237-b1660c82477b None None] Ext name="Enforce Router's Admin State Down Before Update Extension" alias="router-admin-state-down-before-update" description="Ensure that the admin state of a router is DOWN (admin_state_up=False) before updating the distributed attribute" updated="2019-07-02T15:56:00" {{(pid=103005) _check_extension /opt/stack/neutron/neutron/api/extensions.py:415}}
Jun 19 21:39:12.994557 np0000182326 devstack@neutron-api.service[103005]: INFO neutron.api.extensions [None req-395b3c46-3318-41d2-b237-b1660c82477b None None] Extension router-admin-state-down-before-update not supported by any of loaded plugins
Jun 19 21:39:12.994557 np0000182326 devstack@neutron-api.service[103005]: DEBUG neutron.api.extensions [None req-395b3c46-3318-41d2-b237-b1660c82477b None None] Loading extension file: agent.py {{(pid=103005) _load_all_extensions_from_path /opt/stack/neutron/neutron/api/extensions.py:449}}
Jun 19 21:39:12.994557 np0000182326 devstack@neutron-api.service[103005]: DEBUG neutron.api.extensions [None req-395b3c46-3318-41d2-b237-b1660c82477b None None] Ext name="agent" alias="agent" description="The agent management extension." updated="2013-02-03T10:00:00-00:00" {{(pid=103005) _check_extension /opt/stack/neutron/neutron/api/extensions.py:415}}
Jun 19 21:39:12.994804 np0000182326 devstack@neutron-api.service[103002]: INFO neutron.quota.resource_registry [None req-2e0a109e-518a-4aa1-8805-d94bfff79154 None None] Creating instance of CountableResource for resource:rbac_policy
Jun 19 21:39:12.994923 np0000182326 devstack@neutron-api.service[103005]: INFO neutron.api.extensions [None req-395b3c46-3318-41d2-b237-b1660c82477b None None] Loaded extension: agent
Jun 19 21:39:12.995044 np0000182326 devstack@neutron-api.service[103002]: WARNING neutron.quota.resource_registry [None req-2e0a109e-518a-4aa1-8805-d94bfff79154 None None] rbac_policy is already registered
Jun 19 21:39:12.995154 np0000182326 devstack@neutron-api.service[103005]: DEBUG neutron.api.extensions [None req-395b3c46-3318-41d2-b237-b1660c82477b None None] Loading extension file: agent_resources_synced.py {{(pid=103005) _load_all_extensions_from_path /opt/stack/neutron/neutron/api/extensions.py:449}}
Jun 19 21:39:12.995154 np0000182326 devstack@neutron-api.service[103005]: DEBUG neutron.api.extensions [None req-395b3c46-3318-41d2-b237-b1660c82477b None None] Ext name="Agent's Resource View Synced to Placement" alias="agent-resources-synced" description="Stores success/failure of last sync to Placement" updated="2018-12-19T00:00:00-00:00" {{(pid=103005) _check_extension /opt/stack/neutron/neutron/api/extensions.py:415}}
Jun 19 21:39:12.995154 np0000182326 devstack@neutron-api.service[103005]: INFO neutron.api.extensions [None req-395b3c46-3318-41d2-b237-b1660c82477b None None] Extension agent-resources-synced not supported by any of loaded plugins
Jun 19 21:39:12.995154 np0000182326 devstack@neutron-api.service[103005]: DEBUG neutron.api.extensions [None req-395b3c46-3318-41d2-b237-b1660c82477b None None] Loading extension file: agent_sort_key.py {{(pid=103005) _load_all_extensions_from_path /opt/stack/neutron/neutron/api/extensions.py:449}}
Jun 19 21:39:12.995154 np0000182326 devstack@neutron-api.service[103005]: DEBUG neutron.api.extensions [None req-395b3c46-3318-41d2-b237-b1660c82477b None None] Ext name="Agents Sort Key" alias="agent_sort_key" description="Enabling the keyword sort_key for sorting in agents." updated="2013-02-03T10:00:00-00:00" {{(pid=103005) _check_extension /opt/stack/neutron/neutron/api/extensions.py:415}}
Jun 19 21:39:12.995337 np0000182326 devstack@neutron-api.service[103002]: INFO neutron.quota.resource_registry [None req-2e0a109e-518a-4aa1-8805-d94bfff79154 None None] Creating instance of TrackedResource for resource:security_group
Jun 19 21:39:12.995625 np0000182326 devstack@neutron-api.service[103005]: INFO neutron.api.extensions [None req-395b3c46-3318-41d2-b237-b1660c82477b None None] Extension agent_sort_key not supported by any of loaded plugins
Jun 19 21:39:12.995982 np0000182326 devstack@neutron-api.service[103002]: WARNING neutron.quota.resource_registry [None req-2e0a109e-518a-4aa1-8805-d94bfff79154 None None] security_group is already registered
Jun 19 21:39:12.996079 np0000182326 devstack@neutron-api.service[103005]: DEBUG neutron.api.extensions [None req-395b3c46-3318-41d2-b237-b1660c82477b None None] Loading extension file: allowedaddresspairs.py {{(pid=103005) _load_all_extensions_from_path /opt/stack/neutron/neutron/api/extensions.py:449}}
Jun 19 21:39:12.996173 np0000182326 devstack@neutron-api.service[103002]: INFO neutron.quota.resource_registry [None req-2e0a109e-518a-4aa1-8805-d94bfff79154 None None] Creating instance of TrackedResource for resource:security_group_rule
Jun 19 21:39:12.996173 np0000182326 devstack@neutron-api.service[103002]: WARNING neutron.quota.resource_registry [None req-2e0a109e-518a-4aa1-8805-d94bfff79154 None None] security_group_rule is already registered
Jun 19 21:39:12.996326 np0000182326 devstack@neutron-api.service[103005]: DEBUG neutron.api.extensions [None req-395b3c46-3318-41d2-b237-b1660c82477b None None] Ext name="Allowed Address Pairs" alias="allowed-address-pairs" description="Provides allowed address pairs" updated="2013-07-23T10:00:00-00:00" {{(pid=103005) _check_extension /opt/stack/neutron/neutron/api/extensions.py:415}}
Jun 19 21:39:12.996326 np0000182326 devstack@neutron-api.service[103005]: INFO neutron.api.extensions [None req-395b3c46-3318-41d2-b237-b1660c82477b None None] Loaded extension: allowed-address-pairs
Jun 19 21:39:12.996326 np0000182326 devstack@neutron-api.service[103005]: DEBUG neutron.api.extensions [None req-395b3c46-3318-41d2-b237-b1660c82477b None None] Loading extension file: auto_allocated_topology.py {{(pid=103005) _load_all_extensions_from_path /opt/stack/neutron/neutron/api/extensions.py:449}}
Jun 19 21:39:12.996326 np0000182326 devstack@neutron-api.service[103005]: DEBUG neutron.api.extensions [None req-395b3c46-3318-41d2-b237-b1660c82477b None None] Ext name="Auto Allocated Topology Services" alias="auto-allocated-topology" description="Auto Allocated Topology Services." updated="2016-01-01T00:00:00-00:00" {{(pid=103005) _check_extension /opt/stack/neutron/neutron/api/extensions.py:415}}
Jun 19 21:39:12.996519 np0000182326 devstack@neutron-api.service[103002]: DEBUG neutron.api.v2.resource_helper [None req-2e0a109e-518a-4aa1-8805-d94bfff79154 None None] Service CORE assigned prefix: {{(pid=103002) build_resource_info /opt/stack/neutron/neutron/api/v2/resource_helper.py:77}}
Jun 19 21:39:12.996519 np0000182326 devstack@neutron-api.service[103002]: INFO neutron.quota.resource_registry [None req-2e0a109e-518a-4aa1-8805-d94bfff79154 None None] Creating instance of TrackedResource for resource:subnetpool
Jun 19 21:39:12.996635 np0000182326 devstack@neutron-api.service[103005]: INFO neutron.api.extensions [None req-395b3c46-3318-41d2-b237-b1660c82477b None None] Loaded extension: auto-allocated-topology
Jun 19 21:39:12.996635 np0000182326 devstack@neutron-api.service[103005]: DEBUG neutron.api.extensions [None req-395b3c46-3318-41d2-b237-b1660c82477b None None] Loading extension file: availability_zone.py {{(pid=103005) _load_all_extensions_from_path /opt/stack/neutron/neutron/api/extensions.py:449}}
Jun 19 21:39:12.996935 np0000182326 devstack@neutron-api.service[103002]: WARNING neutron.quota.resource_registry [None req-2e0a109e-518a-4aa1-8805-d94bfff79154 None None] subnetpool is already registered
Jun 19 21:39:12.997345 np0000182326 devstack@neutron-api.service[103005]: DEBUG neutron.api.extensions [None req-395b3c46-3318-41d2-b237-b1660c82477b None None] Ext name="Availability Zone" alias="availability_zone" description="The availability zone extension." updated="2015-01-01T10:00:00-00:00" {{(pid=103005) _check_extension /opt/stack/neutron/neutron/api/extensions.py:415}}
Jun 19 21:39:12.997568 np0000182326 devstack@neutron-api.service[103002]: DEBUG neutron.api.v2.resource_helper [None req-2e0a109e-518a-4aa1-8805-d94bfff79154 None None] Service CORE assigned prefix: {{(pid=103002) build_resource_info /opt/stack/neutron/neutron/api/v2/resource_helper.py:77}}
Jun 19 21:39:12.997707 np0000182326 devstack@neutron-api.service[103005]: INFO neutron.api.extensions [None req-395b3c46-3318-41d2-b237-b1660c82477b None None] Loaded extension: availability_zone
Jun 19 21:39:12.997707 np0000182326 devstack@neutron-api.service[103005]: DEBUG neutron.api.extensions [None req-395b3c46-3318-41d2-b237-b1660c82477b None None] Loading extension file: availability_zone_filter.py {{(pid=103005) _load_all_extensions_from_path /opt/stack/neutron/neutron/api/extensions.py:449}}
Jun 19 21:39:12.997842 np0000182326 devstack@neutron-api.service[103002]: INFO neutron.quota.resource_registry [None req-2e0a109e-518a-4aa1-8805-d94bfff79154 None None] Creating instance of TrackedResource for resource:subnetpool
Jun 19 21:39:12.997842 np0000182326 devstack@neutron-api.service[103002]: WARNING neutron.quota.resource_registry [None req-2e0a109e-518a-4aa1-8805-d94bfff79154 None None] subnetpool is already registered
Jun 19 21:39:12.998151 np0000182326 devstack@neutron-api.service[103005]: DEBUG neutron.api.extensions [None req-395b3c46-3318-41d2-b237-b1660c82477b None None] Ext name="Availability Zone Filter Extension" alias="availability_zone_filter" description="Add filter parameters to AvailabilityZone resource" updated="2018-06-22T10:00:00-00:00" {{(pid=103005) _check_extension /opt/stack/neutron/neutron/api/extensions.py:415}}
Jun 19 21:39:12.998151 np0000182326 devstack@neutron-api.service[103005]: INFO neutron.api.extensions [None req-395b3c46-3318-41d2-b237-b1660c82477b None None] Extension availability_zone_filter not supported by any of loaded plugins
Jun 19 21:39:12.998151 np0000182326 devstack@neutron-api.service[103005]: DEBUG neutron.api.extensions [None req-395b3c46-3318-41d2-b237-b1660c82477b None None] Loading extension file: data_plane_status.py {{(pid=103005) _load_all_extensions_from_path /opt/stack/neutron/neutron/api/extensions.py:449}}
Jun 19 21:39:12.998151 np0000182326 devstack@neutron-api.service[103005]: DEBUG neutron.api.extensions [None req-395b3c46-3318-41d2-b237-b1660c82477b None None] Ext name="Port data plane status extension" alias="data-plane-status" description="Expose status of underlying data plane" updated="2017-01-24T10:00:00-00:00" {{(pid=103005) _check_extension /opt/stack/neutron/neutron/api/extensions.py:415}}
Jun 19 21:39:12.998588 np0000182326 devstack@neutron-api.service[103002]: DEBUG neutron.api.extensions [None req-2e0a109e-518a-4aa1-8805-d94bfff79154 None None] Extended resource: extensions {{(pid=103002) __init__ /opt/stack/neutron/neutron/api/extensions.py:156}}
Jun 19 21:39:12.998684 np0000182326 devstack@neutron-api.service[103005]: INFO neutron.api.extensions [None req-395b3c46-3318-41d2-b237-b1660c82477b None None] Extension data-plane-status not supported by any of loaded plugins
Jun 19 21:39:12.998684 np0000182326 devstack@neutron-api.service[103005]: DEBUG neutron.api.extensions [None req-395b3c46-3318-41d2-b237-b1660c82477b None None] Loading extension file: default_subnetpools.py {{(pid=103005) _load_all_extensions_from_path /opt/stack/neutron/neutron/api/extensions.py:449}}
Jun 19 21:39:12.998684 np0000182326 devstack@neutron-api.service[103005]: DEBUG neutron.api.extensions [None req-395b3c46-3318-41d2-b237-b1660c82477b None None] Ext name="Default Subnetpools" alias="default-subnetpools" description="Provides ability to mark and use a subnetpool as the default." updated="2016-02-18T18:00:00-00:00" {{(pid=103005) _check_extension /opt/stack/neutron/neutron/api/extensions.py:415}}
Jun 19 21:39:12.998684 np0000182326 devstack@neutron-api.service[103005]: INFO neutron.api.extensions [None req-395b3c46-3318-41d2-b237-b1660c82477b None None] Loaded extension: default-subnetpools
Jun 19 21:39:12.998684 np0000182326 devstack@neutron-api.service[103005]: DEBUG neutron.api.extensions [None req-395b3c46-3318-41d2-b237-b1660c82477b None None] Loading extension file: dhcpagentscheduler.py {{(pid=103005) _load_all_extensions_from_path /opt/stack/neutron/neutron/api/extensions.py:449}}
Jun 19 21:39:12.998684 np0000182326 devstack@neutron-api.service[103005]: DEBUG neutron.api.extensions [None req-395b3c46-3318-41d2-b237-b1660c82477b None None] Ext name="DHCP Agent Scheduler" alias="dhcp_agent_scheduler" description="Schedule networks among dhcp agents" updated="2013-02-07T10:00:00-00:00" {{(pid=103005) _check_extension /opt/stack/neutron/neutron/api/extensions.py:415}}
Jun 19 21:39:12.998940 np0000182326 devstack@neutron-api.service[103002]: DEBUG neutron.api.extensions [None req-2e0a109e-518a-4aa1-8805-d94bfff79154 None None] Extended resource: address-groups {{(pid=103002) __init__ /opt/stack/neutron/neutron/api/extensions.py:156}}
Jun 19 21:39:12.999033 np0000182326 devstack@neutron-api.service[103005]: INFO neutron.api.extensions [None req-395b3c46-3318-41d2-b237-b1660c82477b None None] Loaded extension: dhcp_agent_scheduler
Jun 19 21:39:12.999033 np0000182326 devstack@neutron-api.service[103005]: DEBUG neutron.api.extensions [None req-395b3c46-3318-41d2-b237-b1660c82477b None None] Loading extension file: dns.py {{(pid=103005) _load_all_extensions_from_path /opt/stack/neutron/neutron/api/extensions.py:449}}
Jun 19 21:39:12.999033 np0000182326 devstack@neutron-api.service[103005]: DEBUG neutron.api.extensions [None req-395b3c46-3318-41d2-b237-b1660c82477b None None] Ext name="DNS Integration" alias="dns-integration" description="Provides integration with DNS." updated="2015-08-15T18:00:00-00:00" {{(pid=103005) _check_extension /opt/stack/neutron/neutron/api/extensions.py:415}}
Jun 19 21:39:12.999033 np0000182326 devstack@neutron-api.service[103005]: INFO neutron.api.extensions [None req-395b3c46-3318-41d2-b237-b1660c82477b None None] Loaded extension: dns-integration
Jun 19 21:39:12.999033 np0000182326 devstack@neutron-api.service[103005]: DEBUG neutron.api.extensions [None req-395b3c46-3318-41d2-b237-b1660c82477b None None] Loading extension file: dns_domain_ports.py {{(pid=103005) _load_all_extensions_from_path /opt/stack/neutron/neutron/api/extensions.py:449}}
Jun 19 21:39:12.999350 np0000182326 devstack@neutron-api.service[103002]: DEBUG neutron.api.extensions [None req-2e0a109e-518a-4aa1-8805-d94bfff79154 None None] Extended resource: address-scopes {{(pid=103002) __init__ /opt/stack/neutron/neutron/api/extensions.py:156}}
Jun 19 21:39:12.999703 np0000182326 devstack@neutron-api.service[103005]: DEBUG neutron.api.extensions [None req-395b3c46-3318-41d2-b237-b1660c82477b None None] Ext name="dns_domain for ports" alias="dns-domain-ports" description="Allows the DNS domain to be specified for a network port." updated="2017-04-24T10:00:00-00:00" {{(pid=103005) _check_extension /opt/stack/neutron/neutron/api/extensions.py:415}}
Jun 19 21:39:12.999703 np0000182326 devstack@neutron-api.service[103005]: INFO neutron.api.extensions [None req-395b3c46-3318-41d2-b237-b1660c82477b None None] Loaded extension: dns-domain-ports
Jun 19 21:39:12.999703 np0000182326 devstack@neutron-api.service[103005]: DEBUG neutron.api.extensions [None req-395b3c46-3318-41d2-b237-b1660c82477b None None] Loading extension file: dns_integration_domain_keywords.py {{(pid=103005) _load_all_extensions_from_path /opt/stack/neutron/neutron/api/extensions.py:449}}
Jun 19 21:39:12.999703 np0000182326 devstack@neutron-api.service[103005]: DEBUG neutron.api.extensions [None req-395b3c46-3318-41d2-b237-b1660c82477b None None] Ext name="DNS domain names with keywords allowed" alias="dns-integration-domain-keywords" description="Allows to use keywords like , , and as DNS domain name" updated="2020-06-15T18:00:00-00:00" {{(pid=103005) _check_extension /opt/stack/neutron/neutron/api/extensions.py:415}}
Jun 19 21:39:12.999703 np0000182326 devstack@neutron-api.service[103005]: INFO neutron.api.extensions [None req-395b3c46-3318-41d2-b237-b1660c82477b None None] Loaded extension: dns-integration-domain-keywords
Jun 19 21:39:12.999916 np0000182326 devstack@neutron-api.service[103002]: DEBUG neutron.api.extensions [None req-2e0a109e-518a-4aa1-8805-d94bfff79154 None None] Extended resource: agents {{(pid=103002) __init__ /opt/stack/neutron/neutron/api/extensions.py:156}}
Jun 19 21:39:13.000013 np0000182326 devstack@neutron-api.service[103005]: DEBUG neutron.api.extensions [None req-395b3c46-3318-41d2-b237-b1660c82477b None None] Loading extension file: dvr.py {{(pid=103005) _load_all_extensions_from_path /opt/stack/neutron/neutron/api/extensions.py:449}}
Jun 19 21:39:13.000013 np0000182326 devstack@neutron-api.service[103005]: DEBUG neutron.api.extensions [None req-395b3c46-3318-41d2-b237-b1660c82477b None None] Ext name="Distributed Virtual Router" alias="dvr" description="Enables configuration of Distributed Virtual Routers." updated="2014-06-1T10:00:00-00:00" {{(pid=103005) _check_extension /opt/stack/neutron/neutron/api/extensions.py:415}}
Jun 19 21:39:13.000013 np0000182326 devstack@neutron-api.service[103005]: INFO neutron.api.extensions [None req-395b3c46-3318-41d2-b237-b1660c82477b None None] Extension dvr not supported by any of loaded plugins
Jun 19 21:39:13.000013 np0000182326 devstack@neutron-api.service[103005]: DEBUG neutron.api.extensions [None req-395b3c46-3318-41d2-b237-b1660c82477b None None] Loading extension file: ecmp_routes.py {{(pid=103005) _load_all_extensions_from_path /opt/stack/neutron/neutron/api/extensions.py:449}}
Jun 19 21:39:13.000305 np0000182326 devstack@neutron-api.service[103002]: DEBUG neutron.api.extensions [None req-2e0a109e-518a-4aa1-8805-d94bfff79154 None None] Extended resource: auto-allocated-topology {{(pid=103002) __init__ /opt/stack/neutron/neutron/api/extensions.py:156}}
Jun 19 21:39:13.000529 np0000182326 devstack@neutron-api.service[103005]: DEBUG neutron.api.extensions [None req-395b3c46-3318-41d2-b237-b1660c82477b None None] Ext name="Equal Cost Multipath Routing" alias="ecmp_routes" description="Allows traffic to reach thesame destination via multiple different links " updated="2020-11-26T18:00:00-00:00" {{(pid=103005) _check_extension /opt/stack/neutron/neutron/api/extensions.py:415}}
Jun 19 21:39:13.000529 np0000182326 devstack@neutron-api.service[103005]: INFO neutron.api.extensions [None req-395b3c46-3318-41d2-b237-b1660c82477b None None] Extension ecmp_routes not supported by any of loaded plugins
