2026-04-28 08:45:17.839 7 INFO placement.requestlog [None req-cff16b67-0d44-482f-a6ad-152d478fcae7 - - - - - -] 10.0.0.245 "GET /" status: 200 len: 136 microversion: 1.0
2026-04-28 08:45:17.839 8 INFO placement.requestlog [None req-aef105c4-befb-4789-b5e3-3a6130ecdba8 - - - - - -] 10.0.0.245 "GET /" status: 200 len: 136 microversion: 1.0
2026-04-28 08:45:18.157 7 INFO placement.requestlog [None req-84fd3c72-03d8-4472-9151-0c4d0d1a5a90 fdc32e97ea494a77b137bff00342452f cd10ccd2a3e644399880d4ca3f78448d - - 2326e32d87ed4baca3e21937afe1d2f9 2326e32d87ed4baca3e21937afe1d2f9] 10.0.0.171 "GET /resource_providers/aa73df01-7a96-4e90-8405-6d6babd81e3d/aggregates" status: 404 len: 235 microversion: 1.1 [pid: 7|app: 0|req: 429/863] 10.0.0.171 () {32 vars in 825 bytes} [Tue Apr 28 08:45:18 2026] GET /resource_providers/aa73df01-7a96-4e90-8405-6d6babd81e3d/aggregates => generated 235 bytes in 17 msecs (HTTP/1.1 404) 5 headers in 202 bytes (1 switches on core 0)
2026-04-28 08:45:18.159 8 INFO placement.requestlog [None req-6f9c9f46-835d-4596-9a8d-0a9ff53d32ef fdc32e97ea494a77b137bff00342452f cd10ccd2a3e644399880d4ca3f78448d - - 2326e32d87ed4baca3e21937afe1d2f9 2326e32d87ed4baca3e21937afe1d2f9] 10.0.0.171 "GET /resource_providers/aa73df01-7a96-4e90-8405-6d6babd81e3d/aggregates" status: 404 len: 235 microversion: 1.1 [pid: 8|app: 0|req: 435/864] 10.0.0.171 () {32 vars in 825 bytes} [Tue Apr 28 08:45:18 2026] GET /resource_providers/aa73df01-7a96-4e90-8405-6d6babd81e3d/aggregates => generated 235 bytes in 14 msecs (HTTP/1.1 404) 5 headers in 202 bytes (1 switches on core 0)
2026-04-28 08:45:18.202 7 INFO placement.requestlog [None req-9166c2af-d2ce-4196-a08d-b0a47649f804 fdc32e97ea494a77b137bff00342452f cd10ccd2a3e644399880d4ca3f78448d - - 2326e32d87ed4baca3e21937afe1d2f9 2326e32d87ed4baca3e21937afe1d2f9] 10.0.0.171 "DELETE /resource_providers/aa73df01-7a96-4e90-8405-6d6babd81e3d" status: 404 len: 246 microversion: 1.1 [pid: 7|app: 0|req: 430/865] 10.0.0.171 () {34 vars in 825 bytes} [Tue Apr 28 08:45:18 2026] DELETE /resource_providers/aa73df01-7a96-4e90-8405-6d6babd81e3d => generated 246 bytes in 15 msecs (HTTP/1.1 404) 6 headers in 231 bytes (1 switches on core 0)
2026-04-28 08:45:18.205 8 INFO placement.requestlog [None req-85d62aa0-1322-405d-b64d-ff864148a6c4 fdc32e97ea494a77b137bff00342452f cd10ccd2a3e644399880d4ca3f78448d - - 2326e32d87ed4baca3e21937afe1d2f9 2326e32d87ed4baca3e21937afe1d2f9] 10.0.0.171 "DELETE /resource_providers/aa73df01-7a96-4e90-8405-6d6babd81e3d" status: 404 len: 246 microversion: 1.1 [pid: 8|app: 0|req: 436/866] 10.0.0.171 () {34 vars in 825 bytes} [Tue Apr 28 08:45:18 2026] DELETE /resource_providers/aa73df01-7a96-4e90-8405-6d6babd81e3d => generated 246 bytes in 18 msecs (HTTP/1.1 404) 6 headers in 231 bytes (1 switches on core 0)
2026-04-28 08:45:23.382 8 INFO placement.requestlog [None req-d0d59a13-0535-44aa-ab8d-5e866cc58823 fdc32e97ea494a77b137bff00342452f cd10ccd2a3e644399880d4ca3f78448d - - 2326e32d87ed4baca3e21937afe1d2f9 2326e32d87ed4baca3e21937afe1d2f9] 10.0.0.171 "GET /resource_providers/b9717880-67b6-4dd4-ab6a-99cd8ecce270/aggregates" status: 404 len: 235 microversion: 1.1 [pid: 8|app: 0|req: 437/867] 10.0.0.171 () {32 vars in 825 bytes} [Tue Apr 28 08:45:23 2026] GET /resource_providers/b9717880-67b6-4dd4-ab6a-99cd8ecce270/aggregates => generated 235 bytes in 14 msecs (HTTP/1.1 404) 5 headers in 202 bytes (1 switches on core 0)
2026-04-28 08:45:23.393 7 INFO placement.requestlog [None req-f397f195-4c44-4c51-b8fe-408f13e492ea fdc32e97ea494a77b137bff00342452f cd10ccd2a3e644399880d4ca3f78448d - - 2326e32d87ed4baca3e21937afe1d2f9 2326e32d87ed4baca3e21937afe1d2f9] 10.0.0.171 "GET /resource_providers/b9717880-67b6-4dd4-ab6a-99cd8ecce270/aggregates" status: 404 len: 235 microversion: 1.1 [pid: 7|app: 0|req: 431/868] 10.0.0.171 () {32 vars in 825 bytes} [Tue Apr 28 08:45:23 2026] GET /resource_providers/b9717880-67b6-4dd4-ab6a-99cd8ecce270/aggregates => generated 235 bytes in 24 msecs (HTTP/1.1 404) 5 headers in 202 bytes (1 switches on core 0)
2026-04-28 08:45:23.417 8 INFO placement.requestlog [None req-8d9d948b-45a3-4e99-9264-d7207a1c45cc fdc32e97ea494a77b137bff00342452f cd10ccd2a3e644399880d4ca3f78448d - - 2326e32d87ed4baca3e21937afe1d2f9 2326e32d87ed4baca3e21937afe1d2f9] 10.0.0.171 "DELETE /resource_providers/b9717880-67b6-4dd4-ab6a-99cd8ecce270" status: 404 len: 246 microversion: 1.1 [pid: 8|app: 0|req: 438/869] 10.0.0.171 () {34 vars in 825 bytes} [Tue Apr 28 08:45:23 2026] DELETE /resource_providers/b9717880-67b6-4dd4-ab6a-99cd8ecce270 => generated 246 bytes in 12 msecs (HTTP/1.1 404) 6 headers in 231 bytes (1 switches on core 0)
2026-04-28 08:45:23.428 7 INFO placement.requestlog [None req-90352fba-b6e0-4571-a3bf-eadf477af30d fdc32e97ea494a77b137bff00342452f cd10ccd2a3e644399880d4ca3f78448d - - 2326e32d87ed4baca3e21937afe1d2f9 2326e32d87ed4baca3e21937afe1d2f9] 10.0.0.171 "DELETE /resource_providers/b9717880-67b6-4dd4-ab6a-99cd8ecce270" status: 404 len: 246 microversion: 1.1 [pid: 7|app: 0|req: 432/870] 10.0.0.171 () {34 vars in 825 bytes} [Tue Apr 28 08:45:23 2026] DELETE /resource_providers/b9717880-67b6-4dd4-ab6a-99cd8ecce270 => generated 246 bytes in 16 msecs (HTTP/1.1 404) 6 headers in 231 bytes (1 switches on core 0)
2026-04-28 08:45:25.816 7 INFO placement.requestlog [None req-e5a16b63-c6c0-4ff7-93e9-0f572bd991c0 fdc32e97ea494a77b137bff00342452f cd10ccd2a3e644399880d4ca3f78448d - - 2326e32d87ed4baca3e21937afe1d2f9 2326e32d87ed4baca3e21937afe1d2f9] 10.0.0.171 "GET /resource_providers/cd292fde-98db-4290-a960-5ecaf990be3c/aggregates" status: 404 len: 235 microversion: 1.1 [pid: 7|app: 0|req: 433/871] 10.0.0.171 () {32 vars in 825 bytes} [Tue Apr 28 08:45:25 2026] GET /resource_providers/cd292fde-98db-4290-a960-5ecaf990be3c/aggregates => generated 235 bytes in 11 msecs (HTTP/1.1 404) 5 headers in 202 bytes (1 switches on core 0)
2026-04-28 08:45:25.819 8 INFO placement.requestlog [None req-3518f190-e1f1-490d-9e80-ff67f6474d4b fdc32e97ea494a77b137bff00342452f cd10ccd2a3e644399880d4ca3f78448d - - 2326e32d87ed4baca3e21937afe1d2f9 2326e32d87ed4baca3e21937afe1d2f9] 10.0.0.171 "GET /resource_providers/cd292fde-98db-4290-a960-5ecaf990be3c/aggregates" status: 404 len: 235 microversion: 1.1 [pid: 8|app: 0|req: 439/872] 10.0.0.171 () {32 vars in 825 bytes} [Tue Apr 28 08:45:25 2026] GET /resource_providers/cd292fde-98db-4290-a960-5ecaf990be3c/aggregates => generated 235 bytes in 14 msecs (HTTP/1.1 404) 5 headers in 202 bytes (1 switches on core 0)
2026-04-28 08:45:25.846 8 INFO placement.requestlog [None req-33dbc558-6c7d-47e1-8b8e-aeb4f0bfe24a fdc32e97ea494a77b137bff00342452f cd10ccd2a3e644399880d4ca3f78448d - - 2326e32d87ed4baca3e21937afe1d2f9 2326e32d87ed4baca3e21937afe1d2f9] 10.0.0.171 "DELETE /resource_providers/cd292fde-98db-4290-a960-5ecaf990be3c" status: 404 len: 246 microversion: 1.1 [pid: 8|app: 0|req: 440/873] 10.0.0.171 () {34 vars in 825 bytes} [Tue Apr 28 08:45:25 2026] DELETE /resource_providers/cd292fde-98db-4290-a960-5ecaf990be3c => generated 246 bytes in 13 msecs (HTTP/1.1 404) 6 headers in 231 bytes (1 switches on core 0)
2026-04-28 08:45:25.849 7 INFO placement.requestlog [None req-31f6f672-8003-4272-9f4f-de188ebf733b fdc32e97ea494a77b137bff00342452f cd10ccd2a3e644399880d4ca3f78448d - - 2326e32d87ed4baca3e21937afe1d2f9 2326e32d87ed4baca3e21937afe1d2f9] 10.0.0.171 "DELETE /resource_providers/cd292fde-98db-4290-a960-5ecaf990be3c" status: 404 len: 246 microversion: 1.1 [pid: 7|app: 0|req: 434/874] 10.0.0.171 () {34 vars in 825 bytes} [Tue Apr 28 08:45:25 2026] DELETE /resource_providers/cd292fde-98db-4290-a960-5ecaf990be3c => generated 246 bytes in 16 msecs (HTTP/1.1 404) 6 headers in 231 bytes (1 switches on core 0)
2026-04-28 08:45:25.992 7 INFO placement.requestlog [None req-8990b154-28fb-467b-a512-7f0d8839d765 fdc32e97ea494a77b137bff00342452f cd10ccd2a3e644399880d4ca3f78448d - - 2326e32d87ed4baca3e21937afe1d2f9 2326e32d87ed4baca3e21937afe1d2f9] 10.0.0.171 "GET /resource_providers/3d17f332-4d8a-4b86-822b-09af9104a481/aggregates" status: 404 len: 235 microversion: 1.1 [pid: 7|app: 0|req: 435/875] 10.0.0.171 () {32 vars in 825 bytes} [Tue Apr 28 08:45:25 2026] GET /resource_providers/3d17f332-4d8a-4b86-822b-09af9104a481/aggregates => generated 235 bytes in 12 msecs (HTTP/1.1 404) 5 headers in 202 bytes (1 switches on core 0)
2026-04-28 08:45:25.993 8 INFO placement.requestlog [None req-65ce47f0-b2bd-4ee6-8ee6-75193f55fe7f fdc32e97ea494a77b137bff00342452f cd10ccd2a3e644399880d4ca3f78448d - - 2326e32d87ed4baca3e21937afe1d2f9 2326e32d87ed4baca3e21937afe1d2f9] 10.0.0.171 "GET /resource_providers/3d17f332-4d8a-4b86-822b-09af9104a481/aggregates" status: 404 len: 235 microversion: 1.1 [pid: 8|app: 0|req: 441/876] 10.0.0.171 () {32 vars in 825 bytes} [Tue Apr 28 08:45:25 2026] GET /resource_providers/3d17f332-4d8a-4b86-822b-09af9104a481/aggregates => generated 235 bytes in 13 msecs (HTTP/1.1 404) 5 headers in 202 bytes (1 switches on core 0)
2026-04-28 08:45:26.036 8 INFO placement.requestlog [None req-092c566f-1a5d-4c81-aa86-53cd2be4dbb8 fdc32e97ea494a77b137bff00342452f cd10ccd2a3e644399880d4ca3f78448d - - 2326e32d87ed4baca3e21937afe1d2f9 2326e32d87ed4baca3e21937afe1d2f9] 10.0.0.171 "DELETE /resource_providers/3d17f332-4d8a-4b86-822b-09af9104a481" status: 404 len: 246 microversion: 1.1
2026-04-28 08:45:26.036 7 INFO placement.requestlog [None req-6bb2494f-a5ae-4fc5-a0f0-f26d687f1224 fdc32e97ea494a77b137bff00342452f cd10ccd2a3e644399880d4ca3f78448d - - 2326e32d87ed4baca3e21937afe1d2f9 2326e32d87ed4baca3e21937afe1d2f9] 10.0.0.171 "DELETE /resource_providers/3d17f332-4d8a-4b86-822b-09af9104a481" status: 404 len: 246 microversion: 1.1 [pid: 8|app: 0|req: 442/877] 10.0.0.171 () {34 vars in 825 bytes} [Tue Apr 28 08:45:26 2026] DELETE /resource_providers/3d17f332-4d8a-4b86-822b-09af9104a481 => generated 246 bytes in 13 msecs (HTTP/1.1 404) 6 headers in 231 bytes (1 switches on core 0) [pid: 7|app: 0|req: 436/878] 10.0.0.171 () {34 vars in 825 bytes} [Tue Apr 28 08:45:26 2026] DELETE /resource_providers/3d17f332-4d8a-4b86-822b-09af9104a481 => generated 246 bytes in 14 msecs (HTTP/1.1 404) 6 headers in 231 bytes (1 switches on core 0)
2026-04-28 08:45:27.840 7 INFO placement.requestlog [None req-598852f0-06ca-4800-ab00-7b2affb7523a - - - - - -] 10.0.0.245 "GET /" status: 200 len: 136 microversion: 1.0
2026-04-28 08:45:27.840 8 INFO placement.requestlog [None req-eb6d634f-a52a-42f6-80fd-6e6b472c33f4 - - - - - -] 10.0.0.245 "GET /" status: 200 len: 136 microversion: 1.0
2026-04-28 08:45:28.361 8 INFO placement.requestlog [None req-f98eace3-cecb-4408-9d87-07e7c7bfff19 fdc32e97ea494a77b137bff00342452f cd10ccd2a3e644399880d4ca3f78448d - - 2326e32d87ed4baca3e21937afe1d2f9 2326e32d87ed4baca3e21937afe1d2f9] 10.0.0.171 "GET /resource_providers/78b30003-79b3-4c32-932b-fed281dc3df4/aggregates" status: 404 len: 235 microversion: 1.1 [pid: 8|app: 0|req: 444/881] 10.0.0.171 () {32 vars in 825 bytes} [Tue Apr 28 08:45:28 2026] GET /resource_providers/78b30003-79b3-4c32-932b-fed281dc3df4/aggregates => generated 235 bytes in 16 msecs (HTTP/1.1 404) 5 headers in 202 bytes (1 switches on core 0)
2026-04-28 08:45:28.364 7 INFO placement.requestlog [None req-b0a4df0a-ee52-46c6-b3b4-841627c8e7d5 fdc32e97ea494a77b137bff00342452f cd10ccd2a3e644399880d4ca3f78448d - - 2326e32d87ed4baca3e21937afe1d2f9 2326e32d87ed4baca3e21937afe1d2f9] 10.0.0.171 "GET /resource_providers/78b30003-79b3-4c32-932b-fed281dc3df4/aggregates" status: 404 len: 235 microversion: 1.1 [pid: 7|app: 0|req: 438/882] 10.0.0.171 () {32 vars in 825 bytes} [Tue Apr 28 08:45:28 2026] GET /resource_providers/78b30003-79b3-4c32-932b-fed281dc3df4/aggregates => generated 235 bytes in 20 msecs (HTTP/1.1 404) 5 headers in 202 bytes (1 switches on core 0)
2026-04-28 08:45:28.395 7 INFO placement.requestlog [None req-de6a2c21-eb5c-4b49-9582-95389cc6cf40 fdc32e97ea494a77b137bff00342452f cd10ccd2a3e644399880d4ca3f78448d - - 2326e32d87ed4baca3e21937afe1d2f9 2326e32d87ed4baca3e21937afe1d2f9] 10.0.0.171 "DELETE /resource_providers/78b30003-79b3-4c32-932b-fed281dc3df4" status: 404 len: 246 microversion: 1.1 [pid: 7|app: 0|req: 439/883] 10.0.0.171 () {34 vars in 825 bytes} [Tue Apr 28 08:45:28 2026] DELETE /resource_providers/78b30003-79b3-4c32-932b-fed281dc3df4 => generated 246 bytes in 14 msecs (HTTP/1.1 404) 6 headers in 231 bytes (1 switches on core 0)
2026-04-28 08:45:28.401 8 INFO placement.requestlog [None req-f506b891-a14c-4658-b52e-589c0c6d4093 fdc32e97ea494a77b137bff00342452f cd10ccd2a3e644399880d4ca3f78448d - - 2326e32d87ed4baca3e21937afe1d2f9 2326e32d87ed4baca3e21937afe1d2f9] 10.0.0.171 "DELETE /resource_providers/78b30003-79b3-4c32-932b-fed281dc3df4" status: 404 len: 246 microversion: 1.1 [pid: 8|app: 0|req: 445/884] 10.0.0.171 () {34 vars in 825 bytes} [Tue Apr 28 08:45:28 2026] DELETE /resource_providers/78b30003-79b3-4c32-932b-fed281dc3df4 => generated 246 bytes in 20 msecs (HTTP/1.1 404) 6 headers in 231 bytes (1 switches on core 0)
2026-04-28 08:45:31.950 8 INFO placement.requestlog [None req-09a3d78d-0b1d-470a-a1a5-fa22f056defe fdc32e97ea494a77b137bff00342452f cd10ccd2a3e644399880d4ca3f78448d - - 2326e32d87ed4baca3e21937afe1d2f9 2326e32d87ed4baca3e21937afe1d2f9] 10.0.0.171 "GET /resource_providers/bb6e0a6f-9b54-4d17-bf34-38bc2c7e490e/aggregates" status: 404 len: 235 microversion: 1.1 [pid: 8|app: 0|req: 446/885] 10.0.0.171 () {32 vars in 825 bytes} [Tue Apr 28 08:45:31 2026] GET /resource_providers/bb6e0a6f-9b54-4d17-bf34-38bc2c7e490e/aggregates => generated 235 bytes in 14 msecs (HTTP/1.1 404) 5 headers in 202 bytes (1 switches on core 0)
2026-04-28 08:45:31.954 7 INFO placement.requestlog [None req-eca3972c-9c21-4582-a4fd-19b2e0258388 fdc32e97ea494a77b137bff00342452f cd10ccd2a3e644399880d4ca3f78448d - - 2326e32d87ed4baca3e21937afe1d2f9 2326e32d87ed4baca3e21937afe1d2f9] 10.0.0.171 "GET /resource_providers/bb6e0a6f-9b54-4d17-bf34-38bc2c7e490e/aggregates" status: 404 len: 235 microversion: 1.1 [pid: 7|app: 0|req: 440/886] 10.0.0.171 () {32 vars in 825 bytes} [Tue Apr 28 08:45:31 2026] GET /resource_providers/bb6e0a6f-9b54-4d17-bf34-38bc2c7e490e/aggregates => generated 235 bytes in 18 msecs (HTTP/1.1 404) 5 headers in 202 bytes (1 switches on core 0)
2026-04-28 08:45:31.998 7 INFO placement.requestlog [None req-d64b1250-8a5a-4aff-b3c4-4fed9c336ffa fdc32e97ea494a77b137bff00342452f cd10ccd2a3e644399880d4ca3f78448d - - 2326e32d87ed4baca3e21937afe1d2f9 2326e32d87ed4baca3e21937afe1d2f9] 10.0.0.171 "DELETE /resource_providers/bb6e0a6f-9b54-4d17-bf34-38bc2c7e490e" status: 404 len: 246 microversion: 1.1 [pid: 7|app: 0|req: 441/887] 10.0.0.171 () {34 vars in 825 bytes} [Tue Apr 28 08:45:31 2026] DELETE /resource_providers/bb6e0a6f-9b54-4d17-bf34-38bc2c7e490e => generated 246 bytes in 12 msecs (HTTP/1.1 404) 6 headers in 231 bytes (1 switches on core 0)
2026-04-28 08:45:32.002 8 INFO placement.requestlog [None req-fb85d615-e9e5-41ea-9470-d5291f362107 fdc32e97ea494a77b137bff00342452f cd10ccd2a3e644399880d4ca3f78448d - - 2326e32d87ed4baca3e21937afe1d2f9 2326e32d87ed4baca3e21937afe1d2f9] 10.0.0.171 "DELETE /resource_providers/bb6e0a6f-9b54-4d17-bf34-38bc2c7e490e" status: 404 len: 246 microversion: 1.1 [pid: 8|app: 0|req: 447/888] 10.0.0.171 () {34 vars in 825 bytes} [Tue Apr 28 08:45:31 2026] DELETE /resource_providers/bb6e0a6f-9b54-4d17-bf34-38bc2c7e490e => generated 246 bytes in 15 msecs (HTTP/1.1 404) 6 headers in 231 bytes (1 switches on core 0)
2026-04-28 08:45:37.839 8 INFO placement.requestlog [None req-354a57f8-92fa-41d3-9ff7-a6ca292e613d - - - - - -] 10.0.0.245 "GET /" status: 200 len: 136 microversion: 1.0
2026-04-28 08:45:37.840 7 INFO placement.requestlog [None req-566054d9-78e0-4c65-8692-0bf39fc3be58 - - - - - -] 10.0.0.245 "GET /" status: 200 len: 136 microversion: 1.0
2026-04-28 08:45:40.873 8 INFO placement.requestlog [None req-f37d1def-9435-4708-bf6d-217f0c701560 fdc32e97ea494a77b137bff00342452f cd10ccd2a3e644399880d4ca3f78448d - - 2326e32d87ed4baca3e21937afe1d2f9 2326e32d87ed4baca3e21937afe1d2f9] 10.0.0.171 "GET /resource_providers/088b5ea4-2b17-46d4-96d1-821bdb68ce4d/aggregates" status: 404 len: 235 microversion: 1.1
2026-04-28 08:45:40.873 7 INFO placement.requestlog [None req-2b228461-d822-4955-8dd6-11f4bfdede59 fdc32e97ea494a77b137bff00342452f cd10ccd2a3e644399880d4ca3f78448d - - 2326e32d87ed4baca3e21937afe1d2f9 2326e32d87ed4baca3e21937afe1d2f9] 10.0.0.171 "GET /resource_providers/088b5ea4-2b17-46d4-96d1-821bdb68ce4d/aggregates" status: 404 len: 235 microversion: 1.1 [pid: 7|app: 0|req: 443/891] 10.0.0.171 () {32 vars in 825 bytes} [Tue Apr 28 08:45:40 2026] GET /resource_providers/088b5ea4-2b17-46d4-96d1-821bdb68ce4d/aggregates => generated 235 bytes in 10 msecs (HTTP/1.1 404) 5 headers in 202 bytes (1 switches on core 0) [pid: 8|app: 0|req: 449/892] 10.0.0.171 () {32 vars in 825 bytes} [Tue Apr 28 08:45:40 2026] GET /resource_providers/088b5ea4-2b17-46d4-96d1-821bdb68ce4d/aggregates => generated 235 bytes in 12 msecs (HTTP/1.1 404) 5 headers in 202 bytes (1 switches on core 0)
2026-04-28 08:45:40.895 7 INFO placement.requestlog [None req-eaaeeaaf-5988-431c-bd9c-dc82e3025029 fdc32e97ea494a77b137bff00342452f cd10ccd2a3e644399880d4ca3f78448d - - 2326e32d87ed4baca3e21937afe1d2f9 2326e32d87ed4baca3e21937afe1d2f9] 10.0.0.171 "DELETE /resource_providers/088b5ea4-2b17-46d4-96d1-821bdb68ce4d" status: 404 len: 246 microversion: 1.1 [pid: 7|app: 0|req: 444/893] 10.0.0.171 () {34 vars in 825 bytes} [Tue Apr 28 08:45:40 2026] DELETE /resource_providers/088b5ea4-2b17-46d4-96d1-821bdb68ce4d => generated 246 bytes in 10 msecs (HTTP/1.1 404) 6 headers in 231 bytes (1 switches on core 0)
2026-04-28 08:45:40.901 8 INFO placement.requestlog [None req-8b0c8336-2cba-4264-afcd-ab7fe86b6e9c fdc32e97ea494a77b137bff00342452f cd10ccd2a3e644399880d4ca3f78448d - - 2326e32d87ed4baca3e21937afe1d2f9 2326e32d87ed4baca3e21937afe1d2f9] 10.0.0.171 "DELETE /resource_providers/088b5ea4-2b17-46d4-96d1-821bdb68ce4d" status: 404 len: 246 microversion: 1.1 [pid: 8|app: 0|req: 450/894] 10.0.0.171 () {34 vars in 825 bytes} [Tue Apr 28 08:45:40 2026] DELETE /resource_providers/088b5ea4-2b17-46d4-96d1-821bdb68ce4d => generated 246 bytes in 12 msecs (HTTP/1.1 404) 6 headers in 231 bytes (1 switches on core 0)
2026-04-28 08:45:42.102 7 INFO placement.requestlog [None req-a842c8cb-83d6-40d2-ad86-557303644db7 fdc32e97ea494a77b137bff00342452f cd10ccd2a3e644399880d4ca3f78448d - - 2326e32d87ed4baca3e21937afe1d2f9 2326e32d87ed4baca3e21937afe1d2f9] 10.0.0.171 "GET /resource_providers/0e64ed5a-5139-44bf-b2e9-d8a774fca501/aggregates" status: 404 len: 235 microversion: 1.1
2026-04-28 08:45:42.102 8 INFO placement.requestlog [None req-a3a3f144-21a7-48fe-9c98-73720bf55bc6 fdc32e97ea494a77b137bff00342452f cd10ccd2a3e644399880d4ca3f78448d - - 2326e32d87ed4baca3e21937afe1d2f9 2326e32d87ed4baca3e21937afe1d2f9] 10.0.0.171 "GET /resource_providers/0e64ed5a-5139-44bf-b2e9-d8a774fca501/aggregates" status: 404 len: 235 microversion: 1.1 [pid: 7|app: 0|req: 445/895] 10.0.0.171 () {32 vars in 825 bytes} [Tue Apr 28 08:45:42 2026] GET /resource_providers/0e64ed5a-5139-44bf-b2e9-d8a774fca501/aggregates => generated 235 bytes in 13 msecs (HTTP/1.1 404) 5 headers in 202 bytes (1 switches on core 0) [pid: 8|app: 0|req: 451/896] 10.0.0.171 () {32 vars in 825 bytes} [Tue Apr 28 08:45:42 2026] GET /resource_providers/0e64ed5a-5139-44bf-b2e9-d8a774fca501/aggregates => generated 235 bytes in 13 msecs (HTTP/1.1 404) 5 headers in 202 bytes (1 switches on core 0)
2026-04-28 08:45:42.131 8 INFO placement.requestlog [None req-a6cfb889-7e90-49e0-b263-58e6e46cac82 fdc32e97ea494a77b137bff00342452f cd10ccd2a3e644399880d4ca3f78448d - - 2326e32d87ed4baca3e21937afe1d2f9 2326e32d87ed4baca3e21937afe1d2f9] 10.0.0.171 "DELETE /resource_providers/0e64ed5a-5139-44bf-b2e9-d8a774fca501" status: 404 len: 246 microversion: 1.1 [pid: 8|app: 0|req: 452/897] 10.0.0.171 () {34 vars in 825 bytes} [Tue Apr 28 08:45:42 2026] DELETE /resource_providers/0e64ed5a-5139-44bf-b2e9-d8a774fca501 => generated 246 bytes in 11 msecs (HTTP/1.1 404) 6 headers in 231 bytes (1 switches on core 0)
2026-04-28 08:45:42.132 7 INFO placement.requestlog [None req-96553efa-2276-4095-afff-09cff7f8ebe6 fdc32e97ea494a77b137bff00342452f cd10ccd2a3e644399880d4ca3f78448d - - 2326e32d87ed4baca3e21937afe1d2f9 2326e32d87ed4baca3e21937afe1d2f9] 10.0.0.171 "DELETE /resource_providers/0e64ed5a-5139-44bf-b2e9-d8a774fca501" status: 404 len: 246 microversion: 1.1 [pid: 7|app: 0|req: 446/898] 10.0.0.171 () {34 vars in 825 bytes} [Tue Apr 28 08:45:42 2026] DELETE /resource_providers/0e64ed5a-5139-44bf-b2e9-d8a774fca501 => generated 246 bytes in 13 msecs (HTTP/1.1 404) 6 headers in 231 bytes (1 switches on core 0)
2026-04-28 08:45:42.924 8 INFO placement.requestlog [None req-10429ede-8e33-4be3-9564-8bd20d002d4a fdc32e97ea494a77b137bff00342452f cd10ccd2a3e644399880d4ca3f78448d - - 2326e32d87ed4baca3e21937afe1d2f9 2326e32d87ed4baca3e21937afe1d2f9] 10.0.0.171 "GET /resource_providers/794eb48c-3251-4b3e-a28f-e16e2a1f2f40/aggregates" status: 404 len: 235 microversion: 1.1 [pid: 8|app: 0|req: 453/899] 10.0.0.171 () {32 vars in 825 bytes} [Tue Apr 28 08:45:42 2026] GET /resource_providers/794eb48c-3251-4b3e-a28f-e16e2a1f2f40/aggregates => generated 235 bytes in 12 msecs (HTTP/1.1 404) 5 headers in 202 bytes (1 switches on core 0)
2026-04-28 08:45:42.936 7 INFO placement.requestlog [None req-abd03149-0abd-458f-a8e0-48f85c57138c fdc32e97ea494a77b137bff00342452f cd10ccd2a3e644399880d4ca3f78448d - - 2326e32d87ed4baca3e21937afe1d2f9 2326e32d87ed4baca3e21937afe1d2f9] 10.0.0.171 "GET /resource_providers/794eb48c-3251-4b3e-a28f-e16e2a1f2f40/aggregates" status: 404 len: 235 microversion: 1.1 [pid: 7|app: 0|req: 447/900] 10.0.0.171 () {32 vars in 825 bytes} [Tue Apr 28 08:45:42 2026] GET /resource_providers/794eb48c-3251-4b3e-a28f-e16e2a1f2f40/aggregates => generated 235 bytes in 13 msecs (HTTP/1.1 404) 5 headers in 202 bytes (1 switches on core 0)
2026-04-28 08:45:42.947 8 INFO placement.requestlog [None req-bc91626b-09de-4b59-8b7d-bfd546a5ed91 fdc32e97ea494a77b137bff00342452f cd10ccd2a3e644399880d4ca3f78448d - - 2326e32d87ed4baca3e21937afe1d2f9 2326e32d87ed4baca3e21937afe1d2f9] 10.0.0.171 "DELETE /resource_providers/794eb48c-3251-4b3e-a28f-e16e2a1f2f40" status: 404 len: 246 microversion: 1.1 [pid: 8|app: 0|req: 454/901] 10.0.0.171 () {34 vars in 825 bytes} [Tue Apr 28 08:45:42 2026] DELETE /resource_providers/794eb48c-3251-4b3e-a28f-e16e2a1f2f40 => generated 246 bytes in 10 msecs (HTTP/1.1 404) 6 headers in 231 bytes (1 switches on core 0)
2026-04-28 08:45:42.958 7 INFO placement.requestlog [None req-33db773b-448c-4614-8c0e-d56108a56768 fdc32e97ea494a77b137bff00342452f cd10ccd2a3e644399880d4ca3f78448d - - 2326e32d87ed4baca3e21937afe1d2f9 2326e32d87ed4baca3e21937afe1d2f9] 10.0.0.171 "DELETE /resource_providers/794eb48c-3251-4b3e-a28f-e16e2a1f2f40" status: 404 len: 246 microversion: 1.1 [pid: 7|app: 0|req: 448/902] 10.0.0.171 () {34 vars in 825 bytes} [Tue Apr 28 08:45:42 2026] DELETE /resource_providers/794eb48c-3251-4b3e-a28f-e16e2a1f2f40 => generated 246 bytes in 11 msecs (HTTP/1.1 404) 6 headers in 231 bytes (1 switches on core 0)
2026-04-28 08:45:44.181 7 INFO placement.requestlog [None req-110c0b0e-2345-4458-8b44-a4d0f78b3ecd fdc32e97ea494a77b137bff00342452f cd10ccd2a3e644399880d4ca3f78448d - - 2326e32d87ed4baca3e21937afe1d2f9 2326e32d87ed4baca3e21937afe1d2f9] 10.0.0.171 "GET /resource_providers/79f860d0-8cf2-4cec-a544-0db6e4d30847/aggregates" status: 404 len: 235 microversion: 1.1 [pid: 7|app: 0|req: 449/903] 10.0.0.171 () {32 vars in 825 bytes} [Tue Apr 28 08:45:44 2026] GET /resource_providers/79f860d0-8cf2-4cec-a544-0db6e4d30847/aggregates => generated 235 bytes in 14 msecs (HTTP/1.1 404) 5 headers in 202 bytes (1 switches on core 0)
2026-04-28 08:45:44.189 8 INFO placement.requestlog [None req-392c2ac0-b0f0-47b1-9913-59570faf8693 fdc32e97ea494a77b137bff00342452f cd10ccd2a3e644399880d4ca3f78448d - - 2326e32d87ed4baca3e21937afe1d2f9 2326e32d87ed4baca3e21937afe1d2f9] 10.0.0.171 "GET /resource_providers/79f860d0-8cf2-4cec-a544-0db6e4d30847/aggregates" status: 404 len: 235 microversion: 1.1 [pid: 8|app: 0|req: 455/904] 10.0.0.171 () {32 vars in 825 bytes} [Tue Apr 28 08:45:44 2026] GET /resource_providers/79f860d0-8cf2-4cec-a544-0db6e4d30847/aggregates => generated 235 bytes in 28 msecs (HTTP/1.1 404) 5 headers in 202 bytes (1 switches on core 0)
2026-04-28 08:45:44.209 7 INFO placement.requestlog [None req-10850cb0-c297-41e3-ae7c-2d04bc13932f fdc32e97ea494a77b137bff00342452f cd10ccd2a3e644399880d4ca3f78448d - - 2326e32d87ed4baca3e21937afe1d2f9 2326e32d87ed4baca3e21937afe1d2f9] 10.0.0.171 "DELETE /resource_providers/79f860d0-8cf2-4cec-a544-0db6e4d30847" status: 404 len: 246 microversion: 1.1 [pid: 7|app: 0|req: 450/905] 10.0.0.171 () {34 vars in 825 bytes} [Tue Apr 28 08:45:44 2026] DELETE /resource_providers/79f860d0-8cf2-4cec-a544-0db6e4d30847 => generated 246 bytes in 13 msecs (HTTP/1.1 404) 6 headers in 231 bytes (1 switches on core 0)
2026-04-28 08:45:44.238 8 INFO placement.requestlog [None req-a15592cc-7df8-435e-a6ae-a7c0e8889f39 fdc32e97ea494a77b137bff00342452f cd10ccd2a3e644399880d4ca3f78448d - - 2326e32d87ed4baca3e21937afe1d2f9 2326e32d87ed4baca3e21937afe1d2f9] 10.0.0.171 "DELETE /resource_providers/79f860d0-8cf2-4cec-a544-0db6e4d30847" status: 404 len: 246 microversion: 1.1 [pid: 8|app: 0|req: 456/906] 10.0.0.171 () {34 vars in 825 bytes} [Tue Apr 28 08:45:44 2026] DELETE /resource_providers/79f860d0-8cf2-4cec-a544-0db6e4d30847 => generated 246 bytes in 36 msecs (HTTP/1.1 404) 6 headers in 231 bytes (1 switches on core 0)
2026-04-28 08:45:44.983 7 INFO placement.requestlog [None req-d75df0c3-51f3-462f-8d0b-531b059c3afd fdc32e97ea494a77b137bff00342452f cd10ccd2a3e644399880d4ca3f78448d - - 2326e32d87ed4baca3e21937afe1d2f9 2326e32d87ed4baca3e21937afe1d2f9] 10.0.0.171 "GET /resource_providers/d15d94cc-ee67-4d50-ab83-4f5345b829a3/aggregates" status: 404 len: 235 microversion: 1.1 [pid: 7|app: 0|req: 451/907] 10.0.0.171 () {32 vars in 825 bytes} [Tue Apr 28 08:45:44 2026] GET /resource_providers/d15d94cc-ee67-4d50-ab83-4f5345b829a3/aggregates => generated 235 bytes in 12 msecs (HTTP/1.1 404) 5 headers in 202 bytes (1 switches on core 0)
2026-04-28 08:45:44.983 8 INFO placement.requestlog [None req-b1873ba9-8f04-47b8-b932-18d5af7881a5 fdc32e97ea494a77b137bff00342452f cd10ccd2a3e644399880d4ca3f78448d - - 2326e32d87ed4baca3e21937afe1d2f9 2326e32d87ed4baca3e21937afe1d2f9] 10.0.0.171 "GET /resource_providers/d15d94cc-ee67-4d50-ab83-4f5345b829a3/aggregates" status: 404 len: 235 microversion: 1.1 [pid: 8|app: 0|req: 457/908] 10.0.0.171 () {32 vars in 825 bytes} [Tue Apr 28 08:45:44 2026] GET /resource_providers/d15d94cc-ee67-4d50-ab83-4f5345b829a3/aggregates => generated 235 bytes in 13 msecs (HTTP/1.1 404) 5 headers in 202 bytes (1 switches on core 0)
2026-04-28 08:45:45.001 7 INFO placement.requestlog [None req-d8d7c237-7eed-4057-bcd9-08f51dd0be15 fdc32e97ea494a77b137bff00342452f cd10ccd2a3e644399880d4ca3f78448d - - 2326e32d87ed4baca3e21937afe1d2f9 2326e32d87ed4baca3e21937afe1d2f9] 10.0.0.171 "DELETE /resource_providers/d15d94cc-ee67-4d50-ab83-4f5345b829a3" status: 404 len: 246 microversion: 1.1 [pid: 7|app: 0|req: 452/909] 10.0.0.171 () {34 vars in 825 bytes} [Tue Apr 28 08:45:44 2026] DELETE /resource_providers/d15d94cc-ee67-4d50-ab83-4f5345b829a3 => generated 246 bytes in 10 msecs (HTTP/1.1 404) 6 headers in 231 bytes (1 switches on core 0)
2026-04-28 08:45:45.021 8 INFO placement.requestlog [None req-980e678e-d598-4102-ab46-488ca17392f6 fdc32e97ea494a77b137bff00342452f cd10ccd2a3e644399880d4ca3f78448d - - 2326e32d87ed4baca3e21937afe1d2f9 2326e32d87ed4baca3e21937afe1d2f9] 10.0.0.171 "DELETE /resource_providers/d15d94cc-ee67-4d50-ab83-4f5345b829a3" status: 404 len: 246 microversion: 1.1 [pid: 8|app: 0|req: 458/910] 10.0.0.171 () {34 vars in 825 bytes} [Tue Apr 28 08:45:44 2026] DELETE /resource_providers/d15d94cc-ee67-4d50-ab83-4f5345b829a3 => generated 246 bytes in 23 msecs (HTTP/1.1 404) 6 headers in 231 bytes (1 switches on core 0)
2026-04-28 08:45:47.840 8 INFO placement.requestlog [None req-c790f84e-67df-491b-bd13-1a7148d4f6c1 - - - - - -] 10.0.0.245 "GET /" status: 200 len: 136 microversion: 1.0
2026-04-28 08:45:47.840 7 INFO placement.requestlog [None req-463572b2-1339-41c9-8b34-a571d58e3180 - - - - - -] 10.0.0.245 "GET /" status: 200 len: 136 microversion: 1.0
2026-04-28 08:45:49.597 8 INFO placement.requestlog [req-a0581181-f136-4c85-aee2-ab76ab33da64 req-f0b84e70-fa6f-470d-a007-2d66511e147a d025fceb941c47dc8443d6ceca88c5a0 cd10ccd2a3e644399880d4ca3f78448d - - 2326e32d87ed4baca3e21937afe1d2f9 2326e32d87ed4baca3e21937afe1d2f9] 10.0.0.17 "GET /allocation_candidates?limit=1000&resources=DISK_GB%3A1%2CMEMORY_MB%3A512%2CVCPU%3A1&root_required=%21COMPUTE_STATUS_DISABLED" status: 200 len: 2147 microversion: 1.36 [pid: 8|app: 0|req: 460/913] 10.0.0.17 () {34 vars in 1011 bytes} [Tue Apr 28 08:45:49 2026] GET /allocation_candidates?limit=1000&resources=DISK_GB%3A1%2CMEMORY_MB%3A512%2CVCPU%3A1&root_required=%21COMPUTE_STATUS_DISABLED => generated 2147 bytes in 72 msecs (HTTP/1.1 200) 8 headers in 297 bytes (1 switches on core 0)
2026-04-28 08:45:49.655 7 INFO placement.requestlog [req-a0581181-f136-4c85-aee2-ab76ab33da64 req-19d61692-555b-4c0c-893e-863eb7f98f94 d025fceb941c47dc8443d6ceca88c5a0 cd10ccd2a3e644399880d4ca3f78448d - - 2326e32d87ed4baca3e21937afe1d2f9 2326e32d87ed4baca3e21937afe1d2f9] 10.0.0.17 "GET /allocations/bf284ce1-97d7-45f5-af4f-4318fd557618" status: 200 len: 19 microversion: 1.28 [pid: 7|app: 0|req: 454/914] 10.0.0.17 () {34 vars in 860 bytes} [Tue Apr 28 08:45:49 2026] GET /allocations/bf284ce1-97d7-45f5-af4f-4318fd557618 => generated 19 bytes in 24 msecs (HTTP/1.1 200) 8 headers in 295 bytes (1 switches on core 0)
2026-04-28 08:45:49.735 8 INFO placement.requestlog [req-a0581181-f136-4c85-aee2-ab76ab33da64 req-a010ec80-5048-4cad-b0a3-6cfa3ab24686 d025fceb941c47dc8443d6ceca88c5a0 cd10ccd2a3e644399880d4ca3f78448d - - 2326e32d87ed4baca3e21937afe1d2f9 2326e32d87ed4baca3e21937afe1d2f9] 10.0.0.17 "PUT /allocations/bf284ce1-97d7-45f5-af4f-4318fd557618" status: 204 len: 0 microversion: 1.36 [pid: 8|app: 0|req: 461/915] 10.0.0.17 () {38 vars in 913 bytes} [Tue Apr 28 08:45:49 2026] PUT /allocations/bf284ce1-97d7-45f5-af4f-4318fd557618 => generated 0 bytes in 72 msecs (HTTP/1.1 204) 5 headers in 199 bytes (1 switches on core 0)
2026-04-28 08:45:49.983 7 INFO placement.requestlog [req-a0581181-f136-4c85-aee2-ab76ab33da64 req-fff5801e-89ae-4354-9b28-a89085a409c7 d025fceb941c47dc8443d6ceca88c5a0 cd10ccd2a3e644399880d4ca3f78448d - - 2326e32d87ed4baca3e21937afe1d2f9 2326e32d87ed4baca3e21937afe1d2f9] 199.204.45.144 "GET /allocations/bf284ce1-97d7-45f5-af4f-4318fd557618" status: 200 len: 257 microversion: 1.28 [pid: 7|app: 0|req: 455/916] 199.204.45.144 () {34 vars in 863 bytes} [Tue Apr 28 08:45:49 2026] GET /allocations/bf284ce1-97d7-45f5-af4f-4318fd557618 => generated 257 bytes in 15 msecs (HTTP/1.1 200) 8 headers in 296 bytes (1 switches on core 0)
2026-04-28 08:45:50.122 8 INFO placement.requestlog [req-a0581181-f136-4c85-aee2-ab76ab33da64 req-00b69770-487b-4c56-9926-e740f9177a87 d025fceb941c47dc8443d6ceca88c5a0 cd10ccd2a3e644399880d4ca3f78448d - - 2326e32d87ed4baca3e21937afe1d2f9 2326e32d87ed4baca3e21937afe1d2f9] 199.204.45.144 "GET /resource_providers/6450b370-ab1e-420e-bc7c-2911b94b9077/allocations" status: 200 len: 152 microversion: 1.0 [pid: 8|app: 0|req: 462/917] 199.204.45.144 () {32 vars in 857 bytes} [Tue Apr 28 08:45:50 2026] GET /resource_providers/6450b370-ab1e-420e-bc7c-2911b94b9077/allocations => generated 152 bytes in 21 msecs (HTTP/1.1 200) 6 headers in 224 bytes (1 switches on core 0)
2026-04-28 08:45:50.143 7 INFO placement.requestlog [req-a0581181-f136-4c85-aee2-ab76ab33da64 req-cef71481-ef25-427f-8e09-3cf90038abb5 d025fceb941c47dc8443d6ceca88c5a0 cd10ccd2a3e644399880d4ca3f78448d - - 2326e32d87ed4baca3e21937afe1d2f9 2326e32d87ed4baca3e21937afe1d2f9] 199.204.45.144 "GET /allocations/bf284ce1-97d7-45f5-af4f-4318fd557618" status: 200 len: 257 microversion: 1.28 [pid: 7|app: 0|req: 456/918] 199.204.45.144 () {34 vars in 863 bytes} [Tue Apr 28 08:45:50 2026] GET /allocations/bf284ce1-97d7-45f5-af4f-4318fd557618 => generated 257 bytes in 12 msecs (HTTP/1.1 200) 8 headers in 296 bytes (1 switches on core 0)
2026-04-28 08:45:52.191 8 INFO placement.requestlog [None req-b2e9f984-2a14-4061-ae16-1ecbc150eca0 fdc32e97ea494a77b137bff00342452f cd10ccd2a3e644399880d4ca3f78448d - - 2326e32d87ed4baca3e21937afe1d2f9 2326e32d87ed4baca3e21937afe1d2f9] 10.0.0.171 "GET /resource_providers/0be91f63-9284-425e-b697-64aed12acce6/aggregates" status: 404 len: 235 microversion: 1.1 [pid: 8|app: 0|req: 463/919] 10.0.0.171 () {32 vars in 825 bytes} [Tue Apr 28 08:45:52 2026] GET /resource_providers/0be91f63-9284-425e-b697-64aed12acce6/aggregates => generated 235 bytes in 15 msecs (HTTP/1.1 404) 5 headers in 202 bytes (1 switches on core 0)
2026-04-28 08:45:52.193 7 INFO placement.requestlog [None req-f726273d-564f-4cb7-837e-1eb2b7c1a3fc fdc32e97ea494a77b137bff00342452f cd10ccd2a3e644399880d4ca3f78448d - - 2326e32d87ed4baca3e21937afe1d2f9 2326e32d87ed4baca3e21937afe1d2f9] 10.0.0.171 "GET /resource_providers/0be91f63-9284-425e-b697-64aed12acce6/aggregates" status: 404 len: 235 microversion: 1.1 [pid: 7|app: 0|req: 457/920] 10.0.0.171 () {32 vars in 825 bytes} [Tue Apr 28 08:45:52 2026] GET /resource_providers/0be91f63-9284-425e-b697-64aed12acce6/aggregates => generated 235 bytes in 12 msecs (HTTP/1.1 404) 5 headers in 202 bytes (1 switches on core 0)
2026-04-28 08:45:52.218 8 INFO placement.requestlog [None req-513e814c-eaac-47ed-a06d-25cb69f59102 fdc32e97ea494a77b137bff00342452f cd10ccd2a3e644399880d4ca3f78448d - - 2326e32d87ed4baca3e21937afe1d2f9 2326e32d87ed4baca3e21937afe1d2f9] 10.0.0.171 "DELETE /resource_providers/0be91f63-9284-425e-b697-64aed12acce6" status: 404 len: 246 microversion: 1.1 [pid: 8|app: 0|req: 464/921] 10.0.0.171 () {34 vars in 825 bytes} [Tue Apr 28 08:45:52 2026] DELETE /resource_providers/0be91f63-9284-425e-b697-64aed12acce6 => generated 246 bytes in 15 msecs (HTTP/1.1 404) 6 headers in 231 bytes (1 switches on core 0)
2026-04-28 08:45:52.233 7 INFO placement.requestlog [None req-dde5ff84-c910-4ddb-914e-6d90add4ebd5 fdc32e97ea494a77b137bff00342452f cd10ccd2a3e644399880d4ca3f78448d - - 2326e32d87ed4baca3e21937afe1d2f9 2326e32d87ed4baca3e21937afe1d2f9] 10.0.0.171 "DELETE /resource_providers/0be91f63-9284-425e-b697-64aed12acce6" status: 404 len: 246 microversion: 1.1 [pid: 7|app: 0|req: 458/922] 10.0.0.171 () {34 vars in 825 bytes} [Tue Apr 28 08:45:52 2026] DELETE /resource_providers/0be91f63-9284-425e-b697-64aed12acce6 => generated 246 bytes in 15 msecs (HTTP/1.1 404) 6 headers in 231 bytes (1 switches on core 0)
2026-04-28 08:45:55.826 8 INFO placement.requestlog [req-274d753b-b9ef-4434-bc30-1d46f5d2ed40 req-9dd6c3b4-622a-4213-b67e-60a4f1ab898e d025fceb941c47dc8443d6ceca88c5a0 cd10ccd2a3e644399880d4ca3f78448d - - 2326e32d87ed4baca3e21937afe1d2f9 2326e32d87ed4baca3e21937afe1d2f9] 199.204.45.144 "GET /resource_providers/6450b370-ab1e-420e-bc7c-2911b94b9077/allocations" status: 200 len: 152 microversion: 1.0 [pid: 8|app: 0|req: 465/923] 199.204.45.144 () {32 vars in 857 bytes} [Tue Apr 28 08:45:55 2026] GET /resource_providers/6450b370-ab1e-420e-bc7c-2911b94b9077/allocations => generated 152 bytes in 19 msecs (HTTP/1.1 200) 6 headers in 224 bytes (1 switches on core 0)
2026-04-28 08:45:55.852 7 INFO placement.requestlog [req-274d753b-b9ef-4434-bc30-1d46f5d2ed40 req-a232380c-8698-4ed8-8a3f-66d9069a5953 d025fceb941c47dc8443d6ceca88c5a0 cd10ccd2a3e644399880d4ca3f78448d - - 2326e32d87ed4baca3e21937afe1d2f9 2326e32d87ed4baca3e21937afe1d2f9] 199.204.45.144 "GET /allocations/bf284ce1-97d7-45f5-af4f-4318fd557618" status: 200 len: 257 microversion: 1.28 [pid: 7|app: 0|req: 459/924] 199.204.45.144 () {34 vars in 863 bytes} [Tue Apr 28 08:45:55 2026] GET /allocations/bf284ce1-97d7-45f5-af4f-4318fd557618 => generated 257 bytes in 17 msecs (HTTP/1.1 200) 8 headers in 296 bytes (1 switches on core 0)
2026-04-28 08:45:55.924 8 INFO placement.requestlog [req-274d753b-b9ef-4434-bc30-1d46f5d2ed40 req-fb78a0da-a4a9-4d3d-91b3-47c86e609391 d025fceb941c47dc8443d6ceca88c5a0 cd10ccd2a3e644399880d4ca3f78448d - - 2326e32d87ed4baca3e21937afe1d2f9 2326e32d87ed4baca3e21937afe1d2f9] 199.204.45.144 "DELETE /allocations/bf284ce1-97d7-45f5-af4f-4318fd557618" status: 204 len: 0 microversion: 1.0 [pid: 8|app: 0|req: 466/925] 199.204.45.144 () {34 vars in 841 bytes} [Tue Apr 28 08:45:55 2026] DELETE /allocations/bf284ce1-97d7-45f5-af4f-4318fd557618 => generated 0 bytes in 41 msecs (HTTP/1.1 204) 5 headers in 198 bytes (1 switches on core 0)
2026-04-28 08:45:57.840 8 INFO placement.requestlog [None req-a61f3775-f667-4a1b-8792-c321c08d8820 - - - - - -] 10.0.0.245 "GET /" status: 200 len: 136 microversion: 1.0
2026-04-28 08:45:57.840 7 INFO placement.requestlog [None req-33ccc56e-3522-48a7-9701-3881f7fbd028 - - - - - -] 10.0.0.245 "GET /" status: 200 len: 136 microversion: 1.0
2026-04-28 08:45:58.274 8 INFO placement.requestlog [req-90015dd0-55a7-49b4-a353-15714e45d42b req-f57715ea-0a1f-49f1-8b11-392301795950 d025fceb941c47dc8443d6ceca88c5a0 cd10ccd2a3e644399880d4ca3f78448d - - 2326e32d87ed4baca3e21937afe1d2f9 2326e32d87ed4baca3e21937afe1d2f9] 199.204.45.144 "GET /resource_providers/6450b370-ab1e-420e-bc7c-2911b94b9077/allocations" status: 200 len: 54 microversion: 1.0 [pid: 8|app: 0|req: 468/928] 199.204.45.144 () {32 vars in 857 bytes} [Tue Apr 28 08:45:58 2026] GET /resource_providers/6450b370-ab1e-420e-bc7c-2911b94b9077/allocations => generated 54 bytes in 17 msecs (HTTP/1.1 200) 6 headers in 223 bytes (1 switches on core 0)
2026-04-28 08:45:58.336 7 INFO placement.requestlog [req-90015dd0-55a7-49b4-a353-15714e45d42b req-fc81f267-ec6f-4c84-9a62-65e3c96c626c d025fceb941c47dc8443d6ceca88c5a0 cd10ccd2a3e644399880d4ca3f78448d - - 2326e32d87ed4baca3e21937afe1d2f9 2326e32d87ed4baca3e21937afe1d2f9] 199.204.45.144 "GET /resource_providers/6450b370-ab1e-420e-bc7c-2911b94b9077/allocations" status: 200 len: 54 microversion: 1.0 [pid: 7|app: 0|req: 461/929] 199.204.45.144 () {32 vars in 857 bytes} [Tue Apr 28 08:45:58 2026] GET /resource_providers/6450b370-ab1e-420e-bc7c-2911b94b9077/allocations => generated 54 bytes in 20 msecs (HTTP/1.1 200) 6 headers in 223 bytes (1 switches on core 0)
2026-04-28 08:46:01.425 8 INFO placement.requestlog [None req-e3425c66-01f5-4a12-834a-17dbc175eed7 fdc32e97ea494a77b137bff00342452f cd10ccd2a3e644399880d4ca3f78448d - - 2326e32d87ed4baca3e21937afe1d2f9 2326e32d87ed4baca3e21937afe1d2f9] 10.0.0.171 "GET /resource_providers/e1262a59-7c4b-4b7b-8137-980045ae03f6/aggregates" status: 404 len: 235 microversion: 1.1
2026-04-28 08:46:01.425 7 INFO placement.requestlog [None req-64f3fd29-ba57-4166-b175-b4b52524038c fdc32e97ea494a77b137bff00342452f cd10ccd2a3e644399880d4ca3f78448d - - 2326e32d87ed4baca3e21937afe1d2f9 2326e32d87ed4baca3e21937afe1d2f9] 10.0.0.171 "GET /resource_providers/e1262a59-7c4b-4b7b-8137-980045ae03f6/aggregates" status: 404 len: 235 microversion: 1.1 [pid: 8|app: 0|req: 469/930] 10.0.0.171 () {32 vars in 825 bytes} [Tue Apr 28 08:46:01 2026] GET /resource_providers/e1262a59-7c4b-4b7b-8137-980045ae03f6/aggregates => generated 235 bytes in 16 msecs (HTTP/1.1 404) 5 headers in 202 bytes (1 switches on core 0) [pid: 7|app: 0|req: 462/931] 10.0.0.171 () {32 vars in 825 bytes} [Tue Apr 28 08:46:01 2026] GET /resource_providers/e1262a59-7c4b-4b7b-8137-980045ae03f6/aggregates => generated 235 bytes in 16 msecs (HTTP/1.1 404) 5 headers in 202 bytes (1 switches on core 0)
2026-04-28 08:46:01.460 7 INFO placement.requestlog [None req-e3eb89ee-4f4d-41ca-98f6-216aefa15017 fdc32e97ea494a77b137bff00342452f cd10ccd2a3e644399880d4ca3f78448d - - 2326e32d87ed4baca3e21937afe1d2f9 2326e32d87ed4baca3e21937afe1d2f9] 10.0.0.171 "DELETE /resource_providers/e1262a59-7c4b-4b7b-8137-980045ae03f6" status: 404 len: 246 microversion: 1.1 [pid: 7|app: 0|req: 463/932] 10.0.0.171 () {34 vars in 825 bytes} [Tue Apr 28 08:46:01 2026] DELETE /resource_providers/e1262a59-7c4b-4b7b-8137-980045ae03f6 => generated 246 bytes in 13 msecs (HTTP/1.1 404) 6 headers in 231 bytes (1 switches on core 0)
2026-04-28 08:46:01.462 8 INFO placement.requestlog [None req-82a58725-27d0-4d74-9743-c8566129e1b1 fdc32e97ea494a77b137bff00342452f cd10ccd2a3e644399880d4ca3f78448d - - 2326e32d87ed4baca3e21937afe1d2f9 2326e32d87ed4baca3e21937afe1d2f9] 10.0.0.171 "DELETE /resource_providers/e1262a59-7c4b-4b7b-8137-980045ae03f6" status: 404 len: 246 microversion: 1.1 [pid: 8|app: 0|req: 470/933] 10.0.0.171 () {34 vars in 825 bytes} [Tue Apr 28 08:46:01 2026] DELETE /resource_providers/e1262a59-7c4b-4b7b-8137-980045ae03f6 => generated 246 bytes in 16 msecs (HTTP/1.1 404) 6 headers in 231 bytes (1 switches on core 0)
2026-04-28 08:46:03.512 8 INFO placement.requestlog [None req-579992ba-5cbf-47e4-aa6d-2abd78810f12 fdc32e97ea494a77b137bff00342452f cd10ccd2a3e644399880d4ca3f78448d - - 2326e32d87ed4baca3e21937afe1d2f9 2326e32d87ed4baca3e21937afe1d2f9] 10.0.0.171 "GET /resource_providers/b8d87e46-6c96-4f6f-b4a3-70d5fd00be08/aggregates" status: 404 len: 235 microversion: 1.1 [pid: 8|app: 0|req: 471/934] 10.0.0.171 () {32 vars in 825 bytes} [Tue Apr 28 08:46:03 2026] GET /resource_providers/b8d87e46-6c96-4f6f-b4a3-70d5fd00be08/aggregates => generated 235 bytes in 15 msecs (HTTP/1.1 404) 5 headers in 202 bytes (1 switches on core 0)
2026-04-28 08:46:03.513 7 INFO placement.requestlog [None req-84f08359-1ab4-4b22-afa4-3247637768f8 fdc32e97ea494a77b137bff00342452f cd10ccd2a3e644399880d4ca3f78448d - - 2326e32d87ed4baca3e21937afe1d2f9 2326e32d87ed4baca3e21937afe1d2f9] 10.0.0.171 "GET /resource_providers/b8d87e46-6c96-4f6f-b4a3-70d5fd00be08/aggregates" status: 404 len: 235 microversion: 1.1 [pid: 7|app: 0|req: 464/935] 10.0.0.171 () {32 vars in 825 bytes} [Tue Apr 28 08:46:03 2026] GET /resource_providers/b8d87e46-6c96-4f6f-b4a3-70d5fd00be08/aggregates => generated 235 bytes in 15 msecs (HTTP/1.1 404) 5 headers in 202 bytes (1 switches on core 0)
2026-04-28 08:46:03.557 7 INFO placement.requestlog [None req-615d61c1-cc25-4815-9dfd-381ef933cecc fdc32e97ea494a77b137bff00342452f cd10ccd2a3e644399880d4ca3f78448d - - 2326e32d87ed4baca3e21937afe1d2f9 2326e32d87ed4baca3e21937afe1d2f9] 10.0.0.171 "DELETE /resource_providers/b8d87e46-6c96-4f6f-b4a3-70d5fd00be08" status: 404 len: 246 microversion: 1.1
2026-04-28 08:46:03.558 8 INFO placement.requestlog [None req-0ee7ac85-ce98-499d-938c-0695425d757d fdc32e97ea494a77b137bff00342452f cd10ccd2a3e644399880d4ca3f78448d - - 2326e32d87ed4baca3e21937afe1d2f9 2326e32d87ed4baca3e21937afe1d2f9] 10.0.0.171 "DELETE /resource_providers/b8d87e46-6c96-4f6f-b4a3-70d5fd00be08" status: 404 len: 246 microversion: 1.1 [pid: 7|app: 0|req: 465/936] 10.0.0.171 () {34 vars in 825 bytes} [Tue Apr 28 08:46:03 2026] DELETE /resource_providers/b8d87e46-6c96-4f6f-b4a3-70d5fd00be08 => generated 246 bytes in 20 msecs (HTTP/1.1 404) 6 headers in 231 bytes (1 switches on core 0) [pid: 8|app: 0|req: 472/937] 10.0.0.171 () {34 vars in 825 bytes} [Tue Apr 28 08:46:03 2026] DELETE /resource_providers/b8d87e46-6c96-4f6f-b4a3-70d5fd00be08 => generated 246 bytes in 21 msecs (HTTP/1.1 404) 6 headers in 231 bytes (1 switches on core 0)
2026-04-28 08:46:07.840 8 INFO placement.requestlog [None req-c796fbbd-5822-41c8-abba-9106569078c3 - - - - - -] 10.0.0.245 "GET /" status: 200 len: 136 microversion: 1.0
2026-04-28 08:46:07.840 7 INFO placement.requestlog [None req-b7d453ac-c761-441f-bdf5-f201df375b65 - - - - - -] 10.0.0.245 "GET /" status: 200 len: 136 microversion: 1.0
2026-04-28 08:46:09.087 7 INFO placement.requestlog [None req-e49456f5-09a0-4fc9-aa2f-060b4762f508 fdc32e97ea494a77b137bff00342452f cd10ccd2a3e644399880d4ca3f78448d - - 2326e32d87ed4baca3e21937afe1d2f9 2326e32d87ed4baca3e21937afe1d2f9] 10.0.0.171 "GET /resource_providers/4c998ed0-0414-4a7a-b120-caf2d9e4e62d/aggregates" status: 404 len: 235 microversion: 1.1 [pid: 7|app: 0|req: 467/940] 10.0.0.171 () {32 vars in 825 bytes} [Tue Apr 28 08:46:09 2026] GET /resource_providers/4c998ed0-0414-4a7a-b120-caf2d9e4e62d/aggregates => generated 235 bytes in 8 msecs (HTTP/1.1 404) 5 headers in 202 bytes (1 switches on core 0)
2026-04-28 08:46:09.092 8 INFO placement.requestlog [None req-606a5356-7a0e-4fcb-ace6-b39381143235 fdc32e97ea494a77b137bff00342452f cd10ccd2a3e644399880d4ca3f78448d - - 2326e32d87ed4baca3e21937afe1d2f9 2326e32d87ed4baca3e21937afe1d2f9] 10.0.0.171 "GET /resource_providers/4c998ed0-0414-4a7a-b120-caf2d9e4e62d/aggregates" status: 404 len: 235 microversion: 1.1 [pid: 8|app: 0|req: 474/941] 10.0.0.171 () {32 vars in 825 bytes} [Tue Apr 28 08:46:09 2026] GET /resource_providers/4c998ed0-0414-4a7a-b120-caf2d9e4e62d/aggregates => generated 235 bytes in 13 msecs (HTTP/1.1 404) 5 headers in 202 bytes (1 switches on core 0)
2026-04-28 08:46:09.109 8 INFO placement.requestlog [None req-4fdaf40e-c57e-4396-a47d-104f2febb9fc fdc32e97ea494a77b137bff00342452f cd10ccd2a3e644399880d4ca3f78448d - - 2326e32d87ed4baca3e21937afe1d2f9 2326e32d87ed4baca3e21937afe1d2f9] 10.0.0.171 "DELETE /resource_providers/4c998ed0-0414-4a7a-b120-caf2d9e4e62d" status: 404 len: 246 microversion: 1.1 [pid: 8|app: 0|req: 475/942] 10.0.0.171 () {34 vars in 825 bytes} [Tue Apr 28 08:46:09 2026] DELETE /resource_providers/4c998ed0-0414-4a7a-b120-caf2d9e4e62d => generated 246 bytes in 9 msecs (HTTP/1.1 404) 6 headers in 231 bytes (1 switches on core 0)
2026-04-28 08:46:09.110 7 INFO placement.requestlog [None req-c125b831-89a7-4b78-8a66-ccea2b39e36a fdc32e97ea494a77b137bff00342452f cd10ccd2a3e644399880d4ca3f78448d - - 2326e32d87ed4baca3e21937afe1d2f9 2326e32d87ed4baca3e21937afe1d2f9] 10.0.0.171 "DELETE /resource_providers/4c998ed0-0414-4a7a-b120-caf2d9e4e62d" status: 404 len: 246 microversion: 1.1 [pid: 7|app: 0|req: 468/943] 10.0.0.171 () {34 vars in 825 bytes} [Tue Apr 28 08:46:09 2026] DELETE /resource_providers/4c998ed0-0414-4a7a-b120-caf2d9e4e62d => generated 246 bytes in 10 msecs (HTTP/1.1 404) 6 headers in 231 bytes (1 switches on core 0)
2026-04-28 08:46:09.408 7 INFO placement.requestlog [None req-68a9a5fc-74e2-4696-87b6-bb643d023b49 fdc32e97ea494a77b137bff00342452f cd10ccd2a3e644399880d4ca3f78448d - - 2326e32d87ed4baca3e21937afe1d2f9 2326e32d87ed4baca3e21937afe1d2f9] 10.0.0.171 "GET /resource_providers/f349e21b-341b-44df-a87b-1939f16e1040/aggregates" status: 404 len: 235 microversion: 1.1 [pid: 7|app: 0|req: 469/944] 10.0.0.171 () {32 vars in 825 bytes} [Tue Apr 28 08:46:09 2026] GET /resource_providers/f349e21b-341b-44df-a87b-1939f16e1040/aggregates => generated 235 bytes in 11 msecs (HTTP/1.1 404) 5 headers in 202 bytes (1 switches on core 0)
2026-04-28 08:46:09.411 8 INFO placement.requestlog [None req-c1e0d68d-e743-4da4-a33d-c6f6d6947b73 fdc32e97ea494a77b137bff00342452f cd10ccd2a3e644399880d4ca3f78448d - - 2326e32d87ed4baca3e21937afe1d2f9 2326e32d87ed4baca3e21937afe1d2f9] 10.0.0.171 "GET /resource_providers/f349e21b-341b-44df-a87b-1939f16e1040/aggregates" status: 404 len: 235 microversion: 1.1 [pid: 8|app: 0|req: 476/945] 10.0.0.171 () {32 vars in 825 bytes} [Tue Apr 28 08:46:09 2026] GET /resource_providers/f349e21b-341b-44df-a87b-1939f16e1040/aggregates => generated 235 bytes in 14 msecs (HTTP/1.1 404) 5 headers in 202 bytes (1 switches on core 0)
2026-04-28 08:46:09.425 7 INFO placement.requestlog [None req-18ee8de7-0977-46d5-9136-fb8f8f7d8d6d fdc32e97ea494a77b137bff00342452f cd10ccd2a3e644399880d4ca3f78448d - - 2326e32d87ed4baca3e21937afe1d2f9 2326e32d87ed4baca3e21937afe1d2f9] 10.0.0.171 "DELETE /resource_providers/f349e21b-341b-44df-a87b-1939f16e1040" status: 404 len: 246 microversion: 1.1 [pid: 7|app: 0|req: 470/946] 10.0.0.171 () {34 vars in 825 bytes} [Tue Apr 28 08:46:09 2026] DELETE /resource_providers/f349e21b-341b-44df-a87b-1939f16e1040 => generated 246 bytes in 10 msecs (HTTP/1.1 404) 6 headers in 231 bytes (1 switches on core 0)
2026-04-28 08:46:09.446 8 INFO placement.requestlog [None req-63654871-f17a-43f7-9f6d-e44a1a60288f fdc32e97ea494a77b137bff00342452f cd10ccd2a3e644399880d4ca3f78448d - - 2326e32d87ed4baca3e21937afe1d2f9 2326e32d87ed4baca3e21937afe1d2f9] 10.0.0.171 "DELETE /resource_providers/f349e21b-341b-44df-a87b-1939f16e1040" status: 404 len: 246 microversion: 1.1 [pid: 8|app: 0|req: 477/947] 10.0.0.171 () {34 vars in 825 bytes} [Tue Apr 28 08:46:09 2026] DELETE /resource_providers/f349e21b-341b-44df-a87b-1939f16e1040 => generated 246 bytes in 13 msecs (HTTP/1.1 404) 6 headers in 231 bytes (1 switches on core 0)
2026-04-28 08:46:11.140 8 INFO placement.requestlog [None req-9ef235d1-abb3-40ca-8c68-00f764239e66 fdc32e97ea494a77b137bff00342452f cd10ccd2a3e644399880d4ca3f78448d - - 2326e32d87ed4baca3e21937afe1d2f9 2326e32d87ed4baca3e21937afe1d2f9] 10.0.0.171 "GET /resource_providers/8db822fd-195a-4d6c-a160-bfa6138faf5a/aggregates" status: 404 len: 235 microversion: 1.1 [pid: 8|app: 0|req: 478/948] 10.0.0.171 () {32 vars in 825 bytes} [Tue Apr 28 08:46:11 2026] GET /resource_providers/8db822fd-195a-4d6c-a160-bfa6138faf5a/aggregates => generated 235 bytes in 8 msecs (HTTP/1.1 404) 5 headers in 202 bytes (1 switches on core 0)
2026-04-28 08:46:11.142 7 INFO placement.requestlog [None req-0d7b3191-936f-4373-a810-8cd20c78fa03 fdc32e97ea494a77b137bff00342452f cd10ccd2a3e644399880d4ca3f78448d - - 2326e32d87ed4baca3e21937afe1d2f9 2326e32d87ed4baca3e21937afe1d2f9] 10.0.0.171 "GET /resource_providers/8db822fd-195a-4d6c-a160-bfa6138faf5a/aggregates" status: 404 len: 235 microversion: 1.1 [pid: 7|app: 0|req: 471/949] 10.0.0.171 () {32 vars in 825 bytes} [Tue Apr 28 08:46:11 2026] GET /resource_providers/8db822fd-195a-4d6c-a160-bfa6138faf5a/aggregates => generated 235 bytes in 10 msecs (HTTP/1.1 404) 5 headers in 202 bytes (1 switches on core 0)
