2026-04-28 08:45:05.091 9 INFO neutron.wsgi [None req-2b73097c-3a73-4c8a-93bc-0b68a4660ea0 35abf86c9d5a4972b3aac6469cda9992 93fe63d8f61c4b78a20633935b3fac22 - - - -] 10.0.0.97 "POST /v2.0/networks HTTP/1.1" status: 201 len: 829 time: 1.3628874
2026-04-28 08:45:05.222 10 INFO neutron.db.segments_db [None req-eaac2ffd-cd43-4ee0-b669-03f91d07e4fa 35abf86c9d5a4972b3aac6469cda9992 93fe63d8f61c4b78a20633935b3fac22 - - - -] Added segment ad42f8f7-8615-42fb-8d3e-892f118dfa72 of type geneve for network 0b1ccca0-b8e1-4467-a9e7-603c9e233149
2026-04-28 08:45:05.364 10 WARNING neutron.scheduler.dhcp_agent_scheduler [None req-26ab280e-ea88-48d6-a611-df29487e460d 4d32c6782ea74751b069b23a89bc50d5 4e1da802a58549a5bb460fee07351118 - - - -] No more DHCP agents
2026-04-28 08:45:05.386 10 WARNING neutron.api.rpc.agentnotifiers.dhcp_rpc_agent_api [None req-26ab280e-ea88-48d6-a611-df29487e460d 4d32c6782ea74751b069b23a89bc50d5 4e1da802a58549a5bb460fee07351118 - - - -] Unable to schedule network 0aa34039-32bf-4afa-b008-a52a32dd4f11: no agents available; will retry on subsequent port and subnet creation events.
2026-04-28 08:45:05.387 9 INFO neutron.db.l3_db [None req-87a98066-0624-41cb-ba92-f6cc0c0a94bc cd07317fceb54aef8005737e08ff0eb9 8664b5a1cd7444b09a7f922b611d5cc8 - - - -] Floating IP 482350d5-efff-430d-90f3-53499ab36887 associated. External IP: 10.96.250.219, port: 99c223c8-ad0d-4e37-a20e-99955e6f8c68.
2026-04-28 08:45:05.442 10 INFO neutron.db.ovn_revision_numbers_db [None req-eaac2ffd-cd43-4ee0-b669-03f91d07e4fa 35abf86c9d5a4972b3aac6469cda9992 93fe63d8f61c4b78a20633935b3fac22 - - - -] Successfully bumped revision number for resource 0b1ccca0-b8e1-4467-a9e7-603c9e233149 (type: networks) to 1
2026-04-28 08:45:05.572 9 INFO neutron.db.ovn_revision_numbers_db [None req-87a98066-0624-41cb-ba92-f6cc0c0a94bc cd07317fceb54aef8005737e08ff0eb9 8664b5a1cd7444b09a7f922b611d5cc8 - - - -] Successfully bumped revision number for resource 482350d5-efff-430d-90f3-53499ab36887 (type: floatingips) to 0
2026-04-28 08:45:05.665 9 INFO neutron.db.ovn_revision_numbers_db [None req-87a98066-0624-41cb-ba92-f6cc0c0a94bc cd07317fceb54aef8005737e08ff0eb9 8664b5a1cd7444b09a7f922b611d5cc8 - - - -] Successfully bumped revision number for resource 482350d5-efff-430d-90f3-53499ab36887 (type: floatingips) to 1
2026-04-28 08:45:05.712 9 INFO neutron.wsgi [None req-87a98066-0624-41cb-ba92-f6cc0c0a94bc cd07317fceb54aef8005737e08ff0eb9 8664b5a1cd7444b09a7f922b611d5cc8 - - - -] 10.0.0.97 "POST /v2.0/floatingips HTTP/1.1" status: 201 len: 1041 time: 1.6094060
2026-04-28 08:45:05.718 10 WARNING neutron.scheduler.dhcp_agent_scheduler [None req-eaac2ffd-cd43-4ee0-b669-03f91d07e4fa 35abf86c9d5a4972b3aac6469cda9992 93fe63d8f61c4b78a20633935b3fac22 - - - -] No more DHCP agents
2026-04-28 08:45:05.722 10 WARNING neutron.api.rpc.agentnotifiers.dhcp_rpc_agent_api [None req-eaac2ffd-cd43-4ee0-b669-03f91d07e4fa 35abf86c9d5a4972b3aac6469cda9992 93fe63d8f61c4b78a20633935b3fac22 - - - -] Unable to schedule network 0b1ccca0-b8e1-4467-a9e7-603c9e233149: no agents available; will retry on subsequent port and subnet creation events.
2026-04-28 08:45:05.819 10 INFO neutron.db.ovn_revision_numbers_db [None req-eaac2ffd-cd43-4ee0-b669-03f91d07e4fa 35abf86c9d5a4972b3aac6469cda9992 93fe63d8f61c4b78a20633935b3fac22 - - - -] Successfully bumped revision number for resource c0f394cb-e61a-42a0-887e-83208832334b (type: ports) to 1
2026-04-28 08:45:05.851 10 INFO neutron.wsgi [None req-eaac2ffd-cd43-4ee0-b669-03f91d07e4fa 35abf86c9d5a4972b3aac6469cda9992 93fe63d8f61c4b78a20633935b3fac22 - - - -] 10.0.0.97 "POST /v2.0/networks HTTP/1.1" status: 201 len: 829 time: 0.7558994
2026-04-28 08:45:05.869 9 INFO neutron.db.l3_db [None req-2e2958b1-345c-4f1b-a98c-158180d7c0e8 cd07317fceb54aef8005737e08ff0eb9 8664b5a1cd7444b09a7f922b611d5cc8 - - - -] Floating IP 482350d5-efff-430d-90f3-53499ab36887 disassociated. External IP: 10.96.250.219, port: 99c223c8-ad0d-4e37-a20e-99955e6f8c68.
2026-04-28 08:45:05.886 10 INFO neutron.db.ovn_revision_numbers_db [None req-26ab280e-ea88-48d6-a611-df29487e460d 4d32c6782ea74751b069b23a89bc50d5 4e1da802a58549a5bb460fee07351118 - - - -] Successfully bumped revision number for resource df96f68d-5eb4-475e-9349-3d6aff2037e6 (type: floatingips) to 0
2026-04-28 08:45:05.888 9 INFO neutron.db.ovn_revision_numbers_db [None req-2e2958b1-345c-4f1b-a98c-158180d7c0e8 cd07317fceb54aef8005737e08ff0eb9 8664b5a1cd7444b09a7f922b611d5cc8 - - - -] Successfully bumped revision number for resource 482350d5-efff-430d-90f3-53499ab36887 (type: floatingips) to 2
2026-04-28 08:45:05.913 10 INFO neutron.wsgi [None req-26ab280e-ea88-48d6-a611-df29487e460d 4d32c6782ea74751b069b23a89bc50d5 4e1da802a58549a5bb460fee07351118 - - - -] 10.0.0.97 "POST /v2.0/floatingips HTTP/1.1" status: 201 len: 751 time: 0.9361422
2026-04-28 08:45:05.963 9 INFO neutron.wsgi [None req-2e2958b1-345c-4f1b-a98c-158180d7c0e8 cd07317fceb54aef8005737e08ff0eb9 8664b5a1cd7444b09a7f922b611d5cc8 - - - -] 10.0.0.97 "PUT /v2.0/floatingips/482350d5-efff-430d-90f3-53499ab36887 HTTP/1.1" status: 200 len: 748 time: 0.2463040
2026-04-28 08:45:06.063 10 WARNING neutron.plugins.ml2.drivers.ovn.mech_driver.ovsdb.ovn_client [None req-74fc8ed6-ce4d-4b22-91b4-59943f7cf4e5 - - - - - -] No hosting information found for port e8446a66-47d9-4a02-b579-cb2f64f01c78: RuntimeError: No hosting information found for port e8446a66-47d9-4a02-b579-cb2f64f01c78
2026-04-28 08:45:06.063 10 INFO neutron.plugins.ml2.drivers.ovn.mech_driver.mech_driver [None req-74fc8ed6-ce4d-4b22-91b4-59943f7cf4e5 - - - - - -] OVN reports status up for port: 9855039f-8ffc-4833-9ecc-2c27084f6d28
2026-04-28 08:45:06.089 10 INFO neutron.plugins.ml2.plugin [None req-74fc8ed6-ce4d-4b22-91b4-59943f7cf4e5 - - - - - -] Attempt 1 to provision port 9855039f-8ffc-4833-9ecc-2c27084f6d28
2026-04-28 08:45:06.256 10 WARNING neutron.scheduler.dhcp_agent_scheduler [None req-8edcb4c1-131a-447c-ae66-88af7ece64f6 35abf86c9d5a4972b3aac6469cda9992 93fe63d8f61c4b78a20633935b3fac22 - - - -] No more DHCP agents
2026-04-28 08:45:06.263 10 WARNING neutron.api.rpc.agentnotifiers.dhcp_rpc_agent_api [None req-8edcb4c1-131a-447c-ae66-88af7ece64f6 35abf86c9d5a4972b3aac6469cda9992 93fe63d8f61c4b78a20633935b3fac22 - - - -] Unable to schedule network ee96c77e-1804-42bb-bbe6-a3e50696794b: no agents available; will retry on subsequent port and subnet creation events.
2026-04-28 08:45:06.287 9 INFO neutron.wsgi [None req-5ac40bb1-1a69-4b95-a22f-37dce93acf57 cd07317fceb54aef8005737e08ff0eb9 8664b5a1cd7444b09a7f922b611d5cc8 - - - -] 10.0.0.97 "DELETE /v2.0/floatingips/482350d5-efff-430d-90f3-53499ab36887 HTTP/1.1" status: 204 len: 168 time: 0.3170681
2026-04-28 08:45:06.382 10 WARNING neutron.scheduler.dhcp_agent_scheduler [None req-b6b0e4c9-86fb-4637-afab-a50bc0e6b831 4d32c6782ea74751b069b23a89bc50d5 4e1da802a58549a5bb460fee07351118 - - - -] No more DHCP agents
2026-04-28 08:45:06.398 10 WARNING neutron.api.rpc.agentnotifiers.dhcp_rpc_agent_api [None req-b6b0e4c9-86fb-4637-afab-a50bc0e6b831 4d32c6782ea74751b069b23a89bc50d5 4e1da802a58549a5bb460fee07351118 - - - -] Unable to schedule network 0aa34039-32bf-4afa-b008-a52a32dd4f11: no agents available; will retry on subsequent port and subnet creation events.
2026-04-28 08:45:06.567 9 WARNING neutron.scheduler.dhcp_agent_scheduler [None req-1e84dd0a-94d1-448a-ad65-aa0ce671440a cd07317fceb54aef8005737e08ff0eb9 8664b5a1cd7444b09a7f922b611d5cc8 - - - -] No more DHCP agents
2026-04-28 08:45:06.570 9 WARNING neutron.api.rpc.agentnotifiers.dhcp_rpc_agent_api [None req-1e84dd0a-94d1-448a-ad65-aa0ce671440a cd07317fceb54aef8005737e08ff0eb9 8664b5a1cd7444b09a7f922b611d5cc8 - - - -] Unable to schedule network 0aa34039-32bf-4afa-b008-a52a32dd4f11: no agents available; will retry on subsequent port and subnet creation events.
2026-04-28 08:45:06.634 10 INFO neutron.db.ovn_revision_numbers_db [None req-74fc8ed6-ce4d-4b22-91b4-59943f7cf4e5 - - - - - -] Successfully bumped revision number for resource 9855039f-8ffc-4833-9ecc-2c27084f6d28 (type: ports) to 3
2026-04-28 08:45:06.845 10 INFO neutron.db.ovn_revision_numbers_db [None req-74fc8ed6-ce4d-4b22-91b4-59943f7cf4e5 - - - - - -] Successfully bumped revision number for resource 9855039f-8ffc-4833-9ecc-2c27084f6d28 (type: router_ports) to 3
2026-04-28 08:45:07.302 9 INFO neutron.db.l3_db [None req-1e84dd0a-94d1-448a-ad65-aa0ce671440a cd07317fceb54aef8005737e08ff0eb9 8664b5a1cd7444b09a7f922b611d5cc8 - - - -] Floating IP 4dc14c2f-e9c4-4f0e-a4ab-8c0c3d27d3f0 associated. External IP: 10.96.250.220, port: b29f2fc0-1c34-4849-b67b-2caa36f8ec08.
2026-04-28 08:45:07.411 9 INFO neutron.db.ovn_revision_numbers_db [None req-d02815d8-0d3d-4fd6-a1ae-961c1bd1c694 be7af2ea64464ae8a3e1a90975d0fcd1 1eef8dfb62c743bd99e9773b1eac5fdd - - default default] Successfully bumped revision number for resource 3523bafc-6edf-4014-9739-f97ba601aecb (type: security_groups) to 1
2026-04-28 08:45:07.433 9 INFO neutron.wsgi [None req-d02815d8-0d3d-4fd6-a1ae-961c1bd1c694 be7af2ea64464ae8a3e1a90975d0fcd1 1eef8dfb62c743bd99e9773b1eac5fdd - - default default] 10.0.0.97 "GET /v2.0/security-groups?tenant_id=f403b8876be04d8ca86d5e78dd567291&name=default HTTP/1.1" status: 200 len: 2996 time: 0.5858338
2026-04-28 08:45:07.451 10 INFO neutron.db.ovn_revision_numbers_db [None req-b6b0e4c9-86fb-4637-afab-a50bc0e6b831 4d32c6782ea74751b069b23a89bc50d5 4e1da802a58549a5bb460fee07351118 - - - -] Successfully bumped revision number for resource 0d7013c6-9614-4b36-8340-a8bc641ee236 (type: floatingips) to 0
2026-04-28 08:45:07.480 10 INFO neutron.wsgi [None req-b6b0e4c9-86fb-4637-afab-a50bc0e6b831 4d32c6782ea74751b069b23a89bc50d5 4e1da802a58549a5bb460fee07351118 - - - -] 10.0.0.97 "POST /v2.0/floatingips HTTP/1.1" status: 201 len: 751 time: 1.5613501
2026-04-28 08:45:07.484 9 INFO neutron.db.ovn_revision_numbers_db [None req-1e84dd0a-94d1-448a-ad65-aa0ce671440a cd07317fceb54aef8005737e08ff0eb9 8664b5a1cd7444b09a7f922b611d5cc8 - - - -] Successfully bumped revision number for resource 4dc14c2f-e9c4-4f0e-a4ab-8c0c3d27d3f0 (type: floatingips) to 0
2026-04-28 08:45:07.545 10 INFO neutron.wsgi [None req-c014f6f8-289c-435f-a8e1-e5e4e86d6fe9 4d32c6782ea74751b069b23a89bc50d5 4e1da802a58549a5bb460fee07351118 - - - -] 10.0.0.97 "PUT /v2.0/floatingips/90f7947a-1213-414b-a12f-6b1b0628bd57/tags HTTP/1.1" status: 200 len: 210 time: 0.0586247
2026-04-28 08:45:07.546 10 INFO neutron.db.ovn_revision_numbers_db [None req-8edcb4c1-131a-447c-ae66-88af7ece64f6 35abf86c9d5a4972b3aac6469cda9992 93fe63d8f61c4b78a20633935b3fac22 - - - -] Successfully bumped revision number for resource 5e866e79-8bf2-492d-89ba-ab40cdd03a4d (type: ports) to 2
2026-04-28 08:45:07.562 10 INFO neutron.db.ovn_revision_numbers_db [None req-8edcb4c1-131a-447c-ae66-88af7ece64f6 35abf86c9d5a4972b3aac6469cda9992 93fe63d8f61c4b78a20633935b3fac22 - - - -] Successfully bumped revision number for resource 2d381b61-f3be-4a17-9c57-6019bcae539e (type: subnets) to 0
2026-04-28 08:45:07.580 9 INFO neutron.db.ovn_revision_numbers_db [None req-1e84dd0a-94d1-448a-ad65-aa0ce671440a cd07317fceb54aef8005737e08ff0eb9 8664b5a1cd7444b09a7f922b611d5cc8 - - - -] Successfully bumped revision number for resource 4dc14c2f-e9c4-4f0e-a4ab-8c0c3d27d3f0 (type: floatingips) to 1
2026-04-28 08:45:07.601 10 INFO neutron.wsgi [None req-8edcb4c1-131a-447c-ae66-88af7ece64f6 35abf86c9d5a4972b3aac6469cda9992 93fe63d8f61c4b78a20633935b3fac22 - - - -] 10.0.0.97 "POST /v2.0/subnets HTTP/1.1" status: 201 len: 801 time: 1.7433317
2026-04-28 08:45:07.606 10 INFO neutron.wsgi [None req-9059258b-1db7-49ec-ac3c-d06fd3883b40 4d32c6782ea74751b069b23a89bc50d5 4e1da802a58549a5bb460fee07351118 - - - -] 10.0.0.97 "PUT /v2.0/floatingips/771a629b-e657-4b59-88a6-0a5de53c231e/tags HTTP/1.1" status: 200 len: 218 time: 0.0506818
2026-04-28 08:45:07.635 9 INFO neutron.wsgi [None req-1e84dd0a-94d1-448a-ad65-aa0ce671440a cd07317fceb54aef8005737e08ff0eb9 8664b5a1cd7444b09a7f922b611d5cc8 - - - -] 10.0.0.97 "POST /v2.0/floatingips HTTP/1.1" status: 201 len: 1041 time: 1.3416989
2026-04-28 08:45:07.669 9 INFO neutron.wsgi [None req-8a17c608-a574-4899-ab1f-2ae3f966c538 4d32c6782ea74751b069b23a89bc50d5 4e1da802a58549a5bb460fee07351118 - - - -] 10.0.0.97 "PUT /v2.0/floatingips/25f7e4dd-82c5-466a-b6a7-ca055370fed9/tags HTTP/1.1" status: 200 len: 227 time: 0.0571663
2026-04-28 08:45:07.702 10 INFO neutron.wsgi [None req-66c5eca6-f958-4664-b788-817f6c8a6bd9 cd07317fceb54aef8005737e08ff0eb9 8664b5a1cd7444b09a7f922b611d5cc8 - - default default] 10.0.0.97 "GET /v2.0/floatingips/4dc14c2f-e9c4-4f0e-a4ab-8c0c3d27d3f0 HTTP/1.1" status: 200 len: 1038 time: 0.0596566
2026-04-28 08:45:07.714 9 INFO neutron.wsgi [None req-be450424-9b73-4568-9f74-71cf6bbf19b7 4d32c6782ea74751b069b23a89bc50d5 4e1da802a58549a5bb460fee07351118 - - - -] 10.0.0.97 "PUT /v2.0/floatingips/df96f68d-5eb4-475e-9349-3d6aff2037e6/tags HTTP/1.1" status: 200 len: 212 time: 0.0379174
2026-04-28 08:45:07.729 9 INFO neutron.wsgi [None req-ec6ccf5a-d79b-4085-bcf8-625ae6dd3bcd be7af2ea64464ae8a3e1a90975d0fcd1 1eef8dfb62c743bd99e9773b1eac5fdd - - - -] 10.0.0.97 "DELETE /v2.0/security-groups/3523bafc-6edf-4014-9739-f97ba601aecb HTTP/1.1" status: 204 len: 168 time: 0.2911294
2026-04-28 08:45:07.774 9 INFO neutron.wsgi [None req-4945ce11-805d-4142-9a86-f75eb1254aba cd07317fceb54aef8005737e08ff0eb9 8664b5a1cd7444b09a7f922b611d5cc8 - - default default] 10.0.0.97 "GET /v2.0/floatingips HTTP/1.1" status: 200 len: 1041 time: 0.0650194
2026-04-28 08:45:07.780 10 INFO neutron.wsgi [None req-8a09e937-559a-4e01-9c40-6ed67e256b96 4d32c6782ea74751b069b23a89bc50d5 4e1da802a58549a5bb460fee07351118 - - default default] 10.0.0.97 "GET /v2.0/floatingips?tags=red HTTP/1.1" status: 200 len: 1866 time: 0.0574870
2026-04-28 08:45:07.864 9 INFO neutron.wsgi [None req-4006bcb1-46b3-4e56-85f3-2356012588c6 4d32c6782ea74751b069b23a89bc50d5 4e1da802a58549a5bb460fee07351118 - - default default] 10.0.0.97 "GET /v2.0/floatingips?tags=red%2Cblue HTTP/1.1" status: 200 len: 1323 time: 0.0773866
2026-04-28 08:45:07.942 10 INFO neutron.wsgi [None req-4e882cfc-45ea-4003-82f2-e4eef309eb4d 4d32c6782ea74751b069b23a89bc50d5 4e1da802a58549a5bb460fee07351118 - - default default] 10.0.0.97 "GET /v2.0/floatingips?tags-any=blue HTTP/1.1" status: 200 len: 1323 time: 0.0708811
2026-04-28 08:45:08.015 10 INFO neutron.wsgi [None req-83b5572b-3fb2-45ac-8a5f-cb9fd4ea391d 4d32c6782ea74751b069b23a89bc50d5 4e1da802a58549a5bb460fee07351118 - - default default] 10.0.0.97 "GET /v2.0/floatingips?tags-any=red%2Cblue HTTP/1.1" status: 200 len: 1866 time: 0.0647783
2026-04-28 08:45:08.016 9 INFO neutron.db.ovn_revision_numbers_db [None req-2d9970b0-41f5-465a-9085-42eae44d7e92 be7af2ea64464ae8a3e1a90975d0fcd1 1eef8dfb62c743bd99e9773b1eac5fdd - - default default] Successfully bumped revision number for resource f43bb13e-ae71-44e9-a1ca-73580a82f1be (type: security_groups) to 1
2026-04-28 08:45:08.022 10 WARNING neutron.scheduler.dhcp_agent_scheduler [None req-aab030bd-dd82-415f-8059-ad02493631fb 35abf86c9d5a4972b3aac6469cda9992 93fe63d8f61c4b78a20633935b3fac22 - - - -] No more DHCP agents
2026-04-28 08:45:08.031 10 WARNING neutron.api.rpc.agentnotifiers.dhcp_rpc_agent_api [None req-aab030bd-dd82-415f-8059-ad02493631fb 35abf86c9d5a4972b3aac6469cda9992 93fe63d8f61c4b78a20633935b3fac22 - - - -] Unable to schedule network 0b1ccca0-b8e1-4467-a9e7-603c9e233149: no agents available; will retry on subsequent port and subnet creation events.
2026-04-28 08:45:08.067 9 INFO neutron.wsgi [None req-2d9970b0-41f5-465a-9085-42eae44d7e92 be7af2ea64464ae8a3e1a90975d0fcd1 1eef8dfb62c743bd99e9773b1eac5fdd - - default default] 10.0.0.97 "GET /v2.0/security-groups?tenant_id=e7621110254f4c508bffe3007bcabc51&name=default HTTP/1.1" status: 200 len: 2996 time: 0.2112699
2026-04-28 08:45:08.114 10 INFO neutron.wsgi [None req-14823d6e-2944-4d9d-b2c5-ebb77b88c098 4d32c6782ea74751b069b23a89bc50d5 4e1da802a58549a5bb460fee07351118 - - default default] 10.0.0.97 "GET /v2.0/floatingips?not-tags=red HTTP/1.1" status: 200 len: 1295 time: 0.0912831
2026-04-28 08:45:08.196 9 INFO neutron.wsgi [None req-3d1f3eb7-791d-4bbe-8ccb-7163f448bb13 4d32c6782ea74751b069b23a89bc50d5 4e1da802a58549a5bb460fee07351118 - - default default] 10.0.0.97 "GET /v2.0/floatingips?not-tags=red%2Cblue HTTP/1.1" status: 200 len: 1838 time: 0.0712571
2026-04-28 08:45:08.199 9 INFO neutron.db.l3_db [None req-58b4faf2-f033-4519-983f-4669212442b5 cd07317fceb54aef8005737e08ff0eb9 8664b5a1cd7444b09a7f922b611d5cc8 - - - -] Floating IP 4dc14c2f-e9c4-4f0e-a4ab-8c0c3d27d3f0 associated. External IP: 10.96.250.220, port: b29f2fc0-1c34-4849-b67b-2caa36f8ec08.
2026-04-28 08:45:08.265 9 INFO neutron.wsgi [None req-377be080-668f-4625-8670-d238b8859cbf 4d32c6782ea74751b069b23a89bc50d5 4e1da802a58549a5bb460fee07351118 - - default default] 10.0.0.97 "GET /v2.0/floatingips?not-tags-any=blue HTTP/1.1" status: 200 len: 1838 time: 0.0627866
2026-04-28 08:45:08.321 9 INFO neutron.wsgi [None req-292bfb83-0e3a-4b6b-a90d-65ea74d2643d 4d32c6782ea74751b069b23a89bc50d5 4e1da802a58549a5bb460fee07351118 - - default default] 10.0.0.97 "GET /v2.0/floatingips?not-tags-any=red%2Cblue HTTP/1.1" status: 200 len: 1295 time: 0.0493233
2026-04-28 08:45:08.539 9 INFO neutron.db.ovn_revision_numbers_db [None req-58b4faf2-f033-4519-983f-4669212442b5 cd07317fceb54aef8005737e08ff0eb9 8664b5a1cd7444b09a7f922b611d5cc8 - - - -] Successfully bumped revision number for resource 4dc14c2f-e9c4-4f0e-a4ab-8c0c3d27d3f0 (type: floatingips) to 2
2026-04-28 08:45:08.639 10 INFO neutron.db.ovn_revision_numbers_db [None req-aab030bd-dd82-415f-8059-ad02493631fb 35abf86c9d5a4972b3aac6469cda9992 93fe63d8f61c4b78a20633935b3fac22 - - - -] Successfully bumped revision number for resource c0f394cb-e61a-42a0-887e-83208832334b (type: ports) to 2
2026-04-28 08:45:08.655 10 INFO neutron.db.ovn_revision_numbers_db [None req-aab030bd-dd82-415f-8059-ad02493631fb 35abf86c9d5a4972b3aac6469cda9992 93fe63d8f61c4b78a20633935b3fac22 - - - -] Successfully bumped revision number for resource 7f14cd51-2ba8-4c0f-a5c1-68755e754f8c (type: subnets) to 0
2026-04-28 08:45:08.673 10 INFO neutron.wsgi [None req-aab030bd-dd82-415f-8059-ad02493631fb 35abf86c9d5a4972b3aac6469cda9992 93fe63d8f61c4b78a20633935b3fac22 - - - -] 10.0.0.97 "POST /v2.0/subnets HTTP/1.1" status: 201 len: 801 time: 1.0651224
2026-04-28 08:45:08.862 9 INFO neutron.wsgi [None req-6121cf72-8f27-4a48-9965-627542e1a92a be7af2ea64464ae8a3e1a90975d0fcd1 1eef8dfb62c743bd99e9773b1eac5fdd - - - -] 10.0.0.97 "DELETE /v2.0/security-groups/f43bb13e-ae71-44e9-a1ca-73580a82f1be HTTP/1.1" status: 204 len: 168 time: 0.7896624
2026-04-28 08:45:08.867 10 INFO neutron.db.ovn_revision_numbers_db [None req-454a9db7-7b14-465a-b9ff-eed2a41432c5 35abf86c9d5a4972b3aac6469cda9992 93fe63d8f61c4b78a20633935b3fac22 - - - -] Successfully bumped revision number for resource a45c827b-5fa0-40ec-80e8-172121d1a90c (type: routers) to 1
2026-04-28 08:45:08.882 10 INFO neutron.wsgi [None req-454a9db7-7b14-465a-b9ff-eed2a41432c5 35abf86c9d5a4972b3aac6469cda9992 93fe63d8f61c4b78a20633935b3fac22 - - - -] 10.0.0.97 "POST /v2.0/routers HTTP/1.1" status: 201 len: 686 time: 0.2031898
2026-04-28 08:45:08.956 9 INFO neutron.db.ovn_revision_numbers_db [None req-58b4faf2-f033-4519-983f-4669212442b5 cd07317fceb54aef8005737e08ff0eb9 8664b5a1cd7444b09a7f922b611d5cc8 - - - -] Successfully bumped revision number for resource 4dc14c2f-e9c4-4f0e-a4ab-8c0c3d27d3f0 (type: floatingips) to 3
2026-04-28 08:45:09.040 9 INFO neutron.wsgi [None req-58b4faf2-f033-4519-983f-4669212442b5 cd07317fceb54aef8005737e08ff0eb9 8664b5a1cd7444b09a7f922b611d5cc8 - - - -] 10.0.0.97 "PUT /v2.0/floatingips/4dc14c2f-e9c4-4f0e-a4ab-8c0c3d27d3f0 HTTP/1.1" status: 200 len: 1038 time: 1.2604463
2026-04-28 08:45:09.165 9 INFO neutron.wsgi [None req-c75c6a43-2294-431a-8625-f9130b850799 4d32c6782ea74751b069b23a89bc50d5 4e1da802a58549a5bb460fee07351118 - - - -] 10.0.0.97 "DELETE /v2.0/floatingips/90f7947a-1213-414b-a12f-6b1b0628bd57 HTTP/1.1" status: 204 len: 168 time: 0.8358660
2026-04-28 08:45:09.257 10 INFO neutron.db.l3_db [None req-b9d7d5a0-3a3a-42f6-8ccf-562ab24290c3 cd07317fceb54aef8005737e08ff0eb9 8664b5a1cd7444b09a7f922b611d5cc8 - - - -] Floating IP 4dc14c2f-e9c4-4f0e-a4ab-8c0c3d27d3f0 disassociated. External IP: 10.96.250.220, port: 99c223c8-ad0d-4e37-a20e-99955e6f8c68.
2026-04-28 08:45:09.299 10 INFO neutron.db.ovn_revision_numbers_db [None req-b9d7d5a0-3a3a-42f6-8ccf-562ab24290c3 cd07317fceb54aef8005737e08ff0eb9 8664b5a1cd7444b09a7f922b611d5cc8 - - - -] Successfully bumped revision number for resource 4dc14c2f-e9c4-4f0e-a4ab-8c0c3d27d3f0 (type: floatingips) to 4
2026-04-28 08:45:09.432 10 INFO neutron.wsgi [None req-b9d7d5a0-3a3a-42f6-8ccf-562ab24290c3 cd07317fceb54aef8005737e08ff0eb9 8664b5a1cd7444b09a7f922b611d5cc8 - - - -] 10.0.0.97 "PUT /v2.0/floatingips/4dc14c2f-e9c4-4f0e-a4ab-8c0c3d27d3f0 HTTP/1.1" status: 200 len: 748 time: 0.3862836
2026-04-28 08:45:09.501 10 WARNING neutron.scheduler.dhcp_agent_scheduler [None req-dc5f9b1f-f283-4ab6-b895-f47955ecc730 35abf86c9d5a4972b3aac6469cda9992 93fe63d8f61c4b78a20633935b3fac22 - - default default] No more DHCP agents
2026-04-28 08:45:09.506 10 WARNING neutron.api.rpc.agentnotifiers.dhcp_rpc_agent_api [None req-dc5f9b1f-f283-4ab6-b895-f47955ecc730 35abf86c9d5a4972b3aac6469cda9992 93fe63d8f61c4b78a20633935b3fac22 - - default default] Unable to schedule network ee96c77e-1804-42bb-bbe6-a3e50696794b: no agents available; will retry on subsequent port and subnet creation events.
2026-04-28 08:45:09.592 9 INFO neutron.wsgi [None req-e2f67cbb-8863-434d-a422-3eb51e4372cb 4d32c6782ea74751b069b23a89bc50d5 4e1da802a58549a5bb460fee07351118 - - - -] 10.0.0.97 "DELETE /v2.0/floatingips/771a629b-e657-4b59-88a6-0a5de53c231e HTTP/1.1" status: 204 len: 168 time: 0.4170737
2026-04-28 08:45:09.692 10 INFO neutron.db.ovn_revision_numbers_db [None req-dc5f9b1f-f283-4ab6-b895-f47955ecc730 35abf86c9d5a4972b3aac6469cda9992 93fe63d8f61c4b78a20633935b3fac22 - - default default] Successfully bumped revision number for resource 67a840bd-1463-49ed-bea6-eff9669ae4df (type: ports) to 1
2026-04-28 08:45:10.030 9 INFO neutron.wsgi [None req-b0293e8e-91c1-4f79-a4c5-46f521c0416b 4d32c6782ea74751b069b23a89bc50d5 4e1da802a58549a5bb460fee07351118 - - - -] 10.0.0.97 "DELETE /v2.0/floatingips/25f7e4dd-82c5-466a-b6a7-ca055370fed9 HTTP/1.1" status: 204 len: 168 time: 0.4324851
2026-04-28 08:45:10.228 10 INFO neutron.wsgi [None req-b6d5f0de-1bdc-4c53-98b0-0b277a975753 cd07317fceb54aef8005737e08ff0eb9 8664b5a1cd7444b09a7f922b611d5cc8 - - - -] 10.0.0.97 "DELETE /v2.0/floatingips/4dc14c2f-e9c4-4f0e-a4ab-8c0c3d27d3f0 HTTP/1.1" status: 204 len: 168 time: 0.7883146
2026-04-28 08:45:10.266 9 INFO neutron.api.v2.resource [None req-4e763f7b-ec3c-44c3-99a0-217d1fc9b855 cd07317fceb54aef8005737e08ff0eb9 8664b5a1cd7444b09a7f922b611d5cc8 - - - -] delete failed (client error): The resource could not be found.
2026-04-28 08:45:10.268 9 INFO neutron.wsgi [None req-4e763f7b-ec3c-44c3-99a0-217d1fc9b855 cd07317fceb54aef8005737e08ff0eb9 8664b5a1cd7444b09a7f922b611d5cc8 - - - -] 10.0.0.97 "DELETE /v2.0/floatingips/4dc14c2f-e9c4-4f0e-a4ab-8c0c3d27d3f0 HTTP/1.1" status: 404 len: 345 time: 0.0318344
2026-04-28 08:45:10.465 10 INFO neutron.db.ovn_revision_numbers_db [None req-dc5f9b1f-f283-4ab6-b895-f47955ecc730 35abf86c9d5a4972b3aac6469cda9992 93fe63d8f61c4b78a20633935b3fac22 - - default default] Successfully bumped revision number for resource 67a840bd-1463-49ed-bea6-eff9669ae4df (type: router_ports) to 2
2026-04-28 08:45:10.600 10 INFO neutron.wsgi [None req-a3033173-3007-4b38-8c25-c8a218584420 4d32c6782ea74751b069b23a89bc50d5 4e1da802a58549a5bb460fee07351118 - - - -] 10.0.0.97 "DELETE /v2.0/floatingips/df96f68d-5eb4-475e-9349-3d6aff2037e6 HTTP/1.1" status: 204 len: 168 time: 0.5599544
2026-04-28 08:45:10.622 10 INFO neutron.db.ovn_revision_numbers_db [None req-dc5f9b1f-f283-4ab6-b895-f47955ecc730 35abf86c9d5a4972b3aac6469cda9992 93fe63d8f61c4b78a20633935b3fac22 - - default default] Successfully bumped revision number for resource 67a840bd-1463-49ed-bea6-eff9669ae4df (type: ports) to 2
2026-04-28 08:45:10.695 10 WARNING neutron.scheduler.dhcp_agent_scheduler [None req-dc5f9b1f-f283-4ab6-b895-f47955ecc730 35abf86c9d5a4972b3aac6469cda9992 93fe63d8f61c4b78a20633935b3fac22 - - default default] No more DHCP agents
2026-04-28 08:45:10.697 10 WARNING neutron.api.rpc.agentnotifiers.dhcp_rpc_agent_api [None req-dc5f9b1f-f283-4ab6-b895-f47955ecc730 35abf86c9d5a4972b3aac6469cda9992 93fe63d8f61c4b78a20633935b3fac22 - - default default] Unable to schedule network ee96c77e-1804-42bb-bbe6-a3e50696794b: no agents available; will retry on subsequent port and subnet creation events.
2026-04-28 08:45:10.703 9 INFO neutron.wsgi [None req-65635378-b396-4ba6-a0f8-151162bd752f cd07317fceb54aef8005737e08ff0eb9 8664b5a1cd7444b09a7f922b611d5cc8 - - - -] 10.0.0.97 "DELETE /v2.0/ports/99c223c8-ad0d-4e37-a20e-99955e6f8c68 HTTP/1.1" status: 204 len: 168 time: 0.4099181
2026-04-28 08:45:10.873 10 INFO neutron.db.ovn_revision_numbers_db [None req-dc5f9b1f-f283-4ab6-b895-f47955ecc730 35abf86c9d5a4972b3aac6469cda9992 93fe63d8f61c4b78a20633935b3fac22 - - - -] Successfully bumped revision number for resource 67a840bd-1463-49ed-bea6-eff9669ae4df (type: router_ports) to 2
2026-04-28 08:45:10.876 10 INFO neutron.wsgi [None req-dc5f9b1f-f283-4ab6-b895-f47955ecc730 35abf86c9d5a4972b3aac6469cda9992 93fe63d8f61c4b78a20633935b3fac22 - - - -] 10.0.0.97 "PUT /v2.0/routers/a45c827b-5fa0-40ec-80e8-172121d1a90c/add_router_interface HTTP/1.1" status: 200 len: 503 time: 1.9877079
2026-04-28 08:45:10.911 10 INFO neutron.wsgi [None req-81c9b607-d623-4ab7-befa-b86e98c828bb 35abf86c9d5a4972b3aac6469cda9992 93fe63d8f61c4b78a20633935b3fac22 - - default default] 10.0.0.97 "GET /v2.0/ports/67a840bd-1463-49ed-bea6-eff9669ae4df HTTP/1.1" status: 200 len: 1135 time: 0.0298817
2026-04-28 08:45:11.094 10 INFO neutron.wsgi [None req-b8188970-5753-43e3-adf4-c7955552b135 c71fc5b2901c41aabc93298b03ff2c18 a7b2808ed2f64e809ea506dc6ab75bc0 - - - -] 10.0.0.97 "POST /v2.0/subnetpools HTTP/1.1" status: 201 len: 748 time: 0.2549002
2026-04-28 08:45:11.143 9 INFO neutron.wsgi [None req-5cf709f6-0319-42b0-9cd5-d84456714121 c71fc5b2901c41aabc93298b03ff2c18 a7b2808ed2f64e809ea506dc6ab75bc0 - - default default] 10.0.0.97 "GET /v2.0/subnetpools/3181c511-f0a8-48ed-957d-ac9ff1ee1f90 HTTP/1.1" status: 200 len: 743 time: 0.0383205
2026-04-28 08:45:11.154 9 INFO neutron.wsgi [None req-519db40a-f7c3-40b5-991c-aca6ccdd7f6d 4d32c6782ea74751b069b23a89bc50d5 4e1da802a58549a5bb460fee07351118 - - - -] 10.0.0.97 "DELETE /v2.0/floatingips/0d7013c6-9614-4b36-8340-a8bc641ee236 HTTP/1.1" status: 204 len: 168 time: 0.5486810
2026-04-28 08:45:11.190 9 INFO neutron.wsgi [None req-3e1e8996-fe05-48b7-bab8-23361724b37d cd07317fceb54aef8005737e08ff0eb9 8664b5a1cd7444b09a7f922b611d5cc8 - - - -] 10.0.0.97 "DELETE /v2.0/ports/b29f2fc0-1c34-4849-b67b-2caa36f8ec08 HTTP/1.1" status: 204 len: 168 time: 0.4827995
2026-04-28 08:45:11.280 10 INFO neutron.wsgi [None req-83ac7f68-ca05-45ab-b1de-8fb9577002fc c71fc5b2901c41aabc93298b03ff2c18 a7b2808ed2f64e809ea506dc6ab75bc0 - - - -] 10.0.0.97 "PUT /v2.0/subnetpools/3181c511-f0a8-48ed-957d-ac9ff1ee1f90 HTTP/1.1" status: 200 len: 693 time: 0.1284966
2026-04-28 08:45:11.313 9 INFO neutron.wsgi [None req-a58ae2f6-1ab6-4158-abc2-3b63552a4804 cd07317fceb54aef8005737e08ff0eb9 8664b5a1cd7444b09a7f922b611d5cc8 - - default default] 10.0.0.97 "GET /v2.0/ports?device_id=152d3515-b1f0-4b99-a53a-78685a3eb360 HTTP/1.1" status: 200 len: 1140 time: 0.1182241
2026-04-28 08:45:11.370 9 INFO neutron.wsgi [None req-16657117-7afc-43e6-9083-de7512aa5abd c71fc5b2901c41aabc93298b03ff2c18 a7b2808ed2f64e809ea506dc6ab75bc0 - - - -] 10.0.0.97 "DELETE /v2.0/subnetpools/3181c511-f0a8-48ed-957d-ac9ff1ee1f90 HTTP/1.1" status: 204 len: 168 time: 0.0823815
2026-04-28 08:45:11.392 9 INFO neutron.api.v2.resource [None req-a7f00e73-80d4-41f5-9c72-57d869ef3121 c71fc5b2901c41aabc93298b03ff2c18 a7b2808ed2f64e809ea506dc6ab75bc0 - - default default] show failed (client error): The resource could not be found.
2026-04-28 08:45:11.394 9 INFO neutron.wsgi [None req-a7f00e73-80d4-41f5-9c72-57d869ef3121 c71fc5b2901c41aabc93298b03ff2c18 a7b2808ed2f64e809ea506dc6ab75bc0 - - default default] 10.0.0.97 "GET /v2.0/subnetpools/3181c511-f0a8-48ed-957d-ac9ff1ee1f90 HTTP/1.1" status: 404 len: 346 time: 0.0162930
2026-04-28 08:45:11.417 9 INFO neutron.api.v2.resource [None req-8812b85f-b243-4392-8c88-b6ab6b51e98c c71fc5b2901c41aabc93298b03ff2c18 a7b2808ed2f64e809ea506dc6ab75bc0 - - - -] delete failed (client error): The resource could not be found.
2026-04-28 08:45:11.419 9 INFO neutron.wsgi [None req-8812b85f-b243-4392-8c88-b6ab6b51e98c c71fc5b2901c41aabc93298b03ff2c18 a7b2808ed2f64e809ea506dc6ab75bc0 - - - -] 10.0.0.97 "DELETE /v2.0/subnetpools/3181c511-f0a8-48ed-957d-ac9ff1ee1f90 HTTP/1.1" status: 404 len: 346 time: 0.0190818
2026-04-28 08:45:11.536 10 WARNING neutron.scheduler.dhcp_agent_scheduler [None req-49a8eaf2-0010-46a7-b1a4-48915219e72b 35abf86c9d5a4972b3aac6469cda9992 93fe63d8f61c4b78a20633935b3fac22 - - default default] No more DHCP agents
2026-04-28 08:45:11.539 10 WARNING neutron.api.rpc.agentnotifiers.dhcp_rpc_agent_api [None req-49a8eaf2-0010-46a7-b1a4-48915219e72b 35abf86c9d5a4972b3aac6469cda9992 93fe63d8f61c4b78a20633935b3fac22 - - default default] Unable to schedule network 0b1ccca0-b8e1-4467-a9e7-603c9e233149: no agents available; will retry on subsequent port and subnet creation events.
2026-04-28 08:45:12.244 10 INFO neutron.db.ovn_revision_numbers_db [None req-49a8eaf2-0010-46a7-b1a4-48915219e72b 35abf86c9d5a4972b3aac6469cda9992 93fe63d8f61c4b78a20633935b3fac22 - - default default] Successfully bumped revision number for resource a945c4d4-bd0b-40a6-903c-d57a02fb9d57 (type: ports) to 1
2026-04-28 08:45:12.343 9 INFO neutron.db.ovn_revision_numbers_db [None req-2739c57a-31f7-45e5-824c-23600230a738 be7af2ea64464ae8a3e1a90975d0fcd1 1eef8dfb62c743bd99e9773b1eac5fdd - - default default] Successfully bumped revision number for resource 75897e2b-86f8-454b-aa90-db00203c0c6f (type: security_groups) to 1
2026-04-28 08:45:12.377 9 INFO neutron.wsgi [None req-2739c57a-31f7-45e5-824c-23600230a738 be7af2ea64464ae8a3e1a90975d0fcd1 1eef8dfb62c743bd99e9773b1eac5fdd - - default default] 10.0.0.97 "GET /v2.0/security-groups?tenant_id=a7b2808ed2f64e809ea506dc6ab75bc0&name=default HTTP/1.1" status: 200 len: 2996 time: 0.3602526
2026-04-28 08:45:12.403 9 INFO neutron.db.ovn_revision_numbers_db [None req-93844eca-1968-4df2-a8ce-be9eb98d71f0 be7af2ea64464ae8a3e1a90975d0fcd1 1eef8dfb62c743bd99e9773b1eac5fdd - - default default] Successfully bumped revision number for resource 5ea06887-282d-4215-9d7f-d617d85d3139 (type: security_groups) to 1
2026-04-28 08:45:12.431 9 INFO neutron.wsgi [None req-93844eca-1968-4df2-a8ce-be9eb98d71f0 be7af2ea64464ae8a3e1a90975d0fcd1 1eef8dfb62c743bd99e9773b1eac5fdd - - default default] 10.0.0.97 "GET /v2.0/security-groups?tenant_id=4e1da802a58549a5bb460fee07351118&name=default HTTP/1.1" status: 200 len: 2996 time: 0.3331754
2026-04-28 08:45:12.588 10 WARNING neutron.plugins.ml2.drivers.ovn.mech_driver.ovsdb.ovn_client [None req-74fc8ed6-ce4d-4b22-91b4-59943f7cf4e5 - - - - - -] No port found with ID 9855039f-8ffc-4833-9ecc-2c27084f6d28: RuntimeError: No port found with ID 9855039f-8ffc-4833-9ecc-2c27084f6d28
2026-04-28 08:45:12.666 9 INFO neutron.wsgi [None req-46822d01-c9ba-4a5a-8459-2d3e33c33e01 be7af2ea64464ae8a3e1a90975d0fcd1 1eef8dfb62c743bd99e9773b1eac5fdd - - - -] 10.0.0.97 "DELETE /v2.0/security-groups/75897e2b-86f8-454b-aa90-db00203c0c6f HTTP/1.1" status: 204 len: 168 time: 0.2813630
2026-04-28 08:45:12.737 9 INFO neutron.wsgi [None req-1da053be-9a58-4ca9-83b1-4211317e9b24 be7af2ea64464ae8a3e1a90975d0fcd1 1eef8dfb62c743bd99e9773b1eac5fdd - - - -] 10.0.0.97 "DELETE /v2.0/security-groups/5ea06887-282d-4215-9d7f-d617d85d3139 HTTP/1.1" status: 204 len: 168 time: 0.2991951
2026-04-28 08:45:12.895 10 INFO neutron.plugins.ml2.drivers.ovn.mech_driver.mech_driver [None req-74fc8ed6-ce4d-4b22-91b4-59943f7cf4e5 - - - - - -] OVN reports status up for port: 67a840bd-1463-49ed-bea6-eff9669ae4df
2026-04-28 08:45:12.908 10 INFO neutron.plugins.ml2.plugin [None req-74fc8ed6-ce4d-4b22-91b4-59943f7cf4e5 - - - - - -] Attempt 1 to provision port 67a840bd-1463-49ed-bea6-eff9669ae4df
2026-04-28 08:45:13.039 9 INFO neutron.db.ovn_revision_numbers_db [None req-018052cd-2f51-4819-9f72-7ea6cee6bcfc be7af2ea64464ae8a3e1a90975d0fcd1 1eef8dfb62c743bd99e9773b1eac5fdd - - default default] Successfully bumped revision number for resource 2f31bbee-5712-4a21-a90c-558174287de1 (type: security_groups) to 1
2026-04-28 08:45:13.071 9 INFO neutron.wsgi [None req-018052cd-2f51-4819-9f72-7ea6cee6bcfc be7af2ea64464ae8a3e1a90975d0fcd1 1eef8dfb62c743bd99e9773b1eac5fdd - - default default] 10.0.0.97 "GET /v2.0/security-groups?tenant_id=6ad752a72ffe49d3b1acd03222a2e7ca&name=default HTTP/1.1" status: 200 len: 2996 time: 0.1353528
2026-04-28 08:45:13.299 9 INFO neutron.plugins.ml2.drivers.ovn.mech_driver.mech_driver [None req-9a061168-b450-4db2-92b5-5da1f06e632f - - - - - -] OVN reports status up for port: a945c4d4-bd0b-40a6-903c-d57a02fb9d57
2026-04-28 08:45:13.314 9 INFO neutron.plugins.ml2.plugin [None req-9a061168-b450-4db2-92b5-5da1f06e632f - - - - - -] Attempt 1 to provision port a945c4d4-bd0b-40a6-903c-d57a02fb9d57
2026-04-28 08:45:13.349 10 INFO neutron.db.ovn_revision_numbers_db [None req-49a8eaf2-0010-46a7-b1a4-48915219e72b 35abf86c9d5a4972b3aac6469cda9992 93fe63d8f61c4b78a20633935b3fac22 - - default default] Successfully bumped revision number for resource a945c4d4-bd0b-40a6-903c-d57a02fb9d57 (type: router_ports) to 2
2026-04-28 08:45:13.360 9 INFO neutron.wsgi [None req-3072eda7-0989-48f2-a25b-e9c1034d8608 be7af2ea64464ae8a3e1a90975d0fcd1 1eef8dfb62c743bd99e9773b1eac5fdd - - - -] 10.0.0.97 "DELETE /v2.0/security-groups/2f31bbee-5712-4a21-a90c-558174287de1 HTTP/1.1" status: 204 len: 168 time: 0.2840731 /var/lib/openstack/lib/python3.10/site-packages/pycadf/identifier.py:71: UserWarning: Invalid uuid: neutron. To ensure interoperability, identifiers should be a valid uuid. warnings.warn(('Invalid uuid: %s. To ensure interoperability, '
2026-04-28 08:45:13.554 10 INFO neutron.db.ovn_revision_numbers_db [None req-74fc8ed6-ce4d-4b22-91b4-59943f7cf4e5 - - - - - -] Successfully bumped revision number for resource 67a840bd-1463-49ed-bea6-eff9669ae4df (type: ports) to 3
2026-04-28 08:45:13.656 9 INFO neutron.db.ovn_revision_numbers_db [None req-9a061168-b450-4db2-92b5-5da1f06e632f - - - - - -] Successfully bumped revision number for resource a945c4d4-bd0b-40a6-903c-d57a02fb9d57 (type: ports) to 3
2026-04-28 08:45:13.705 10 INFO neutron.wsgi [None req-2ae14742-3249-4c3d-9f58-343ac266569c cd07317fceb54aef8005737e08ff0eb9 8664b5a1cd7444b09a7f922b611d5cc8 - - - -] 10.0.0.97 "PUT /v2.0/routers/152d3515-b1f0-4b99-a53a-78685a3eb360/remove_router_interface HTTP/1.1" status: 200 len: 503 time: 2.3856525
2026-04-28 08:45:13.764 10 ERROR ovsdbapp.backend.ovs_idl.transaction [None req-49a8eaf2-0010-46a7-b1a4-48915219e72b 35abf86c9d5a4972b3aac6469cda9992 93fe63d8f61c4b78a20633935b3fac22 - - default default]
Traceback (most recent call last): File "/var/lib/openstack/lib/python3.10/site-packages/ovsdbapp/backend/ovs_idl/connection.py", line 118, in run txn.results.put(txn.do_commit())
File "/var/lib/openstack/lib/python3.10/site-packages/ovsdbapp/backend/ovs_idl/transaction.py", line 92, in do_commit command.run_idl(txn)
File "/var/lib/openstack/lib/python3.10/site-packages/neutron/plugins/ml2/drivers/ovn/mech_driver/ovsdb/commands.py", line 801, in run_idl raise ovn_exc.RevisionConflict( neutron.common.ovn.exceptions.RevisionConflict: OVN revision number for a945c4d4-bd0b-40a6-903c-d57a02fb9d57 (type: ports) is equal or higher than the given resource. Skipping update 
2026-04-28 08:45:13.764 10 INFO neutron.plugins.ml2.drivers.ovn.mech_driver.ovsdb.impl_idl_ovn [None req-49a8eaf2-0010-46a7-b1a4-48915219e72b 35abf86c9d5a4972b3aac6469cda9992 93fe63d8f61c4b78a20633935b3fac22 - - default default] Transaction aborted. Reason: OVN revision number for a945c4d4-bd0b-40a6-903c-d57a02fb9d57 (type: ports) is equal or higher than the given resource. Skipping update
2026-04-28 08:45:13.841 9 INFO neutron.db.ovn_revision_numbers_db [None req-9a061168-b450-4db2-92b5-5da1f06e632f - - - - - -] Successfully bumped revision number for resource a945c4d4-bd0b-40a6-903c-d57a02fb9d57 (type: router_ports) to 3
2026-04-28 08:45:13.850 10 INFO neutron.db.ovn_revision_numbers_db [None req-ce14b229-8b01-4e6f-9dda-d5b59f6e78ba be7af2ea64464ae8a3e1a90975d0fcd1 1eef8dfb62c743bd99e9773b1eac5fdd - - default default] Successfully bumped revision number for resource 9e7d863a-d663-4790-a2a4-ed4a32153c6c (type: security_groups) to 1
2026-04-28 08:45:13.878 10 INFO neutron.db.ovn_revision_numbers_db [None req-74fc8ed6-ce4d-4b22-91b4-59943f7cf4e5 - - - - - -] Successfully bumped revision number for resource 67a840bd-1463-49ed-bea6-eff9669ae4df (type: router_ports) to 3
2026-04-28 08:45:13.893 10 INFO neutron.wsgi [None req-ce14b229-8b01-4e6f-9dda-d5b59f6e78ba be7af2ea64464ae8a3e1a90975d0fcd1 1eef8dfb62c743bd99e9773b1eac5fdd - - default default] 10.0.0.97 "GET /v2.0/security-groups?tenant_id=4d0222e832b04e2db79ebb6a87267311&name=default HTTP/1.1" status: 200 len: 2996 time: 0.4015880
2026-04-28 08:45:13.895 10 WARNING neutron.scheduler.dhcp_agent_scheduler [None req-49a8eaf2-0010-46a7-b1a4-48915219e72b 35abf86c9d5a4972b3aac6469cda9992 93fe63d8f61c4b78a20633935b3fac22 - - default default] No more DHCP agents
2026-04-28 08:45:13.897 10 WARNING neutron.api.rpc.agentnotifiers.dhcp_rpc_agent_api [None req-49a8eaf2-0010-46a7-b1a4-48915219e72b 35abf86c9d5a4972b3aac6469cda9992 93fe63d8f61c4b78a20633935b3fac22 - - default default] Unable to schedule network 0b1ccca0-b8e1-4467-a9e7-603c9e233149: no agents available; will retry on subsequent port and subnet creation events.
2026-04-28 08:45:14.076 10 INFO neutron.db.ovn_revision_numbers_db [None req-49a8eaf2-0010-46a7-b1a4-48915219e72b 35abf86c9d5a4972b3aac6469cda9992 93fe63d8f61c4b78a20633935b3fac22 - - - -] Successfully bumped revision number for resource a945c4d4-bd0b-40a6-903c-d57a02fb9d57 (type: router_ports) to 3
2026-04-28 08:45:14.079 10 INFO neutron.wsgi [None req-49a8eaf2-0010-46a7-b1a4-48915219e72b 35abf86c9d5a4972b3aac6469cda9992 93fe63d8f61c4b78a20633935b3fac22 - - - -] 10.0.0.97 "PUT /v2.0/routers/a45c827b-5fa0-40ec-80e8-172121d1a90c/add_router_interface HTTP/1.1" status: 200 len: 503 time: 3.1636353 /var/lib/openstack/lib/python3.10/site-packages/pycadf/identifier.py:71: UserWarning: Invalid uuid: neutron. To ensure interoperability, identifiers should be a valid uuid. warnings.warn(('Invalid uuid: %s. To ensure interoperability, '
2026-04-28 08:45:14.179 10 INFO neutron.wsgi [None req-17a0095b-8eba-42ef-a75f-d91f14a97b4e 35abf86c9d5a4972b3aac6469cda9992 93fe63d8f61c4b78a20633935b3fac22 - - default default] 10.0.0.97 "GET /v2.0/ports/a945c4d4-bd0b-40a6-903c-d57a02fb9d57 HTTP/1.1" status: 200 len: 1137 time: 0.0948651
2026-04-28 08:45:14.228 10 INFO neutron.wsgi [None req-1ac0cf7a-483f-4b13-8c33-c117e0a5bc66 35abf86c9d5a4972b3aac6469cda9992 93fe63d8f61c4b78a20633935b3fac22 - - default default] 10.0.0.97 "GET /v2.0/ports/a945c4d4-bd0b-40a6-903c-d57a02fb9d57 HTTP/1.1" status: 200 len: 1137 time: 0.0412619
2026-04-28 08:45:14.492 9 INFO neutron.wsgi [None req-af73db44-43b1-447e-a335-64322c2ad0cd be7af2ea64464ae8a3e1a90975d0fcd1 1eef8dfb62c743bd99e9773b1eac5fdd - - - -] 10.0.0.97 "DELETE /v2.0/security-groups/9e7d863a-d663-4790-a2a4-ed4a32153c6c HTTP/1.1" status: 204 len: 168 time: 0.5904460
2026-04-28 08:45:14.635 9 INFO neutron.wsgi [-] 10.0.0.97 "GET / HTTP/1.1" status: 200 len: 279 time: 0.0014997
2026-04-28 08:45:14.732 9 INFO neutron.wsgi [None req-98f3234a-2ab8-4785-bd83-4b5e3a0a6f19 cd07317fceb54aef8005737e08ff0eb9 8664b5a1cd7444b09a7f922b611d5cc8 - - - -] 10.0.0.97 "DELETE /v2.0/routers/152d3515-b1f0-4b99-a53a-78685a3eb360 HTTP/1.1" status: 204 len: 168 time: 1.0210400
2026-04-28 08:45:14.933 9 INFO neutron.wsgi [None req-9f1be9c9-9c5d-438f-b0f8-d476fb678124 cd07317fceb54aef8005737e08ff0eb9 8664b5a1cd7444b09a7f922b611d5cc8 - - - -] 10.0.0.97 "DELETE /v2.0/subnets/1e095c30-6b04-42bc-b5a1-5cbc39f58d61 HTTP/1.1" status: 204 len: 168 time: 0.1958447
2026-04-28 08:45:15.119 9 INFO neutron.wsgi [-] 10.0.0.245 "GET / HTTP/1.1" status: 200 len: 247 time: 0.0017674
2026-04-28 08:45:15.121 9 INFO neutron.wsgi [-] 10.0.0.245 "GET / HTTP/1.1" status: 200 len: 247 time: 0.0009265
2026-04-28 08:45:15.150 10 INFO neutron.wsgi [None req-ceff4435-3a42-406f-83e7-18516a7b1d26 8a68738a796c4c81be75a32a040d7e0b a5970e5fb94548bda5c0f0957ed67bf9 - - default default] 10.0.0.97 "GET /v2.0/ HTTP/1.1" status: 200 len: 826 time: 0.5081625
2026-04-28 08:45:15.342 9 INFO neutron.services.segments.plugin [-] Segment 7f5c4703-b5c8-48c5-8aa8-6612d2b48215 resource provider aggregate not found
2026-04-28 08:45:15.349 9 INFO neutron.services.segments.plugin [-] Segment 7f5c4703-b5c8-48c5-8aa8-6612d2b48215 resource provider aggregate not found
2026-04-28 08:45:15.373 9 INFO neutron.services.segments.plugin [-] Segment 7f5c4703-b5c8-48c5-8aa8-6612d2b48215 resource provider not found; error: Placement Client Error (4xx): {"errors": [{"status": 404, "title": "Not Found", "detail": "The resource could not be found.\n\n No resource provider with uuid 7f5c4703-b5c8-48c5-8aa8-6612d2b48215 found for delete ", "request_id": "req-3531a908-851f-4ab4-a6bb-7e75637d0c62"}]}
2026-04-28 08:45:15.373 9 INFO neutron.services.segments.plugin [-] Segment 7f5c4703-b5c8-48c5-8aa8-6612d2b48215 resource provider not found; error: Placement Client Error (4xx): {"errors": [{"status": 404, "title": "Not Found", "detail": "The resource could not be found.\n\n No resource provider with uuid 7f5c4703-b5c8-48c5-8aa8-6612d2b48215 found for delete ", "request_id": "req-bca77412-5257-4372-aec3-1b893a839d5e"}]}
2026-04-28 08:45:15.411 9 INFO neutron.wsgi [None req-e3409d56-3525-4214-962b-2a2494876ebc cd07317fceb54aef8005737e08ff0eb9 8664b5a1cd7444b09a7f922b611d5cc8 - - - -] 10.0.0.97 "DELETE /v2.0/networks/fb9c099c-f399-4fc0-bd36-a3f07c1df78c HTTP/1.1" status: 204 len: 168 time: 0.4725239
2026-04-28 08:45:15.414 10 INFO neutron.wsgi [None req-6d676fd5-6e9a-4549-b678-9583eef9356b 35abf86c9d5a4972b3aac6469cda9992 93fe63d8f61c4b78a20633935b3fac22 - - - -] 10.0.0.97 "PUT /v2.0/routers/a45c827b-5fa0-40ec-80e8-172121d1a90c/remove_router_interface HTTP/1.1" status: 200 len: 503 time: 1.1814651
2026-04-28 08:45:15.512 9 INFO neutron.wsgi [None req-9c2d1a52-99f9-4dd3-abdc-a4506c7dd0dd 35abf86c9d5a4972b3aac6469cda9992 93fe63d8f61c4b78a20633935b3fac22 - - default default] 10.0.0.97 "GET /v2.0/ports/67a840bd-1463-49ed-bea6-eff9669ae4df HTTP/1.1" status: 200 len: 1137 time: 0.0911794 /var/lib/openstack/lib/python3.10/site-packages/pycadf/identifier.py:71: UserWarning: Invalid uuid: neutron. To ensure interoperability, identifiers should be a valid uuid. warnings.warn(('Invalid uuid: %s. To ensure interoperability, '
2026-04-28 08:45:15.886 10 INFO neutron.db.ovn_revision_numbers_db [None req-a106568c-23dc-4148-8ad3-08ee050b0405 be7af2ea64464ae8a3e1a90975d0fcd1 1eef8dfb62c743bd99e9773b1eac5fdd - - default default] Successfully bumped revision number for resource 8aa98c67-4364-42a7-8682-20c75cc1e871 (type: security_groups) to 1
2026-04-28 08:45:15.907 10 INFO neutron.wsgi [None req-a106568c-23dc-4148-8ad3-08ee050b0405 be7af2ea64464ae8a3e1a90975d0fcd1 1eef8dfb62c743bd99e9773b1eac5fdd - - default default] 10.0.0.97 "GET /v2.0/security-groups?tenant_id=a5970e5fb94548bda5c0f0957ed67bf9&name=default HTTP/1.1" status: 200 len: 2996 time: 0.2737424
2026-04-28 08:45:16.027 10 INFO neutron.wsgi [None req-5734345f-dc2b-4c44-9004-fa28e1e53b8d be7af2ea64464ae8a3e1a90975d0fcd1 1eef8dfb62c743bd99e9773b1eac5fdd - - default default] 10.0.0.97 "GET /v2.0/security-groups?tenant_id=8664b5a1cd7444b09a7f922b611d5cc8&name=default HTTP/1.1" status: 200 len: 2996 time: 0.1536350
2026-04-28 08:45:16.187 10 INFO neutron.wsgi [None req-0f3fe234-abaf-45fc-a30f-3386108015d1 be7af2ea64464ae8a3e1a90975d0fcd1 1eef8dfb62c743bd99e9773b1eac5fdd - - - -] 10.0.0.97 "DELETE /v2.0/security-groups/8aa98c67-4364-42a7-8682-20c75cc1e871 HTTP/1.1" status: 204 len: 168 time: 0.2732580
2026-04-28 08:45:16.297 10 INFO neutron.wsgi [None req-319730ca-6a1c-40a6-92e7-b5514376dd00 be7af2ea64464ae8a3e1a90975d0fcd1 1eef8dfb62c743bd99e9773b1eac5fdd - - - -] 10.0.0.97 "DELETE /v2.0/security-groups/f9524fa2-7d8a-4a4c-b8e2-f76623f5cfdb HTTP/1.1" status: 204 len: 168 time: 0.2630382
2026-04-28 08:45:16.382 9 INFO neutron.wsgi [None req-1cca9c9a-84b7-4207-8e53-54a68be595dd 35abf86c9d5a4972b3aac6469cda9992 93fe63d8f61c4b78a20633935b3fac22 - - - -] 10.0.0.97 "PUT /v2.0/routers/a45c827b-5fa0-40ec-80e8-172121d1a90c/remove_router_interface HTTP/1.1" status: 200 len: 503 time: 0.8621981
2026-04-28 08:45:16.417 10 INFO neutron.wsgi [None req-7f4f5100-7cd6-4ff9-904b-023740290552 35abf86c9d5a4972b3aac6469cda9992 93fe63d8f61c4b78a20633935b3fac22 - - default default] 10.0.0.97 "GET /v2.0/ports?device_id=a45c827b-5fa0-40ec-80e8-172121d1a90c HTTP/1.1" status: 200 len: 205 time: 0.0290418
2026-04-28 08:45:16.721 10 INFO neutron.wsgi [None req-9f7d034d-b5c3-48a2-94c7-f9a1c02e198c 35abf86c9d5a4972b3aac6469cda9992 93fe63d8f61c4b78a20633935b3fac22 - - - -] 10.0.0.97 "DELETE /v2.0/routers/a45c827b-5fa0-40ec-80e8-172121d1a90c HTTP/1.1" status: 204 len: 168 time: 0.2980945
2026-04-28 08:45:16.973 10 INFO neutron.wsgi [None req-c120cd8b-dd80-44cf-979d-9d78e5d1fdf5 35abf86c9d5a4972b3aac6469cda9992 93fe63d8f61c4b78a20633935b3fac22 - - - -] 10.0.0.97 "DELETE /v2.0/subnets/7f14cd51-2ba8-4c0f-a5c1-68755e754f8c HTTP/1.1" status: 204 len: 168 time: 0.2453427
2026-04-28 08:45:17.216 10 INFO neutron.wsgi [None req-38d467a8-96c2-4c7b-81ef-f6e6c8c0306c 35abf86c9d5a4972b3aac6469cda9992 93fe63d8f61c4b78a20633935b3fac22 - - - -] 10.0.0.97 "DELETE /v2.0/subnets/2d381b61-f3be-4a17-9c57-6019bcae539e HTTP/1.1" status: 204 len: 168 time: 0.2357798
2026-04-28 08:45:17.673 10 INFO neutron.services.segments.plugin [-] Segment ad42f8f7-8615-42fb-8d3e-892f118dfa72 resource provider aggregate not found
2026-04-28 08:45:17.681 10 INFO neutron.services.segments.plugin [-] Segment ad42f8f7-8615-42fb-8d3e-892f118dfa72 resource provider aggregate not found
2026-04-28 08:45:17.706 10 INFO neutron.services.segments.plugin [-] Segment ad42f8f7-8615-42fb-8d3e-892f118dfa72 resource provider not found; error: Placement Client Error (4xx): {"errors": [{"status": 404, "title": "Not Found", "detail": "The resource could not be found.\n\n No resource provider with uuid ad42f8f7-8615-42fb-8d3e-892f118dfa72 found for delete ", "request_id": "req-a2750fd4-fdbc-4510-a646-072cd2984b68"}]}
2026-04-28 08:45:17.707 10 INFO neutron.services.segments.plugin [-] Segment ad42f8f7-8615-42fb-8d3e-892f118dfa72 resource provider not found; error: Placement Client Error (4xx): {"errors": [{"status": 404, "title": "Not Found", "detail": "The resource could not be found.\n\n No resource provider with uuid ad42f8f7-8615-42fb-8d3e-892f118dfa72 found for delete ", "request_id": "req-741b1e0c-45a7-4cec-93b8-2ba189a72e77"}]}
2026-04-28 08:45:17.741 10 INFO neutron.wsgi [None req-eb7f4f96-c1ee-4f5d-a85e-4d122430fd33 35abf86c9d5a4972b3aac6469cda9992 93fe63d8f61c4b78a20633935b3fac22 - - - -] 10.0.0.97 "DELETE /v2.0/networks/0b1ccca0-b8e1-4467-a9e7-603c9e233149 HTTP/1.1" status: 204 len: 168 time: 0.5135531 /var/lib/openstack/lib/python3.10/site-packages/pycadf/identifier.py:71: UserWarning: Invalid uuid: neutron. To ensure interoperability, identifiers should be a valid uuid. warnings.warn(('Invalid uuid: %s. To ensure interoperability, '
2026-04-28 08:45:18.172 9 INFO neutron.services.segments.plugin [-] Segment aa73df01-7a96-4e90-8405-6d6babd81e3d resource provider aggregate not found
2026-04-28 08:45:18.177 9 INFO neutron.services.segments.plugin [-] Segment aa73df01-7a96-4e90-8405-6d6babd81e3d resource provider aggregate not found
2026-04-28 08:45:18.204 9 INFO neutron.services.segments.plugin [-] Segment aa73df01-7a96-4e90-8405-6d6babd81e3d resource provider not found; error: Placement Client Error (4xx): {"errors": [{"status": 404, "title": "Not Found", "detail": "The resource could not be found.\n\n No resource provider with uuid aa73df01-7a96-4e90-8405-6d6babd81e3d found for delete ", "request_id": "req-9166c2af-d2ce-4196-a08d-b0a47649f804"}]}
2026-04-28 08:45:18.206 9 INFO neutron.services.segments.plugin [-] Segment aa73df01-7a96-4e90-8405-6d6babd81e3d resource provider not found; error: Placement Client Error (4xx): {"errors": [{"status": 404, "title": "Not Found", "detail": "The resource could not be found.\n\n No resource provider with uuid aa73df01-7a96-4e90-8405-6d6babd81e3d found for delete ", "request_id": "req-85d62aa0-1322-405d-b64d-ff864148a6c4"}]}
2026-04-28 08:45:18.235 9 INFO neutron.wsgi [None req-619fc0bf-e5fa-424e-921b-08f953097c4d 35abf86c9d5a4972b3aac6469cda9992 93fe63d8f61c4b78a20633935b3fac22 - - - -] 10.0.0.97 "DELETE /v2.0/networks/ee96c77e-1804-42bb-bbe6-a3e50696794b HTTP/1.1" status: 204 len: 168 time: 0.4838533
2026-04-28 08:45:18.345 10 INFO neutron.db.segments_db [None req-cafc4e3e-6718-4e71-bb46-4f2e58094d29 35abf86c9d5a4972b3aac6469cda9992 93fe63d8f61c4b78a20633935b3fac22 - - - -] Added segment cd292fde-98db-4290-a960-5ecaf990be3c of type geneve for network 0c201f9d-b655-45a2-976c-6f8e453ad77e
2026-04-28 08:45:18.460 9 WARNING neutron.plugins.ml2.drivers.ovn.mech_driver.ovsdb.ovn_client [None req-9a061168-b450-4db2-92b5-5da1f06e632f - - - - - -] No port found with ID a945c4d4-bd0b-40a6-903c-d57a02fb9d57: RuntimeError: No port found with ID a945c4d4-bd0b-40a6-903c-d57a02fb9d57
