2026-04-28 08:43:14.652 9 WARNING neutron.api.rpc.agentnotifiers.dhcp_rpc_agent_api [None req-96896a0f-1449-4ecd-aa41-b36a648ca8dc 88ddef2a71f044758c189c40353b185b b2e6ed6a2fde41a38c1d597443487fe5 - - - -] Unable to schedule network 0aa34039-32bf-4afa-b008-a52a32dd4f11: no agents available; will retry on subsequent port and subnet creation events.
2026-04-28 08:43:14.990 9 INFO neutron.db.ovn_revision_numbers_db [None req-96896a0f-1449-4ecd-aa41-b36a648ca8dc 88ddef2a71f044758c189c40353b185b b2e6ed6a2fde41a38c1d597443487fe5 - - - -] Successfully bumped revision number for resource d6c497d4-7d33-4b6a-9076-bb61edd9e712 (type: floatingips) to 0
2026-04-28 08:43:15.004 9 INFO neutron.wsgi [None req-96896a0f-1449-4ecd-aa41-b36a648ca8dc 88ddef2a71f044758c189c40353b185b b2e6ed6a2fde41a38c1d597443487fe5 - - - -] 10.0.0.97 "POST /v2.0/floatingips HTTP/1.1" status: 201 len: 751 time: 0.6972892
2026-04-28 08:43:15.119 9 INFO neutron.wsgi [-] 10.0.0.245 "GET / HTTP/1.1" status: 200 len: 247 time: 0.0025530
2026-04-28 08:43:15.122 9 INFO neutron.wsgi [-] 10.0.0.245 "GET / HTTP/1.1" status: 200 len: 247 time: 0.0017023
2026-04-28 08:43:15.219 10 WARNING neutron.scheduler.dhcp_agent_scheduler [None req-718c4932-6c68-4dc3-948b-e288acae1388 024f29f24a5540f6a34a4c0648b979e8 10d9c075b59a40ec98e42ab9e40ab335 - - - -] No more DHCP agents
2026-04-28 08:43:15.222 10 WARNING neutron.api.rpc.agentnotifiers.dhcp_rpc_agent_api [None req-718c4932-6c68-4dc3-948b-e288acae1388 024f29f24a5540f6a34a4c0648b979e8 10d9c075b59a40ec98e42ab9e40ab335 - - - -] Unable to schedule network 0aa34039-32bf-4afa-b008-a52a32dd4f11: no agents available; will retry on subsequent port and subnet creation events.
2026-04-28 08:43:15.590 10 INFO neutron.db.ovn_revision_numbers_db [None req-718c4932-6c68-4dc3-948b-e288acae1388 024f29f24a5540f6a34a4c0648b979e8 10d9c075b59a40ec98e42ab9e40ab335 - - - -] Successfully bumped revision number for resource 6a6e128b-0540-454f-814d-ea3414e8a93e (type: floatingips) to 0
2026-04-28 08:43:15.599 9 INFO neutron.plugins.ml2.drivers.ovn.mech_driver.ovsdb.ovsdb_monitor [None req-603d9b5f-1667-4695-a70e-f70ac67b2e12 - - - - - -] Router e9509f1c-6724-4c3d-bba2-3b44726a6e35 is bound to host instance
2026-04-28 08:43:15.604 10 INFO neutron.db.ovn_revision_numbers_db [None req-d2bb2b6e-e137-4db3-ba3d-3e8bf23bd20c be7af2ea64464ae8a3e1a90975d0fcd1 1eef8dfb62c743bd99e9773b1eac5fdd - - - -] Successfully bumped revision number for resource 304bb851-46f8-49eb-9ad9-9d72df2249fd (type: router_ports) to 1
2026-04-28 08:43:15.609 10 INFO neutron.wsgi [None req-718c4932-6c68-4dc3-948b-e288acae1388 024f29f24a5540f6a34a4c0648b979e8 10d9c075b59a40ec98e42ab9e40ab335 - - - -] 10.0.0.97 "POST /v2.0/floatingips HTTP/1.1" status: 201 len: 751 time: 0.9775922
2026-04-28 08:43:15.686 10 INFO neutron.db.ovn_revision_numbers_db [None req-d2bb2b6e-e137-4db3-ba3d-3e8bf23bd20c be7af2ea64464ae8a3e1a90975d0fcd1 1eef8dfb62c743bd99e9773b1eac5fdd - - - -] Successfully bumped revision number for resource e9509f1c-6724-4c3d-bba2-3b44726a6e35 (type: routers) to 3
2026-04-28 08:43:15.701 10 INFO neutron.wsgi [None req-d2bb2b6e-e137-4db3-ba3d-3e8bf23bd20c be7af2ea64464ae8a3e1a90975d0fcd1 1eef8dfb62c743bd99e9773b1eac5fdd - - - -] 10.0.0.97 "POST /v2.0/routers HTTP/1.1" status: 201 len: 881 time: 2.0473511
2026-04-28 08:43:16.148 10 INFO neutron.wsgi [req-2216a329-b151-4c21-adff-2a958065f1dc req-f378b480-e487-4d81-a053-dc005db565a4 88ddef2a71f044758c189c40353b185b b2e6ed6a2fde41a38c1d597443487fe5 - - default default] 10.0.0.103 "GET /v2.0/security-groups?name=tempest-securitygroup--975833948&fields=id&tenant_id=b2e6ed6a2fde41a38c1d597443487fe5 HTTP/1.1" status: 200 len: 267 time: 0.0627472
2026-04-28 08:43:16.301 10 WARNING neutron.scheduler.dhcp_agent_scheduler [None req-26a4b0ef-3230-4a8d-bdc9-b8160c6e2c75 be7af2ea64464ae8a3e1a90975d0fcd1 1eef8dfb62c743bd99e9773b1eac5fdd - - default default] No more DHCP agents
2026-04-28 08:43:16.305 10 WARNING neutron.api.rpc.agentnotifiers.dhcp_rpc_agent_api [None req-26a4b0ef-3230-4a8d-bdc9-b8160c6e2c75 be7af2ea64464ae8a3e1a90975d0fcd1 1eef8dfb62c743bd99e9773b1eac5fdd - - default default] Unable to schedule network f8691bab-d811-42e5-8d6e-78bb7153804b: no agents available; will retry on subsequent port and subnet creation events.
2026-04-28 08:43:16.313 10 INFO neutron.wsgi [req-2216a329-b151-4c21-adff-2a958065f1dc req-fd314771-d3f9-4b18-acff-df7799d7d7aa 88ddef2a71f044758c189c40353b185b b2e6ed6a2fde41a38c1d597443487fe5 - - default default] 10.0.0.103 "GET /v2.0/networks?id=c5966b8e-34da-4ff4-afc2-faab710642b1 HTTP/1.1" status: 200 len: 882 time: 0.1545498
2026-04-28 08:43:16.339 10 INFO neutron.wsgi [req-2216a329-b151-4c21-adff-2a958065f1dc req-16470f10-f151-4372-b139-c4d998c79a1b 88ddef2a71f044758c189c40353b185b b2e6ed6a2fde41a38c1d597443487fe5 - - default default] 10.0.0.103 "GET /v2.0/quotas/b2e6ed6a2fde41a38c1d597443487fe5 HTTP/1.1" status: 200 len: 386 time: 0.0132406
2026-04-28 08:43:16.404 9 INFO neutron.db.ovn_revision_numbers_db [None req-603d9b5f-1667-4695-a70e-f70ac67b2e12 - - - - - -] Successfully bumped revision number for resource 304bb851-46f8-49eb-9ad9-9d72df2249fd (type: ports) to 1
2026-04-28 08:43:16.655 10 INFO neutron.wsgi [req-2216a329-b151-4c21-adff-2a958065f1dc req-3c3d8328-755b-41c3-998b-6f6dcd8cbb16 88ddef2a71f044758c189c40353b185b b2e6ed6a2fde41a38c1d597443487fe5 - - default default] 10.0.0.103 "GET /v2.0/ports?tenant_id=b2e6ed6a2fde41a38c1d597443487fe5&fields=id HTTP/1.1" status: 200 len: 302 time: 0.3102481
2026-04-28 08:43:16.675 10 INFO neutron.db.ovn_revision_numbers_db [None req-26a4b0ef-3230-4a8d-bdc9-b8160c6e2c75 be7af2ea64464ae8a3e1a90975d0fcd1 1eef8dfb62c743bd99e9773b1eac5fdd - - default default] Successfully bumped revision number for resource cf58eb1d-f815-4cdd-851e-0ee6e164af65 (type: ports) to 1
2026-04-28 08:43:16.706 9 INFO neutron.db.ovn_revision_numbers_db [None req-603d9b5f-1667-4695-a70e-f70ac67b2e12 - - - - - -] Successfully bumped revision number for resource 304bb851-46f8-49eb-9ad9-9d72df2249fd (type: router_ports) to 3
2026-04-28 08:43:16.835 9 INFO neutron.db.ovn_revision_numbers_db [None req-603d9b5f-1667-4695-a70e-f70ac67b2e12 - - - - - -] Successfully bumped revision number for resource 304bb851-46f8-49eb-9ad9-9d72df2249fd (type: ports) to 2
2026-04-28 08:43:17.075 9 INFO neutron.db.ovn_revision_numbers_db [None req-603d9b5f-1667-4695-a70e-f70ac67b2e12 - - - - - -] Successfully bumped revision number for resource 304bb851-46f8-49eb-9ad9-9d72df2249fd (type: ports) to 4
2026-04-28 08:43:17.127 10 INFO neutron.wsgi [req-2216a329-b151-4c21-adff-2a958065f1dc req-2caab3c4-fcca-47f7-9447-8ee3d0027165 fdc32e97ea494a77b137bff00342452f cd10ccd2a3e644399880d4ca3f78448d - - 2326e32d87ed4baca3e21937afe1d2f9 2326e32d87ed4baca3e21937afe1d2f9] 10.0.0.103 "GET /v2.0/extensions HTTP/1.1" status: 200 len: 16525 time: 0.0540740
2026-04-28 08:43:17.210 10 INFO neutron.wsgi [req-2216a329-b151-4c21-adff-2a958065f1dc req-a201532a-ecc7-4854-a2ba-d3a060a76820 fdc32e97ea494a77b137bff00342452f cd10ccd2a3e644399880d4ca3f78448d - - 2326e32d87ed4baca3e21937afe1d2f9 2326e32d87ed4baca3e21937afe1d2f9] 10.0.0.103 "GET /v2.0/networks/c5966b8e-34da-4ff4-afc2-faab710642b1?fields=segments HTTP/1.1" status: 200 len: 212 time: 0.0673327
2026-04-28 08:43:17.216 10 INFO neutron.db.ovn_revision_numbers_db [None req-26a4b0ef-3230-4a8d-bdc9-b8160c6e2c75 be7af2ea64464ae8a3e1a90975d0fcd1 1eef8dfb62c743bd99e9773b1eac5fdd - - default default] Successfully bumped revision number for resource cf58eb1d-f815-4cdd-851e-0ee6e164af65 (type: router_ports) to 2
2026-04-28 08:43:17.293 10 INFO neutron.wsgi [req-2216a329-b151-4c21-adff-2a958065f1dc req-f91d200e-d4c8-464f-8cd8-898a96fbb3d9 fdc32e97ea494a77b137bff00342452f cd10ccd2a3e644399880d4ca3f78448d - - 2326e32d87ed4baca3e21937afe1d2f9 2326e32d87ed4baca3e21937afe1d2f9] 10.0.0.103 "GET /v2.0/networks/c5966b8e-34da-4ff4-afc2-faab710642b1?fields=provider%3Aphysical_network&fields=provider%3Anetwork_type HTTP/1.1" status: 200 len: 277 time: 0.0740728
2026-04-28 08:43:17.371 10 INFO neutron.db.ovn_revision_numbers_db [None req-26a4b0ef-3230-4a8d-bdc9-b8160c6e2c75 be7af2ea64464ae8a3e1a90975d0fcd1 1eef8dfb62c743bd99e9773b1eac5fdd - - default default] Successfully bumped revision number for resource cf58eb1d-f815-4cdd-851e-0ee6e164af65 (type: ports) to 2
2026-04-28 08:43:17.376 9 INFO neutron.db.ovn_revision_numbers_db [None req-603d9b5f-1667-4695-a70e-f70ac67b2e12 - - - - - -] Successfully bumped revision number for resource 304bb851-46f8-49eb-9ad9-9d72df2249fd (type: router_ports) to 4
2026-04-28 08:43:17.464 10 WARNING neutron.scheduler.dhcp_agent_scheduler [None req-26a4b0ef-3230-4a8d-bdc9-b8160c6e2c75 be7af2ea64464ae8a3e1a90975d0fcd1 1eef8dfb62c743bd99e9773b1eac5fdd - - default default] No more DHCP agents
2026-04-28 08:43:17.466 10 WARNING neutron.api.rpc.agentnotifiers.dhcp_rpc_agent_api [None req-26a4b0ef-3230-4a8d-bdc9-b8160c6e2c75 be7af2ea64464ae8a3e1a90975d0fcd1 1eef8dfb62c743bd99e9773b1eac5fdd - - default default] Unable to schedule network f8691bab-d811-42e5-8d6e-78bb7153804b: no agents available; will retry on subsequent port and subnet creation events.
2026-04-28 08:43:18.165 10 INFO neutron.db.ovn_revision_numbers_db [None req-26a4b0ef-3230-4a8d-bdc9-b8160c6e2c75 be7af2ea64464ae8a3e1a90975d0fcd1 1eef8dfb62c743bd99e9773b1eac5fdd - - - -] Successfully bumped revision number for resource cf58eb1d-f815-4cdd-851e-0ee6e164af65 (type: router_ports) to 2
2026-04-28 08:43:18.169 10 INFO neutron.wsgi [None req-26a4b0ef-3230-4a8d-bdc9-b8160c6e2c75 be7af2ea64464ae8a3e1a90975d0fcd1 1eef8dfb62c743bd99e9773b1eac5fdd - - - -] 10.0.0.97 "PUT /v2.0/routers/e9509f1c-6724-4c3d-bba2-3b44726a6e35/add_router_interface HTTP/1.1" status: 200 len: 503 time: 2.4479465
2026-04-28 08:43:18.402 9 INFO neutron.wsgi [req-ac548b64-4be3-42d1-a094-f07f2bc22902 req-58b43085-b434-4b83-901f-c9809d1149f3 88ddef2a71f044758c189c40353b185b b2e6ed6a2fde41a38c1d597443487fe5 - - default default] 10.0.0.103 "GET /v2.0/ports?device_id=10d16e0d-338e-4b5b-af2f-d08f6897837a HTTP/1.1" status: 200 len: 210 time: 0.3746252
2026-04-28 08:43:18.420 9 WARNING neutron.plugins.ml2.drivers.ovn.mech_driver.ovsdb.ovn_client [None req-9a061168-b450-4db2-92b5-5da1f06e632f - - - - - -] No hosting information found for port a1fe3489-16a3-4d26-9362-6eb133d006b7: RuntimeError: No hosting information found for port a1fe3489-16a3-4d26-9362-6eb133d006b7
2026-04-28 08:43:18.421 9 INFO neutron.plugins.ml2.drivers.ovn.mech_driver.mech_driver [None req-9a061168-b450-4db2-92b5-5da1f06e632f - - - - - -] OVN reports status up for port: 304bb851-46f8-49eb-9ad9-9d72df2249fd
2026-04-28 08:43:18.432 9 INFO neutron.plugins.ml2.plugin [None req-9a061168-b450-4db2-92b5-5da1f06e632f - - - - - -] Attempt 1 to provision port 304bb851-46f8-49eb-9ad9-9d72df2249fd
2026-04-28 08:43:18.924 10 INFO neutron.db.ovn_revision_numbers_db [None req-0f1d8b5e-8f0b-4af0-a505-872a835d7924 84a795cf0c77400cb66cf3f252f2f6e0 9f451cf8d65249b0b6be01d005817656 - - - -] Successfully bumped revision number for resource 9e27d412-687b-4ee8-9647-1a51abdc4600 (type: security_groups) to 1
2026-04-28 08:43:18.954 10 INFO neutron.wsgi [None req-0f1d8b5e-8f0b-4af0-a505-872a835d7924 84a795cf0c77400cb66cf3f252f2f6e0 9f451cf8d65249b0b6be01d005817656 - - - -] 10.0.0.103 "POST /v2.0/security-groups HTTP/1.1" status: 201 len: 1825 time: 0.1448798
2026-04-28 08:43:19.067 9 INFO neutron.wsgi [req-093b01ca-f9e6-4eea-ac1c-fa88dd1152f9 req-65cc4332-331f-444c-800d-036a3b42527e 84a795cf0c77400cb66cf3f252f2f6e0 9f451cf8d65249b0b6be01d005817656 - - default default] 10.0.0.103 "GET /v2.0/security-groups/9e27d412-687b-4ee8-9647-1a51abdc4600 HTTP/1.1" status: 200 len: 1820 time: 0.0824609
2026-04-28 08:43:19.201 9 INFO neutron.db.ovn_revision_numbers_db [None req-20a6ba75-d4c4-4aa7-8619-87ee85dda953 84a795cf0c77400cb66cf3f252f2f6e0 9f451cf8d65249b0b6be01d005817656 - - - -] Successfully bumped revision number for resource 6eebbae3-3b09-4076-a3e7-f9bddf4bbce8 (type: security_group_rules) to 0
2026-04-28 08:43:19.226 9 INFO neutron.wsgi [None req-20a6ba75-d4c4-4aa7-8619-87ee85dda953 84a795cf0c77400cb66cf3f252f2f6e0 9f451cf8d65249b0b6be01d005817656 - - - -] 10.0.0.103 "POST /v2.0/security-group-rules HTTP/1.1" status: 201 len: 786 time: 0.1521604
2026-04-28 08:43:19.361 10 INFO neutron.db.ovn_revision_numbers_db [None req-10aa8bf3-87b9-404c-877d-5bc0f335b403 84a795cf0c77400cb66cf3f252f2f6e0 9f451cf8d65249b0b6be01d005817656 - - - -] Successfully bumped revision number for resource c88fbe55-cda6-4fed-a166-289c7cdf5a00 (type: security_groups) to 1
2026-04-28 08:43:19.383 10 INFO neutron.wsgi [None req-10aa8bf3-87b9-404c-877d-5bc0f335b403 84a795cf0c77400cb66cf3f252f2f6e0 9f451cf8d65249b0b6be01d005817656 - - - -] 10.0.0.103 "POST /v2.0/security-groups HTTP/1.1" status: 201 len: 1826 time: 0.1337709
2026-04-28 08:43:19.441 9 INFO neutron.wsgi [req-7ee1d0d6-50af-43e2-8f78-42a5197154a3 req-b0f39011-3d8b-4380-b1f7-3f34fb5720df 84a795cf0c77400cb66cf3f252f2f6e0 9f451cf8d65249b0b6be01d005817656 - - default default] 10.0.0.103 "GET /v2.0/security-groups/c88fbe55-cda6-4fed-a166-289c7cdf5a00 HTTP/1.1" status: 200 len: 1821 time: 0.0306077
2026-04-28 08:43:19.559 10 INFO neutron.wsgi [req-917d1923-2dfc-40fa-8338-4865a4090355 req-b480d9a8-de7a-4c65-ae8f-ae5b2508cae4 88ddef2a71f044758c189c40353b185b b2e6ed6a2fde41a38c1d597443487fe5 - - default default] 10.0.0.103 "GET /v2.0/ports?device_id=10d16e0d-338e-4b5b-af2f-d08f6897837a HTTP/1.1" status: 200 len: 210 time: 0.0419192
2026-04-28 08:43:19.574 9 INFO neutron.db.ovn_revision_numbers_db [None req-0da9cbbf-b095-4714-896a-cb25641e99a4 84a795cf0c77400cb66cf3f252f2f6e0 9f451cf8d65249b0b6be01d005817656 - - - -] Successfully bumped revision number for resource 223aef23-45bc-49de-93eb-010cffbd20cd (type: security_group_rules) to 0
2026-04-28 08:43:19.575 10 WARNING neutron.plugins.ml2.drivers.ovn.mech_driver.ovsdb.ovn_client [None req-74fc8ed6-ce4d-4b22-91b4-59943f7cf4e5 - - - - - -] No hosting information found for port f5c81a74-cbbc-4596-93fd-f2917001fb02: RuntimeError: No hosting information found for port f5c81a74-cbbc-4596-93fd-f2917001fb02
2026-04-28 08:43:19.575 10 INFO neutron.plugins.ml2.drivers.ovn.mech_driver.mech_driver [None req-74fc8ed6-ce4d-4b22-91b4-59943f7cf4e5 - - - - - -] OVN reports status up for port: cf58eb1d-f815-4cdd-851e-0ee6e164af65
2026-04-28 08:43:19.583 10 INFO neutron.plugins.ml2.plugin [None req-74fc8ed6-ce4d-4b22-91b4-59943f7cf4e5 - - - - - -] Attempt 1 to provision port cf58eb1d-f815-4cdd-851e-0ee6e164af65
2026-04-28 08:43:19.655 9 INFO neutron.wsgi [None req-0da9cbbf-b095-4714-896a-cb25641e99a4 84a795cf0c77400cb66cf3f252f2f6e0 9f451cf8d65249b0b6be01d005817656 - - - -] 10.0.0.103 "POST /v2.0/security-group-rules HTTP/1.1" status: 201 len: 786 time: 0.2086520
2026-04-28 08:43:19.699 9 INFO neutron.wsgi [req-2216a329-b151-4c21-adff-2a958065f1dc req-4ffbd899-668b-481e-916d-a9da9ec8725a 88ddef2a71f044758c189c40353b185b b2e6ed6a2fde41a38c1d597443487fe5 - - default default] 199.204.45.144 "GET /v2.0/networks?id=c5966b8e-34da-4ff4-afc2-faab710642b1 HTTP/1.1" status: 200 len: 882 time: 0.4166579
2026-04-28 08:43:19.781 9 INFO neutron.wsgi [req-2216a329-b151-4c21-adff-2a958065f1dc req-3662912f-12a2-4358-9a54-d0e242149d8b 88ddef2a71f044758c189c40353b185b b2e6ed6a2fde41a38c1d597443487fe5 - - default default] 199.204.45.144 "GET /v2.0/security-groups?fields=id&fields=name&tenant_id=b2e6ed6a2fde41a38c1d597443487fe5 HTTP/1.1" status: 200 len: 379 time: 0.0511813
2026-04-28 08:43:19.897 10 INFO neutron.wsgi [req-0184d6ff-a168-4c73-af59-ed71c83b0c03 req-9aef079e-c30f-4c36-8fce-a5f0dd7f6afb 84a795cf0c77400cb66cf3f252f2f6e0 9f451cf8d65249b0b6be01d005817656 - - default default] 10.0.0.103 "GET /v2.0/security-groups/c88fbe55-cda6-4fed-a166-289c7cdf5a00 HTTP/1.1" status: 200 len: 2414 time: 0.0384727
2026-04-28 08:43:20.087 10 INFO neutron.db.ovn_revision_numbers_db [None req-69a65fc0-1e43-4741-82bd-ff4ce20e94d0 84a795cf0c77400cb66cf3f252f2f6e0 9f451cf8d65249b0b6be01d005817656 - - - -] Successfully bumped revision number for resource c85ab123-fb14-4a0a-b20e-2925cc27c31e (type: security_group_rules) to 0
2026-04-28 08:43:20.134 10 INFO neutron.wsgi [None req-69a65fc0-1e43-4741-82bd-ff4ce20e94d0 84a795cf0c77400cb66cf3f252f2f6e0 9f451cf8d65249b0b6be01d005817656 - - - -] 10.0.0.103 "POST /v2.0/security-group-rules HTTP/1.1" status: 201 len: 791 time: 0.2303922
2026-04-28 08:43:20.136 10 INFO neutron.db.ovn_revision_numbers_db [None req-74fc8ed6-ce4d-4b22-91b4-59943f7cf4e5 - - - - - -] Successfully bumped revision number for resource cf58eb1d-f815-4cdd-851e-0ee6e164af65 (type: ports) to 3
2026-04-28 08:43:20.225 9 INFO neutron.wsgi [req-6d596e45-28da-446d-a25d-897debe1cf7e req-f3882d2c-612f-4d0f-bea4-33e6ac92e13c 84a795cf0c77400cb66cf3f252f2f6e0 9f451cf8d65249b0b6be01d005817656 - - default default] 10.0.0.103 "GET /v2.0/security-groups/c88fbe55-cda6-4fed-a166-289c7cdf5a00 HTTP/1.1" status: 200 len: 3012 time: 0.0626454
2026-04-28 08:43:20.228 9 INFO neutron.db.ovn_revision_numbers_db [None req-42983f8c-ba04-4e45-a66b-6dfb6d590123 be7af2ea64464ae8a3e1a90975d0fcd1 1eef8dfb62c743bd99e9773b1eac5fdd - - default default] Successfully bumped revision number for resource 049723ae-730b-4dd1-9829-d2b268c37fb2 (type: security_groups) to 1
2026-04-28 08:43:20.251 10 INFO neutron.db.ovn_revision_numbers_db [None req-74fc8ed6-ce4d-4b22-91b4-59943f7cf4e5 - - - - - -] Successfully bumped revision number for resource cf58eb1d-f815-4cdd-851e-0ee6e164af65 (type: router_ports) to 3
2026-04-28 08:43:20.255 9 INFO neutron.wsgi [None req-42983f8c-ba04-4e45-a66b-6dfb6d590123 be7af2ea64464ae8a3e1a90975d0fcd1 1eef8dfb62c743bd99e9773b1eac5fdd - - default default] 10.0.0.97 "GET /v2.0/security-groups?tenant_id=f8d18b6d3bfd43c9bb9b95ea2b9fde72&name=default HTTP/1.1" status: 200 len: 2996 time: 0.4875255
2026-04-28 08:43:20.283 10 INFO neutron.wsgi [req-a93a71d9-25c9-4124-b95a-c5f4ae6d1da2 req-cf59e0d1-f65b-4a5a-be02-043cf1bc13df 84a795cf0c77400cb66cf3f252f2f6e0 9f451cf8d65249b0b6be01d005817656 - - default default] 10.0.0.103 "GET /v2.0/security-group-rules/c85ab123-fb14-4a0a-b20e-2925cc27c31e HTTP/1.1" status: 200 len: 783 time: 0.0176907
2026-04-28 08:43:20.335 10 INFO neutron.wsgi [req-a93a71d9-25c9-4124-b95a-c5f4ae6d1da2 req-46635d85-4f24-488f-ada6-695838c2da14 84a795cf0c77400cb66cf3f252f2f6e0 9f451cf8d65249b0b6be01d005817656 - - default default] 10.0.0.103 "GET /v2.0/security-groups/c88fbe55-cda6-4fed-a166-289c7cdf5a00 HTTP/1.1" status: 200 len: 3012 time: 0.0360987
2026-04-28 08:43:20.450 9 WARNING neutron.scheduler.dhcp_agent_scheduler [None req-883bdb94-0115-4d0d-8318-1b2b46bf71b6 88ddef2a71f044758c189c40353b185b b2e6ed6a2fde41a38c1d597443487fe5 - - - -] No more DHCP agents
2026-04-28 08:43:20.454 9 WARNING neutron.api.rpc.agentnotifiers.dhcp_rpc_agent_api [None req-883bdb94-0115-4d0d-8318-1b2b46bf71b6 88ddef2a71f044758c189c40353b185b b2e6ed6a2fde41a38c1d597443487fe5 - - - -] Unable to schedule network c5966b8e-34da-4ff4-afc2-faab710642b1: no agents available; will retry on subsequent port and subnet creation events.
2026-04-28 08:43:20.504 10 INFO neutron.wsgi [None req-22ca587a-5384-422f-aadc-f51c28fd6af4 84a795cf0c77400cb66cf3f252f2f6e0 9f451cf8d65249b0b6be01d005817656 - - - -] 10.0.0.103 "DELETE /v2.0/security-group-rules/c85ab123-fb14-4a0a-b20e-2925cc27c31e HTTP/1.1" status: 204 len: 173 time: 0.1578615 /var/lib/openstack/lib/python3.10/site-packages/pycadf/identifier.py:71: UserWarning: Invalid uuid: neutron. To ensure interoperability, identifiers should be a valid uuid. warnings.warn(('Invalid uuid: %s. To ensure interoperability, '
2026-04-28 08:43:20.625 9 INFO neutron.wsgi [None req-81901d15-0ae1-4c1d-9aac-0fd5f768d246 be7af2ea64464ae8a3e1a90975d0fcd1 1eef8dfb62c743bd99e9773b1eac5fdd - - - -] 10.0.0.97 "DELETE /v2.0/security-groups/049723ae-730b-4dd1-9829-d2b268c37fb2 HTTP/1.1" status: 204 len: 168 time: 0.3658669
2026-04-28 08:43:20.630 9 INFO neutron.wsgi [req-86d88730-cd8c-420f-8890-ad2089ada4e7 req-604f309d-00e5-4405-bd89-806c87b050e3 84a795cf0c77400cb66cf3f252f2f6e0 9f451cf8d65249b0b6be01d005817656 - - default default] 10.0.0.103 "GET /v2.0/security-groups/c88fbe55-cda6-4fed-a166-289c7cdf5a00 HTTP/1.1" status: 200 len: 2414 time: 0.1008046
2026-04-28 08:43:20.660 9 INFO neutron.db.ovn_revision_numbers_db [None req-883bdb94-0115-4d0d-8318-1b2b46bf71b6 88ddef2a71f044758c189c40353b185b b2e6ed6a2fde41a38c1d597443487fe5 - - - -] Successfully bumped revision number for resource 91102515-1c29-4403-b6ec-45a1f92b32ba (type: ports) to 1
2026-04-28 08:43:20.677 10 INFO neutron.wsgi [req-2902dbb5-d714-46e4-820c-56592726b927 req-90ed63bc-aa5e-4192-86ee-fae824b6c149 88ddef2a71f044758c189c40353b185b b2e6ed6a2fde41a38c1d597443487fe5 - - default default] 10.0.0.103 "GET /v2.0/ports?device_id=10d16e0d-338e-4b5b-af2f-d08f6897837a HTTP/1.1" status: 200 len: 1156 time: 0.0518770
2026-04-28 08:43:20.694 9 INFO neutron.wsgi [None req-883bdb94-0115-4d0d-8318-1b2b46bf71b6 88ddef2a71f044758c189c40353b185b b2e6ed6a2fde41a38c1d597443487fe5 - - - -] 199.204.45.144 "POST /v2.0/ports HTTP/1.1" status: 201 len: 1158 time: 0.9057531
2026-04-28 08:43:20.711 9 INFO neutron.wsgi [req-2216a329-b151-4c21-adff-2a958065f1dc req-cb7977bf-e302-46f3-b5b3-4e82b2e35350 88ddef2a71f044758c189c40353b185b b2e6ed6a2fde41a38c1d597443487fe5 - - default default] 199.204.45.144 "GET /v2.0/extensions HTTP/1.1" status: 200 len: 16525 time: 0.0094457
2026-04-28 08:43:20.719 10 INFO neutron.wsgi [req-2902dbb5-d714-46e4-820c-56592726b927 req-f1b18640-4ba0-4e40-b1b9-4b26db1fc0cc 88ddef2a71f044758c189c40353b185b b2e6ed6a2fde41a38c1d597443487fe5 - - default default] 10.0.0.103 "GET /v2.0/security-groups?id=ea2e1455-34e5-4029-a387-2b6314b26959&fields=id&fields=name HTTP/1.1" status: 200 len: 312 time: 0.0361140
2026-04-28 08:43:20.804 9 INFO neutron.wsgi [None req-ca67a29c-d20c-480f-a98b-97ca08a32202 84a795cf0c77400cb66cf3f252f2f6e0 9f451cf8d65249b0b6be01d005817656 - - - -] 10.0.0.103 "DELETE /v2.0/security-groups/c88fbe55-cda6-4fed-a166-289c7cdf5a00 HTTP/1.1" status: 204 len: 173 time: 0.1646800
2026-04-28 08:43:20.864 10 INFO neutron.wsgi [req-e3251964-1db5-4a8c-bde9-993a47690cab req-5d630ddd-5bd8-4f34-aa60-f7b5b5effa6f 84a795cf0c77400cb66cf3f252f2f6e0 9f451cf8d65249b0b6be01d005817656 - - default default] 10.0.0.103 "GET /v2.0/security-groups/9e27d412-687b-4ee8-9647-1a51abdc4600 HTTP/1.1" status: 200 len: 2413 time: 0.0426452
2026-04-28 08:43:20.999 10 INFO neutron.db.ovn_revision_numbers_db [None req-ff36a910-a7e0-424c-ba79-3d7230fcb022 be7af2ea64464ae8a3e1a90975d0fcd1 1eef8dfb62c743bd99e9773b1eac5fdd - - default default] Successfully bumped revision number for resource 05ff08fe-74e4-449f-88eb-15a4a356488b (type: security_groups) to 1
2026-04-28 08:43:21.021 10 INFO neutron.wsgi [None req-85d6f801-0166-4bd6-9abe-1266ddfa80cf 84a795cf0c77400cb66cf3f252f2f6e0 9f451cf8d65249b0b6be01d005817656 - - - -] 10.0.0.103 "DELETE /v2.0/security-groups/9e27d412-687b-4ee8-9647-1a51abdc4600 HTTP/1.1" status: 204 len: 173 time: 0.1524289
2026-04-28 08:43:21.031 10 INFO neutron.wsgi [None req-ff36a910-a7e0-424c-ba79-3d7230fcb022 be7af2ea64464ae8a3e1a90975d0fcd1 1eef8dfb62c743bd99e9773b1eac5fdd - - default default] 10.0.0.97 "GET /v2.0/security-groups?tenant_id=80f333aa577a4b59a295f1b02efdf7cc&name=default HTTP/1.1" status: 200 len: 2996 time: 0.1488004
2026-04-28 08:43:21.648 9 INFO neutron.wsgi [req-1b37e9b0-e889-4be5-9d71-4ea4a05e5bb7 req-1548cd05-b2f5-4994-932d-188497dfb112 024f29f24a5540f6a34a4c0648b979e8 10d9c075b59a40ec98e42ab9e40ab335 - - default default] 10.0.0.103 "GET /v2.0/security-groups?name=tempest-securitygroup--1761001585&fields=id&tenant_id=10d9c075b59a40ec98e42ab9e40ab335 HTTP/1.1" status: 200 len: 267 time: 0.0873420
2026-04-28 08:43:21.767 9 INFO neutron.wsgi [req-1b37e9b0-e889-4be5-9d71-4ea4a05e5bb7 req-9f1a1a10-b2ad-4797-bd57-dc7c109d2e92 024f29f24a5540f6a34a4c0648b979e8 10d9c075b59a40ec98e42ab9e40ab335 - - default default] 10.0.0.103 "GET /v2.0/networks?id=52e2f49f-e03a-4bb9-8c6d-5b5f4a871d50 HTTP/1.1" status: 200 len: 879 time: 0.1103013
2026-04-28 08:43:21.775 9 INFO neutron.wsgi [None req-52047bfb-966f-4968-b289-6b105881dec2 be7af2ea64464ae8a3e1a90975d0fcd1 1eef8dfb62c743bd99e9773b1eac5fdd - - - -] 10.0.0.97 "DELETE /v2.0/security-groups/05ff08fe-74e4-449f-88eb-15a4a356488b HTTP/1.1" status: 204 len: 168 time: 0.7341008
2026-04-28 08:43:21.800 9 INFO neutron.wsgi [req-1b37e9b0-e889-4be5-9d71-4ea4a05e5bb7 req-14bb64bf-4323-41d0-ae83-930097a6fa79 024f29f24a5540f6a34a4c0648b979e8 10d9c075b59a40ec98e42ab9e40ab335 - - default default] 10.0.0.103 "GET /v2.0/quotas/10d9c075b59a40ec98e42ab9e40ab335 HTTP/1.1" status: 200 len: 386 time: 0.0232704
2026-04-28 08:43:21.890 10 INFO neutron.wsgi [req-f70e4397-a6e9-4d16-a3f0-25e665567c75 req-16354550-6588-4839-9e06-205307cceb4c 88ddef2a71f044758c189c40353b185b b2e6ed6a2fde41a38c1d597443487fe5 - - default default] 10.0.0.103 "GET /v2.0/ports?device_id=10d16e0d-338e-4b5b-af2f-d08f6897837a HTTP/1.1" status: 200 len: 1156 time: 0.1088316
2026-04-28 08:43:21.942 10 INFO neutron.wsgi [req-f70e4397-a6e9-4d16-a3f0-25e665567c75 req-8cb5f1bc-05d3-4c3d-99ac-20eae09b60f4 88ddef2a71f044758c189c40353b185b b2e6ed6a2fde41a38c1d597443487fe5 - - default default] 10.0.0.103 "GET /v2.0/security-groups?id=ea2e1455-34e5-4029-a387-2b6314b26959&fields=id&fields=name HTTP/1.1" status: 200 len: 312 time: 0.0411556
2026-04-28 08:43:22.039 9 INFO neutron.wsgi [req-1b37e9b0-e889-4be5-9d71-4ea4a05e5bb7 req-5ccdfe5f-35e3-4785-8bdb-17a5416fcb43 024f29f24a5540f6a34a4c0648b979e8 10d9c075b59a40ec98e42ab9e40ab335 - - default default] 10.0.0.103 "GET /v2.0/ports?tenant_id=10d9c075b59a40ec98e42ab9e40ab335&fields=id HTTP/1.1" status: 200 len: 302 time: 0.2224419
2026-04-28 08:43:22.109 9 INFO neutron.db.ovn_revision_numbers_db [None req-e983ee97-772f-411d-9f4c-261b31845114 fdc32e97ea494a77b137bff00342452f cd10ccd2a3e644399880d4ca3f78448d - - - -] Successfully bumped revision number for resource 91102515-1c29-4403-b6ec-45a1f92b32ba (type: ports) to 2
2026-04-28 08:43:22.517 9 INFO neutron.db.ovn_revision_numbers_db [None req-e983ee97-772f-411d-9f4c-261b31845114 fdc32e97ea494a77b137bff00342452f cd10ccd2a3e644399880d4ca3f78448d - - - -] Successfully bumped revision number for resource 91102515-1c29-4403-b6ec-45a1f92b32ba (type: ports) to 2 /var/lib/openstack/lib/python3.10/site-packages/pycadf/identifier.py:71: UserWarning: Invalid uuid: neutron. To ensure interoperability, identifiers should be a valid uuid. warnings.warn(('Invalid uuid: %s. To ensure interoperability, '
2026-04-28 08:43:22.543 9 INFO neutron.wsgi [req-1b37e9b0-e889-4be5-9d71-4ea4a05e5bb7 req-a1cd63d1-b54b-40a2-b600-2b57b1beeac1 fdc32e97ea494a77b137bff00342452f cd10ccd2a3e644399880d4ca3f78448d - - 2326e32d87ed4baca3e21937afe1d2f9 2326e32d87ed4baca3e21937afe1d2f9] 10.0.0.103 "GET /v2.0/extensions HTTP/1.1" status: 200 len: 16525 time: 0.0623860
2026-04-28 08:43:22.564 9 INFO neutron.wsgi [None req-e983ee97-772f-411d-9f4c-261b31845114 fdc32e97ea494a77b137bff00342452f cd10ccd2a3e644399880d4ca3f78448d - - - -] 199.204.45.144 "PUT /v2.0/ports/91102515-1c29-4403-b6ec-45a1f92b32ba HTTP/1.1" status: 200 len: 1328 time: 1.4787316
2026-04-28 08:43:22.701 9 INFO neutron.wsgi [req-2216a329-b151-4c21-adff-2a958065f1dc req-a7f4a23a-f78d-4f03-a045-0d643aa588d3 fdc32e97ea494a77b137bff00342452f cd10ccd2a3e644399880d4ca3f78448d - - 2326e32d87ed4baca3e21937afe1d2f9 2326e32d87ed4baca3e21937afe1d2f9] 199.204.45.144 "GET /v2.0/ports?tenant_id=b2e6ed6a2fde41a38c1d597443487fe5&device_id=10d16e0d-338e-4b5b-af2f-d08f6897837a HTTP/1.1" status: 200 len: 1359 time: 0.0852077
2026-04-28 08:43:22.708 9 INFO neutron.wsgi [req-1b37e9b0-e889-4be5-9d71-4ea4a05e5bb7 req-44e0680f-fd4e-453a-99a1-6da1a1a5ddc5 fdc32e97ea494a77b137bff00342452f cd10ccd2a3e644399880d4ca3f78448d - - 2326e32d87ed4baca3e21937afe1d2f9 2326e32d87ed4baca3e21937afe1d2f9] 10.0.0.103 "GET /v2.0/networks/52e2f49f-e03a-4bb9-8c6d-5b5f4a871d50?fields=segments HTTP/1.1" status: 200 len: 212 time: 0.1433282
2026-04-28 08:43:22.798 9 INFO neutron.wsgi [req-2216a329-b151-4c21-adff-2a958065f1dc req-8100e69d-5ad7-4aa7-8e3e-654c4b818ba7 fdc32e97ea494a77b137bff00342452f cd10ccd2a3e644399880d4ca3f78448d - - 2326e32d87ed4baca3e21937afe1d2f9 2326e32d87ed4baca3e21937afe1d2f9] 199.204.45.144 "GET /v2.0/floatingips?fixed_ip_address=10.100.0.6&port_id=91102515-1c29-4403-b6ec-45a1f92b32ba HTTP/1.1" status: 200 len: 217 time: 0.0665536
2026-04-28 08:43:22.857 9 INFO neutron.wsgi [req-1b37e9b0-e889-4be5-9d71-4ea4a05e5bb7 req-01477a9c-26f5-483f-b10c-465ea9a5a453 fdc32e97ea494a77b137bff00342452f cd10ccd2a3e644399880d4ca3f78448d - - 2326e32d87ed4baca3e21937afe1d2f9 2326e32d87ed4baca3e21937afe1d2f9] 10.0.0.103 "GET /v2.0/networks/52e2f49f-e03a-4bb9-8c6d-5b5f4a871d50?fields=provider%3Aphysical_network&fields=provider%3Anetwork_type HTTP/1.1" status: 200 len: 277 time: 0.1407082
2026-04-28 08:43:22.888 9 INFO neutron.wsgi [req-2216a329-b151-4c21-adff-2a958065f1dc req-cea6c289-d17d-4863-9952-eb12cca1acf9 fdc32e97ea494a77b137bff00342452f cd10ccd2a3e644399880d4ca3f78448d - - 2326e32d87ed4baca3e21937afe1d2f9 2326e32d87ed4baca3e21937afe1d2f9] 199.204.45.144 "GET /v2.0/subnets?id=446d3d49-6557-4a7b-bb6a-380f95f5b133 HTTP/1.1" status: 200 len: 876 time: 0.0733461
2026-04-28 08:43:22.937 9 INFO neutron.wsgi [req-2216a329-b151-4c21-adff-2a958065f1dc req-0a6ec75b-80fe-43b1-86d6-0b3611d58981 fdc32e97ea494a77b137bff00342452f cd10ccd2a3e644399880d4ca3f78448d - - 2326e32d87ed4baca3e21937afe1d2f9 2326e32d87ed4baca3e21937afe1d2f9] 199.204.45.144 "GET /v2.0/ports?network_id=c5966b8e-34da-4ff4-afc2-faab710642b1&device_owner=network%3Adhcp HTTP/1.1" status: 200 len: 210 time: 0.0358512
2026-04-28 08:43:23.032 9 INFO neutron.wsgi [req-2216a329-b151-4c21-adff-2a958065f1dc req-5d7c8ff2-fcb0-4f69-b497-8fd244e61945 fdc32e97ea494a77b137bff00342452f cd10ccd2a3e644399880d4ca3f78448d - - 2326e32d87ed4baca3e21937afe1d2f9 2326e32d87ed4baca3e21937afe1d2f9] 199.204.45.144 "GET /v2.0/networks/c5966b8e-34da-4ff4-afc2-faab710642b1?fields=segments HTTP/1.1" status: 200 len: 212 time: 0.0856950
2026-04-28 08:43:23.046 10 INFO neutron.wsgi [req-b021cb1f-b5d8-42e2-8d2a-44c236b2d64f req-c5db3d28-f0e5-4280-950d-46f4e2fcd95f 88ddef2a71f044758c189c40353b185b b2e6ed6a2fde41a38c1d597443487fe5 - - default default] 10.0.0.103 "GET /v2.0/ports?device_id=10d16e0d-338e-4b5b-af2f-d08f6897837a HTTP/1.1" status: 200 len: 1168 time: 0.0362310
2026-04-28 08:43:23.082 10 INFO neutron.wsgi [req-b021cb1f-b5d8-42e2-8d2a-44c236b2d64f req-36f97758-b060-4413-8288-8eaa44f39fc7 88ddef2a71f044758c189c40353b185b b2e6ed6a2fde41a38c1d597443487fe5 - - default default] 10.0.0.103 "GET /v2.0/security-groups?id=ea2e1455-34e5-4029-a387-2b6314b26959&fields=id&fields=name HTTP/1.1" status: 200 len: 312 time: 0.0307403
2026-04-28 08:43:23.141 9 INFO neutron.wsgi [req-2216a329-b151-4c21-adff-2a958065f1dc req-060bb830-bb01-40ae-b2dc-13f639ff0c23 fdc32e97ea494a77b137bff00342452f cd10ccd2a3e644399880d4ca3f78448d - - 2326e32d87ed4baca3e21937afe1d2f9 2326e32d87ed4baca3e21937afe1d2f9] 199.204.45.144 "GET /v2.0/networks/c5966b8e-34da-4ff4-afc2-faab710642b1?fields=provider%3Aphysical_network&fields=provider%3Anetwork_type HTTP/1.1" status: 200 len: 277 time: 0.1027567
2026-04-28 08:43:23.214 9 INFO neutron.wsgi [req-51d0f94c-908a-416d-86dc-7862fab14abd req-b4203066-ccc7-4b4f-937c-26c01a4c15d8 024f29f24a5540f6a34a4c0648b979e8 10d9c075b59a40ec98e42ab9e40ab335 - - default default] 10.0.0.103 "GET /v2.0/ports?device_id=84a002d2-1b7e-4a31-9492-2e7bdf8ce71a HTTP/1.1" status: 200 len: 210 time: 0.0251291
2026-04-28 08:43:23.490 9 INFO neutron.notifiers.nova [-] Nova event matching ['req-576cd8ef-1ad1-41d5-adcf-dc4207f50dce'] response: {'name': 'network-changed', 'server_uuid': '10d16e0d-338e-4b5b-af2f-d08f6897837a', 'tag': '91102515-1c29-4403-b6ec-45a1f92b32ba', 'status': 'completed', 'code': 200}
2026-04-28 08:43:23.520 9 INFO neutron.wsgi [req-0fb7ee90-12a7-41df-ac57-d814f2a6d4a3 req-a3ef9a82-9717-48c3-8d91-53bc8aa49098 fdc32e97ea494a77b137bff00342452f cd10ccd2a3e644399880d4ca3f78448d - - 2326e32d87ed4baca3e21937afe1d2f9 2326e32d87ed4baca3e21937afe1d2f9] 199.204.45.144 "GET /v2.0/ports?tenant_id=b2e6ed6a2fde41a38c1d597443487fe5&device_id=10d16e0d-338e-4b5b-af2f-d08f6897837a HTTP/1.1" status: 200 len: 1359 time: 0.0310438
2026-04-28 08:43:23.625 9 INFO neutron.wsgi [None req-fcc2846b-8267-4c31-ade3-3a447c389fc0 be7af2ea64464ae8a3e1a90975d0fcd1 1eef8dfb62c743bd99e9773b1eac5fdd - - - -] 10.0.0.97 "PUT /v2.0/routers/e9509f1c-6724-4c3d-bba2-3b44726a6e35/remove_router_interface HTTP/1.1" status: 200 len: 503 time: 2.5935764
2026-04-28 08:43:23.637 9 INFO neutron.wsgi [req-0fb7ee90-12a7-41df-ac57-d814f2a6d4a3 req-29dacd2a-19d1-47df-b6fb-d6950fcd3480 fdc32e97ea494a77b137bff00342452f cd10ccd2a3e644399880d4ca3f78448d - - 2326e32d87ed4baca3e21937afe1d2f9 2326e32d87ed4baca3e21937afe1d2f9] 199.204.45.144 "GET /v2.0/networks?id=c5966b8e-34da-4ff4-afc2-faab710642b1 HTTP/1.1" status: 200 len: 981 time: 0.1097898 /var/lib/openstack/lib/python3.10/site-packages/pycadf/identifier.py:71: UserWarning: Invalid uuid: neutron. To ensure interoperability, identifiers should be a valid uuid. warnings.warn(('Invalid uuid: %s. To ensure interoperability, '
2026-04-28 08:43:23.673 9 INFO neutron.wsgi [req-0fb7ee90-12a7-41df-ac57-d814f2a6d4a3 req-22e36296-ea8a-4c2f-b5bd-163349b82dcf fdc32e97ea494a77b137bff00342452f cd10ccd2a3e644399880d4ca3f78448d - - 2326e32d87ed4baca3e21937afe1d2f9 2326e32d87ed4baca3e21937afe1d2f9] 199.204.45.144 "GET /v2.0/floatingips?fixed_ip_address=10.100.0.6&port_id=91102515-1c29-4403-b6ec-45a1f92b32ba HTTP/1.1" status: 200 len: 217 time: 0.0294912
2026-04-28 08:43:23.711 9 INFO neutron.wsgi [req-0fb7ee90-12a7-41df-ac57-d814f2a6d4a3 req-dd1ec03c-744d-4f11-9a09-e0f3d3bfb606 fdc32e97ea494a77b137bff00342452f cd10ccd2a3e644399880d4ca3f78448d - - 2326e32d87ed4baca3e21937afe1d2f9 2326e32d87ed4baca3e21937afe1d2f9] 199.204.45.144 "GET /v2.0/subnets?id=446d3d49-6557-4a7b-bb6a-380f95f5b133 HTTP/1.1" status: 200 len: 876 time: 0.0334196
2026-04-28 08:43:23.741 9 INFO neutron.wsgi [req-0fb7ee90-12a7-41df-ac57-d814f2a6d4a3 req-d5e0c636-ea0f-4d70-b8a8-2c8d99dc0da5 fdc32e97ea494a77b137bff00342452f cd10ccd2a3e644399880d4ca3f78448d - - 2326e32d87ed4baca3e21937afe1d2f9 2326e32d87ed4baca3e21937afe1d2f9] 199.204.45.144 "GET /v2.0/ports?network_id=c5966b8e-34da-4ff4-afc2-faab710642b1&device_owner=network%3Adhcp HTTP/1.1" status: 200 len: 210 time: 0.0257545
2026-04-28 08:43:23.812 9 INFO neutron.wsgi [req-0fb7ee90-12a7-41df-ac57-d814f2a6d4a3 req-618e3b0f-1e29-4f4b-8922-9ac2135d3d19 fdc32e97ea494a77b137bff00342452f cd10ccd2a3e644399880d4ca3f78448d - - 2326e32d87ed4baca3e21937afe1d2f9 2326e32d87ed4baca3e21937afe1d2f9] 199.204.45.144 "GET /v2.0/networks/c5966b8e-34da-4ff4-afc2-faab710642b1?fields=segments HTTP/1.1" status: 200 len: 212 time: 0.0647342
2026-04-28 08:43:23.886 9 INFO neutron.wsgi [req-0fb7ee90-12a7-41df-ac57-d814f2a6d4a3 req-1add3ff7-f426-450c-8337-90ace21a58de fdc32e97ea494a77b137bff00342452f cd10ccd2a3e644399880d4ca3f78448d - - 2326e32d87ed4baca3e21937afe1d2f9 2326e32d87ed4baca3e21937afe1d2f9] 199.204.45.144 "GET /v2.0/networks/c5966b8e-34da-4ff4-afc2-faab710642b1?fields=provider%3Aphysical_network&fields=provider%3Anetwork_type HTTP/1.1" status: 200 len: 277 time: 0.0644815
2026-04-28 08:43:24.222 9 INFO neutron.wsgi [req-1b37e9b0-e889-4be5-9d71-4ea4a05e5bb7 req-a4404af1-0b0b-4d8f-9aff-adfcf71c0d89 024f29f24a5540f6a34a4c0648b979e8 10d9c075b59a40ec98e42ab9e40ab335 - - default default] 199.204.45.144 "GET /v2.0/networks?id=52e2f49f-e03a-4bb9-8c6d-5b5f4a871d50 HTTP/1.1" status: 200 len: 879 time: 0.0864522
2026-04-28 08:43:24.301 9 INFO neutron.wsgi [req-1b37e9b0-e889-4be5-9d71-4ea4a05e5bb7 req-0a18745f-557a-4686-a861-a260eb56f6dc 024f29f24a5540f6a34a4c0648b979e8 10d9c075b59a40ec98e42ab9e40ab335 - - default default] 199.204.45.144 "GET /v2.0/security-groups?fields=id&fields=name&tenant_id=10d9c075b59a40ec98e42ab9e40ab335 HTTP/1.1" status: 200 len: 380 time: 0.0724013
2026-04-28 08:43:24.390 9 INFO neutron.wsgi [req-62019733-61dd-418e-93ca-72dce7149c90 req-f8a9f028-38ba-4a66-8cd5-59ba90e6e901 88ddef2a71f044758c189c40353b185b b2e6ed6a2fde41a38c1d597443487fe5 - - default default] 10.0.0.103 "GET /v2.0/ports?device_id=10d16e0d-338e-4b5b-af2f-d08f6897837a HTTP/1.1" status: 200 len: 1168 time: 0.1549487
2026-04-28 08:43:24.451 9 INFO neutron.wsgi [req-62019733-61dd-418e-93ca-72dce7149c90 req-0167ea98-312c-47a7-9328-fee8a202b8e5 88ddef2a71f044758c189c40353b185b b2e6ed6a2fde41a38c1d597443487fe5 - - default default] 10.0.0.103 "GET /v2.0/security-groups?id=ea2e1455-34e5-4029-a387-2b6314b26959&fields=id&fields=name HTTP/1.1" status: 200 len: 312 time: 0.0514219
2026-04-28 08:43:24.481 10 INFO neutron.wsgi [req-1bf8b149-a72f-49a3-83a1-d315a3966d22 req-e93a21e7-e0db-4848-9c60-c42e53579834 024f29f24a5540f6a34a4c0648b979e8 10d9c075b59a40ec98e42ab9e40ab335 - - default default] 10.0.0.103 "GET /v2.0/ports?device_id=84a002d2-1b7e-4a31-9492-2e7bdf8ce71a HTTP/1.1" status: 200 len: 210 time: 0.1853096
2026-04-28 08:43:24.525 10 INFO neutron.wsgi [None req-076a0033-91f2-4fc2-ae1c-2462a8194442 be7af2ea64464ae8a3e1a90975d0fcd1 1eef8dfb62c743bd99e9773b1eac5fdd - - - -] 10.0.0.97 "DELETE /v2.0/routers/e9509f1c-6724-4c3d-bba2-3b44726a6e35 HTTP/1.1" status: 204 len: 168 time: 0.8941281
2026-04-28 08:43:24.756 9 WARNING neutron.scheduler.dhcp_agent_scheduler [None req-e4e6dd63-edc1-4812-9cfb-4da1236687ef 024f29f24a5540f6a34a4c0648b979e8 10d9c075b59a40ec98e42ab9e40ab335 - - - -] No more DHCP agents
2026-04-28 08:43:24.758 9 WARNING neutron.api.rpc.agentnotifiers.dhcp_rpc_agent_api [None req-e4e6dd63-edc1-4812-9cfb-4da1236687ef 024f29f24a5540f6a34a4c0648b979e8 10d9c075b59a40ec98e42ab9e40ab335 - - - -] Unable to schedule network 52e2f49f-e03a-4bb9-8c6d-5b5f4a871d50: no agents available; will retry on subsequent port and subnet creation events.
2026-04-28 08:43:24.776 10 INFO neutron.wsgi [None req-ed1bd141-5e07-4224-94a8-1fee15071852 be7af2ea64464ae8a3e1a90975d0fcd1 1eef8dfb62c743bd99e9773b1eac5fdd - - - -] 10.0.0.97 "DELETE /v2.0/subnets/f21e521d-726e-4499-a73f-76fa9507da9f HTTP/1.1" status: 204 len: 168 time: 0.2397275
2026-04-28 08:43:24.888 9 INFO neutron.db.ovn_revision_numbers_db [None req-e4e6dd63-edc1-4812-9cfb-4da1236687ef 024f29f24a5540f6a34a4c0648b979e8 10d9c075b59a40ec98e42ab9e40ab335 - - - -] Successfully bumped revision number for resource 66535e87-c419-4b79-a461-c4f022fb58bd (type: ports) to 1
2026-04-28 08:43:24.917 9 INFO neutron.wsgi [None req-e4e6dd63-edc1-4812-9cfb-4da1236687ef 024f29f24a5540f6a34a4c0648b979e8 10d9c075b59a40ec98e42ab9e40ab335 - - - -] 199.204.45.144 "POST /v2.0/ports HTTP/1.1" status: 201 len: 1162 time: 0.6072659 /var/lib/openstack/lib/python3.10/site-packages/pycadf/identifier.py:71: UserWarning: Invalid uuid: neutron. To ensure interoperability, identifiers should be a valid uuid. warnings.warn(('Invalid uuid: %s. To ensure interoperability, '
2026-04-28 08:43:25.373 10 INFO neutron.wsgi [None req-178096aa-8e4f-4f4a-8708-4d305cf8d8ad be7af2ea64464ae8a3e1a90975d0fcd1 1eef8dfb62c743bd99e9773b1eac5fdd - - - -] 10.0.0.97 "DELETE /v2.0/networks/f8691bab-d811-42e5-8d6e-78bb7153804b HTTP/1.1" status: 204 len: 168 time: 0.5837276
2026-04-28 08:43:25.404 9 INFO neutron.db.ovn_revision_numbers_db [None req-19b92026-f3a2-4219-bf1e-c3f402cef34e fdc32e97ea494a77b137bff00342452f cd10ccd2a3e644399880d4ca3f78448d - - - -] Successfully bumped revision number for resource 66535e87-c419-4b79-a461-c4f022fb58bd (type: ports) to 2
2026-04-28 08:43:25.570 10 INFO neutron.wsgi [None req-2dea4168-6045-4fa0-ac9f-e426c137efd3 be7af2ea64464ae8a3e1a90975d0fcd1 1eef8dfb62c743bd99e9773b1eac5fdd - - default default] 10.0.0.97 "GET /v2.0/security-groups?tenant_id=9f451cf8d65249b0b6be01d005817656&name=default HTTP/1.1" status: 200 len: 2992 time: 0.0376122
2026-04-28 08:43:25.628 9 INFO neutron.db.ovn_revision_numbers_db [None req-19b92026-f3a2-4219-bf1e-c3f402cef34e fdc32e97ea494a77b137bff00342452f cd10ccd2a3e644399880d4ca3f78448d - - - -] Successfully bumped revision number for resource 66535e87-c419-4b79-a461-c4f022fb58bd (type: ports) to 2
2026-04-28 08:43:25.647 9 INFO neutron.wsgi [None req-19b92026-f3a2-4219-bf1e-c3f402cef34e fdc32e97ea494a77b137bff00342452f cd10ccd2a3e644399880d4ca3f78448d - - - -] 199.204.45.144 "PUT /v2.0/ports/66535e87-c419-4b79-a461-c4f022fb58bd HTTP/1.1" status: 200 len: 1332 time: 0.7214613 /var/lib/openstack/lib/python3.10/site-packages/pycadf/identifier.py:71: UserWarning: Invalid uuid: neutron. To ensure interoperability, identifiers should be a valid uuid. warnings.warn(('Invalid uuid: %s. To ensure interoperability, '
2026-04-28 08:43:25.712 10 INFO neutron.wsgi [req-cd7ec7e7-e388-40fc-a7e9-854ebd374246 req-ee616a03-7105-434b-bf9d-a3db8a2b0eae 024f29f24a5540f6a34a4c0648b979e8 10d9c075b59a40ec98e42ab9e40ab335 - - default default] 10.0.0.103 "GET /v2.0/ports?device_id=84a002d2-1b7e-4a31-9492-2e7bdf8ce71a HTTP/1.1" status: 200 len: 1172 time: 0.1250384
2026-04-28 08:43:25.747 9 INFO neutron.wsgi [req-1b37e9b0-e889-4be5-9d71-4ea4a05e5bb7 req-f66c8271-e348-4744-b468-cc7410a5b831 fdc32e97ea494a77b137bff00342452f cd10ccd2a3e644399880d4ca3f78448d - - 2326e32d87ed4baca3e21937afe1d2f9 2326e32d87ed4baca3e21937afe1d2f9] 199.204.45.144 "GET /v2.0/ports?tenant_id=10d9c075b59a40ec98e42ab9e40ab335&device_id=84a002d2-1b7e-4a31-9492-2e7bdf8ce71a HTTP/1.1" status: 200 len: 1363 time: 0.0560136
2026-04-28 08:43:25.786 10 INFO neutron.wsgi [req-cd7ec7e7-e388-40fc-a7e9-854ebd374246 req-e69fa131-9bb9-42a9-91f3-fd2428d72e9e 024f29f24a5540f6a34a4c0648b979e8 10d9c075b59a40ec98e42ab9e40ab335 - - default default] 10.0.0.103 "GET /v2.0/security-groups?id=532309c4-c55c-4890-aa70-e60a03d63e65&fields=id&fields=name HTTP/1.1" status: 200 len: 313 time: 0.0686185
2026-04-28 08:43:25.792 9 INFO neutron.wsgi [req-1b37e9b0-e889-4be5-9d71-4ea4a05e5bb7 req-3197ceb6-d01f-4030-bd4f-fe6d94bb6623 fdc32e97ea494a77b137bff00342452f cd10ccd2a3e644399880d4ca3f78448d - - 2326e32d87ed4baca3e21937afe1d2f9 2326e32d87ed4baca3e21937afe1d2f9] 199.204.45.144 "GET /v2.0/floatingips?fixed_ip_address=10.100.0.14&port_id=66535e87-c419-4b79-a461-c4f022fb58bd HTTP/1.1" status: 200 len: 217 time: 0.0310256
2026-04-28 08:43:25.798 9 INFO neutron.wsgi [req-be92eed9-0b37-489d-a14b-f0bfed7225bd req-c7f7d4bf-979c-4570-8920-e839c9306140 88ddef2a71f044758c189c40353b185b b2e6ed6a2fde41a38c1d597443487fe5 - - default default] 10.0.0.103 "GET /v2.0/ports?device_id=10d16e0d-338e-4b5b-af2f-d08f6897837a HTTP/1.1" status: 200 len: 1168 time: 0.0662012
2026-04-28 08:43:25.832 9 INFO neutron.notifiers.nova [-] Nova event matching ['req-1c96bdf0-d9a8-4c68-8f07-9e9d6a1bc162'] response: {'name': 'network-changed', 'server_uuid': '84a002d2-1b7e-4a31-9492-2e7bdf8ce71a', 'tag': '66535e87-c419-4b79-a461-c4f022fb58bd', 'status': 'completed', 'code': 200}
2026-04-28 08:43:25.852 9 INFO neutron.wsgi [req-be92eed9-0b37-489d-a14b-f0bfed7225bd req-76c39796-03c2-451e-a4b9-b21cf7d7766a 88ddef2a71f044758c189c40353b185b b2e6ed6a2fde41a38c1d597443487fe5 - - default default] 10.0.0.103 "GET /v2.0/security-groups?id=ea2e1455-34e5-4029-a387-2b6314b26959&fields=id&fields=name HTTP/1.1" status: 200 len: 312 time: 0.0410151
2026-04-28 08:43:25.855 9 INFO neutron.wsgi [req-1b37e9b0-e889-4be5-9d71-4ea4a05e5bb7 req-ef925a6a-81f8-4d06-9177-ee4b4b9b494f fdc32e97ea494a77b137bff00342452f cd10ccd2a3e644399880d4ca3f78448d - - 2326e32d87ed4baca3e21937afe1d2f9 2326e32d87ed4baca3e21937afe1d2f9] 199.204.45.144 "GET /v2.0/subnets?id=9e94b03c-8f4d-466e-97a5-8b1de636ea82 HTTP/1.1" status: 200 len: 873 time: 0.0522413
2026-04-28 08:43:25.893 9 INFO neutron.wsgi [req-1b37e9b0-e889-4be5-9d71-4ea4a05e5bb7 req-ea5d3459-3ab2-484d-851c-149bb3403669 fdc32e97ea494a77b137bff00342452f cd10ccd2a3e644399880d4ca3f78448d - - 2326e32d87ed4baca3e21937afe1d2f9 2326e32d87ed4baca3e21937afe1d2f9] 199.204.45.144 "GET /v2.0/ports?network_id=52e2f49f-e03a-4bb9-8c6d-5b5f4a871d50&device_owner=network%3Adhcp HTTP/1.1" status: 200 len: 210 time: 0.0314200
2026-04-28 08:43:25.904 10 INFO neutron.wsgi [None req-fdb43191-fb38-46ce-8af0-cd135e06ca9c be7af2ea64464ae8a3e1a90975d0fcd1 1eef8dfb62c743bd99e9773b1eac5fdd - - - -] 10.0.0.97 "DELETE /v2.0/security-groups/7a0da42d-1a16-42b2-9836-25b04c104af5 HTTP/1.1" status: 204 len: 168 time: 0.3271711
2026-04-28 08:43:25.979 9 INFO neutron.wsgi [req-1b37e9b0-e889-4be5-9d71-4ea4a05e5bb7 req-a813238d-88dd-4538-9aef-4a3b28c4d244 fdc32e97ea494a77b137bff00342452f cd10ccd2a3e644399880d4ca3f78448d - - 2326e32d87ed4baca3e21937afe1d2f9 2326e32d87ed4baca3e21937afe1d2f9] 199.204.45.144 "GET /v2.0/networks/52e2f49f-e03a-4bb9-8c6d-5b5f4a871d50?fields=segments HTTP/1.1" status: 200 len: 212 time: 0.0758119
2026-04-28 08:43:26.015 10 WARNING neutron.plugins.ml2.drivers.ovn.mech_driver.ovsdb.ovn_client [None req-74fc8ed6-ce4d-4b22-91b4-59943f7cf4e5 - - - - - -] No port found with ID cf58eb1d-f815-4cdd-851e-0ee6e164af65: RuntimeError: No port found with ID cf58eb1d-f815-4cdd-851e-0ee6e164af65
2026-04-28 08:43:26.015 10 INFO neutron.plugins.ml2.drivers.ovn.mech_driver.mech_driver [None req-74fc8ed6-ce4d-4b22-91b4-59943f7cf4e5 - - - - - -] OVN reports status up for port: 91102515-1c29-4403-b6ec-45a1f92b32ba
2026-04-28 08:43:26.029 10 INFO neutron.plugins.ml2.plugin [None req-74fc8ed6-ce4d-4b22-91b4-59943f7cf4e5 - - - - - -] Attempt 1 to provision port 91102515-1c29-4403-b6ec-45a1f92b32ba
2026-04-28 08:43:26.050 9 INFO neutron.wsgi [req-1b37e9b0-e889-4be5-9d71-4ea4a05e5bb7 req-3ffd6949-e83c-4f0e-b0d8-63856d357b01 fdc32e97ea494a77b137bff00342452f cd10ccd2a3e644399880d4ca3f78448d - - 2326e32d87ed4baca3e21937afe1d2f9 2326e32d87ed4baca3e21937afe1d2f9] 199.204.45.144 "GET /v2.0/networks/52e2f49f-e03a-4bb9-8c6d-5b5f4a871d50?fields=provider%3Aphysical_network&fields=provider%3Anetwork_type HTTP/1.1" status: 200 len: 277 time: 0.0620015
2026-04-28 08:43:26.118 10 INFO neutron.services.segments.plugin [-] Segment 8c74a201-46d8-4fff-9c5f-bc66daedbb23 resource provider aggregate not found
2026-04-28 08:43:26.126 10 INFO neutron.services.segments.plugin [-] Segment 8c74a201-46d8-4fff-9c5f-bc66daedbb23 resource provider aggregate not found
2026-04-28 08:43:26.144 9 INFO neutron.wsgi [req-b8c5db62-a4a6-4174-9691-8b1b62de8c5d req-7a0a90d9-1587-4a01-8bc3-484db5eafcb4 fdc32e97ea494a77b137bff00342452f cd10ccd2a3e644399880d4ca3f78448d - - 2326e32d87ed4baca3e21937afe1d2f9 2326e32d87ed4baca3e21937afe1d2f9] 199.204.45.144 "GET /v2.0/ports?tenant_id=10d9c075b59a40ec98e42ab9e40ab335&device_id=84a002d2-1b7e-4a31-9492-2e7bdf8ce71a HTTP/1.1" status: 200 len: 1363 time: 0.0315917
2026-04-28 08:43:26.152 10 INFO neutron.services.segments.plugin [-] Segment 8c74a201-46d8-4fff-9c5f-bc66daedbb23 resource provider not found; error: Placement Client Error (4xx): {"errors": [{"status": 404, "title": "Not Found", "detail": "The resource could not be found.\n\n No resource provider with uuid 8c74a201-46d8-4fff-9c5f-bc66daedbb23 found for delete ", "request_id": "req-9d0b18ac-b90b-4ead-a310-f84a733d714a"}]}
2026-04-28 08:43:26.155 10 INFO neutron.services.segments.plugin [-] Segment 8c74a201-46d8-4fff-9c5f-bc66daedbb23 resource provider not found; error: Placement Client Error (4xx): {"errors": [{"status": 404, "title": "Not Found", "detail": "The resource could not be found.\n\n No resource provider with uuid 8c74a201-46d8-4fff-9c5f-bc66daedbb23 found for delete ", "request_id": "req-ab2547d2-dab2-4055-931c-db01af452bc3"}]}
2026-04-28 08:43:26.213 9 INFO neutron.wsgi [req-b8c5db62-a4a6-4174-9691-8b1b62de8c5d req-3c9601b6-982e-4937-8ecc-4d7d82e804cb fdc32e97ea494a77b137bff00342452f cd10ccd2a3e644399880d4ca3f78448d - - 2326e32d87ed4baca3e21937afe1d2f9 2326e32d87ed4baca3e21937afe1d2f9] 199.204.45.144 "GET /v2.0/networks?id=52e2f49f-e03a-4bb9-8c6d-5b5f4a871d50 HTTP/1.1" status: 200 len: 978 time: 0.0646420
2026-04-28 08:43:26.248 9 INFO neutron.wsgi [req-b8c5db62-a4a6-4174-9691-8b1b62de8c5d req-14f42471-0611-4f47-a8b4-f6da116a9520 fdc32e97ea494a77b137bff00342452f cd10ccd2a3e644399880d4ca3f78448d - - 2326e32d87ed4baca3e21937afe1d2f9 2326e32d87ed4baca3e21937afe1d2f9] 199.204.45.144 "GET /v2.0/floatingips?fixed_ip_address=10.100.0.14&port_id=66535e87-c419-4b79-a461-c4f022fb58bd HTTP/1.1" status: 200 len: 217 time: 0.0286407
2026-04-28 08:43:26.306 9 INFO neutron.wsgi [req-b8c5db62-a4a6-4174-9691-8b1b62de8c5d req-53c89023-4fa4-4f91-9a08-25020c3828b0 fdc32e97ea494a77b137bff00342452f cd10ccd2a3e644399880d4ca3f78448d - - 2326e32d87ed4baca3e21937afe1d2f9 2326e32d87ed4baca3e21937afe1d2f9] 199.204.45.144 "GET /v2.0/subnets?id=9e94b03c-8f4d-466e-97a5-8b1de636ea82 HTTP/1.1" status: 200 len: 873 time: 0.0490978
2026-04-28 08:43:26.342 9 INFO neutron.wsgi [req-b8c5db62-a4a6-4174-9691-8b1b62de8c5d req-8dd10c4d-dea8-4146-8ad7-0518889abccc fdc32e97ea494a77b137bff00342452f cd10ccd2a3e644399880d4ca3f78448d - - 2326e32d87ed4baca3e21937afe1d2f9 2326e32d87ed4baca3e21937afe1d2f9] 199.204.45.144 "GET /v2.0/ports?network_id=52e2f49f-e03a-4bb9-8c6d-5b5f4a871d50&device_owner=network%3Adhcp HTTP/1.1" status: 200 len: 210 time: 0.0275149
2026-04-28 08:43:26.346 10 INFO neutron.db.ovn_revision_numbers_db [None req-74fc8ed6-ce4d-4b22-91b4-59943f7cf4e5 - - - - - -] Successfully bumped revision number for resource 91102515-1c29-4403-b6ec-45a1f92b32ba (type: ports) to 4
2026-04-28 08:43:26.425 9 INFO neutron.wsgi [req-b8c5db62-a4a6-4174-9691-8b1b62de8c5d req-078d638f-2513-4487-a930-f193d81f8852 fdc32e97ea494a77b137bff00342452f cd10ccd2a3e644399880d4ca3f78448d - - 2326e32d87ed4baca3e21937afe1d2f9 2326e32d87ed4baca3e21937afe1d2f9] 199.204.45.144 "GET /v2.0/networks/52e2f49f-e03a-4bb9-8c6d-5b5f4a871d50?fields=segments HTTP/1.1" status: 200 len: 212 time: 0.0768034 /var/lib/openstack/lib/python3.10/site-packages/pycadf/identifier.py:71: UserWarning: Invalid uuid: neutron. To ensure interoperability, identifiers should be a valid uuid. warnings.warn(('Invalid uuid: %s. To ensure interoperability, '
