2026-04-28 08:43:26.513 9 INFO neutron.wsgi [req-b8c5db62-a4a6-4174-9691-8b1b62de8c5d req-4ba6b778-9b34-4793-a164-6638da5a225a fdc32e97ea494a77b137bff00342452f cd10ccd2a3e644399880d4ca3f78448d - - 2326e32d87ed4baca3e21937afe1d2f9 2326e32d87ed4baca3e21937afe1d2f9] 199.204.45.144 "GET /v2.0/networks/52e2f49f-e03a-4bb9-8c6d-5b5f4a871d50?fields=provider%3Aphysical_network&fields=provider%3Anetwork_type HTTP/1.1" status: 200 len: 277 time: 0.0747123
2026-04-28 08:43:26.534 10 INFO neutron.db.ovn_revision_numbers_db [None req-525cbfc8-cba9-4fc9-8617-9f99d18944c7 be7af2ea64464ae8a3e1a90975d0fcd1 1eef8dfb62c743bd99e9773b1eac5fdd - - default default] Successfully bumped revision number for resource 874e3898-8d8b-47f4-8a42-b7110ca14c12 (type: security_groups) to 1
2026-04-28 08:43:26.560 10 INFO neutron.wsgi [None req-525cbfc8-cba9-4fc9-8617-9f99d18944c7 be7af2ea64464ae8a3e1a90975d0fcd1 1eef8dfb62c743bd99e9773b1eac5fdd - - default default] 10.0.0.97 "GET /v2.0/security-groups?tenant_id=657e1b104ff14097ada055757af88c5e&name=default HTTP/1.1" status: 200 len: 2996 time: 0.2925768
2026-04-28 08:43:26.712 10 INFO neutron.notifiers.nova [-] Nova event matching ['req-fce505a1-44c8-4d33-8866-36c329227add'] response: {'server_uuid': '10d16e0d-338e-4b5b-af2f-d08f6897837a', 'name': 'network-vif-plugged', 'status': 'completed', 'tag': '91102515-1c29-4403-b6ec-45a1f92b32ba', 'code': 200}
2026-04-28 08:43:26.797 10 INFO neutron.wsgi [None req-b6dbc81d-9980-442a-98c8-d74625932bfb be7af2ea64464ae8a3e1a90975d0fcd1 1eef8dfb62c743bd99e9773b1eac5fdd - - - -] 10.0.0.97 "DELETE /v2.0/security-groups/874e3898-8d8b-47f4-8a42-b7110ca14c12 HTTP/1.1" status: 204 len: 168 time: 0.2310362
2026-04-28 08:43:26.910 9 INFO neutron.wsgi [req-f4e46a55-dbbd-4ef4-af2a-2c1bcfdc0300 req-466e0c67-f30c-4275-9a42-2f67a65f399d 024f29f24a5540f6a34a4c0648b979e8 10d9c075b59a40ec98e42ab9e40ab335 - - default default] 10.0.0.103 "GET /v2.0/ports?device_id=84a002d2-1b7e-4a31-9492-2e7bdf8ce71a HTTP/1.1" status: 200 len: 1172 time: 0.0538015
2026-04-28 08:43:26.966 9 INFO neutron.wsgi [req-f4e46a55-dbbd-4ef4-af2a-2c1bcfdc0300 req-2eef9eed-7c95-4c4f-ac54-3fcf5cc75984 024f29f24a5540f6a34a4c0648b979e8 10d9c075b59a40ec98e42ab9e40ab335 - - default default] 10.0.0.103 "GET /v2.0/security-groups?id=532309c4-c55c-4890-aa70-e60a03d63e65&fields=id&fields=name HTTP/1.1" status: 200 len: 313 time: 0.0469146
2026-04-28 08:43:27.055 10 INFO neutron.db.ovn_revision_numbers_db [None req-37b2f59d-4587-4ace-9b39-6a8292912f89 be7af2ea64464ae8a3e1a90975d0fcd1 1eef8dfb62c743bd99e9773b1eac5fdd - - default default] Successfully bumped revision number for resource 50c3b4dc-6c17-49fc-b760-989aacaf7f41 (type: security_groups) to 1
2026-04-28 08:43:27.089 10 INFO neutron.wsgi [None req-37b2f59d-4587-4ace-9b39-6a8292912f89 be7af2ea64464ae8a3e1a90975d0fcd1 1eef8dfb62c743bd99e9773b1eac5fdd - - default default] 10.0.0.97 "GET /v2.0/security-groups?tenant_id=32abb6dc3c024ecfae710fab4ddb0f11&name=default HTTP/1.1" status: 200 len: 2996 time: 0.1798217
2026-04-28 08:43:27.094 10 INFO neutron.wsgi [req-9196ad63-b476-4a06-89e9-3bcd56311114 req-56bdab6d-c745-4174-b486-8a260b8fd0b6 88ddef2a71f044758c189c40353b185b b2e6ed6a2fde41a38c1d597443487fe5 - - default default] 10.0.0.103 "GET /v2.0/ports?device_id=10d16e0d-338e-4b5b-af2f-d08f6897837a HTTP/1.1" status: 200 len: 1170 time: 0.1337054
2026-04-28 08:43:27.148 10 INFO neutron.wsgi [req-9196ad63-b476-4a06-89e9-3bcd56311114 req-ec9a6748-8fbe-4e46-a07e-32d3524a7c23 88ddef2a71f044758c189c40353b185b b2e6ed6a2fde41a38c1d597443487fe5 - - default default] 10.0.0.103 "GET /v2.0/security-groups?id=ea2e1455-34e5-4029-a387-2b6314b26959&fields=id&fields=name HTTP/1.1" status: 200 len: 312 time: 0.0481060
2026-04-28 08:43:27.343 9 INFO neutron.wsgi [None req-38d585b9-6185-4610-a4b0-0d13b694c575 be7af2ea64464ae8a3e1a90975d0fcd1 1eef8dfb62c743bd99e9773b1eac5fdd - - - -] 10.0.0.97 "DELETE /v2.0/security-groups/50c3b4dc-6c17-49fc-b760-989aacaf7f41 HTTP/1.1" status: 204 len: 168 time: 0.2482955
2026-04-28 08:43:27.529 9 INFO neutron.plugins.ml2.drivers.ovn.mech_driver.mech_driver [None req-9a061168-b450-4db2-92b5-5da1f06e632f - - - - - -] OVN reports status up for port: 66535e87-c419-4b79-a461-c4f022fb58bd
2026-04-28 08:43:27.550 9 INFO neutron.plugins.ml2.plugin [None req-9a061168-b450-4db2-92b5-5da1f06e632f - - - - - -] Attempt 1 to provision port 66535e87-c419-4b79-a461-c4f022fb58bd
2026-04-28 08:43:27.833 9 INFO neutron.db.ovn_revision_numbers_db [None req-9a061168-b450-4db2-92b5-5da1f06e632f - - - - - -] Successfully bumped revision number for resource 66535e87-c419-4b79-a461-c4f022fb58bd (type: ports) to 4
2026-04-28 08:43:27.898 9 INFO neutron.notifiers.nova [-] Nova event matching ['req-cfd230e2-4480-422e-aa11-251d67f722e7'] response: {'server_uuid': '84a002d2-1b7e-4a31-9492-2e7bdf8ce71a', 'name': 'network-vif-plugged', 'status': 'completed', 'tag': '66535e87-c419-4b79-a461-c4f022fb58bd', 'code': 200} /var/lib/openstack/lib/python3.10/site-packages/pycadf/identifier.py:71: UserWarning: Invalid uuid: neutron. To ensure interoperability, identifiers should be a valid uuid. warnings.warn(('Invalid uuid: %s. To ensure interoperability, '
2026-04-28 08:43:28.142 10 INFO neutron.wsgi [req-760aa887-4e1e-4126-b29b-42e54b77376c req-49b1f9d6-5247-44e2-ac0f-0722fcabbc57 024f29f24a5540f6a34a4c0648b979e8 10d9c075b59a40ec98e42ab9e40ab335 - - default default] 10.0.0.103 "GET /v2.0/ports?device_id=84a002d2-1b7e-4a31-9492-2e7bdf8ce71a HTTP/1.1" status: 200 len: 1174 time: 0.0832586
2026-04-28 08:43:28.190 9 INFO neutron.db.ovn_revision_numbers_db [None req-ac654a3e-b58a-4fd1-8d6b-03359e0babfa be7af2ea64464ae8a3e1a90975d0fcd1 1eef8dfb62c743bd99e9773b1eac5fdd - - - -] Successfully bumped revision number for resource a1a5b9bb-3a8d-4a82-aae8-86b2dc0ed914 (type: security_groups) to 1
2026-04-28 08:43:28.195 10 INFO neutron.wsgi [req-760aa887-4e1e-4126-b29b-42e54b77376c req-f606b481-1eed-4a53-b74e-b1239653f2e5 024f29f24a5540f6a34a4c0648b979e8 10d9c075b59a40ec98e42ab9e40ab335 - - default default] 10.0.0.103 "GET /v2.0/security-groups?id=532309c4-c55c-4890-aa70-e60a03d63e65&fields=id&fields=name HTTP/1.1" status: 200 len: 313 time: 0.0459647
2026-04-28 08:43:28.271 9 INFO neutron.db.segments_db [None req-ac654a3e-b58a-4fd1-8d6b-03359e0babfa be7af2ea64464ae8a3e1a90975d0fcd1 1eef8dfb62c743bd99e9773b1eac5fdd - - - -] Added segment 3ece9b57-59cf-4e31-8dd8-8cff391fba91 of type geneve for network 2572425a-5d43-4a4d-9d9d-329478429acd
2026-04-28 08:43:28.294 9 INFO neutron.wsgi [req-f8086072-4d21-4b9f-811c-7125525692e4 req-22f8a17b-69b7-452b-9b47-161b056e2890 88ddef2a71f044758c189c40353b185b b2e6ed6a2fde41a38c1d597443487fe5 - - default default] 10.0.0.103 "GET /v2.0/ports?device_id=10d16e0d-338e-4b5b-af2f-d08f6897837a HTTP/1.1" status: 200 len: 1170 time: 0.0575914
2026-04-28 08:43:28.360 9 INFO neutron.wsgi [req-f8086072-4d21-4b9f-811c-7125525692e4 req-d26745a0-9299-4cf8-a487-d77e767b63ba 88ddef2a71f044758c189c40353b185b b2e6ed6a2fde41a38c1d597443487fe5 - - default default] 10.0.0.103 "GET /v2.0/security-groups?id=ea2e1455-34e5-4029-a387-2b6314b26959&fields=id&fields=name HTTP/1.1" status: 200 len: 312 time: 0.0538518
2026-04-28 08:43:28.412 9 INFO neutron.db.ovn_revision_numbers_db [None req-ac654a3e-b58a-4fd1-8d6b-03359e0babfa be7af2ea64464ae8a3e1a90975d0fcd1 1eef8dfb62c743bd99e9773b1eac5fdd - - - -] Successfully bumped revision number for resource 2572425a-5d43-4a4d-9d9d-329478429acd (type: networks) to 1
2026-04-28 08:43:28.517 10 INFO neutron.wsgi [req-cf819923-c5b2-4f39-9fc3-39bf9d59708b req-7ea372c9-ce15-4136-bb2d-f3e32e00bc67 88ddef2a71f044758c189c40353b185b b2e6ed6a2fde41a38c1d597443487fe5 - - default default] 10.0.0.103 "GET /v2.0/ports?device_id=10d16e0d-338e-4b5b-af2f-d08f6897837a HTTP/1.1" status: 200 len: 1170 time: 0.0483351
2026-04-28 08:43:28.619 9 WARNING neutron.scheduler.dhcp_agent_scheduler [None req-ac654a3e-b58a-4fd1-8d6b-03359e0babfa be7af2ea64464ae8a3e1a90975d0fcd1 1eef8dfb62c743bd99e9773b1eac5fdd - - - -] No more DHCP agents
2026-04-28 08:43:28.621 9 WARNING neutron.api.rpc.agentnotifiers.dhcp_rpc_agent_api [None req-ac654a3e-b58a-4fd1-8d6b-03359e0babfa be7af2ea64464ae8a3e1a90975d0fcd1 1eef8dfb62c743bd99e9773b1eac5fdd - - - -] Unable to schedule network 2572425a-5d43-4a4d-9d9d-329478429acd: no agents available; will retry on subsequent port and subnet creation events.
2026-04-28 08:43:28.684 9 INFO neutron.db.ovn_revision_numbers_db [None req-ac654a3e-b58a-4fd1-8d6b-03359e0babfa be7af2ea64464ae8a3e1a90975d0fcd1 1eef8dfb62c743bd99e9773b1eac5fdd - - - -] Successfully bumped revision number for resource a9832b0d-3706-44b8-a644-8bf3348997fb (type: ports) to 1
2026-04-28 08:43:28.710 9 INFO neutron.wsgi [None req-ac654a3e-b58a-4fd1-8d6b-03359e0babfa be7af2ea64464ae8a3e1a90975d0fcd1 1eef8dfb62c743bd99e9773b1eac5fdd - - - -] 10.0.0.97 "POST /v2.0/networks HTTP/1.1" status: 201 len: 947 time: 0.7875974
2026-04-28 08:43:28.782 10 INFO neutron.notifiers.nova [-] Nova event matching ['req-10fafb57-eb14-44a7-a32d-867d8a3f3c46'] response: {'server_uuid': '10d16e0d-338e-4b5b-af2f-d08f6897837a', 'name': 'network-vif-plugged', 'status': 'completed', 'tag': '91102515-1c29-4403-b6ec-45a1f92b32ba', 'code': 200}
2026-04-28 08:43:29.100 10 INFO neutron.db.l3_db [None req-fdb04801-0747-4619-a940-162047a7a244 88ddef2a71f044758c189c40353b185b b2e6ed6a2fde41a38c1d597443487fe5 - - - -] Floating IP d6c497d4-7d33-4b6a-9076-bb61edd9e712 associated. External IP: 10.96.250.215, port: 91102515-1c29-4403-b6ec-45a1f92b32ba.
2026-04-28 08:43:29.103 9 WARNING neutron.scheduler.dhcp_agent_scheduler [None req-c5d2e4ad-c7d5-45ae-8381-56067d53c499 be7af2ea64464ae8a3e1a90975d0fcd1 1eef8dfb62c743bd99e9773b1eac5fdd - - - -] No more DHCP agents
2026-04-28 08:43:29.105 9 WARNING neutron.api.rpc.agentnotifiers.dhcp_rpc_agent_api [None req-c5d2e4ad-c7d5-45ae-8381-56067d53c499 be7af2ea64464ae8a3e1a90975d0fcd1 1eef8dfb62c743bd99e9773b1eac5fdd - - - -] Unable to schedule network 2572425a-5d43-4a4d-9d9d-329478429acd: no agents available; will retry on subsequent port and subnet creation events.
2026-04-28 08:43:29.356 10 INFO neutron.wsgi [req-2553d2c9-97d7-4ec2-bee7-bb8dc95680b4 req-45998222-b21e-4a67-ae61-a320f28be3b6 024f29f24a5540f6a34a4c0648b979e8 10d9c075b59a40ec98e42ab9e40ab335 - - default default] 10.0.0.103 "GET /v2.0/ports?device_id=84a002d2-1b7e-4a31-9492-2e7bdf8ce71a HTTP/1.1" status: 200 len: 1174 time: 0.0779545
2026-04-28 08:43:29.361 10 INFO neutron.db.ovn_revision_numbers_db [None req-fdb04801-0747-4619-a940-162047a7a244 88ddef2a71f044758c189c40353b185b b2e6ed6a2fde41a38c1d597443487fe5 - - - -] Successfully bumped revision number for resource d6c497d4-7d33-4b6a-9076-bb61edd9e712 (type: floatingips) to 1 /var/lib/openstack/lib/python3.10/site-packages/pycadf/identifier.py:71: UserWarning: Invalid uuid: neutron. To ensure interoperability, identifiers should be a valid uuid. warnings.warn(('Invalid uuid: %s. To ensure interoperability, '
2026-04-28 08:43:29.428 10 INFO neutron.wsgi [req-2553d2c9-97d7-4ec2-bee7-bb8dc95680b4 req-db7c346b-3e99-4071-ad65-b2816fdfaf6d 024f29f24a5540f6a34a4c0648b979e8 10d9c075b59a40ec98e42ab9e40ab335 - - default default] 10.0.0.103 "GET /v2.0/security-groups?id=532309c4-c55c-4890-aa70-e60a03d63e65&fields=id&fields=name HTTP/1.1" status: 200 len: 313 time: 0.0644348
2026-04-28 08:43:29.462 10 INFO neutron.db.ovn_revision_numbers_db [None req-fdb04801-0747-4619-a940-162047a7a244 88ddef2a71f044758c189c40353b185b b2e6ed6a2fde41a38c1d597443487fe5 - - - -] Successfully bumped revision number for resource d6c497d4-7d33-4b6a-9076-bb61edd9e712 (type: floatingips) to 2
2026-04-28 08:43:29.494 10 INFO neutron.wsgi [None req-fdb04801-0747-4619-a940-162047a7a244 88ddef2a71f044758c189c40353b185b b2e6ed6a2fde41a38c1d597443487fe5 - - - -] 10.0.0.97 "PUT /v2.0/floatingips/d6c497d4-7d33-4b6a-9076-bb61edd9e712 HTTP/1.1" status: 200 len: 1049 time: 0.9658639
2026-04-28 08:43:29.608 10 INFO neutron.wsgi [req-6fad3e71-933d-4a99-abbe-079e3775af64 req-8f0791ff-6b71-4020-b792-56c190cca8b4 88ddef2a71f044758c189c40353b185b b2e6ed6a2fde41a38c1d597443487fe5 - - default default] 10.0.0.103 "GET /v2.0/ports?device_id=10d16e0d-338e-4b5b-af2f-d08f6897837a HTTP/1.1" status: 200 len: 1170 time: 0.0610704
2026-04-28 08:43:29.649 10 INFO neutron.wsgi [req-6fad3e71-933d-4a99-abbe-079e3775af64 req-552715d9-f35b-4df4-9432-d4636ff2afc4 88ddef2a71f044758c189c40353b185b b2e6ed6a2fde41a38c1d597443487fe5 - - default default] 10.0.0.103 "GET /v2.0/security-groups?id=ea2e1455-34e5-4029-a387-2b6314b26959&fields=id&fields=name HTTP/1.1" status: 200 len: 312 time: 0.0345311
2026-04-28 08:43:29.676 9 INFO neutron.wsgi [req-70ce5dda-6359-45f9-aa52-69835ea5bef1 req-496696ba-34c0-4edd-b6e9-eba486860e09 024f29f24a5540f6a34a4c0648b979e8 10d9c075b59a40ec98e42ab9e40ab335 - - default default] 10.0.0.103 "GET /v2.0/ports?device_id=84a002d2-1b7e-4a31-9492-2e7bdf8ce71a HTTP/1.1" status: 200 len: 1174 time: 0.1239574
2026-04-28 08:43:29.787 9 INFO neutron.db.ovn_revision_numbers_db [None req-c5d2e4ad-c7d5-45ae-8381-56067d53c499 be7af2ea64464ae8a3e1a90975d0fcd1 1eef8dfb62c743bd99e9773b1eac5fdd - - - -] Successfully bumped revision number for resource a9832b0d-3706-44b8-a644-8bf3348997fb (type: ports) to 2
2026-04-28 08:43:29.828 9 INFO neutron.db.ovn_revision_numbers_db [None req-c5d2e4ad-c7d5-45ae-8381-56067d53c499 be7af2ea64464ae8a3e1a90975d0fcd1 1eef8dfb62c743bd99e9773b1eac5fdd - - - -] Successfully bumped revision number for resource 9edef674-5c93-4fbb-9a19-9dc076ccf3b3 (type: subnets) to 0
2026-04-28 08:43:29.844 9 INFO neutron.wsgi [None req-c5d2e4ad-c7d5-45ae-8381-56067d53c499 be7af2ea64464ae8a3e1a90975d0fcd1 1eef8dfb62c743bd99e9773b1eac5fdd - - - -] 10.0.0.97 "POST /v2.0/subnets HTTP/1.1" status: 201 len: 867 time: 1.1294820
2026-04-28 08:43:29.954 9 INFO neutron.notifiers.nova [-] Nova event matching ['req-d0e50a5f-e616-4bba-abe1-d7588e4f4e1a'] response: {'server_uuid': '84a002d2-1b7e-4a31-9492-2e7bdf8ce71a', 'name': 'network-vif-plugged', 'status': 'completed', 'tag': '66535e87-c419-4b79-a461-c4f022fb58bd', 'code': 200}
2026-04-28 08:43:30.119 10 INFO neutron.wsgi [-] 10.0.0.245 "GET / HTTP/1.1" status: 200 len: 247 time: 0.0018718
2026-04-28 08:43:30.120 9 INFO neutron.wsgi [-] 10.0.0.245 "GET / HTTP/1.1" status: 200 len: 247 time: 0.0016818
2026-04-28 08:43:30.145 9 INFO neutron.db.l3_db [None req-01d22603-c4bd-44fa-948e-41d8961bc009 024f29f24a5540f6a34a4c0648b979e8 10d9c075b59a40ec98e42ab9e40ab335 - - - -] Floating IP 6a6e128b-0540-454f-814d-ea3414e8a93e associated. External IP: 10.96.250.209, port: 66535e87-c419-4b79-a461-c4f022fb58bd.
2026-04-28 08:43:30.652 9 INFO neutron.db.ovn_revision_numbers_db [None req-01d22603-c4bd-44fa-948e-41d8961bc009 024f29f24a5540f6a34a4c0648b979e8 10d9c075b59a40ec98e42ab9e40ab335 - - - -] Successfully bumped revision number for resource 6a6e128b-0540-454f-814d-ea3414e8a93e (type: floatingips) to 1
2026-04-28 08:43:30.787 9 INFO neutron.db.ovn_revision_numbers_db [None req-01d22603-c4bd-44fa-948e-41d8961bc009 024f29f24a5540f6a34a4c0648b979e8 10d9c075b59a40ec98e42ab9e40ab335 - - - -] Successfully bumped revision number for resource 6a6e128b-0540-454f-814d-ea3414e8a93e (type: floatingips) to 2
2026-04-28 08:43:30.822 10 INFO neutron.notifiers.nova [-] Nova event matching ['req-b3134949-313a-4060-9841-18d08201cb5c'] response: {'name': 'network-changed', 'server_uuid': '10d16e0d-338e-4b5b-af2f-d08f6897837a', 'tag': '91102515-1c29-4403-b6ec-45a1f92b32ba', 'status': 'completed', 'code': 200}
2026-04-28 08:43:30.830 9 INFO neutron.wsgi [None req-01d22603-c4bd-44fa-948e-41d8961bc009 024f29f24a5540f6a34a4c0648b979e8 10d9c075b59a40ec98e42ab9e40ab335 - - - -] 10.0.0.97 "PUT /v2.0/floatingips/6a6e128b-0540-454f-814d-ea3414e8a93e HTTP/1.1" status: 200 len: 1050 time: 1.1402209
2026-04-28 08:43:30.836 9 WARNING neutron.scheduler.dhcp_agent_scheduler [None req-6943a480-4dd2-4382-b3a4-fb429fa3d3a1 be7af2ea64464ae8a3e1a90975d0fcd1 1eef8dfb62c743bd99e9773b1eac5fdd - - - -] No more DHCP agents
2026-04-28 08:43:30.837 9 WARNING neutron.api.rpc.agentnotifiers.dhcp_rpc_agent_api [None req-6943a480-4dd2-4382-b3a4-fb429fa3d3a1 be7af2ea64464ae8a3e1a90975d0fcd1 1eef8dfb62c743bd99e9773b1eac5fdd - - - -] Unable to schedule network 0aa34039-32bf-4afa-b008-a52a32dd4f11: no agents available; will retry on subsequent port and subnet creation events. /var/lib/openstack/lib/python3.10/site-packages/pycadf/identifier.py:71: UserWarning: Invalid uuid: neutron. To ensure interoperability, identifiers should be a valid uuid. warnings.warn(('Invalid uuid: %s. To ensure interoperability, '
2026-04-28 08:43:30.903 9 INFO neutron.wsgi [req-d9de20b1-3054-46c1-8d41-c88272606bd9 req-68c61a7c-7a11-4606-a210-758863a0f88d fdc32e97ea494a77b137bff00342452f cd10ccd2a3e644399880d4ca3f78448d - - 2326e32d87ed4baca3e21937afe1d2f9 2326e32d87ed4baca3e21937afe1d2f9] 199.204.45.144 "GET /v2.0/ports?tenant_id=b2e6ed6a2fde41a38c1d597443487fe5&device_id=10d16e0d-338e-4b5b-af2f-d08f6897837a HTTP/1.1" status: 200 len: 1361 time: 0.0582850
2026-04-28 08:43:30.983 9 INFO neutron.wsgi [req-d9de20b1-3054-46c1-8d41-c88272606bd9 req-86607ad5-d3dd-4245-8b7e-d9d9612618dc fdc32e97ea494a77b137bff00342452f cd10ccd2a3e644399880d4ca3f78448d - - 2326e32d87ed4baca3e21937afe1d2f9 2326e32d87ed4baca3e21937afe1d2f9] 199.204.45.144 "GET /v2.0/networks?id=c5966b8e-34da-4ff4-afc2-faab710642b1 HTTP/1.1" status: 200 len: 981 time: 0.0740964
2026-04-28 08:43:30.993 10 INFO neutron.wsgi [req-7f9f9fdc-cf01-467a-8ba6-ecaa125b7e07 req-fddd50e2-f95d-405c-89c1-c89ee2fb3ca3 024f29f24a5540f6a34a4c0648b979e8 10d9c075b59a40ec98e42ab9e40ab335 - - default default] 10.0.0.103 "GET /v2.0/ports?device_id=84a002d2-1b7e-4a31-9492-2e7bdf8ce71a HTTP/1.1" status: 200 len: 1174 time: 0.1211634
2026-04-28 08:43:31.033 9 INFO neutron.db.ovn_revision_numbers_db [None req-6943a480-4dd2-4382-b3a4-fb429fa3d3a1 be7af2ea64464ae8a3e1a90975d0fcd1 1eef8dfb62c743bd99e9773b1eac5fdd - - - -] Successfully bumped revision number for resource 42d455f4-7751-4f76-a20d-b6742b6eed17 (type: ports) to 1
2026-04-28 08:43:31.043 10 INFO neutron.wsgi [req-7f9f9fdc-cf01-467a-8ba6-ecaa125b7e07 req-4e85d2b4-ba80-471d-9161-c76be55b95e6 024f29f24a5540f6a34a4c0648b979e8 10d9c075b59a40ec98e42ab9e40ab335 - - default default] 10.0.0.103 "GET /v2.0/security-groups?id=532309c4-c55c-4890-aa70-e60a03d63e65&fields=id&fields=name HTTP/1.1" status: 200 len: 313 time: 0.0413625
2026-04-28 08:43:31.078 9 INFO neutron.wsgi [req-d9de20b1-3054-46c1-8d41-c88272606bd9 req-82de1b6a-2eb9-4148-ac55-6115022263f3 fdc32e97ea494a77b137bff00342452f cd10ccd2a3e644399880d4ca3f78448d - - 2326e32d87ed4baca3e21937afe1d2f9 2326e32d87ed4baca3e21937afe1d2f9] 199.204.45.144 "GET /v2.0/floatingips?fixed_ip_address=10.100.0.6&port_id=91102515-1c29-4403-b6ec-45a1f92b32ba HTTP/1.1" status: 200 len: 1059 time: 0.0824320
2026-04-28 08:43:31.153 9 INFO neutron.wsgi [req-d9de20b1-3054-46c1-8d41-c88272606bd9 req-6799eeeb-65ca-48ce-96c1-46725279b7ea fdc32e97ea494a77b137bff00342452f cd10ccd2a3e644399880d4ca3f78448d - - 2326e32d87ed4baca3e21937afe1d2f9 2326e32d87ed4baca3e21937afe1d2f9] 199.204.45.144 "GET /v2.0/subnets?id=446d3d49-6557-4a7b-bb6a-380f95f5b133 HTTP/1.1" status: 200 len: 876 time: 0.0619528
2026-04-28 08:43:31.193 9 INFO neutron.wsgi [req-d9de20b1-3054-46c1-8d41-c88272606bd9 req-6231b371-c85d-4552-80e4-405bb8bc0383 fdc32e97ea494a77b137bff00342452f cd10ccd2a3e644399880d4ca3f78448d - - 2326e32d87ed4baca3e21937afe1d2f9 2326e32d87ed4baca3e21937afe1d2f9] 199.204.45.144 "GET /v2.0/ports?network_id=c5966b8e-34da-4ff4-afc2-faab710642b1&device_owner=network%3Adhcp HTTP/1.1" status: 200 len: 210 time: 0.0239866
2026-04-28 08:43:31.306 9 INFO neutron.wsgi [req-d9de20b1-3054-46c1-8d41-c88272606bd9 req-b763b742-5e66-427f-a5be-53290e3ab2a2 fdc32e97ea494a77b137bff00342452f cd10ccd2a3e644399880d4ca3f78448d - - 2326e32d87ed4baca3e21937afe1d2f9 2326e32d87ed4baca3e21937afe1d2f9] 199.204.45.144 "GET /v2.0/networks/c5966b8e-34da-4ff4-afc2-faab710642b1?fields=segments HTTP/1.1" status: 200 len: 212 time: 0.1032605
2026-04-28 08:43:31.657 9 INFO neutron.plugins.ml2.drivers.ovn.mech_driver.mech_driver [None req-9a061168-b450-4db2-92b5-5da1f06e632f - - - - - -] OVN reports status down for port: 66535e87-c419-4b79-a461-c4f022fb58bd
2026-04-28 08:43:31.711 9 INFO neutron.wsgi [req-d9de20b1-3054-46c1-8d41-c88272606bd9 req-54becdc2-85a6-496c-8800-ea36822caabf fdc32e97ea494a77b137bff00342452f cd10ccd2a3e644399880d4ca3f78448d - - 2326e32d87ed4baca3e21937afe1d2f9 2326e32d87ed4baca3e21937afe1d2f9] 199.204.45.144 "GET /v2.0/networks/c5966b8e-34da-4ff4-afc2-faab710642b1?fields=provider%3Aphysical_network&fields=provider%3Anetwork_type HTTP/1.1" status: 200 len: 277 time: 0.3839445
2026-04-28 08:43:31.724 9 INFO neutron.wsgi [req-3b52fd4d-dfcb-4d63-b53c-f107d151d499 req-76204e08-1abc-4bb0-ae1f-9be9dd83a33a 024f29f24a5540f6a34a4c0648b979e8 10d9c075b59a40ec98e42ab9e40ab335 - - default default] 10.0.0.103 "GET /v2.0/ports?device_id=84a002d2-1b7e-4a31-9492-2e7bdf8ce71a HTTP/1.1" status: 200 len: 1174 time: 0.0732224
2026-04-28 08:43:31.805 9 INFO neutron.wsgi [req-3b52fd4d-dfcb-4d63-b53c-f107d151d499 req-c1f6087f-ea41-4ad3-a9ee-10221e69c35b 024f29f24a5540f6a34a4c0648b979e8 10d9c075b59a40ec98e42ab9e40ab335 - - default default] 10.0.0.103 "GET /v2.0/security-groups?id=532309c4-c55c-4890-aa70-e60a03d63e65&fields=id&fields=name HTTP/1.1" status: 200 len: 313 time: 0.0718069
2026-04-28 08:43:31.826 9 INFO neutron.wsgi [req-9a79993e-2900-41d3-88c7-0a1496d703f3 req-d2856be2-32de-4d39-a129-46b87176b2eb 024f29f24a5540f6a34a4c0648b979e8 10d9c075b59a40ec98e42ab9e40ab335 - - default default] 199.204.45.144 "GET /v2.0/ports?device_id=84a002d2-1b7e-4a31-9492-2e7bdf8ce71a HTTP/1.1" status: 200 len: 1174 time: 0.0571132
2026-04-28 08:43:31.962 10 INFO neutron.db.ovn_revision_numbers_db [None req-084ac928-99ce-4b8c-aa38-1ca531901261 be7af2ea64464ae8a3e1a90975d0fcd1 1eef8dfb62c743bd99e9773b1eac5fdd - - default default] Successfully bumped revision number for resource 3ffa57ef-bcea-4722-b67e-00bf328633cb (type: security_groups) to 1
2026-04-28 08:43:31.995 10 INFO neutron.wsgi [None req-084ac928-99ce-4b8c-aa38-1ca531901261 be7af2ea64464ae8a3e1a90975d0fcd1 1eef8dfb62c743bd99e9773b1eac5fdd - - default default] 10.0.0.97 "GET /v2.0/security-groups?tenant_id=886571d2ce454671b9ff877f9ce25d50&name=default HTTP/1.1" status: 200 len: 2996 time: 0.3772137
2026-04-28 08:43:31.997 9 INFO neutron.notifiers.nova [-] Nova event matching ['req-3641d549-44ed-48c0-9951-60e512fdf055'] response: {'name': 'network-changed', 'server_uuid': '84a002d2-1b7e-4a31-9492-2e7bdf8ce71a', 'tag': '66535e87-c419-4b79-a461-c4f022fb58bd', 'status': 'completed', 'code': 200}
2026-04-28 08:43:31.997 9 INFO neutron.notifiers.nova [-] Nova event matching ['req-3641d549-44ed-48c0-9951-60e512fdf055'] response: {'server_uuid': '84a002d2-1b7e-4a31-9492-2e7bdf8ce71a', 'name': 'network-vif-unplugged', 'status': 'completed', 'tag': '66535e87-c419-4b79-a461-c4f022fb58bd', 'code': 200}
2026-04-28 08:43:32.074 10 INFO neutron.wsgi [req-919cf937-f944-47f3-973e-64dca72cc9f1 req-c192b2a8-6b8a-4100-962e-3e2737e1c154 fdc32e97ea494a77b137bff00342452f cd10ccd2a3e644399880d4ca3f78448d - - 2326e32d87ed4baca3e21937afe1d2f9 2326e32d87ed4baca3e21937afe1d2f9] 199.204.45.144 "GET /v2.0/ports?tenant_id=10d9c075b59a40ec98e42ab9e40ab335&device_id=84a002d2-1b7e-4a31-9492-2e7bdf8ce71a HTTP/1.1" status: 200 len: 1363 time: 0.0532846
2026-04-28 08:43:32.154 10 INFO neutron.wsgi [req-919cf937-f944-47f3-973e-64dca72cc9f1 req-0de2096e-1508-4f04-9bc3-cbe0a1be1b0e fdc32e97ea494a77b137bff00342452f cd10ccd2a3e644399880d4ca3f78448d - - 2326e32d87ed4baca3e21937afe1d2f9 2326e32d87ed4baca3e21937afe1d2f9] 199.204.45.144 "GET /v2.0/networks?id=52e2f49f-e03a-4bb9-8c6d-5b5f4a871d50 HTTP/1.1" status: 200 len: 978 time: 0.0718472
2026-04-28 08:43:32.173 9 INFO neutron.db.ovn_revision_numbers_db [None req-9a061168-b450-4db2-92b5-5da1f06e632f - - - - - -] Successfully bumped revision number for resource 66535e87-c419-4b79-a461-c4f022fb58bd (type: ports) to 5
2026-04-28 08:43:32.249 10 INFO neutron.wsgi [req-919cf937-f944-47f3-973e-64dca72cc9f1 req-7dcb03f6-9001-4392-9bd5-0a4b55881ee7 fdc32e97ea494a77b137bff00342452f cd10ccd2a3e644399880d4ca3f78448d - - 2326e32d87ed4baca3e21937afe1d2f9 2326e32d87ed4baca3e21937afe1d2f9] 199.204.45.144 "GET /v2.0/floatingips?fixed_ip_address=10.100.0.14&port_id=66535e87-c419-4b79-a461-c4f022fb58bd HTTP/1.1" status: 200 len: 1058 time: 0.0858283
2026-04-28 08:43:32.298 10 INFO neutron.plugins.ml2.drivers.ovn.mech_driver.mech_driver [None req-74fc8ed6-ce4d-4b22-91b4-59943f7cf4e5 - - - - - -] OVN reports status up for port: 42d455f4-7751-4f76-a20d-b6742b6eed17
2026-04-28 08:43:32.307 10 INFO neutron.plugins.ml2.drivers.ovn.mech_driver.ovsdb.ovsdb_monitor [None req-15ce174b-3a0d-4b03-bd7d-38bce9ffc9e3 - - - - - -] Router 5fc56dce-692c-4739-9bed-f0c89bfe0688 is bound to host instance
2026-04-28 08:43:32.327 10 INFO neutron.plugins.ml2.plugin [None req-74fc8ed6-ce4d-4b22-91b4-59943f7cf4e5 - - - - - -] Attempt 1 to provision port 42d455f4-7751-4f76-a20d-b6742b6eed17
2026-04-28 08:43:32.329 10 INFO neutron.wsgi [req-919cf937-f944-47f3-973e-64dca72cc9f1 req-b777881b-3407-4b61-8ede-75b50929c788 fdc32e97ea494a77b137bff00342452f cd10ccd2a3e644399880d4ca3f78448d - - 2326e32d87ed4baca3e21937afe1d2f9 2326e32d87ed4baca3e21937afe1d2f9] 199.204.45.144 "GET /v2.0/subnets?id=9e94b03c-8f4d-466e-97a5-8b1de636ea82 HTTP/1.1" status: 200 len: 873 time: 0.0737760
2026-04-28 08:43:32.334 9 INFO neutron.db.ovn_revision_numbers_db [None req-6943a480-4dd2-4382-b3a4-fb429fa3d3a1 be7af2ea64464ae8a3e1a90975d0fcd1 1eef8dfb62c743bd99e9773b1eac5fdd - - - -] Successfully bumped revision number for resource 42d455f4-7751-4f76-a20d-b6742b6eed17 (type: router_ports) to 1
2026-04-28 08:43:32.386 10 INFO neutron.wsgi [req-919cf937-f944-47f3-973e-64dca72cc9f1 req-d6e1db76-400e-460b-8b84-b7e8e6508f5c fdc32e97ea494a77b137bff00342452f cd10ccd2a3e644399880d4ca3f78448d - - 2326e32d87ed4baca3e21937afe1d2f9 2326e32d87ed4baca3e21937afe1d2f9] 199.204.45.144 "GET /v2.0/ports?network_id=52e2f49f-e03a-4bb9-8c6d-5b5f4a871d50&device_owner=network%3Adhcp HTTP/1.1" status: 200 len: 210 time: 0.0451198
2026-04-28 08:43:32.452 10 INFO neutron.wsgi [None req-d9982b7c-0f51-4b88-9b5d-4b564bacc741 be7af2ea64464ae8a3e1a90975d0fcd1 1eef8dfb62c743bd99e9773b1eac5fdd - - - -] 10.0.0.97 "DELETE /v2.0/security-groups/3ffa57ef-bcea-4722-b67e-00bf328633cb HTTP/1.1" status: 204 len: 168 time: 0.4488854 /var/lib/openstack/lib/python3.10/site-packages/pycadf/identifier.py:71: UserWarning: Invalid uuid: neutron. To ensure interoperability, identifiers should be a valid uuid. warnings.warn(('Invalid uuid: %s. To ensure interoperability, '
2026-04-28 08:43:32.633 9 INFO neutron.db.l3_db [None req-1a381bb4-0f75-4862-a630-aa3ba4ca7a78 024f29f24a5540f6a34a4c0648b979e8 10d9c075b59a40ec98e42ab9e40ab335 - - - -] Floating IP 6a6e128b-0540-454f-814d-ea3414e8a93e disassociated. External IP: 10.96.250.209, port: 66535e87-c419-4b79-a461-c4f022fb58bd.
2026-04-28 08:43:32.697 9 INFO neutron.db.ovn_revision_numbers_db [None req-6943a480-4dd2-4382-b3a4-fb429fa3d3a1 be7af2ea64464ae8a3e1a90975d0fcd1 1eef8dfb62c743bd99e9773b1eac5fdd - - - -] Successfully bumped revision number for resource 5fc56dce-692c-4739-9bed-f0c89bfe0688 (type: routers) to 3
2026-04-28 08:43:32.712 10 INFO neutron.wsgi [req-919cf937-f944-47f3-973e-64dca72cc9f1 req-f434b74e-fa0d-45c2-9fcd-900a9c0f0e2f fdc32e97ea494a77b137bff00342452f cd10ccd2a3e644399880d4ca3f78448d - - 2326e32d87ed4baca3e21937afe1d2f9 2326e32d87ed4baca3e21937afe1d2f9] 199.204.45.144 "GET /v2.0/networks/52e2f49f-e03a-4bb9-8c6d-5b5f4a871d50?fields=segments HTTP/1.1" status: 200 len: 212 time: 0.3165100
2026-04-28 08:43:32.740 9 INFO neutron.wsgi [None req-6943a480-4dd2-4382-b3a4-fb429fa3d3a1 be7af2ea64464ae8a3e1a90975d0fcd1 1eef8dfb62c743bd99e9773b1eac5fdd - - - -] 10.0.0.97 "POST /v2.0/routers HTTP/1.1" status: 201 len: 878 time: 2.8895450
2026-04-28 08:43:32.824 9 INFO neutron.db.ovn_revision_numbers_db [None req-604c6a13-127b-4d74-b856-985863c0373a be7af2ea64464ae8a3e1a90975d0fcd1 1eef8dfb62c743bd99e9773b1eac5fdd - - default default] Successfully bumped revision number for resource 39c19515-d1d0-41ef-83cf-232aaea165df (type: security_groups) to 1
2026-04-28 08:43:32.839 10 INFO neutron.wsgi [req-919cf937-f944-47f3-973e-64dca72cc9f1 req-61f8dee3-aef0-4ad1-a84c-9bfc2b777e1f fdc32e97ea494a77b137bff00342452f cd10ccd2a3e644399880d4ca3f78448d - - 2326e32d87ed4baca3e21937afe1d2f9 2326e32d87ed4baca3e21937afe1d2f9] 199.204.45.144 "GET /v2.0/networks/52e2f49f-e03a-4bb9-8c6d-5b5f4a871d50?fields=provider%3Aphysical_network&fields=provider%3Anetwork_type HTTP/1.1" status: 200 len: 277 time: 0.1070981
2026-04-28 08:43:32.860 9 INFO neutron.wsgi [None req-604c6a13-127b-4d74-b856-985863c0373a be7af2ea64464ae8a3e1a90975d0fcd1 1eef8dfb62c743bd99e9773b1eac5fdd - - default default] 10.0.0.97 "GET /v2.0/security-groups?tenant_id=0dda0f7d0709485ca7995f7e73402199&name=default HTTP/1.1" status: 200 len: 2996 time: 0.2532301 /var/lib/openstack/lib/python3.10/site-packages/pycadf/identifier.py:71: UserWarning: Invalid uuid: neutron. To ensure interoperability, identifiers should be a valid uuid. warnings.warn(('Invalid uuid: %s. To ensure interoperability, '
2026-04-28 08:43:32.923 9 INFO neutron.wsgi [req-4dd2eda5-8b84-474b-9335-896278de8e82 req-4acf3acc-a162-4320-b98c-c92fda86afd1 024f29f24a5540f6a34a4c0648b979e8 10d9c075b59a40ec98e42ab9e40ab335 - - default default] 10.0.0.103 "GET /v2.0/ports?device_id=84a002d2-1b7e-4a31-9492-2e7bdf8ce71a HTTP/1.1" status: 200 len: 210 time: 0.0386229
2026-04-28 08:43:32.947 9 INFO neutron.wsgi [None req-1a381bb4-0f75-4862-a630-aa3ba4ca7a78 024f29f24a5540f6a34a4c0648b979e8 10d9c075b59a40ec98e42ab9e40ab335 - - - -] 199.204.45.144 "DELETE /v2.0/ports/66535e87-c419-4b79-a461-c4f022fb58bd HTTP/1.1" status: 204 len: 173 time: 1.1144404
2026-04-28 08:43:33.096 9 INFO neutron.wsgi [None req-a6f3b629-8bdd-4ac5-b2e8-1f8f066c6515 be7af2ea64464ae8a3e1a90975d0fcd1 1eef8dfb62c743bd99e9773b1eac5fdd - - - -] 10.0.0.97 "DELETE /v2.0/security-groups/39c19515-d1d0-41ef-83cf-232aaea165df HTTP/1.1" status: 204 len: 168 time: 0.2308760
2026-04-28 08:43:33.343 10 INFO neutron.db.ovn_revision_numbers_db [None req-15ce174b-3a0d-4b03-bd7d-38bce9ffc9e3 - - - - - -] Successfully bumped revision number for resource 42d455f4-7751-4f76-a20d-b6742b6eed17 (type: ports) to 1
2026-04-28 08:43:33.387 10 WARNING neutron.scheduler.dhcp_agent_scheduler [None req-b1ca534d-9914-4fb9-9141-999e7c8b4f3d be7af2ea64464ae8a3e1a90975d0fcd1 1eef8dfb62c743bd99e9773b1eac5fdd - - default default] No more DHCP agents
2026-04-28 08:43:33.389 10 WARNING neutron.api.rpc.agentnotifiers.dhcp_rpc_agent_api [None req-b1ca534d-9914-4fb9-9141-999e7c8b4f3d be7af2ea64464ae8a3e1a90975d0fcd1 1eef8dfb62c743bd99e9773b1eac5fdd - - default default] Unable to schedule network 2572425a-5d43-4a4d-9d9d-329478429acd: no agents available; will retry on subsequent port and subnet creation events.
2026-04-28 08:43:33.606 10 INFO neutron.db.ovn_revision_numbers_db [None req-b1ca534d-9914-4fb9-9141-999e7c8b4f3d be7af2ea64464ae8a3e1a90975d0fcd1 1eef8dfb62c743bd99e9773b1eac5fdd - - default default] Successfully bumped revision number for resource 639c284d-046b-4897-8e0f-c73b801c6cd6 (type: ports) to 1
2026-04-28 08:43:33.679 10 INFO neutron.db.ovn_revision_numbers_db [None req-15ce174b-3a0d-4b03-bd7d-38bce9ffc9e3 - - - - - -] Successfully bumped revision number for resource 42d455f4-7751-4f76-a20d-b6742b6eed17 (type: router_ports) to 3
2026-04-28 08:43:33.841 10 INFO neutron.db.ovn_revision_numbers_db [None req-15ce174b-3a0d-4b03-bd7d-38bce9ffc9e3 - - - - - -] Successfully bumped revision number for resource 42d455f4-7751-4f76-a20d-b6742b6eed17 (type: ports) to 2
2026-04-28 08:43:34.045 9 INFO neutron.notifiers.nova [-] Nova event matching ['req-f94d231d-1003-4d25-9009-5db3960ee833'] response: {'server_uuid': '84a002d2-1b7e-4a31-9492-2e7bdf8ce71a', 'name': 'network-vif-plugged', 'status': 'completed', 'tag': '66535e87-c419-4b79-a461-c4f022fb58bd', 'code': 200}
2026-04-28 08:43:34.046 9 INFO neutron.notifiers.nova [-] Nova event matching ['req-f94d231d-1003-4d25-9009-5db3960ee833'] response: {'server_uuid': '84a002d2-1b7e-4a31-9492-2e7bdf8ce71a', 'name': 'network-vif-deleted', 'tag': '66535e87-c419-4b79-a461-c4f022fb58bd', 'status': 'completed', 'code': 200}
2026-04-28 08:43:34.173 9 INFO neutron.wsgi [None req-7f7afebe-c2d0-4ec1-92b3-23f20390b811 024f29f24a5540f6a34a4c0648b979e8 10d9c075b59a40ec98e42ab9e40ab335 - - - -] 10.0.0.97 "DELETE /v2.0/security-groups/532309c4-c55c-4890-aa70-e60a03d63e65 HTTP/1.1" status: 204 len: 168 time: 0.1492598
2026-04-28 08:43:34.189 9 INFO neutron.api.v2.resource [None req-7a1d1078-c659-4c9d-ad7e-f2122ec8ea3c 024f29f24a5540f6a34a4c0648b979e8 10d9c075b59a40ec98e42ab9e40ab335 - - default default] show failed (client error): The resource could not be found.
2026-04-28 08:43:34.190 9 INFO neutron.wsgi [None req-7a1d1078-c659-4c9d-ad7e-f2122ec8ea3c 024f29f24a5540f6a34a4c0648b979e8 10d9c075b59a40ec98e42ab9e40ab335 - - default default] 10.0.0.97 "GET /v2.0/security-groups/532309c4-c55c-4890-aa70-e60a03d63e65 HTTP/1.1" status: 404 len: 347 time: 0.0131385
2026-04-28 08:43:34.264 10 INFO neutron.db.ovn_revision_numbers_db [None req-b1ca534d-9914-4fb9-9141-999e7c8b4f3d be7af2ea64464ae8a3e1a90975d0fcd1 1eef8dfb62c743bd99e9773b1eac5fdd - - default default] Successfully bumped revision number for resource 639c284d-046b-4897-8e0f-c73b801c6cd6 (type: router_ports) to 2
2026-04-28 08:43:34.265 9 INFO neutron.plugins.ml2.drivers.ovn.mech_driver.mech_driver [None req-9a061168-b450-4db2-92b5-5da1f06e632f - - - - - -] OVN reports status up for port: 639c284d-046b-4897-8e0f-c73b801c6cd6
2026-04-28 08:43:34.278 9 INFO neutron.plugins.ml2.plugin [None req-9a061168-b450-4db2-92b5-5da1f06e632f - - - - - -] Attempt 1 to provision port 639c284d-046b-4897-8e0f-c73b801c6cd6
2026-04-28 08:43:34.357 10 INFO neutron.db.ovn_revision_numbers_db [None req-15ce174b-3a0d-4b03-bd7d-38bce9ffc9e3 - - - - - -] Successfully bumped revision number for resource 42d455f4-7751-4f76-a20d-b6742b6eed17 (type: ports) to 4
2026-04-28 08:43:34.521 10 INFO neutron.db.ovn_revision_numbers_db [None req-b1ca534d-9914-4fb9-9141-999e7c8b4f3d be7af2ea64464ae8a3e1a90975d0fcd1 1eef8dfb62c743bd99e9773b1eac5fdd - - default default] Successfully bumped revision number for resource 639c284d-046b-4897-8e0f-c73b801c6cd6 (type: ports) to 2
2026-04-28 08:43:34.617 10 WARNING neutron.scheduler.dhcp_agent_scheduler [None req-b1ca534d-9914-4fb9-9141-999e7c8b4f3d be7af2ea64464ae8a3e1a90975d0fcd1 1eef8dfb62c743bd99e9773b1eac5fdd - - default default] No more DHCP agents
2026-04-28 08:43:34.618 9 INFO neutron.wsgi [None req-d35e6639-d333-43ee-98e7-2a30fcd8fccf 024f29f24a5540f6a34a4c0648b979e8 10d9c075b59a40ec98e42ab9e40ab335 - - - -] 10.0.0.97 "DELETE /v2.0/floatingips/6a6e128b-0540-454f-814d-ea3414e8a93e HTTP/1.1" status: 204 len: 168 time: 0.4232137
2026-04-28 08:43:34.624 10 WARNING neutron.api.rpc.agentnotifiers.dhcp_rpc_agent_api [None req-b1ca534d-9914-4fb9-9141-999e7c8b4f3d be7af2ea64464ae8a3e1a90975d0fcd1 1eef8dfb62c743bd99e9773b1eac5fdd - - default default] Unable to schedule network 2572425a-5d43-4a4d-9d9d-329478429acd: no agents available; will retry on subsequent port and subnet creation events.
2026-04-28 08:43:34.653 9 INFO neutron.db.ovn_revision_numbers_db [None req-9a061168-b450-4db2-92b5-5da1f06e632f - - - - - -] Successfully bumped revision number for resource 639c284d-046b-4897-8e0f-c73b801c6cd6 (type: ports) to 3
2026-04-28 08:43:34.660 10 INFO neutron.db.ovn_revision_numbers_db [None req-15ce174b-3a0d-4b03-bd7d-38bce9ffc9e3 - - - - - -] Successfully bumped revision number for resource 42d455f4-7751-4f76-a20d-b6742b6eed17 (type: router_ports) to 4
2026-04-28 08:43:34.813 9 INFO neutron.db.ovn_revision_numbers_db [None req-9a061168-b450-4db2-92b5-5da1f06e632f - - - - - -] Successfully bumped revision number for resource 639c284d-046b-4897-8e0f-c73b801c6cd6 (type: router_ports) to 3
2026-04-28 08:43:35.213 10 INFO neutron.db.ovn_revision_numbers_db [None req-b1ca534d-9914-4fb9-9141-999e7c8b4f3d be7af2ea64464ae8a3e1a90975d0fcd1 1eef8dfb62c743bd99e9773b1eac5fdd - - - -] Successfully bumped revision number for resource 639c284d-046b-4897-8e0f-c73b801c6cd6 (type: router_ports) to 3
2026-04-28 08:43:35.216 10 INFO neutron.wsgi [None req-b1ca534d-9914-4fb9-9141-999e7c8b4f3d be7af2ea64464ae8a3e1a90975d0fcd1 1eef8dfb62c743bd99e9773b1eac5fdd - - - -] 10.0.0.97 "PUT /v2.0/routers/5fc56dce-692c-4739-9bed-f0c89bfe0688/add_router_interface HTTP/1.1" status: 200 len: 503 time: 2.4678385
2026-04-28 08:43:35.755 10 INFO neutron.db.ovn_revision_numbers_db [None req-6278c55d-31b6-4a81-ab4c-8fb21f61dcac be7af2ea64464ae8a3e1a90975d0fcd1 1eef8dfb62c743bd99e9773b1eac5fdd - - default default] Successfully bumped revision number for resource 375797a1-7d39-4868-a78c-e3115d488ed4 (type: security_groups) to 1
2026-04-28 08:43:35.779 10 INFO neutron.wsgi [None req-6278c55d-31b6-4a81-ab4c-8fb21f61dcac be7af2ea64464ae8a3e1a90975d0fcd1 1eef8dfb62c743bd99e9773b1eac5fdd - - default default] 10.0.0.97 "GET /v2.0/security-groups?tenant_id=818065a6b7c94690835904f51286cb9c&name=default HTTP/1.1" status: 200 len: 2996 time: 0.2330210
2026-04-28 08:43:35.854 9 INFO neutron.db.ovn_revision_numbers_db [None req-6f1cac7f-5751-43bb-802c-10798c528446 43dd30f894a6442ca2c62e5b625edd6d e472407572b84ed1b4317c7d8e0cc319 - - - -] Successfully bumped revision number for resource ba42b470-1850-4c6d-bf44-1332f044f0f8 (type: security_groups) to 1
2026-04-28 08:43:35.912 9 INFO neutron.wsgi [None req-6f1cac7f-5751-43bb-802c-10798c528446 43dd30f894a6442ca2c62e5b625edd6d e472407572b84ed1b4317c7d8e0cc319 - - - -] 10.0.0.103 "POST /v2.0/security-groups HTTP/1.1" status: 201 len: 1821 time: 0.2005489
2026-04-28 08:43:35.916 9 INFO neutron.wsgi [None req-436cd1c1-45c7-4137-8cf6-456851b9b5e2 be7af2ea64464ae8a3e1a90975d0fcd1 1eef8dfb62c743bd99e9773b1eac5fdd - - - -] 10.0.0.97 "PUT /v2.0/routers/1d25a3fa-8b3e-4703-9fea-b1f5dc45eb0f/remove_router_interface HTTP/1.1" status: 200 len: 503 time: 1.2911117 /var/lib/openstack/lib/python3.10/site-packages/pycadf/identifier.py:71: UserWarning: Invalid uuid: neutron. To ensure interoperability, identifiers should be a valid uuid. warnings.warn(('Invalid uuid: %s. To ensure interoperability, '
2026-04-28 08:43:36.010 10 INFO neutron.wsgi [None req-4fb74f62-c20e-4714-96e6-0c40602c8c9a be7af2ea64464ae8a3e1a90975d0fcd1 1eef8dfb62c743bd99e9773b1eac5fdd - - - -] 10.0.0.97 "DELETE /v2.0/security-groups/375797a1-7d39-4868-a78c-e3115d488ed4 HTTP/1.1" status: 204 len: 168 time: 0.2274170
2026-04-28 08:43:36.076 10 INFO neutron.db.ovn_revision_numbers_db [None req-dcd92162-ce10-45ff-a4ac-f4181ddfbd37 43dd30f894a6442ca2c62e5b625edd6d e472407572b84ed1b4317c7d8e0cc319 - - - -] Successfully bumped revision number for resource 8066382c-7ffd-4602-974d-8615f2580d98 (type: security_groups) to 1
2026-04-28 08:43:36.099 10 INFO neutron.wsgi [None req-dcd92162-ce10-45ff-a4ac-f4181ddfbd37 43dd30f894a6442ca2c62e5b625edd6d e472407572b84ed1b4317c7d8e0cc319 - - - -] 10.0.0.103 "POST /v2.0/security-groups HTTP/1.1" status: 201 len: 1822 time: 0.1595814
2026-04-28 08:43:36.445 9 INFO neutron.db.ovn_revision_numbers_db [None req-f5dc8812-3984-41e0-8742-7c1670f6a924 43dd30f894a6442ca2c62e5b625edd6d e472407572b84ed1b4317c7d8e0cc319 - - - -] Successfully bumped revision number for resource b3238bd8-53f7-472a-8e1e-45d00eb9e40f (type: security_groups) to 1
2026-04-28 08:43:36.486 9 INFO neutron.wsgi [None req-f5dc8812-3984-41e0-8742-7c1670f6a924 43dd30f894a6442ca2c62e5b625edd6d e472407572b84ed1b4317c7d8e0cc319 - - - -] 10.0.0.103 "POST /v2.0/security-groups HTTP/1.1" status: 201 len: 1822 time: 0.1682959
2026-04-28 08:43:36.580 10 INFO neutron.wsgi [req-924dd962-5d74-4678-9e1a-1a7f2367c157 req-81f54cef-fe95-44a3-9f00-bac197d26980 43dd30f894a6442ca2c62e5b625edd6d e472407572b84ed1b4317c7d8e0cc319 - - default default] 10.0.0.103 "GET /v2.0/security-groups?tenant_id=e472407572b84ed1b4317c7d8e0cc319 HTTP/1.1" status: 200 len: 7797 time: 0.0683386
2026-04-28 08:43:36.620 10 INFO neutron.wsgi [req-924dd962-5d74-4678-9e1a-1a7f2367c157 req-94ca4a2f-46e3-4a67-9a7a-6da51f02765d 43dd30f894a6442ca2c62e5b625edd6d e472407572b84ed1b4317c7d8e0cc319 - - default default] 10.0.0.103 "GET /v2.0/security-groups/a1a5b9bb-3a8d-4a82-aae8-86b2dc0ed914 HTTP/1.1" status: 200 len: 2998 time: 0.0318329
2026-04-28 08:43:36.655 10 INFO neutron.wsgi [req-924dd962-5d74-4678-9e1a-1a7f2367c157 req-d345ca12-b440-449d-afda-433f5f2a8924 43dd30f894a6442ca2c62e5b625edd6d e472407572b84ed1b4317c7d8e0cc319 - - default default] 10.0.0.103 "GET /v2.0/security-groups/a1a5b9bb-3a8d-4a82-aae8-86b2dc0ed914 HTTP/1.1" status: 200 len: 2998 time: 0.0289221
2026-04-28 08:43:36.746 9 INFO neutron.wsgi [req-7027d129-1b06-4b87-b008-dbd7049e8985 req-ef553fb4-41d7-497d-b194-6cc56092842c 43dd30f894a6442ca2c62e5b625edd6d e472407572b84ed1b4317c7d8e0cc319 - - default default] 10.0.0.103 "GET /v2.0/security-groups/ba42b470-1850-4c6d-bf44-1332f044f0f8 HTTP/1.1" status: 200 len: 1816 time: 0.0634139
2026-04-28 08:43:36.851 9 INFO neutron.wsgi [None req-dad660cb-2818-4d81-bab7-ff1dd794287f be7af2ea64464ae8a3e1a90975d0fcd1 1eef8dfb62c743bd99e9773b1eac5fdd - - - -] 10.0.0.97 "DELETE /v2.0/routers/1d25a3fa-8b3e-4703-9fea-b1f5dc45eb0f HTTP/1.1" status: 204 len: 168 time: 0.9287834
2026-04-28 08:43:37.002 9 INFO neutron.wsgi [None req-51218610-0d4f-4eaa-91ea-a484f3c711bd 43dd30f894a6442ca2c62e5b625edd6d e472407572b84ed1b4317c7d8e0cc319 - - - -] 10.0.0.103 "DELETE /v2.0/security-groups/ba42b470-1850-4c6d-bf44-1332f044f0f8 HTTP/1.1" status: 204 len: 173 time: 0.2410913
2026-04-28 08:43:37.042 10 INFO neutron.api.v2.resource [req-3fe1618b-e3c3-41b3-b34e-c5191b4cdb73 req-24b26a31-47b4-4438-918a-43ea509a7387 43dd30f894a6442ca2c62e5b625edd6d e472407572b84ed1b4317c7d8e0cc319 - - default default] show failed (client error): The resource could not be found.
2026-04-28 08:43:37.043 10 INFO neutron.wsgi [req-3fe1618b-e3c3-41b3-b34e-c5191b4cdb73 req-24b26a31-47b4-4438-918a-43ea509a7387 43dd30f894a6442ca2c62e5b625edd6d e472407572b84ed1b4317c7d8e0cc319 - - default default] 10.0.0.103 "GET /v2.0/security-groups/ba42b470-1850-4c6d-bf44-1332f044f0f8 HTTP/1.1" status: 404 len: 352 time: 0.0184078
2026-04-28 08:43:37.102 9 INFO neutron.wsgi [None req-9cf23c26-4163-4bd9-bf37-9086e921f428 be7af2ea64464ae8a3e1a90975d0fcd1 1eef8dfb62c743bd99e9773b1eac5fdd - - - -] 10.0.0.97 "DELETE /v2.0/subnets/9e94b03c-8f4d-466e-97a5-8b1de636ea82 HTTP/1.1" status: 204 len: 168 time: 0.2457466
2026-04-28 08:43:37.104 9 INFO neutron.wsgi [req-b5686b85-d155-4cd7-ab1d-967c19271a7d req-438f1d49-f59b-43d2-aee0-9e372f7abe4d 43dd30f894a6442ca2c62e5b625edd6d e472407572b84ed1b4317c7d8e0cc319 - - default default] 10.0.0.103 "GET /v2.0/security-groups/8066382c-7ffd-4602-974d-8615f2580d98 HTTP/1.1" status: 200 len: 1817 time: 0.0305684
2026-04-28 08:43:37.207 9 INFO neutron.wsgi [None req-6a9b202c-0f3b-49e2-86a8-91afaadb404a 43dd30f894a6442ca2c62e5b625edd6d e472407572b84ed1b4317c7d8e0cc319 - - - -] 10.0.0.103 "DELETE /v2.0/security-groups/8066382c-7ffd-4602-974d-8615f2580d98 HTTP/1.1" status: 204 len: 173 time: 0.0966427
2026-04-28 08:43:37.261 10 INFO neutron.api.v2.resource [req-b65c59a9-c619-4659-87e6-99c264d7ee96 req-84b863de-18ff-42fd-8523-a39b68cb6df9 43dd30f894a6442ca2c62e5b625edd6d e472407572b84ed1b4317c7d8e0cc319 - - default default] show failed (client error): The resource could not be found.
2026-04-28 08:43:37.262 10 INFO neutron.wsgi [req-b65c59a9-c619-4659-87e6-99c264d7ee96 req-84b863de-18ff-42fd-8523-a39b68cb6df9 43dd30f894a6442ca2c62e5b625edd6d e472407572b84ed1b4317c7d8e0cc319 - - default default] 10.0.0.103 "GET /v2.0/security-groups/8066382c-7ffd-4602-974d-8615f2580d98 HTTP/1.1" status: 404 len: 352 time: 0.0283012
2026-04-28 08:43:37.316 9 INFO neutron.wsgi [req-cd66628c-3cc0-49f9-9722-aebc7b98a2bd req-fd229821-5477-4ece-87c2-f1286cf3f94c 43dd30f894a6442ca2c62e5b625edd6d e472407572b84ed1b4317c7d8e0cc319 - - default default] 10.0.0.103 "GET /v2.0/security-groups/b3238bd8-53f7-472a-8e1e-45d00eb9e40f HTTP/1.1" status: 200 len: 1817 time: 0.0293732
2026-04-28 08:43:37.485 9 INFO neutron.wsgi [None req-79379a57-494e-44d7-b0b8-b7d02cd400a1 43dd30f894a6442ca2c62e5b625edd6d e472407572b84ed1b4317c7d8e0cc319 - - - -] 10.0.0.103 "DELETE /v2.0/security-groups/b3238bd8-53f7-472a-8e1e-45d00eb9e40f HTTP/1.1" status: 204 len: 173 time: 0.1629503
2026-04-28 08:43:37.536 10 INFO neutron.services.segments.plugin [-] Segment 15bde25a-9ba8-4bd3-a5fa-084f4dc0f903 resource provider aggregate not found
2026-04-28 08:43:37.553 10 INFO neutron.services.segments.plugin [-] Segment 15bde25a-9ba8-4bd3-a5fa-084f4dc0f903 resource provider aggregate not found
2026-04-28 08:43:37.560 10 INFO neutron.services.segments.plugin [-] Segment 15bde25a-9ba8-4bd3-a5fa-084f4dc0f903 resource provider not found; error: Placement Client Error (4xx): {"errors": [{"status": 404, "title": "Not Found", "detail": "The resource could not be found.\n\n No resource provider with uuid 15bde25a-9ba8-4bd3-a5fa-084f4dc0f903 found for delete ", "request_id": "req-7d264643-40b3-4d3b-be2a-07ab8c70f854"}]}
2026-04-28 08:43:37.562 10 INFO neutron.api.v2.resource [req-32e2c903-9029-4227-b0d2-a59bbee9e948 req-3096e045-1521-488c-b2eb-88f64e581933 43dd30f894a6442ca2c62e5b625edd6d e472407572b84ed1b4317c7d8e0cc319 - - default default] show failed (client error): The resource could not be found.
2026-04-28 08:43:37.563 10 INFO neutron.wsgi [req-32e2c903-9029-4227-b0d2-a59bbee9e948 req-3096e045-1521-488c-b2eb-88f64e581933 43dd30f894a6442ca2c62e5b625edd6d e472407572b84ed1b4317c7d8e0cc319 - - default default] 10.0.0.103 "GET /v2.0/security-groups/b3238bd8-53f7-472a-8e1e-45d00eb9e40f HTTP/1.1" status: 404 len: 352 time: 0.0410945
2026-04-28 08:43:37.575 10 INFO neutron.services.segments.plugin [-] Segment 15bde25a-9ba8-4bd3-a5fa-084f4dc0f903 resource provider not found; error: Placement Client Error (4xx): {"errors": [{"status": 404, "title": "Not Found", "detail": "The resource could not be found.\n\n No resource provider with uuid 15bde25a-9ba8-4bd3-a5fa-084f4dc0f903 found for delete ", "request_id": "req-765bb3a7-2a62-4ea3-9588-67a013397c2f"}]}
2026-04-28 08:43:37.592 10 INFO neutron.wsgi [None req-48c1d894-6f12-4fc6-8ac6-92aebb3e584f be7af2ea64464ae8a3e1a90975d0fcd1 1eef8dfb62c743bd99e9773b1eac5fdd - - - -] 10.0.0.97 "DELETE /v2.0/networks/52e2f49f-e03a-4bb9-8c6d-5b5f4a871d50 HTTP/1.1" status: 204 len: 168 time: 0.4853852
2026-04-28 08:43:37.632 9 INFO neutron.wsgi [req-d7a1b993-8b8c-440a-a0a2-848726f73186 req-8a30a290-6f09-4a32-965e-f47c7721131a 43dd30f894a6442ca2c62e5b625edd6d e472407572b84ed1b4317c7d8e0cc319 - - default default] 10.0.0.103 "GET /v2.0/security-groups?tenant_id=e472407572b84ed1b4317c7d8e0cc319 HTTP/1.1" status: 200 len: 3001 time: 0.0388663
2026-04-28 08:43:37.674 9 INFO neutron.wsgi [req-d7a1b993-8b8c-440a-a0a2-848726f73186 req-26c8a854-3119-486b-815a-16dfd54479e2 43dd30f894a6442ca2c62e5b625edd6d e472407572b84ed1b4317c7d8e0cc319 - - default default] 10.0.0.103 "GET /v2.0/security-groups/a1a5b9bb-3a8d-4a82-aae8-86b2dc0ed914 HTTP/1.1" status: 200 len: 2998 time: 0.0353117
2026-04-28 08:43:37.721 9 INFO neutron.wsgi [req-d7a1b993-8b8c-440a-a0a2-848726f73186 req-1fbe967f-f961-4518-bfb4-c6d71ab5caf7 43dd30f894a6442ca2c62e5b625edd6d e472407572b84ed1b4317c7d8e0cc319 - - default default] 10.0.0.103 "GET /v2.0/security-groups/a1a5b9bb-3a8d-4a82-aae8-86b2dc0ed914 HTTP/1.1" status: 200 len: 2998 time: 0.0405207
2026-04-28 08:43:37.757 9 INFO neutron.wsgi [None req-80e02799-4533-4480-ae48-87bbdf829a3e be7af2ea64464ae8a3e1a90975d0fcd1 1eef8dfb62c743bd99e9773b1eac5fdd - - default default] 10.0.0.97 "GET /v2.0/security-groups?tenant_id=10d9c075b59a40ec98e42ab9e40ab335&name=default HTTP/1.1" status: 200 len: 2992 time: 0.0449457
2026-04-28 08:43:37.766 10 INFO neutron.api.v2.resource [req-3ec82085-fa16-40a8-9cd9-c3aaa41597b5 req-ccb79fae-ed38-420a-90b6-0b1e237cb6b3 43dd30f894a6442ca2c62e5b625edd6d e472407572b84ed1b4317c7d8e0cc319 - - default default] show failed (client error): The resource could not be found.
2026-04-28 08:43:37.768 10 INFO neutron.wsgi [req-3ec82085-fa16-40a8-9cd9-c3aaa41597b5 req-ccb79fae-ed38-420a-90b6-0b1e237cb6b3 43dd30f894a6442ca2c62e5b625edd6d e472407572b84ed1b4317c7d8e0cc319 - - default default] 10.0.0.103 "GET /v2.0/security-groups/b3238bd8-53f7-472a-8e1e-45d00eb9e40f HTTP/1.1" status: 404 len: 352 time: 0.0207686
2026-04-28 08:43:37.811 9 INFO neutron.api.v2.resource [req-87ffda2e-9287-4a21-b9fa-cb70c3e58db1 req-d255a316-4a59-47b4-af3a-a7101625b3ad 43dd30f894a6442ca2c62e5b625edd6d e472407572b84ed1b4317c7d8e0cc319 - - default default] show failed (client error): The resource could not be found.
2026-04-28 08:43:37.813 9 INFO neutron.wsgi [req-87ffda2e-9287-4a21-b9fa-cb70c3e58db1 req-d255a316-4a59-47b4-af3a-a7101625b3ad 43dd30f894a6442ca2c62e5b625edd6d e472407572b84ed1b4317c7d8e0cc319 - - default default] 10.0.0.103 "GET /v2.0/security-groups/8066382c-7ffd-4602-974d-8615f2580d98 HTTP/1.1" status: 404 len: 352 time: 0.0121255
2026-04-28 08:43:37.844 10 INFO neutron.wsgi [None req-33caf905-7485-4135-afc5-8ae83f0de7f1 be7af2ea64464ae8a3e1a90975d0fcd1 1eef8dfb62c743bd99e9773b1eac5fdd - - default default] 10.0.0.67 "GET /v2.0/network-ip-availabilities HTTP/1.1" status: 200 len: 2252 time: 0.2343524
2026-04-28 08:43:37.856 10 INFO neutron.api.v2.resource [req-5faa59ae-11e7-42f3-9a42-276dca5e3831 req-e48d9bcf-4053-406c-acf1-8f43af1f382b 43dd30f894a6442ca2c62e5b625edd6d e472407572b84ed1b4317c7d8e0cc319 - - default default] show failed (client error): The resource could not be found.
