2026-04-28 08:44:03.900 9 INFO neutron.services.segments.plugin [-] Segment d6e60d30-9f7f-45a2-8f20-dfea56972810 resource provider not found; error: Placement Client Error (4xx): {"errors": [{"status": 404, "title": "Not Found", "detail": "The resource could not be found.\n\n No resource provider with uuid d6e60d30-9f7f-45a2-8f20-dfea56972810 found for delete ", "request_id": "req-6a328fe7-ddaa-43ea-a7c3-0f2a3994ac29"}]}
2026-04-28 08:44:03.940 9 INFO neutron.wsgi [None req-f78a58fb-2d00-454a-a32b-dc095d4feef8 be7af2ea64464ae8a3e1a90975d0fcd1 1eef8dfb62c743bd99e9773b1eac5fdd - - - -] 10.0.0.97 "DELETE /v2.0/networks/25fd3746-503a-474f-9632-4e31d0c3372f HTTP/1.1" status: 204 len: 168 time: 0.4686611
2026-04-28 08:44:03.973 10 INFO neutron.db.ovn_revision_numbers_db [None req-7eba5476-f76f-4b50-b0e8-939f2f9459f5 be7af2ea64464ae8a3e1a90975d0fcd1 1eef8dfb62c743bd99e9773b1eac5fdd - - default default] Successfully bumped revision number for resource 213a774b-7337-4a1f-b10a-141458b28668 (type: security_groups) to 1
2026-04-28 08:44:03.999 10 INFO neutron.wsgi [None req-7eba5476-f76f-4b50-b0e8-939f2f9459f5 be7af2ea64464ae8a3e1a90975d0fcd1 1eef8dfb62c743bd99e9773b1eac5fdd - - default default] 10.0.0.97 "GET /v2.0/security-groups?tenant_id=a3ffeef9a0fc4a7997f31fee67cc6fa4&name=default HTTP/1.1" status: 200 len: 2996 time: 0.1645906
2026-04-28 08:44:04.043 10 INFO neutron.wsgi [None req-99f8374d-b106-42a0-8283-cb8c55fc08d8 3125ba543d0e4c108308828ffb514ca2 416f1587ee494d69b00383015fd1fc5f - - - -] 10.0.0.97 "DELETE /v2.0/subnets/e0a86934-c236-4acb-b46e-d08772c292a7 HTTP/1.1" status: 204 len: 168 time: 0.2459283
2026-04-28 08:44:04.140 9 INFO neutron.wsgi [None req-e5afec0e-6a45-4020-93a7-1028554f5876 be7af2ea64464ae8a3e1a90975d0fcd1 1eef8dfb62c743bd99e9773b1eac5fdd - - default default] 10.0.0.97 "GET /v2.0/security-groups?tenant_id=e446c213ec1d4b5f9786ff4f41be75a3&name=default HTTP/1.1" status: 200 len: 2996 time: 0.0317571
2026-04-28 08:44:04.223 9 INFO neutron.wsgi [None req-2d1ae500-92ff-4b45-ad1d-bdb309888d15 be7af2ea64464ae8a3e1a90975d0fcd1 1eef8dfb62c743bd99e9773b1eac5fdd - - - -] 10.0.0.97 "DELETE /v2.0/security-groups/213a774b-7337-4a1f-b10a-141458b28668 HTTP/1.1" status: 204 len: 168 time: 0.2157681
2026-04-28 08:44:04.329 9 INFO neutron.wsgi [None req-ef420cc6-cb17-4261-9035-fd8bb0e0590a be7af2ea64464ae8a3e1a90975d0fcd1 1eef8dfb62c743bd99e9773b1eac5fdd - - - -] 10.0.0.97 "DELETE /v2.0/security-groups/461a2440-7985-431c-b339-8f1a603efa53 HTTP/1.1" status: 204 len: 168 time: 0.1837356
2026-04-28 08:44:04.454 10 INFO neutron.wsgi [None req-5081ce83-c245-4596-8a54-7dfcf9055b33 3125ba543d0e4c108308828ffb514ca2 416f1587ee494d69b00383015fd1fc5f - - - -] 10.0.0.97 "DELETE /v2.0/networks/1a129546-d51c-44bb-a093-54426c442213 HTTP/1.1" status: 204 len: 168 time: 0.4055803
2026-04-28 08:44:05.055 10 INFO neutron.wsgi [None req-c797ab50-1c31-44ad-81aa-49c2cad55b94 be7af2ea64464ae8a3e1a90975d0fcd1 1eef8dfb62c743bd99e9773b1eac5fdd - - default default] 10.0.0.97 "GET /v2.0/security-groups?tenant_id=416f1587ee494d69b00383015fd1fc5f&name=default HTTP/1.1" status: 200 len: 2996 time: 0.1267002
2026-04-28 08:44:05.204 10 INFO neutron.services.segments.plugin [-] Segment 32e5c4aa-d8ec-470b-bf2f-c24ea4538e75 resource provider aggregate not found
2026-04-28 08:44:05.211 10 INFO neutron.services.segments.plugin [-] Segment 32e5c4aa-d8ec-470b-bf2f-c24ea4538e75 resource provider aggregate not found
2026-04-28 08:44:05.222 10 INFO neutron.services.segments.plugin [-] Segment 32e5c4aa-d8ec-470b-bf2f-c24ea4538e75 resource provider not found; error: Placement Client Error (4xx): {"errors": [{"status": 404, "title": "Not Found", "detail": "The resource could not be found.\n\n No resource provider with uuid 32e5c4aa-d8ec-470b-bf2f-c24ea4538e75 found for delete ", "request_id": "req-c8f3ca25-d613-433c-be80-6ef6f3e25c4f"}]}
2026-04-28 08:44:05.225 10 INFO neutron.services.segments.plugin [-] Segment 32e5c4aa-d8ec-470b-bf2f-c24ea4538e75 resource provider not found; error: Placement Client Error (4xx): {"errors": [{"status": 404, "title": "Not Found", "detail": "The resource could not be found.\n\n No resource provider with uuid 32e5c4aa-d8ec-470b-bf2f-c24ea4538e75 found for delete ", "request_id": "req-de481642-41f7-4a39-824d-6220278f49cd"}]}
2026-04-28 08:44:05.279 10 INFO neutron.wsgi [None req-9ca68ed4-794d-4a35-87a3-b887758e18b7 be7af2ea64464ae8a3e1a90975d0fcd1 1eef8dfb62c743bd99e9773b1eac5fdd - - - -] 10.0.0.97 "DELETE /v2.0/security-groups/224e1bb2-4bf0-472d-b7e0-2d5e97de05a2 HTTP/1.1" status: 204 len: 168 time: 0.2179694
2026-04-28 08:44:06.408 9 INFO neutron.db.ovn_revision_numbers_db [None req-d2b4cc35-6665-43c0-8b4e-6d05914344a8 be7af2ea64464ae8a3e1a90975d0fcd1 1eef8dfb62c743bd99e9773b1eac5fdd - - - -] Successfully bumped revision number for resource c6d9fdcf-46af-4678-8c21-4c4e11753914 (type: security_groups) to 1
2026-04-28 08:44:06.460 9 INFO neutron.db.segments_db [None req-d2b4cc35-6665-43c0-8b4e-6d05914344a8 be7af2ea64464ae8a3e1a90975d0fcd1 1eef8dfb62c743bd99e9773b1eac5fdd - - - -] Added segment 1f94e81c-f1f6-42f5-92ad-0f14bbf15cc9 of type geneve for network f03a05c6-0cb0-4d61-8d56-004994864366
2026-04-28 08:44:06.614 9 INFO neutron.db.ovn_revision_numbers_db [None req-d2b4cc35-6665-43c0-8b4e-6d05914344a8 be7af2ea64464ae8a3e1a90975d0fcd1 1eef8dfb62c743bd99e9773b1eac5fdd - - - -] Successfully bumped revision number for resource f03a05c6-0cb0-4d61-8d56-004994864366 (type: networks) to 1
2026-04-28 08:44:06.779 9 WARNING neutron.scheduler.dhcp_agent_scheduler [None req-d2b4cc35-6665-43c0-8b4e-6d05914344a8 be7af2ea64464ae8a3e1a90975d0fcd1 1eef8dfb62c743bd99e9773b1eac5fdd - - - -] No more DHCP agents
2026-04-28 08:44:06.782 9 WARNING neutron.api.rpc.agentnotifiers.dhcp_rpc_agent_api [None req-d2b4cc35-6665-43c0-8b4e-6d05914344a8 be7af2ea64464ae8a3e1a90975d0fcd1 1eef8dfb62c743bd99e9773b1eac5fdd - - - -] Unable to schedule network f03a05c6-0cb0-4d61-8d56-004994864366: no agents available; will retry on subsequent port and subnet creation events.
2026-04-28 08:44:06.848 9 INFO neutron.db.ovn_revision_numbers_db [None req-d2b4cc35-6665-43c0-8b4e-6d05914344a8 be7af2ea64464ae8a3e1a90975d0fcd1 1eef8dfb62c743bd99e9773b1eac5fdd - - - -] Successfully bumped revision number for resource 4ffa291c-6bb7-4f65-8cea-10bdec2c6401 (type: ports) to 1
2026-04-28 08:44:06.875 9 INFO neutron.wsgi [None req-d2b4cc35-6665-43c0-8b4e-6d05914344a8 be7af2ea64464ae8a3e1a90975d0fcd1 1eef8dfb62c743bd99e9773b1eac5fdd - - - -] 10.0.0.97 "POST /v2.0/networks HTTP/1.1" status: 201 len: 945 time: 0.8009436
2026-04-28 08:44:07.062 9 WARNING neutron.scheduler.dhcp_agent_scheduler [None req-b559be1e-bfb7-42a3-91bf-f8f40e8aeb6a be7af2ea64464ae8a3e1a90975d0fcd1 1eef8dfb62c743bd99e9773b1eac5fdd - - - -] No more DHCP agents
2026-04-28 08:44:07.063 9 WARNING neutron.api.rpc.agentnotifiers.dhcp_rpc_agent_api [None req-b559be1e-bfb7-42a3-91bf-f8f40e8aeb6a be7af2ea64464ae8a3e1a90975d0fcd1 1eef8dfb62c743bd99e9773b1eac5fdd - - - -] Unable to schedule network f03a05c6-0cb0-4d61-8d56-004994864366: no agents available; will retry on subsequent port and subnet creation events.
2026-04-28 08:44:07.514 9 INFO neutron.db.ovn_revision_numbers_db [None req-b559be1e-bfb7-42a3-91bf-f8f40e8aeb6a be7af2ea64464ae8a3e1a90975d0fcd1 1eef8dfb62c743bd99e9773b1eac5fdd - - - -] Successfully bumped revision number for resource 4ffa291c-6bb7-4f65-8cea-10bdec2c6401 (type: ports) to 2
2026-04-28 08:44:07.538 9 INFO neutron.db.ovn_revision_numbers_db [None req-b559be1e-bfb7-42a3-91bf-f8f40e8aeb6a be7af2ea64464ae8a3e1a90975d0fcd1 1eef8dfb62c743bd99e9773b1eac5fdd - - - -] Successfully bumped revision number for resource 628eec72-308b-49c2-8e2b-1d4f6ddad9f8 (type: subnets) to 0
2026-04-28 08:44:07.556 9 INFO neutron.wsgi [None req-b559be1e-bfb7-42a3-91bf-f8f40e8aeb6a be7af2ea64464ae8a3e1a90975d0fcd1 1eef8dfb62c743bd99e9773b1eac5fdd - - - -] 10.0.0.97 "POST /v2.0/subnets HTTP/1.1" status: 201 len: 865 time: 0.6750522
2026-04-28 08:44:07.675 9 INFO neutron.db.ovn_revision_numbers_db [None req-24a93b7d-5907-46b4-b225-1c1b5b29eab6 014d4425df584dde8f05806cb1b8089d cc783260b1fc4d44b9ca3c1d8eff7fa3 - - - -] Successfully bumped revision number for resource c440be6b-6867-4a55-91ea-72072df8a0a3 (type: security_groups) to 1
2026-04-28 08:44:07.734 9 INFO neutron.db.segments_db [None req-24a93b7d-5907-46b4-b225-1c1b5b29eab6 014d4425df584dde8f05806cb1b8089d cc783260b1fc4d44b9ca3c1d8eff7fa3 - - - -] Added segment 9ec1579d-8afd-4114-9c77-6227dca658df of type geneve for network e1f3ba84-d416-45e7-ab68-15b09e8f17c9
2026-04-28 08:44:07.895 9 INFO neutron.db.ovn_revision_numbers_db [None req-24a93b7d-5907-46b4-b225-1c1b5b29eab6 014d4425df584dde8f05806cb1b8089d cc783260b1fc4d44b9ca3c1d8eff7fa3 - - - -] Successfully bumped revision number for resource e1f3ba84-d416-45e7-ab68-15b09e8f17c9 (type: networks) to 1
2026-04-28 08:44:08.132 9 WARNING neutron.scheduler.dhcp_agent_scheduler [None req-24a93b7d-5907-46b4-b225-1c1b5b29eab6 014d4425df584dde8f05806cb1b8089d cc783260b1fc4d44b9ca3c1d8eff7fa3 - - - -] No more DHCP agents
2026-04-28 08:44:08.136 9 WARNING neutron.api.rpc.agentnotifiers.dhcp_rpc_agent_api [None req-24a93b7d-5907-46b4-b225-1c1b5b29eab6 014d4425df584dde8f05806cb1b8089d cc783260b1fc4d44b9ca3c1d8eff7fa3 - - - -] Unable to schedule network e1f3ba84-d416-45e7-ab68-15b09e8f17c9: no agents available; will retry on subsequent port and subnet creation events.
2026-04-28 08:44:08.207 9 WARNING neutron.scheduler.dhcp_agent_scheduler [None req-50f36e24-4e44-4425-bc56-c2c55f7052bd be7af2ea64464ae8a3e1a90975d0fcd1 1eef8dfb62c743bd99e9773b1eac5fdd - - - -] No more DHCP agents
2026-04-28 08:44:08.209 9 WARNING neutron.api.rpc.agentnotifiers.dhcp_rpc_agent_api [None req-50f36e24-4e44-4425-bc56-c2c55f7052bd be7af2ea64464ae8a3e1a90975d0fcd1 1eef8dfb62c743bd99e9773b1eac5fdd - - - -] Unable to schedule network 0aa34039-32bf-4afa-b008-a52a32dd4f11: no agents available; will retry on subsequent port and subnet creation events.
2026-04-28 08:44:08.247 9 INFO neutron.db.ovn_revision_numbers_db [None req-24a93b7d-5907-46b4-b225-1c1b5b29eab6 014d4425df584dde8f05806cb1b8089d cc783260b1fc4d44b9ca3c1d8eff7fa3 - - - -] Successfully bumped revision number for resource e102141b-7b2f-4974-ad1f-2e220aad36c3 (type: ports) to 1
2026-04-28 08:44:08.280 9 INFO neutron.wsgi [None req-24a93b7d-5907-46b4-b225-1c1b5b29eab6 014d4425df584dde8f05806cb1b8089d cc783260b1fc4d44b9ca3c1d8eff7fa3 - - - -] 10.0.0.97 "POST /v2.0/networks HTTP/1.1" status: 201 len: 833 time: 1.0341671
2026-04-28 08:44:08.357 9 INFO neutron.db.ovn_revision_numbers_db [None req-50f36e24-4e44-4425-bc56-c2c55f7052bd be7af2ea64464ae8a3e1a90975d0fcd1 1eef8dfb62c743bd99e9773b1eac5fdd - - - -] Successfully bumped revision number for resource d1bb79e4-37c0-4b94-89ec-8fdc5749c41f (type: ports) to 1
2026-04-28 08:44:08.369 10 INFO neutron.db.segments_db [None req-ca3e13f2-3b8b-434b-a28d-81f01330cdc4 014d4425df584dde8f05806cb1b8089d cc783260b1fc4d44b9ca3c1d8eff7fa3 - - - -] Added segment 074017a1-e52d-494f-8586-8958fe1b1f26 of type geneve for network 5223f546-ada8-4b19-9f6a-d59628fa53ac
2026-04-28 08:44:08.485 10 INFO neutron.db.ovn_revision_numbers_db [None req-ca3e13f2-3b8b-434b-a28d-81f01330cdc4 014d4425df584dde8f05806cb1b8089d cc783260b1fc4d44b9ca3c1d8eff7fa3 - - - -] Successfully bumped revision number for resource 5223f546-ada8-4b19-9f6a-d59628fa53ac (type: networks) to 1
2026-04-28 08:44:08.702 10 WARNING neutron.scheduler.dhcp_agent_scheduler [None req-ca3e13f2-3b8b-434b-a28d-81f01330cdc4 014d4425df584dde8f05806cb1b8089d cc783260b1fc4d44b9ca3c1d8eff7fa3 - - - -] No more DHCP agents
2026-04-28 08:44:08.705 10 WARNING neutron.api.rpc.agentnotifiers.dhcp_rpc_agent_api [None req-ca3e13f2-3b8b-434b-a28d-81f01330cdc4 014d4425df584dde8f05806cb1b8089d cc783260b1fc4d44b9ca3c1d8eff7fa3 - - - -] Unable to schedule network 5223f546-ada8-4b19-9f6a-d59628fa53ac: no agents available; will retry on subsequent port and subnet creation events.
2026-04-28 08:44:08.772 10 INFO neutron.db.ovn_revision_numbers_db [None req-ca3e13f2-3b8b-434b-a28d-81f01330cdc4 014d4425df584dde8f05806cb1b8089d cc783260b1fc4d44b9ca3c1d8eff7fa3 - - - -] Successfully bumped revision number for resource d01cb762-b9ee-4080-9ff4-a7cd6dc1353b (type: ports) to 1
2026-04-28 08:44:08.795 10 INFO neutron.wsgi [None req-ca3e13f2-3b8b-434b-a28d-81f01330cdc4 014d4425df584dde8f05806cb1b8089d cc783260b1fc4d44b9ca3c1d8eff7fa3 - - - -] 10.0.0.97 "POST /v2.0/networks HTTP/1.1" status: 201 len: 833 time: 0.5049829
2026-04-28 08:44:09.127 10 WARNING neutron.scheduler.dhcp_agent_scheduler [None req-eb8ab1fd-0b04-47ef-9f35-bc0c06f31e33 014d4425df584dde8f05806cb1b8089d cc783260b1fc4d44b9ca3c1d8eff7fa3 - - - -] No more DHCP agents
2026-04-28 08:44:09.130 10 WARNING neutron.api.rpc.agentnotifiers.dhcp_rpc_agent_api [None req-eb8ab1fd-0b04-47ef-9f35-bc0c06f31e33 014d4425df584dde8f05806cb1b8089d cc783260b1fc4d44b9ca3c1d8eff7fa3 - - - -] Unable to schedule network e1f3ba84-d416-45e7-ab68-15b09e8f17c9: no agents available; will retry on subsequent port and subnet creation events.
2026-04-28 08:44:09.164 10 INFO neutron.db.ovn_revision_numbers_db [None req-eb8ab1fd-0b04-47ef-9f35-bc0c06f31e33 014d4425df584dde8f05806cb1b8089d cc783260b1fc4d44b9ca3c1d8eff7fa3 - - - -] Successfully bumped revision number for resource 8d001a81-3997-490f-b550-2419c2805716 (type: subnets) to 0
2026-04-28 08:44:09.201 10 INFO neutron.wsgi [None req-eb8ab1fd-0b04-47ef-9f35-bc0c06f31e33 014d4425df584dde8f05806cb1b8089d cc783260b1fc4d44b9ca3c1d8eff7fa3 - - - -] 10.0.0.97 "POST /v2.0/subnets HTTP/1.1" status: 201 len: 821 time: 0.3996744
2026-04-28 08:44:09.295 9 INFO neutron.plugins.ml2.drivers.ovn.mech_driver.mech_driver [None req-9a061168-b450-4db2-92b5-5da1f06e632f - - - - - -] OVN reports status up for port: d1bb79e4-37c0-4b94-89ec-8fdc5749c41f
2026-04-28 08:44:09.307 9 INFO neutron.plugins.ml2.drivers.ovn.mech_driver.ovsdb.ovsdb_monitor [None req-603d9b5f-1667-4695-a70e-f70ac67b2e12 - - - - - -] Router e43421cd-7ae3-4d3b-8af3-9b823c49a911 is bound to host instance
2026-04-28 08:44:09.329 9 INFO neutron.plugins.ml2.plugin [None req-9a061168-b450-4db2-92b5-5da1f06e632f - - - - - -] Attempt 1 to provision port d1bb79e4-37c0-4b94-89ec-8fdc5749c41f
2026-04-28 08:44:09.332 9 INFO neutron.db.ovn_revision_numbers_db [None req-50f36e24-4e44-4425-bc56-c2c55f7052bd be7af2ea64464ae8a3e1a90975d0fcd1 1eef8dfb62c743bd99e9773b1eac5fdd - - - -] Successfully bumped revision number for resource d1bb79e4-37c0-4b94-89ec-8fdc5749c41f (type: router_ports) to 1
2026-04-28 08:44:09.480 9 INFO neutron.db.ovn_revision_numbers_db [None req-50f36e24-4e44-4425-bc56-c2c55f7052bd be7af2ea64464ae8a3e1a90975d0fcd1 1eef8dfb62c743bd99e9773b1eac5fdd - - - -] Successfully bumped revision number for resource e43421cd-7ae3-4d3b-8af3-9b823c49a911 (type: routers) to 3
2026-04-28 08:44:09.485 10 WARNING neutron.scheduler.dhcp_agent_scheduler [None req-d9315ff7-1b70-4828-abc5-ba6a2a8bf42c 014d4425df584dde8f05806cb1b8089d cc783260b1fc4d44b9ca3c1d8eff7fa3 - - - -] No more DHCP agents
2026-04-28 08:44:09.489 10 WARNING neutron.api.rpc.agentnotifiers.dhcp_rpc_agent_api [None req-d9315ff7-1b70-4828-abc5-ba6a2a8bf42c 014d4425df584dde8f05806cb1b8089d cc783260b1fc4d44b9ca3c1d8eff7fa3 - - - -] Unable to schedule network 5223f546-ada8-4b19-9f6a-d59628fa53ac: no agents available; will retry on subsequent port and subnet creation events.
2026-04-28 08:44:09.500 10 INFO neutron.db.ovn_revision_numbers_db [None req-d9315ff7-1b70-4828-abc5-ba6a2a8bf42c 014d4425df584dde8f05806cb1b8089d cc783260b1fc4d44b9ca3c1d8eff7fa3 - - - -] Successfully bumped revision number for resource a1b9be60-e83b-4980-8d0f-22a838fc010c (type: subnets) to 0
2026-04-28 08:44:09.506 9 INFO neutron.wsgi [None req-50f36e24-4e44-4425-bc56-c2c55f7052bd be7af2ea64464ae8a3e1a90975d0fcd1 1eef8dfb62c743bd99e9773b1eac5fdd - - - -] 10.0.0.97 "POST /v2.0/routers HTTP/1.1" status: 201 len: 876 time: 1.9456229
2026-04-28 08:44:09.521 10 INFO neutron.wsgi [None req-d9315ff7-1b70-4828-abc5-ba6a2a8bf42c 014d4425df584dde8f05806cb1b8089d cc783260b1fc4d44b9ca3c1d8eff7fa3 - - - -] 10.0.0.97 "POST /v2.0/subnets HTTP/1.1" status: 201 len: 830 time: 0.3154922
2026-04-28 08:44:09.799 9 INFO neutron.db.ovn_revision_numbers_db [None req-48314bc3-d4f1-49c1-a11d-bf28ac2e5bf0 014d4425df584dde8f05806cb1b8089d cc783260b1fc4d44b9ca3c1d8eff7fa3 - - - -] Successfully bumped revision number for resource 51044901-7e2c-494b-a35e-1edc7b546fe5 (type: routers) to 1
2026-04-28 08:44:09.821 9 INFO neutron.wsgi [None req-48314bc3-d4f1-49c1-a11d-bf28ac2e5bf0 014d4425df584dde8f05806cb1b8089d cc783260b1fc4d44b9ca3c1d8eff7fa3 - - - -] 10.0.0.97 "POST /v2.0/routers HTTP/1.1" status: 201 len: 690 time: 0.2864182
2026-04-28 08:44:10.038 9 INFO neutron.db.ovn_revision_numbers_db [None req-603d9b5f-1667-4695-a70e-f70ac67b2e12 - - - - - -] Successfully bumped revision number for resource d1bb79e4-37c0-4b94-89ec-8fdc5749c41f (type: ports) to 1
2026-04-28 08:44:10.276 10 WARNING neutron.scheduler.dhcp_agent_scheduler [None req-15b1d32c-e5fb-48a8-bd8b-af15c4954487 be7af2ea64464ae8a3e1a90975d0fcd1 1eef8dfb62c743bd99e9773b1eac5fdd - - default default] No more DHCP agents
2026-04-28 08:44:10.292 9 INFO neutron.db.ovn_revision_numbers_db [None req-603d9b5f-1667-4695-a70e-f70ac67b2e12 - - - - - -] Successfully bumped revision number for resource d1bb79e4-37c0-4b94-89ec-8fdc5749c41f (type: router_ports) to 3
2026-04-28 08:44:10.294 10 WARNING neutron.api.rpc.agentnotifiers.dhcp_rpc_agent_api [None req-15b1d32c-e5fb-48a8-bd8b-af15c4954487 be7af2ea64464ae8a3e1a90975d0fcd1 1eef8dfb62c743bd99e9773b1eac5fdd - - default default] Unable to schedule network f03a05c6-0cb0-4d61-8d56-004994864366: no agents available; will retry on subsequent port and subnet creation events.
2026-04-28 08:44:10.429 9 INFO neutron.db.ovn_revision_numbers_db [None req-603d9b5f-1667-4695-a70e-f70ac67b2e12 - - - - - -] Successfully bumped revision number for resource d1bb79e4-37c0-4b94-89ec-8fdc5749c41f (type: ports) to 2
2026-04-28 08:44:10.515 10 INFO neutron.db.ovn_revision_numbers_db [None req-15b1d32c-e5fb-48a8-bd8b-af15c4954487 be7af2ea64464ae8a3e1a90975d0fcd1 1eef8dfb62c743bd99e9773b1eac5fdd - - default default] Successfully bumped revision number for resource 83443c1a-114e-4b75-a08f-fcbade3dcd68 (type: ports) to 1
2026-04-28 08:44:10.616 10 WARNING neutron.scheduler.dhcp_agent_scheduler [None req-df337344-019d-4496-85d7-e89bf2c86d81 014d4425df584dde8f05806cb1b8089d cc783260b1fc4d44b9ca3c1d8eff7fa3 - - default default] No more DHCP agents
2026-04-28 08:44:10.629 10 WARNING neutron.api.rpc.agentnotifiers.dhcp_rpc_agent_api [None req-df337344-019d-4496-85d7-e89bf2c86d81 014d4425df584dde8f05806cb1b8089d cc783260b1fc4d44b9ca3c1d8eff7fa3 - - default default] Unable to schedule network e1f3ba84-d416-45e7-ab68-15b09e8f17c9: no agents available; will retry on subsequent port and subnet creation events.
2026-04-28 08:44:10.669 9 INFO neutron.db.ovn_revision_numbers_db [None req-603d9b5f-1667-4695-a70e-f70ac67b2e12 - - - - - -] Successfully bumped revision number for resource d1bb79e4-37c0-4b94-89ec-8fdc5749c41f (type: ports) to 4
2026-04-28 08:44:10.744 10 INFO neutron.db.ovn_revision_numbers_db [None req-df337344-019d-4496-85d7-e89bf2c86d81 014d4425df584dde8f05806cb1b8089d cc783260b1fc4d44b9ca3c1d8eff7fa3 - - default default] Successfully bumped revision number for resource 224a4680-c5de-4ca5-ae8b-9c4b5232a106 (type: ports) to 1
2026-04-28 08:44:10.748 9 INFO neutron.db.ovn_revision_numbers_db [None req-f9e93cba-930e-4950-a8e9-42c2d285eccb be7af2ea64464ae8a3e1a90975d0fcd1 1eef8dfb62c743bd99e9773b1eac5fdd - - default default] Successfully bumped revision number for resource fee8b4e7-ec83-4abf-90cf-a46a81f1782c (type: security_groups) to 1
2026-04-28 08:44:10.799 9 INFO neutron.wsgi [None req-f9e93cba-930e-4950-a8e9-42c2d285eccb be7af2ea64464ae8a3e1a90975d0fcd1 1eef8dfb62c743bd99e9773b1eac5fdd - - default default] 10.0.0.97 "GET /v2.0/security-groups?tenant_id=c9c6c3ae770b49439d2286146b84db89&name=default HTTP/1.1" status: 200 len: 2996 time: 0.3612161
2026-04-28 08:44:10.834 9 INFO neutron.wsgi [req-707eecd0-1fbf-4365-84b9-90ec4a548d75 req-65859545-a825-4ada-b406-b63079acc0d8 fdc32e97ea494a77b137bff00342452f cd10ccd2a3e644399880d4ca3f78448d - - 2326e32d87ed4baca3e21937afe1d2f9 2326e32d87ed4baca3e21937afe1d2f9] 10.0.0.114 "GET /v2.0/ports?device_id=687b79ec-0944-444a-9656-948ffa0eb667 HTTP/1.1" status: 200 len: 1361 time: 0.0564430
2026-04-28 08:44:10.877 9 INFO neutron.wsgi [req-707eecd0-1fbf-4365-84b9-90ec4a548d75 req-278270dd-b426-45b6-adcf-d79a9e280816 fdc32e97ea494a77b137bff00342452f cd10ccd2a3e644399880d4ca3f78448d - - 2326e32d87ed4baca3e21937afe1d2f9 2326e32d87ed4baca3e21937afe1d2f9] 10.0.0.114 "GET /v2.0/security-groups?id=30e2f1c0-6f08-40cf-a6fc-514a2e38a82f&fields=id&fields=name HTTP/1.1" status: 200 len: 313 time: 0.0294368
2026-04-28 08:44:10.956 9 INFO neutron.db.ovn_revision_numbers_db [None req-603d9b5f-1667-4695-a70e-f70ac67b2e12 - - - - - -] Successfully bumped revision number for resource d1bb79e4-37c0-4b94-89ec-8fdc5749c41f (type: router_ports) to 4
2026-04-28 08:44:11.103 10 INFO neutron.plugins.ml2.drivers.ovn.mech_driver.mech_driver [None req-74fc8ed6-ce4d-4b22-91b4-59943f7cf4e5 - - - - - -] OVN reports status up for port: 83443c1a-114e-4b75-a08f-fcbade3dcd68
2026-04-28 08:44:11.136 10 INFO neutron.plugins.ml2.plugin [None req-74fc8ed6-ce4d-4b22-91b4-59943f7cf4e5 - - - - - -] Attempt 1 to provision port 83443c1a-114e-4b75-a08f-fcbade3dcd68
2026-04-28 08:44:11.139 10 INFO neutron.db.ovn_revision_numbers_db [None req-15b1d32c-e5fb-48a8-bd8b-af15c4954487 be7af2ea64464ae8a3e1a90975d0fcd1 1eef8dfb62c743bd99e9773b1eac5fdd - - default default] Successfully bumped revision number for resource 83443c1a-114e-4b75-a08f-fcbade3dcd68 (type: router_ports) to 2
2026-04-28 08:44:11.362 10 INFO neutron.wsgi [None req-3622b485-1051-4ebd-8f70-8c352f3be179 be7af2ea64464ae8a3e1a90975d0fcd1 1eef8dfb62c743bd99e9773b1eac5fdd - - - -] 10.0.0.97 "DELETE /v2.0/security-groups/fee8b4e7-ec83-4abf-90cf-a46a81f1782c HTTP/1.1" status: 204 len: 168 time: 0.5528610
2026-04-28 08:44:11.427 10 INFO neutron.db.ovn_revision_numbers_db [None req-df337344-019d-4496-85d7-e89bf2c86d81 014d4425df584dde8f05806cb1b8089d cc783260b1fc4d44b9ca3c1d8eff7fa3 - - default default] Successfully bumped revision number for resource 224a4680-c5de-4ca5-ae8b-9c4b5232a106 (type: router_ports) to 2
2026-04-28 08:44:11.438 10 INFO neutron.db.ovn_revision_numbers_db [None req-15b1d32c-e5fb-48a8-bd8b-af15c4954487 be7af2ea64464ae8a3e1a90975d0fcd1 1eef8dfb62c743bd99e9773b1eac5fdd - - default default] Successfully bumped revision number for resource 83443c1a-114e-4b75-a08f-fcbade3dcd68 (type: ports) to 2
2026-04-28 08:44:11.598 9 INFO neutron.db.ovn_revision_numbers_db [None req-aad7a039-c68c-4e78-8b2e-1b64c8b09b3e be7af2ea64464ae8a3e1a90975d0fcd1 1eef8dfb62c743bd99e9773b1eac5fdd - - default default] Successfully bumped revision number for resource 1d93fc4f-ea79-411d-ab4e-12d67b474879 (type: security_groups) to 1
2026-04-28 08:44:11.617 9 INFO neutron.wsgi [None req-aad7a039-c68c-4e78-8b2e-1b64c8b09b3e be7af2ea64464ae8a3e1a90975d0fcd1 1eef8dfb62c743bd99e9773b1eac5fdd - - default default] 10.0.0.97 "GET /v2.0/security-groups?tenant_id=f699ca431d47443f9bb0a49c1f91c131&name=default HTTP/1.1" status: 200 len: 2996 time: 0.1190495
2026-04-28 08:44:11.690 9 INFO neutron.plugins.ml2.drivers.ovn.mech_driver.mech_driver [None req-9a061168-b450-4db2-92b5-5da1f06e632f - - - - - -] OVN reports status up for port: 224a4680-c5de-4ca5-ae8b-9c4b5232a106
2026-04-28 08:44:11.707 9 INFO neutron.plugins.ml2.plugin [None req-9a061168-b450-4db2-92b5-5da1f06e632f - - - - - -] Attempt 1 to provision port 224a4680-c5de-4ca5-ae8b-9c4b5232a106
2026-04-28 08:44:11.845 10 WARNING neutron.scheduler.dhcp_agent_scheduler [None req-15b1d32c-e5fb-48a8-bd8b-af15c4954487 be7af2ea64464ae8a3e1a90975d0fcd1 1eef8dfb62c743bd99e9773b1eac5fdd - - default default] No more DHCP agents
2026-04-28 08:44:11.849 10 WARNING neutron.api.rpc.agentnotifiers.dhcp_rpc_agent_api [None req-15b1d32c-e5fb-48a8-bd8b-af15c4954487 be7af2ea64464ae8a3e1a90975d0fcd1 1eef8dfb62c743bd99e9773b1eac5fdd - - default default] Unable to schedule network f03a05c6-0cb0-4d61-8d56-004994864366: no agents available; will retry on subsequent port and subnet creation events.
2026-04-28 08:44:11.882 10 INFO neutron.db.ovn_revision_numbers_db [None req-df337344-019d-4496-85d7-e89bf2c86d81 014d4425df584dde8f05806cb1b8089d cc783260b1fc4d44b9ca3c1d8eff7fa3 - - default default] Successfully bumped revision number for resource 224a4680-c5de-4ca5-ae8b-9c4b5232a106 (type: ports) to 2
2026-04-28 08:44:11.954 10 INFO neutron.db.ovn_revision_numbers_db [None req-74fc8ed6-ce4d-4b22-91b4-59943f7cf4e5 - - - - - -] Successfully bumped revision number for resource 83443c1a-114e-4b75-a08f-fcbade3dcd68 (type: ports) to 3
2026-04-28 08:44:12.024 10 WARNING neutron.scheduler.dhcp_agent_scheduler [None req-df337344-019d-4496-85d7-e89bf2c86d81 014d4425df584dde8f05806cb1b8089d cc783260b1fc4d44b9ca3c1d8eff7fa3 - - default default] No more DHCP agents
2026-04-28 08:44:12.031 10 WARNING neutron.api.rpc.agentnotifiers.dhcp_rpc_agent_api [None req-df337344-019d-4496-85d7-e89bf2c86d81 014d4425df584dde8f05806cb1b8089d cc783260b1fc4d44b9ca3c1d8eff7fa3 - - default default] Unable to schedule network e1f3ba84-d416-45e7-ab68-15b09e8f17c9: no agents available; will retry on subsequent port and subnet creation events.
2026-04-28 08:44:12.138 10 INFO neutron.db.ovn_revision_numbers_db [None req-74fc8ed6-ce4d-4b22-91b4-59943f7cf4e5 - - - - - -] Successfully bumped revision number for resource 83443c1a-114e-4b75-a08f-fcbade3dcd68 (type: router_ports) to 3
2026-04-28 08:44:12.172 9 INFO neutron.wsgi [None req-8291f326-edd9-4b94-8881-5b0fdc2c864b be7af2ea64464ae8a3e1a90975d0fcd1 1eef8dfb62c743bd99e9773b1eac5fdd - - - -] 10.0.0.97 "DELETE /v2.0/security-groups/1d93fc4f-ea79-411d-ab4e-12d67b474879 HTTP/1.1" status: 204 len: 168 time: 0.5507748
2026-04-28 08:44:12.267 9 INFO neutron.db.ovn_revision_numbers_db [None req-9a061168-b450-4db2-92b5-5da1f06e632f - - - - - -] Successfully bumped revision number for resource 224a4680-c5de-4ca5-ae8b-9c4b5232a106 (type: ports) to 3
2026-04-28 08:44:12.325 10 INFO neutron.db.ovn_revision_numbers_db [None req-df337344-019d-4496-85d7-e89bf2c86d81 014d4425df584dde8f05806cb1b8089d cc783260b1fc4d44b9ca3c1d8eff7fa3 - - - -] Successfully bumped revision number for resource 224a4680-c5de-4ca5-ae8b-9c4b5232a106 (type: router_ports) to 2
2026-04-28 08:44:12.327 10 INFO neutron.wsgi [None req-df337344-019d-4496-85d7-e89bf2c86d81 014d4425df584dde8f05806cb1b8089d cc783260b1fc4d44b9ca3c1d8eff7fa3 - - - -] 10.0.0.97 "PUT /v2.0/routers/51044901-7e2c-494b-a35e-1edc7b546fe5/add_router_interface HTTP/1.1" status: 200 len: 503 time: 2.5016315
2026-04-28 08:44:12.363 10 INFO neutron.wsgi [None req-ba6ea573-babf-40d9-85f7-ee6cc14c7844 014d4425df584dde8f05806cb1b8089d cc783260b1fc4d44b9ca3c1d8eff7fa3 - - default default] 10.0.0.97 "GET /v2.0/ports/224a4680-c5de-4ca5-ae8b-9c4b5232a106 HTTP/1.1" status: 200 len: 1141 time: 0.0307524
2026-04-28 08:44:12.424 9 INFO neutron.db.ovn_revision_numbers_db [None req-9a061168-b450-4db2-92b5-5da1f06e632f - - - - - -] Successfully bumped revision number for resource 224a4680-c5de-4ca5-ae8b-9c4b5232a106 (type: router_ports) to 3
2026-04-28 08:44:12.543 10 INFO neutron.db.ovn_revision_numbers_db [None req-15b1d32c-e5fb-48a8-bd8b-af15c4954487 be7af2ea64464ae8a3e1a90975d0fcd1 1eef8dfb62c743bd99e9773b1eac5fdd - - - -] Successfully bumped revision number for resource 83443c1a-114e-4b75-a08f-fcbade3dcd68 (type: router_ports) to 3
2026-04-28 08:44:12.546 10 INFO neutron.wsgi [None req-15b1d32c-e5fb-48a8-bd8b-af15c4954487 be7af2ea64464ae8a3e1a90975d0fcd1 1eef8dfb62c743bd99e9773b1eac5fdd - - - -] 10.0.0.97 "PUT /v2.0/routers/e43421cd-7ae3-4d3b-8af3-9b823c49a911/add_router_interface HTTP/1.1" status: 200 len: 503 time: 3.0332935
2026-04-28 08:44:12.919 9 WARNING neutron.scheduler.dhcp_agent_scheduler [None req-89cc5955-1230-407a-a70c-994ec4cab638 014d4425df584dde8f05806cb1b8089d cc783260b1fc4d44b9ca3c1d8eff7fa3 - - default default] No more DHCP agents
2026-04-28 08:44:12.922 9 WARNING neutron.api.rpc.agentnotifiers.dhcp_rpc_agent_api [None req-89cc5955-1230-407a-a70c-994ec4cab638 014d4425df584dde8f05806cb1b8089d cc783260b1fc4d44b9ca3c1d8eff7fa3 - - default default] Unable to schedule network 5223f546-ada8-4b19-9f6a-d59628fa53ac: no agents available; will retry on subsequent port and subnet creation events.
2026-04-28 08:44:13.014 9 INFO neutron.db.ovn_revision_numbers_db [None req-89cc5955-1230-407a-a70c-994ec4cab638 014d4425df584dde8f05806cb1b8089d cc783260b1fc4d44b9ca3c1d8eff7fa3 - - default default] Successfully bumped revision number for resource bc71196b-9700-4e08-8c4b-769a10de345b (type: ports) to 1
2026-04-28 08:44:13.365 9 INFO neutron.db.ovn_revision_numbers_db [None req-d377cc5c-277d-47b8-ae8f-224a3ff2673b 8cefac8372fb4b71848ac5495c2ab591 2ad55421b00841109e9b4316b5801c13 - - - -] Successfully bumped revision number for resource 7985e4cd-2a42-48f5-b65f-00bb243c78ef (type: security_groups) to 1
2026-04-28 08:44:13.390 9 INFO neutron.wsgi [None req-d377cc5c-277d-47b8-ae8f-224a3ff2673b 8cefac8372fb4b71848ac5495c2ab591 2ad55421b00841109e9b4316b5801c13 - - - -] 10.0.0.97 "POST /v2.0/security-groups HTTP/1.1" status: 201 len: 1796 time: 0.2010829
2026-04-28 08:44:13.529 9 INFO neutron.db.ovn_revision_numbers_db [None req-89cc5955-1230-407a-a70c-994ec4cab638 014d4425df584dde8f05806cb1b8089d cc783260b1fc4d44b9ca3c1d8eff7fa3 - - default default] Successfully bumped revision number for resource bc71196b-9700-4e08-8c4b-769a10de345b (type: router_ports) to 2
2026-04-28 08:44:13.574 9 INFO neutron.db.ovn_revision_numbers_db [None req-f1351e28-6343-4f8f-8b30-8e55139eeaef 8cefac8372fb4b71848ac5495c2ab591 2ad55421b00841109e9b4316b5801c13 - - - -] Successfully bumped revision number for resource 894617e5-1722-4455-9dd4-a4a92aee3462 (type: security_group_rules) to 0
2026-04-28 08:44:13.620 9 INFO neutron.wsgi [None req-f1351e28-6343-4f8f-8b30-8e55139eeaef 8cefac8372fb4b71848ac5495c2ab591 2ad55421b00841109e9b4316b5801c13 - - - -] 10.0.0.97 "POST /v2.0/security-group-rules HTTP/1.1" status: 201 len: 764 time: 0.2251146
2026-04-28 08:44:13.770 9 INFO neutron.db.ovn_revision_numbers_db [None req-89cc5955-1230-407a-a70c-994ec4cab638 014d4425df584dde8f05806cb1b8089d cc783260b1fc4d44b9ca3c1d8eff7fa3 - - default default] Successfully bumped revision number for resource bc71196b-9700-4e08-8c4b-769a10de345b (type: ports) to 2
2026-04-28 08:44:13.855 9 WARNING neutron.scheduler.dhcp_agent_scheduler [None req-89cc5955-1230-407a-a70c-994ec4cab638 014d4425df584dde8f05806cb1b8089d cc783260b1fc4d44b9ca3c1d8eff7fa3 - - default default] No more DHCP agents
2026-04-28 08:44:13.856 9 WARNING neutron.api.rpc.agentnotifiers.dhcp_rpc_agent_api [None req-89cc5955-1230-407a-a70c-994ec4cab638 014d4425df584dde8f05806cb1b8089d cc783260b1fc4d44b9ca3c1d8eff7fa3 - - default default] Unable to schedule network 5223f546-ada8-4b19-9f6a-d59628fa53ac: no agents available; will retry on subsequent port and subnet creation events.
2026-04-28 08:44:14.036 9 INFO neutron.db.ovn_revision_numbers_db [None req-0e4cbb60-0366-4816-bb26-ae4433d2a1bb 8cefac8372fb4b71848ac5495c2ab591 2ad55421b00841109e9b4316b5801c13 - - - -] Successfully bumped revision number for resource ae3f7113-8bdd-45ca-82bb-c81ce7282455 (type: security_group_rules) to 0
2026-04-28 08:44:14.062 9 INFO neutron.db.ovn_revision_numbers_db [None req-89cc5955-1230-407a-a70c-994ec4cab638 014d4425df584dde8f05806cb1b8089d cc783260b1fc4d44b9ca3c1d8eff7fa3 - - - -] Successfully bumped revision number for resource bc71196b-9700-4e08-8c4b-769a10de345b (type: router_ports) to 2
2026-04-28 08:44:14.064 9 INFO neutron.wsgi [None req-89cc5955-1230-407a-a70c-994ec4cab638 014d4425df584dde8f05806cb1b8089d cc783260b1fc4d44b9ca3c1d8eff7fa3 - - - -] 10.0.0.97 "PUT /v2.0/routers/51044901-7e2c-494b-a35e-1edc7b546fe5/add_router_interface HTTP/1.1" status: 200 len: 503 time: 1.6945019
2026-04-28 08:44:14.067 9 INFO neutron.wsgi [None req-0e4cbb60-0366-4816-bb26-ae4433d2a1bb 8cefac8372fb4b71848ac5495c2ab591 2ad55421b00841109e9b4316b5801c13 - - - -] 10.0.0.97 "POST /v2.0/security-group-rules HTTP/1.1" status: 201 len: 769 time: 0.4416134
2026-04-28 08:44:14.165 9 INFO neutron.wsgi [None req-dfd33c8c-8393-4188-bca2-87cce97012d1 014d4425df584dde8f05806cb1b8089d cc783260b1fc4d44b9ca3c1d8eff7fa3 - - default default] 10.0.0.97 "GET /v2.0/ports/bc71196b-9700-4e08-8c4b-769a10de345b HTTP/1.1" status: 200 len: 1147 time: 0.0949023
2026-04-28 08:44:14.214 9 INFO neutron.wsgi [None req-c3878ade-6541-4172-8176-f65ee0886b20 014d4425df584dde8f05806cb1b8089d cc783260b1fc4d44b9ca3c1d8eff7fa3 - - default default] 10.0.0.97 "GET /v2.0/ports/bc71196b-9700-4e08-8c4b-769a10de345b HTTP/1.1" status: 200 len: 1147 time: 0.0424380
2026-04-28 08:44:14.361 10 WARNING neutron.scheduler.dhcp_agent_scheduler [None req-c5d36bbc-9d88-4247-aa32-865fc7de53f8 8cefac8372fb4b71848ac5495c2ab591 2ad55421b00841109e9b4316b5801c13 - - - -] No more DHCP agents
2026-04-28 08:44:14.363 10 WARNING neutron.api.rpc.agentnotifiers.dhcp_rpc_agent_api [None req-c5d36bbc-9d88-4247-aa32-865fc7de53f8 8cefac8372fb4b71848ac5495c2ab591 2ad55421b00841109e9b4316b5801c13 - - - -] Unable to schedule network 0aa34039-32bf-4afa-b008-a52a32dd4f11: no agents available; will retry on subsequent port and subnet creation events.
2026-04-28 08:44:14.655 10 INFO neutron.db.ovn_revision_numbers_db [None req-c5d36bbc-9d88-4247-aa32-865fc7de53f8 8cefac8372fb4b71848ac5495c2ab591 2ad55421b00841109e9b4316b5801c13 - - - -] Successfully bumped revision number for resource a228f9ae-d3f5-4a2f-bee6-f753d25b97cb (type: floatingips) to 0
2026-04-28 08:44:14.669 10 INFO neutron.wsgi [None req-c5d36bbc-9d88-4247-aa32-865fc7de53f8 8cefac8372fb4b71848ac5495c2ab591 2ad55421b00841109e9b4316b5801c13 - - - -] 10.0.0.97 "POST /v2.0/floatingips HTTP/1.1" status: 201 len: 751 time: 0.5977275
2026-04-28 08:44:15.119 9 INFO neutron.wsgi [-] 10.0.0.245 "GET / HTTP/1.1" status: 200 len: 247 time: 0.0027335
2026-04-28 08:44:15.123 9 INFO neutron.wsgi [-] 10.0.0.245 "GET / HTTP/1.1" status: 200 len: 247 time: 0.0027318
2026-04-28 08:44:15.167 10 INFO neutron.wsgi [req-88b59a3b-0a56-4628-b831-bdcd078db13d req-5fec376a-ec40-46f8-8eb5-47e86c99e227 8cefac8372fb4b71848ac5495c2ab591 2ad55421b00841109e9b4316b5801c13 - - default default] 10.0.0.103 "GET /v2.0/security-groups?name=tempest-securitygroup--773842967&fields=id&tenant_id=2ad55421b00841109e9b4316b5801c13 HTTP/1.1" status: 200 len: 267 time: 0.0510972
2026-04-28 08:44:15.249 10 INFO neutron.wsgi [req-88b59a3b-0a56-4628-b831-bdcd078db13d req-28f845a0-a87b-426f-939f-dfdcc17c944b 8cefac8372fb4b71848ac5495c2ab591 2ad55421b00841109e9b4316b5801c13 - - default default] 10.0.0.103 "GET /v2.0/networks?id=f03a05c6-0cb0-4d61-8d56-004994864366 HTTP/1.1" status: 200 len: 874 time: 0.0744236
2026-04-28 08:44:15.251 9 INFO neutron.wsgi [None req-9de58031-1cd3-4f4b-9fc5-2f67c402afff 014d4425df584dde8f05806cb1b8089d cc783260b1fc4d44b9ca3c1d8eff7fa3 - - default default] 10.0.0.97 "GET /v2.0/ports/bc71196b-9700-4e08-8c4b-769a10de345b HTTP/1.1" status: 200 len: 1147 time: 0.0321791
2026-04-28 08:44:15.275 10 INFO neutron.wsgi [req-88b59a3b-0a56-4628-b831-bdcd078db13d req-efffcbf6-4426-4aa1-a4de-47eab539f73a 8cefac8372fb4b71848ac5495c2ab591 2ad55421b00841109e9b4316b5801c13 - - default default] 10.0.0.103 "GET /v2.0/quotas/2ad55421b00841109e9b4316b5801c13 HTTP/1.1" status: 200 len: 386 time: 0.0167255
2026-04-28 08:44:15.372 10 INFO neutron.wsgi [req-88b59a3b-0a56-4628-b831-bdcd078db13d req-5ace74d6-4eb1-4eab-9ac7-f18bd2dc4c50 8cefac8372fb4b71848ac5495c2ab591 2ad55421b00841109e9b4316b5801c13 - - default default] 10.0.0.103 "GET /v2.0/ports?tenant_id=2ad55421b00841109e9b4316b5801c13&fields=id HTTP/1.1" status: 200 len: 302 time: 0.0882852
2026-04-28 08:44:15.442 10 INFO neutron.wsgi [req-88b59a3b-0a56-4628-b831-bdcd078db13d req-b6daa49c-f8e1-4ea0-b3fd-1e799c0867fe fdc32e97ea494a77b137bff00342452f cd10ccd2a3e644399880d4ca3f78448d - - 2326e32d87ed4baca3e21937afe1d2f9 2326e32d87ed4baca3e21937afe1d2f9] 10.0.0.103 "GET /v2.0/networks/f03a05c6-0cb0-4d61-8d56-004994864366?fields=segments HTTP/1.1" status: 200 len: 212 time: 0.0565453
2026-04-28 08:44:15.509 10 INFO neutron.wsgi [req-88b59a3b-0a56-4628-b831-bdcd078db13d req-e4a72f27-7922-498d-9140-f07e7410a686 fdc32e97ea494a77b137bff00342452f cd10ccd2a3e644399880d4ca3f78448d - - 2326e32d87ed4baca3e21937afe1d2f9 2326e32d87ed4baca3e21937afe1d2f9] 10.0.0.103 "GET /v2.0/networks/f03a05c6-0cb0-4d61-8d56-004994864366?fields=provider%3Aphysical_network&fields=provider%3Anetwork_type HTTP/1.1" status: 200 len: 277 time: 0.0582690
2026-04-28 08:44:15.682 9 INFO neutron.wsgi [req-12260bf4-c672-4787-b0b8-428b8732d7ec req-e8ab6851-85e5-4d37-9b24-c9b19c74a8aa 8cefac8372fb4b71848ac5495c2ab591 2ad55421b00841109e9b4316b5801c13 - - default default] 10.0.0.103 "GET /v2.0/ports?device_id=7dfe8632-8f19-46b2-b237-a0e473b0de85 HTTP/1.1" status: 200 len: 210 time: 0.0270667
2026-04-28 08:44:16.296 9 INFO neutron.wsgi [None req-009b1136-3663-4e09-b37b-c99ab061fb01 014d4425df584dde8f05806cb1b8089d cc783260b1fc4d44b9ca3c1d8eff7fa3 - - default default] 10.0.0.97 "GET /v2.0/ports/bc71196b-9700-4e08-8c4b-769a10de345b HTTP/1.1" status: 200 len: 1147 time: 0.0390360
2026-04-28 08:44:16.355 10 INFO neutron.wsgi [req-17e6083d-af33-483c-8f92-cd6ea64ba36f req-8c283161-e9b1-4b9e-8371-b1f89350d028 754c178453a046c18646f14cc339d399 0c378a3be1854f279fdab2cd25fb37f5 - - default default] 10.0.0.103 "GET /v2.0/ports?device_id=687b79ec-0944-444a-9656-948ffa0eb667 HTTP/1.1" status: 200 len: 1170 time: 0.1042290
2026-04-28 08:44:16.389 10 INFO neutron.wsgi [req-17e6083d-af33-483c-8f92-cd6ea64ba36f req-4e5f6e67-d1f3-46af-9be1-d2e0b31172a4 754c178453a046c18646f14cc339d399 0c378a3be1854f279fdab2cd25fb37f5 - - default default] 10.0.0.103 "GET /v2.0/security-groups?id=30e2f1c0-6f08-40cf-a6fc-514a2e38a82f&fields=id&fields=name HTTP/1.1" status: 200 len: 313 time: 0.0271530
2026-04-28 08:44:16.519 10 INFO neutron.wsgi [req-88b59a3b-0a56-4628-b831-bdcd078db13d req-3c744589-171a-4135-bf27-1afaf78ea637 8cefac8372fb4b71848ac5495c2ab591 2ad55421b00841109e9b4316b5801c13 - - default default] 199.204.45.144 "GET /v2.0/networks?id=f03a05c6-0cb0-4d61-8d56-004994864366 HTTP/1.1" status: 200 len: 874 time: 0.0601125
2026-04-28 08:44:16.575 10 INFO neutron.wsgi [req-88b59a3b-0a56-4628-b831-bdcd078db13d req-6ede1148-8884-4cc9-b980-c78efbf813d6 8cefac8372fb4b71848ac5495c2ab591 2ad55421b00841109e9b4316b5801c13 - - default default] 199.204.45.144 "GET /v2.0/security-groups?fields=id&fields=name&tenant_id=2ad55421b00841109e9b4316b5801c13 HTTP/1.1" status: 200 len: 379 time: 0.0500045
2026-04-28 08:44:16.577 9 INFO neutron.wsgi [req-15658d25-48e4-4cc3-9a19-c2265dd92ec6 req-907d1512-0e21-406d-b002-9ff88b300163 754c178453a046c18646f14cc339d399 0c378a3be1854f279fdab2cd25fb37f5 - - default default] 10.0.0.103 "GET /v2.0/ports?device_id=687b79ec-0944-444a-9656-948ffa0eb667 HTTP/1.1" status: 200 len: 1170 time: 0.1246545
2026-04-28 08:44:16.624 9 INFO neutron.wsgi [req-15658d25-48e4-4cc3-9a19-c2265dd92ec6 req-fda12027-616a-4bdd-a0fc-a898a88410be 754c178453a046c18646f14cc339d399 0c378a3be1854f279fdab2cd25fb37f5 - - default default] 10.0.0.103 "GET /v2.0/security-groups?id=30e2f1c0-6f08-40cf-a6fc-514a2e38a82f&fields=id&fields=name HTTP/1.1" status: 200 len: 313 time: 0.0396264
2026-04-28 08:44:16.997 9 INFO neutron.wsgi [req-ea2f28e2-7f10-4ff7-ac38-fff3e9639c95 req-f48b4faa-afb2-4b0f-868a-b9fcc2899a56 754c178453a046c18646f14cc339d399 0c378a3be1854f279fdab2cd25fb37f5 - - default default] 10.0.0.103 "GET /v2.0/ports?device_id=687b79ec-0944-444a-9656-948ffa0eb667 HTTP/1.1" status: 200 len: 1170 time: 0.0521598
2026-04-28 08:44:17.001 9 INFO neutron.wsgi [req-d6f10a5e-85b7-43d1-95df-24e81d03cc92 req-13c83433-53bc-4e6d-9728-39729de053c3 fdc32e97ea494a77b137bff00342452f cd10ccd2a3e644399880d4ca3f78448d - - 2326e32d87ed4baca3e21937afe1d2f9 2326e32d87ed4baca3e21937afe1d2f9] 199.204.45.144 "GET /v2.0/ports?tenant_id=0c378a3be1854f279fdab2cd25fb37f5&device_id=687b79ec-0944-444a-9656-948ffa0eb667 HTTP/1.1" status: 200 len: 1361 time: 0.0385821
2026-04-28 08:44:17.028 10 INFO neutron.wsgi [req-5b51125b-c220-4116-add2-56904aaba448 req-1b9bd7a7-e9b3-4511-91f6-c4a7562c9997 8cefac8372fb4b71848ac5495c2ab591 2ad55421b00841109e9b4316b5801c13 - - default default] 10.0.0.103 "GET /v2.0/ports?device_id=7dfe8632-8f19-46b2-b237-a0e473b0de85 HTTP/1.1" status: 200 len: 210 time: 0.0217097
2026-04-28 08:44:17.046 9 INFO neutron.wsgi [req-ea2f28e2-7f10-4ff7-ac38-fff3e9639c95 req-6283190b-6c7c-4081-b27e-a42d4fc41b9e 754c178453a046c18646f14cc339d399 0c378a3be1854f279fdab2cd25fb37f5 - - default default] 10.0.0.103 "GET /v2.0/security-groups?id=30e2f1c0-6f08-40cf-a6fc-514a2e38a82f&fields=id&fields=name HTTP/1.1" status: 200 len: 313 time: 0.0427611
2026-04-28 08:44:17.079 9 INFO neutron.wsgi [req-d6f10a5e-85b7-43d1-95df-24e81d03cc92 req-315eaff8-2298-4b65-95df-0c48bccf98e0 fdc32e97ea494a77b137bff00342452f cd10ccd2a3e644399880d4ca3f78448d - - 2326e32d87ed4baca3e21937afe1d2f9 2326e32d87ed4baca3e21937afe1d2f9] 199.204.45.144 "GET /v2.0/networks?id=7e719eec-3fa0-4310-a9a7-0c45587e06f3 HTTP/1.1" status: 200 len: 973 time: 0.0704973
2026-04-28 08:44:17.141 9 INFO neutron.wsgi [req-d6f10a5e-85b7-43d1-95df-24e81d03cc92 req-424116d4-f187-4470-a4c1-675cc5819f5a fdc32e97ea494a77b137bff00342452f cd10ccd2a3e644399880d4ca3f78448d - - 2326e32d87ed4baca3e21937afe1d2f9 2326e32d87ed4baca3e21937afe1d2f9] 199.204.45.144 "GET /v2.0/floatingips?fixed_ip_address=10.100.0.3&port_id=87b5d099-59dc-45e3-af44-3637d92a0fca HTTP/1.1" status: 200 len: 1059 time: 0.0552208
2026-04-28 08:44:17.180 9 INFO neutron.wsgi [req-d6f10a5e-85b7-43d1-95df-24e81d03cc92 req-498b0ee0-bd30-4fb7-94b1-fbc2fc6b5866 fdc32e97ea494a77b137bff00342452f cd10ccd2a3e644399880d4ca3f78448d - - 2326e32d87ed4baca3e21937afe1d2f9 2326e32d87ed4baca3e21937afe1d2f9] 199.204.45.144 "GET /v2.0/subnets?id=53438a4c-4934-4db9-96ec-3afe164e89be HTTP/1.1" status: 200 len: 868 time: 0.0348463
2026-04-28 08:44:17.213 9 INFO neutron.wsgi [req-d6f10a5e-85b7-43d1-95df-24e81d03cc92 req-3bb1bd49-82e8-4705-8d2e-f2542247fed1 fdc32e97ea494a77b137bff00342452f cd10ccd2a3e644399880d4ca3f78448d - - 2326e32d87ed4baca3e21937afe1d2f9 2326e32d87ed4baca3e21937afe1d2f9] 199.204.45.144 "GET /v2.0/ports?network_id=7e719eec-3fa0-4310-a9a7-0c45587e06f3&device_owner=network%3Adhcp HTTP/1.1" status: 200 len: 210 time: 0.0242772
2026-04-28 08:44:17.263 10 WARNING neutron.scheduler.dhcp_agent_scheduler [None req-9b31881d-eb2e-42b1-bb19-536f47f4d87d 8cefac8372fb4b71848ac5495c2ab591 2ad55421b00841109e9b4316b5801c13 - - - -] No more DHCP agents
2026-04-28 08:44:17.265 10 WARNING neutron.api.rpc.agentnotifiers.dhcp_rpc_agent_api [None req-9b31881d-eb2e-42b1-bb19-536f47f4d87d 8cefac8372fb4b71848ac5495c2ab591 2ad55421b00841109e9b4316b5801c13 - - - -] Unable to schedule network f03a05c6-0cb0-4d61-8d56-004994864366: no agents available; will retry on subsequent port and subnet creation events.
2026-04-28 08:44:17.287 9 INFO neutron.wsgi [req-d6f10a5e-85b7-43d1-95df-24e81d03cc92 req-30b76fe1-ccba-40be-920e-45ee5834a165 fdc32e97ea494a77b137bff00342452f cd10ccd2a3e644399880d4ca3f78448d - - 2326e32d87ed4baca3e21937afe1d2f9 2326e32d87ed4baca3e21937afe1d2f9] 199.204.45.144 "GET /v2.0/networks/7e719eec-3fa0-4310-a9a7-0c45587e06f3?fields=segments HTTP/1.1" status: 200 len: 212 time: 0.0662973 /var/lib/openstack/lib/python3.10/site-packages/pycadf/identifier.py:71: UserWarning: Invalid uuid: neutron. To ensure interoperability, identifiers should be a valid uuid. warnings.warn(('Invalid uuid: %s. To ensure interoperability, '
2026-04-28 08:44:17.366 9 INFO neutron.wsgi [req-d6f10a5e-85b7-43d1-95df-24e81d03cc92 req-6e89144b-f17c-444e-b2db-ab87e9ce6740 fdc32e97ea494a77b137bff00342452f cd10ccd2a3e644399880d4ca3f78448d - - 2326e32d87ed4baca3e21937afe1d2f9 2326e32d87ed4baca3e21937afe1d2f9] 199.204.45.144 "GET /v2.0/networks/7e719eec-3fa0-4310-a9a7-0c45587e06f3?fields=provider%3Aphysical_network&fields=provider%3Anetwork_type HTTP/1.1" status: 200 len: 277 time: 0.0701749
2026-04-28 08:44:17.392 9 INFO neutron.db.ovn_revision_numbers_db [None req-51ad489a-42e0-4cf2-984d-d218fd52ba56 be7af2ea64464ae8a3e1a90975d0fcd1 1eef8dfb62c743bd99e9773b1eac5fdd - - default default] Successfully bumped revision number for resource 4281122a-8461-43fa-ab64-ba0a4a32c7d2 (type: security_groups) to 1
2026-04-28 08:44:17.416 10 INFO neutron.wsgi [None req-a1c26a21-4581-43eb-aeb1-d081c5da1fb2 014d4425df584dde8f05806cb1b8089d cc783260b1fc4d44b9ca3c1d8eff7fa3 - - default default] 10.0.0.97 "GET /v2.0/ports/bc71196b-9700-4e08-8c4b-769a10de345b HTTP/1.1" status: 200 len: 1147 time: 0.1145918
2026-04-28 08:44:17.421 9 INFO neutron.wsgi [None req-51ad489a-42e0-4cf2-984d-d218fd52ba56 be7af2ea64464ae8a3e1a90975d0fcd1 1eef8dfb62c743bd99e9773b1eac5fdd - - default default] 10.0.0.97 "GET /v2.0/security-groups?tenant_id=9760cc4212b74c54beb338633240e641&name=default HTTP/1.1" status: 200 len: 2996 time: 0.3341756
2026-04-28 08:44:17.442 10 INFO neutron.db.ovn_revision_numbers_db [None req-9b31881d-eb2e-42b1-bb19-536f47f4d87d 8cefac8372fb4b71848ac5495c2ab591 2ad55421b00841109e9b4316b5801c13 - - - -] Successfully bumped revision number for resource 0ef437bc-9e55-4c70-94fd-f59e014ca01c (type: ports) to 1
2026-04-28 08:44:17.473 10 WARNING neutron.plugins.ml2.drivers.ovn.mech_driver.ovsdb.ovn_client [None req-74fc8ed6-ce4d-4b22-91b4-59943f7cf4e5 - - - - - -] No hosting information found for port 83443c1a-114e-4b75-a08f-fcbade3dcd68: RuntimeError: No hosting information found for port 83443c1a-114e-4b75-a08f-fcbade3dcd68
2026-04-28 08:44:17.474 10 INFO neutron.plugins.ml2.drivers.ovn.mech_driver.mech_driver [None req-74fc8ed6-ce4d-4b22-91b4-59943f7cf4e5 - - - - - -] OVN reports status up for port: bc71196b-9700-4e08-8c4b-769a10de345b
2026-04-28 08:44:17.477 10 INFO neutron.wsgi [None req-9b31881d-eb2e-42b1-bb19-536f47f4d87d 8cefac8372fb4b71848ac5495c2ab591 2ad55421b00841109e9b4316b5801c13 - - - -] 199.204.45.144 "POST /v2.0/ports HTTP/1.1" status: 201 len: 1162 time: 0.8915551
2026-04-28 08:44:17.483 10 INFO neutron.plugins.ml2.plugin [None req-74fc8ed6-ce4d-4b22-91b4-59943f7cf4e5 - - - - - -] Attempt 1 to provision port bc71196b-9700-4e08-8c4b-769a10de345b
2026-04-28 08:44:17.498 9 WARNING neutron.plugins.ml2.drivers.ovn.mech_driver.ovsdb.ovn_client [None req-9a061168-b450-4db2-92b5-5da1f06e632f - - - - - -] No hosting information found for port 224a4680-c5de-4ca5-ae8b-9c4b5232a106: RuntimeError: No hosting information found for port 224a4680-c5de-4ca5-ae8b-9c4b5232a106
2026-04-28 08:44:17.641 9 INFO neutron.wsgi [None req-c6e67648-e1c8-4ac1-b5fc-116de4a779ef be7af2ea64464ae8a3e1a90975d0fcd1 1eef8dfb62c743bd99e9773b1eac5fdd - - - -] 10.0.0.97 "DELETE /v2.0/security-groups/4281122a-8461-43fa-ab64-ba0a4a32c7d2 HTTP/1.1" status: 204 len: 168 time: 0.2152092
2026-04-28 08:44:17.836 10 INFO neutron.db.ovn_revision_numbers_db [None req-74fc8ed6-ce4d-4b22-91b4-59943f7cf4e5 - - - - - -] Successfully bumped revision number for resource bc71196b-9700-4e08-8c4b-769a10de345b (type: ports) to 3
2026-04-28 08:44:17.994 10 INFO neutron.db.ovn_revision_numbers_db [None req-74fc8ed6-ce4d-4b22-91b4-59943f7cf4e5 - - - - - -] Successfully bumped revision number for resource bc71196b-9700-4e08-8c4b-769a10de345b (type: router_ports) to 3
2026-04-28 08:44:18.016 10 INFO neutron.db.ovn_revision_numbers_db [None req-c042820d-09bc-4412-9541-158f0b6b1f49 fdc32e97ea494a77b137bff00342452f cd10ccd2a3e644399880d4ca3f78448d - - - -] Successfully bumped revision number for resource 0ef437bc-9e55-4c70-94fd-f59e014ca01c (type: ports) to 2 /var/lib/openstack/lib/python3.10/site-packages/pycadf/identifier.py:71: UserWarning: Invalid uuid: neutron. To ensure interoperability, identifiers should be a valid uuid. warnings.warn(('Invalid uuid: %s. To ensure interoperability, '
2026-04-28 08:44:18.161 10 INFO neutron.wsgi [req-95f30122-1880-4c78-8b2a-7b95de2d62ba req-f77b32ec-3595-416a-be02-7624549bc519 8cefac8372fb4b71848ac5495c2ab591 2ad55421b00841109e9b4316b5801c13 - - default default] 10.0.0.103 "GET /v2.0/ports?device_id=7dfe8632-8f19-46b2-b237-a0e473b0de85 HTTP/1.1" status: 200 len: 1172 time: 0.0646138
2026-04-28 08:44:18.176 9 INFO neutron.wsgi [req-0bdaa9d4-1479-484e-9fd5-fd88c23dce53 req-b4335866-91b4-4c85-9a95-905cc58561a7 754c178453a046c18646f14cc339d399 0c378a3be1854f279fdab2cd25fb37f5 - - default default] 10.0.0.103 "GET /v2.0/ports?device_id=687b79ec-0944-444a-9656-948ffa0eb667 HTTP/1.1" status: 200 len: 1170 time: 0.0519774 /var/lib/openstack/lib/python3.10/site-packages/pycadf/identifier.py:71: UserWarning: Invalid uuid: neutron. To ensure interoperability, identifiers should be a valid uuid. warnings.warn(('Invalid uuid: %s. To ensure interoperability, '
2026-04-28 08:44:18.230 10 INFO neutron.wsgi [req-95f30122-1880-4c78-8b2a-7b95de2d62ba req-a2ad6fab-62a7-4726-8f9d-9f76bf863fe9 8cefac8372fb4b71848ac5495c2ab591 2ad55421b00841109e9b4316b5801c13 - - default default] 10.0.0.103 "GET /v2.0/security-groups?id=7985e4cd-2a42-48f5-b65f-00bb243c78ef&fields=id&fields=name HTTP/1.1" status: 200 len: 312 time: 0.0616121
2026-04-28 08:44:18.255 9 INFO neutron.wsgi [req-0bdaa9d4-1479-484e-9fd5-fd88c23dce53 req-a8c47d45-90e9-40cc-af40-16cc097cc24f 754c178453a046c18646f14cc339d399 0c378a3be1854f279fdab2cd25fb37f5 - - default default] 10.0.0.103 "GET /v2.0/security-groups?id=30e2f1c0-6f08-40cf-a6fc-514a2e38a82f&fields=id&fields=name HTTP/1.1" status: 200 len: 313 time: 0.0665581
