2026-04-28 08:44:52.546 9 WARNING keystonemiddleware.audit [None req-afa1e2fc-c71b-42f7-820c-59b4b9faefae - - - - - -] Skipping service tempest-service-133751729 as it have no endpoints.
2026-04-28 08:44:52.572 9 INFO neutron.wsgi [None req-0fc99472-a26b-4129-b2b4-4a94b1e171b3 e777667c117145c58df4ad6a9e2f074d 711ad4b8d6584918809e75b4f2729f9b - - - -] 10.0.0.97 "POST /v2.0/networks HTTP/1.1" status: 201 len: 830 time: 0.6348445
2026-04-28 08:44:52.945 10 WARNING neutron.scheduler.dhcp_agent_scheduler [None req-54125ce9-55b8-4708-bf64-82752bf359e6 e777667c117145c58df4ad6a9e2f074d 711ad4b8d6584918809e75b4f2729f9b - - - -] No more DHCP agents
2026-04-28 08:44:52.952 10 WARNING neutron.api.rpc.agentnotifiers.dhcp_rpc_agent_api [None req-54125ce9-55b8-4708-bf64-82752bf359e6 e777667c117145c58df4ad6a9e2f074d 711ad4b8d6584918809e75b4f2729f9b - - - -] Unable to schedule network 8aca5114-8ba9-4fd6-9493-16d25f2d2c34: no agents available; will retry on subsequent port and subnet creation events.
2026-04-28 08:44:53.158 9 INFO neutron.wsgi [None req-e7033400-b02e-4d0d-8696-8dad1777182c ff662b6ed81448d7a5786c71c2b1ab55 621548b859464b81b32cd43881d028d2 - - - -] 10.0.0.97 "POST /v2.0/rbac-policies HTTP/1.1" status: 201 len: 523 time: 0.6136611
2026-04-28 08:44:53.416 10 INFO neutron.wsgi [None req-63ddf77d-a13b-4084-ad14-986ba495971d be7af2ea64464ae8a3e1a90975d0fcd1 1eef8dfb62c743bd99e9773b1eac5fdd - - - -] 10.0.0.97 "DELETE /v2.0/routers/25b115d2-ef7c-4686-b3bd-d970468c0fd5 HTTP/1.1" status: 204 len: 168 time: 0.9163830
2026-04-28 08:44:53.578 10 INFO neutron.db.ovn_revision_numbers_db [None req-54125ce9-55b8-4708-bf64-82752bf359e6 e777667c117145c58df4ad6a9e2f074d 711ad4b8d6584918809e75b4f2729f9b - - - -] Successfully bumped revision number for resource 7af3ee76-8a3c-4615-98a5-09159af4cb35 (type: ports) to 2
2026-04-28 08:44:53.605 10 INFO neutron.db.ovn_revision_numbers_db [None req-54125ce9-55b8-4708-bf64-82752bf359e6 e777667c117145c58df4ad6a9e2f074d 711ad4b8d6584918809e75b4f2729f9b - - - -] Successfully bumped revision number for resource 568040f6-f8c1-4239-a828-1f3142ef8894 (type: subnets) to 0
2026-04-28 08:44:53.624 10 INFO neutron.wsgi [None req-54125ce9-55b8-4708-bf64-82752bf359e6 e777667c117145c58df4ad6a9e2f074d 711ad4b8d6584918809e75b4f2729f9b - - - -] 10.0.0.97 "POST /v2.0/subnets HTTP/1.1" status: 201 len: 801 time: 1.0435009
2026-04-28 08:44:53.650 10 INFO neutron.wsgi [None req-2695d753-6c06-47d9-b730-225ee4a42c6c be7af2ea64464ae8a3e1a90975d0fcd1 1eef8dfb62c743bd99e9773b1eac5fdd - - - -] 10.0.0.97 "DELETE /v2.0/subnets/e7fc43d4-e888-465b-8881-38a603cefa3b HTTP/1.1" status: 204 len: 168 time: 0.2233984
2026-04-28 08:44:53.962 9 INFO neutron.wsgi [None req-b4424ac3-708b-4151-bf90-ee05680f1622 73f0408d7f7340428e850054a6be0767 e23beafc04e546a48d8995d1c4dfbab4 - - default default] 10.0.0.97 "GET /v2.0/networks/48b2e3e9-bf3a-4d31-bcbc-4c704b2f0028 HTTP/1.1" status: 200 len: 848 time: 0.3216927
2026-04-28 08:44:54.210 9 WARNING neutron.scheduler.dhcp_agent_scheduler [None req-624e49f9-a6b7-46a0-ad75-1bce40bcba0a e777667c117145c58df4ad6a9e2f074d 711ad4b8d6584918809e75b4f2729f9b - - - -] No more DHCP agents
2026-04-28 08:44:54.214 9 WARNING neutron.api.rpc.agentnotifiers.dhcp_rpc_agent_api [None req-624e49f9-a6b7-46a0-ad75-1bce40bcba0a e777667c117145c58df4ad6a9e2f074d 711ad4b8d6584918809e75b4f2729f9b - - - -] Unable to schedule network 8aca5114-8ba9-4fd6-9493-16d25f2d2c34: no agents available; will retry on subsequent port and subnet creation events.
2026-04-28 08:44:54.219 9 INFO neutron.services.segments.plugin [-] Segment 96cd078a-eb4c-4cb0-837e-4ea2c5dd48ff resource provider aggregate not found
2026-04-28 08:44:54.233 9 INFO neutron.services.segments.plugin [-] Segment 96cd078a-eb4c-4cb0-837e-4ea2c5dd48ff resource provider aggregate not found
2026-04-28 08:44:54.252 9 INFO neutron.services.segments.plugin [-] Segment 96cd078a-eb4c-4cb0-837e-4ea2c5dd48ff resource provider not found; error: Placement Client Error (4xx): {"errors": [{"status": 404, "title": "Not Found", "detail": "The resource could not be found.\n\n No resource provider with uuid 96cd078a-eb4c-4cb0-837e-4ea2c5dd48ff found for delete ", "request_id": "req-bd15a7b8-9f99-49af-9f02-9d27387cd959"}]}
2026-04-28 08:44:54.269 9 INFO neutron.services.segments.plugin [-] Segment 96cd078a-eb4c-4cb0-837e-4ea2c5dd48ff resource provider not found; error: Placement Client Error (4xx): {"errors": [{"status": 404, "title": "Not Found", "detail": "The resource could not be found.\n\n No resource provider with uuid 96cd078a-eb4c-4cb0-837e-4ea2c5dd48ff found for delete ", "request_id": "req-9c6bf12b-45d5-4f09-a0d5-41fb7441b53e"}]}
2026-04-28 08:44:54.286 9 INFO neutron.wsgi [None req-6898ee8e-1f45-4308-853c-eec405a2f407 be7af2ea64464ae8a3e1a90975d0fcd1 1eef8dfb62c743bd99e9773b1eac5fdd - - - -] 10.0.0.97 "DELETE /v2.0/networks/dd0d3a2c-44ba-40ee-882d-15b877ba5cee HTTP/1.1" status: 204 len: 168 time: 0.6315386
2026-04-28 08:44:54.378 9 INFO neutron.db.ovn_revision_numbers_db [None req-624e49f9-a6b7-46a0-ad75-1bce40bcba0a e777667c117145c58df4ad6a9e2f074d 711ad4b8d6584918809e75b4f2729f9b - - - -] Successfully bumped revision number for resource b580b560-8523-4b67-b6e1-fed1588ab5ad (type: ports) to 1
2026-04-28 08:44:54.397 9 INFO neutron.wsgi [None req-624e49f9-a6b7-46a0-ad75-1bce40bcba0a e777667c117145c58df4ad6a9e2f074d 711ad4b8d6584918809e75b4f2729f9b - - - -] 10.0.0.97 "POST /v2.0/ports HTTP/1.1" status: 201 len: 1148 time: 0.7663968 /var/lib/openstack/lib/python3.10/site-packages/pycadf/identifier.py:71: UserWarning: Invalid uuid: neutron. To ensure interoperability, identifiers should be a valid uuid. warnings.warn(('Invalid uuid: %s. To ensure interoperability, '
2026-04-28 08:44:54.498 10 INFO neutron.wsgi [None req-cb6a1a92-36ae-4885-8507-d76cb9b62668 be7af2ea64464ae8a3e1a90975d0fcd1 1eef8dfb62c743bd99e9773b1eac5fdd - - default default] 10.0.0.97 "GET /v2.0/security-groups?tenant_id=be491bbcae474fb199bb9864a802665b&name=default HTTP/1.1" status: 200 len: 2996 time: 0.0330768
2026-04-28 08:44:54.596 10 INFO neutron.pecan_wsgi.hooks.translation [None req-5019ed66-af0f-41f1-826f-2d4ce087b2e0 e22e71c2a10646d686e46255fc601484 9aacbb1ad7984723a38cd29385ce0c15 - - default default] GET failed (client error): The resource could not be found.
2026-04-28 08:44:54.598 10 INFO neutron.wsgi [None req-5019ed66-af0f-41f1-826f-2d4ce087b2e0 e22e71c2a10646d686e46255fc601484 9aacbb1ad7984723a38cd29385ce0c15 - - default default] 10.0.0.97 "GET /v2.0/networks/48b2e3e9-bf3a-4d31-bcbc-4c704b2f0028 HTTP/1.1" status: 404 len: 339 time: 0.2448997
2026-04-28 08:44:54.607 10 WARNING keystonemiddleware.audit [None req-bae23173-3bc4-4f85-8a2e-344a5d2eac90 - - - - - -] Skipping service tempest-service-133751729 as it have no endpoints.
2026-04-28 08:44:54.749 10 INFO neutron.wsgi [None req-bbf3b81f-b200-479b-bc27-9514b265a80b be7af2ea64464ae8a3e1a90975d0fcd1 1eef8dfb62c743bd99e9773b1eac5fdd - - - -] 10.0.0.97 "DELETE /v2.0/security-groups/1fe266ae-b3a8-4238-b5ff-b1737a877419 HTTP/1.1" status: 204 len: 168 time: 0.2464259
2026-04-28 08:44:54.757 9 INFO neutron.db.ovn_revision_numbers_db [None req-83efa2c5-57e7-49f7-a44f-54cd509bfaea be7af2ea64464ae8a3e1a90975d0fcd1 1eef8dfb62c743bd99e9773b1eac5fdd - - default default] Successfully bumped revision number for resource 2eba47cc-6789-42b7-a856-b8c3a14f2962 (type: security_groups) to 1
2026-04-28 08:44:54.777 9 INFO neutron.wsgi [None req-83efa2c5-57e7-49f7-a44f-54cd509bfaea be7af2ea64464ae8a3e1a90975d0fcd1 1eef8dfb62c743bd99e9773b1eac5fdd - - default default] 10.0.0.97 "GET /v2.0/security-groups?tenant_id=5af47752348840709fb66ec7e85fa8b2&name=default HTTP/1.1" status: 200 len: 2996 time: 0.4015381
2026-04-28 08:44:54.820 9 INFO neutron.wsgi [None req-02ce5866-753f-42e2-8316-48fc107ad40a e777667c117145c58df4ad6a9e2f074d 711ad4b8d6584918809e75b4f2729f9b - - - -] 10.0.0.97 "DELETE /v2.0/ports/b580b560-8523-4b67-b6e1-fed1588ab5ad HTTP/1.1" status: 204 len: 168 time: 0.4191737
2026-04-28 08:44:54.841 9 INFO neutron.pecan_wsgi.hooks.translation [None req-f61d0fb1-3c6a-4dee-8b40-be9c66c28ee3 e777667c117145c58df4ad6a9e2f074d 711ad4b8d6584918809e75b4f2729f9b - - - -] DELETE failed (client error): The resource could not be found.
2026-04-28 08:44:54.843 9 INFO neutron.wsgi [None req-f61d0fb1-3c6a-4dee-8b40-be9c66c28ee3 e777667c117145c58df4ad6a9e2f074d 711ad4b8d6584918809e75b4f2729f9b - - - -] 10.0.0.97 "DELETE /v2.0/ports/b580b560-8523-4b67-b6e1-fed1588ab5ad HTTP/1.1" status: 404 len: 333 time: 0.0180135
2026-04-28 08:44:54.868 9 INFO neutron.pecan_wsgi.hooks.translation [None req-57d5d295-5565-4a4f-834b-56fb07c8107a e777667c117145c58df4ad6a9e2f074d 711ad4b8d6584918809e75b4f2729f9b - - default default] GET failed (client error): The resource could not be found.
2026-04-28 08:44:54.870 9 INFO neutron.wsgi [None req-57d5d295-5565-4a4f-834b-56fb07c8107a e777667c117145c58df4ad6a9e2f074d 711ad4b8d6584918809e75b4f2729f9b - - default default] 10.0.0.97 "GET /v2.0/ports/b580b560-8523-4b67-b6e1-fed1588ab5ad HTTP/1.1" status: 404 len: 333 time: 0.0213840
2026-04-28 08:44:55.096 9 INFO neutron.wsgi [None req-750b775a-a565-4406-a805-1134d9405d4a e777667c117145c58df4ad6a9e2f074d 711ad4b8d6584918809e75b4f2729f9b - - - -] 10.0.0.97 "DELETE /v2.0/subnets/568040f6-f8c1-4239-a828-1f3142ef8894 HTTP/1.1" status: 204 len: 168 time: 0.2212222
2026-04-28 08:44:55.271 10 INFO neutron.wsgi [None req-7f6ba7f4-87f3-4801-bf77-4ea54ca275ad be7af2ea64464ae8a3e1a90975d0fcd1 1eef8dfb62c743bd99e9773b1eac5fdd - - - -] 10.0.0.97 "DELETE /v2.0/security-groups/2eba47cc-6789-42b7-a856-b8c3a14f2962 HTTP/1.1" status: 204 len: 168 time: 0.4863062
2026-04-28 08:44:55.443 10 INFO neutron.services.segments.plugin [-] Segment b75ba4c1-3d34-4213-a185-3dd1de107d4d resource provider aggregate not found
2026-04-28 08:44:55.459 10 INFO neutron.services.segments.plugin [-] Segment b75ba4c1-3d34-4213-a185-3dd1de107d4d resource provider aggregate not found
2026-04-28 08:44:55.465 10 INFO neutron.services.segments.plugin [-] Segment b75ba4c1-3d34-4213-a185-3dd1de107d4d resource provider not found; error: Placement Client Error (4xx): {"errors": [{"status": 404, "title": "Not Found", "detail": "The resource could not be found.\n\n No resource provider with uuid b75ba4c1-3d34-4213-a185-3dd1de107d4d found for delete ", "request_id": "req-aba9bc54-3b0b-4eee-ac8d-b7517098b5a0"}]}
2026-04-28 08:44:55.482 10 INFO neutron.wsgi [None req-671ea064-350b-4e24-a3b1-19be524e3345 ff662b6ed81448d7a5786c71c2b1ab55 621548b859464b81b32cd43881d028d2 - - - -] 10.0.0.97 "DELETE /v2.0/networks/48b2e3e9-bf3a-4d31-bcbc-4c704b2f0028 HTTP/1.1" status: 204 len: 168 time: 0.8769660
2026-04-28 08:44:55.483 10 INFO neutron.services.segments.plugin [-] Segment b75ba4c1-3d34-4213-a185-3dd1de107d4d resource provider not found; error: Placement Client Error (4xx): {"errors": [{"status": 404, "title": "Not Found", "detail": "The resource could not be found.\n\n No resource provider with uuid b75ba4c1-3d34-4213-a185-3dd1de107d4d found for delete ", "request_id": "req-b504c0ac-e996-4906-b2cf-749718f7d932"}]}
2026-04-28 08:44:55.493 10 WARNING keystonemiddleware.audit [None req-d9bd213b-242d-4e71-92da-a3bd44c04400 - - - - - -] Skipping service tempest-service-133751729 as it have no endpoints.
2026-04-28 08:44:55.508 10 INFO neutron.pecan_wsgi.hooks.translation [None req-b583dba1-b5ce-47d6-b77a-ba359a2e6007 ff662b6ed81448d7a5786c71c2b1ab55 621548b859464b81b32cd43881d028d2 - - - -] DELETE failed (client error): The resource could not be found.
2026-04-28 08:44:55.510 10 INFO neutron.wsgi [None req-b583dba1-b5ce-47d6-b77a-ba359a2e6007 ff662b6ed81448d7a5786c71c2b1ab55 621548b859464b81b32cd43881d028d2 - - - -] 10.0.0.97 "DELETE /v2.0/subnets/4902121f-755a-4ba5-bb84-e6d17b222881 HTTP/1.1" status: 404 len: 337 time: 0.0191653
2026-04-28 08:44:55.519 10 WARNING keystonemiddleware.audit [None req-4c03920f-ca83-4fc6-acbe-664c8eb4693b - - - - - -] Skipping service tempest-service-133751729 as it have no endpoints.
2026-04-28 08:44:55.537 10 INFO neutron.pecan_wsgi.hooks.translation [None req-197b2603-4ef0-495c-b686-3cbb91d97fe9 ff662b6ed81448d7a5786c71c2b1ab55 621548b859464b81b32cd43881d028d2 - - - -] DELETE failed (client error): The resource could not be found.
2026-04-28 08:44:55.540 10 INFO neutron.wsgi [None req-197b2603-4ef0-495c-b686-3cbb91d97fe9 ff662b6ed81448d7a5786c71c2b1ab55 621548b859464b81b32cd43881d028d2 - - - -] 10.0.0.97 "DELETE /v2.0/subnets/0401a586-c1d1-45f3-8372-988340c7ea9d HTTP/1.1" status: 404 len: 337 time: 0.0233078
2026-04-28 08:44:55.549 10 WARNING keystonemiddleware.audit [None req-bd5c432d-f922-44a9-a831-a29fb550d846 - - - - - -] Skipping service tempest-service-133751729 as it have no endpoints.
2026-04-28 08:44:55.561 9 INFO neutron.wsgi [None req-05d4a082-82ac-48b5-a544-7dea4f813216 e777667c117145c58df4ad6a9e2f074d 711ad4b8d6584918809e75b4f2729f9b - - - -] 10.0.0.97 "DELETE /v2.0/networks/8aca5114-8ba9-4fd6-9493-16d25f2d2c34 HTTP/1.1" status: 204 len: 168 time: 0.4591527
2026-04-28 08:44:55.570 10 INFO neutron.pecan_wsgi.hooks.translation [None req-35b2ff45-17de-4ce8-888c-ecc7ef9f83e4 ff662b6ed81448d7a5786c71c2b1ab55 621548b859464b81b32cd43881d028d2 - - - -] DELETE failed (client error): The resource could not be found.
2026-04-28 08:44:55.574 10 INFO neutron.wsgi [None req-35b2ff45-17de-4ce8-888c-ecc7ef9f83e4 ff662b6ed81448d7a5786c71c2b1ab55 621548b859464b81b32cd43881d028d2 - - - -] 10.0.0.97 "DELETE /v2.0/subnets/2137ab52-20b9-4ebe-b1fd-37055f436554 HTTP/1.1" status: 404 len: 337 time: 0.0281613
2026-04-28 08:44:55.659 10 INFO neutron.db.segments_db [None req-a24962b5-ec08-4019-9904-856e58c2044d e777667c117145c58df4ad6a9e2f074d 711ad4b8d6584918809e75b4f2729f9b - - - -] Added segment e241286c-4fee-4860-adbe-1bef2e96ac6d of type geneve for network 7cffd14a-9e2e-4284-9639-6b80a6cb0bea
2026-04-28 08:44:55.818 10 INFO neutron.db.ovn_revision_numbers_db [None req-a24962b5-ec08-4019-9904-856e58c2044d e777667c117145c58df4ad6a9e2f074d 711ad4b8d6584918809e75b4f2729f9b - - - -] Successfully bumped revision number for resource 7cffd14a-9e2e-4284-9639-6b80a6cb0bea (type: networks) to 1
2026-04-28 08:44:56.034 10 WARNING neutron.scheduler.dhcp_agent_scheduler [None req-a24962b5-ec08-4019-9904-856e58c2044d e777667c117145c58df4ad6a9e2f074d 711ad4b8d6584918809e75b4f2729f9b - - - -] No more DHCP agents
2026-04-28 08:44:56.038 10 WARNING neutron.api.rpc.agentnotifiers.dhcp_rpc_agent_api [None req-a24962b5-ec08-4019-9904-856e58c2044d e777667c117145c58df4ad6a9e2f074d 711ad4b8d6584918809e75b4f2729f9b - - - -] Unable to schedule network 7cffd14a-9e2e-4284-9639-6b80a6cb0bea: no agents available; will retry on subsequent port and subnet creation events.
2026-04-28 08:44:56.107 10 INFO neutron.db.ovn_revision_numbers_db [None req-a24962b5-ec08-4019-9904-856e58c2044d e777667c117145c58df4ad6a9e2f074d 711ad4b8d6584918809e75b4f2729f9b - - - -] Successfully bumped revision number for resource 4f12cd9e-f98f-48e3-aa49-7f6684bf0e58 (type: ports) to 1
2026-04-28 08:44:56.133 10 INFO neutron.wsgi [None req-a24962b5-ec08-4019-9904-856e58c2044d e777667c117145c58df4ad6a9e2f074d 711ad4b8d6584918809e75b4f2729f9b - - - -] 10.0.0.97 "POST /v2.0/networks HTTP/1.1" status: 201 len: 831 time: 0.5636470
2026-04-28 08:44:56.292 9 INFO neutron.services.segments.plugin [-] Segment 046bdaac-df8e-494e-a4bc-56569097318c resource provider aggregate not found
2026-04-28 08:44:56.308 9 INFO neutron.services.segments.plugin [-] Segment 046bdaac-df8e-494e-a4bc-56569097318c resource provider aggregate not found
2026-04-28 08:44:56.333 9 INFO neutron.services.segments.plugin [-] Segment 046bdaac-df8e-494e-a4bc-56569097318c resource provider not found; error: Placement Client Error (4xx): {"errors": [{"status": 404, "title": "Not Found", "detail": "The resource could not be found.\n\n No resource provider with uuid 046bdaac-df8e-494e-a4bc-56569097318c found for delete ", "request_id": "req-c0714bb9-d8d8-4be7-b33f-bac7a8dd3962"}]}
2026-04-28 08:44:56.334 9 INFO neutron.services.segments.plugin [-] Segment 046bdaac-df8e-494e-a4bc-56569097318c resource provider not found; error: Placement Client Error (4xx): {"errors": [{"status": 404, "title": "Not Found", "detail": "The resource could not be found.\n\n No resource provider with uuid 046bdaac-df8e-494e-a4bc-56569097318c found for delete ", "request_id": "req-f1cc03d1-6bc0-44c8-9c56-1be87ebc2f6a"}]}
2026-04-28 08:44:56.452 9 WARNING neutron.scheduler.dhcp_agent_scheduler [None req-5c43bd72-a254-428e-9d3a-e958f5c1bd09 e777667c117145c58df4ad6a9e2f074d 711ad4b8d6584918809e75b4f2729f9b - - - -] No more DHCP agents
2026-04-28 08:44:56.454 9 WARNING neutron.api.rpc.agentnotifiers.dhcp_rpc_agent_api [None req-5c43bd72-a254-428e-9d3a-e958f5c1bd09 e777667c117145c58df4ad6a9e2f074d 711ad4b8d6584918809e75b4f2729f9b - - - -] Unable to schedule network 7cffd14a-9e2e-4284-9639-6b80a6cb0bea: no agents available; will retry on subsequent port and subnet creation events.
2026-04-28 08:44:56.545 9 INFO neutron.wsgi [None req-ae7cb3a1-2e64-4172-bb6c-5df55b9f30fa be7af2ea64464ae8a3e1a90975d0fcd1 1eef8dfb62c743bd99e9773b1eac5fdd - - default default] 10.0.0.97 "GET /v2.0/security-groups?tenant_id=621548b859464b81b32cd43881d028d2&name=default HTTP/1.1" status: 200 len: 2996 time: 0.1678910
2026-04-28 08:44:56.783 10 INFO neutron.wsgi [None req-afd5cb3f-a93a-40d5-aeed-43eccac74f69 be7af2ea64464ae8a3e1a90975d0fcd1 1eef8dfb62c743bd99e9773b1eac5fdd - - - -] 10.0.0.97 "DELETE /v2.0/security-groups/13d24e46-5520-4c20-9521-1d923e344023 HTTP/1.1" status: 204 len: 168 time: 0.2326789
2026-04-28 08:44:56.968 9 INFO neutron.db.ovn_revision_numbers_db [None req-5c43bd72-a254-428e-9d3a-e958f5c1bd09 e777667c117145c58df4ad6a9e2f074d 711ad4b8d6584918809e75b4f2729f9b - - - -] Successfully bumped revision number for resource 4f12cd9e-f98f-48e3-aa49-7f6684bf0e58 (type: ports) to 2
2026-04-28 08:44:56.987 10 INFO neutron.db.ovn_revision_numbers_db [None req-0b3d58d7-a507-4b81-925d-c50804b1705a be7af2ea64464ae8a3e1a90975d0fcd1 1eef8dfb62c743bd99e9773b1eac5fdd - - default default] Successfully bumped revision number for resource 687d7f47-572d-437c-a58c-8b432f900115 (type: security_groups) to 1
2026-04-28 08:44:56.988 9 INFO neutron.db.ovn_revision_numbers_db [None req-5c43bd72-a254-428e-9d3a-e958f5c1bd09 e777667c117145c58df4ad6a9e2f074d 711ad4b8d6584918809e75b4f2729f9b - - - -] Successfully bumped revision number for resource 6910b42d-4d4d-4a09-b86a-cc73bd59affe (type: subnets) to 0
2026-04-28 08:44:57.006 10 INFO neutron.wsgi [None req-0b3d58d7-a507-4b81-925d-c50804b1705a be7af2ea64464ae8a3e1a90975d0fcd1 1eef8dfb62c743bd99e9773b1eac5fdd - - default default] 10.0.0.97 "GET /v2.0/security-groups?tenant_id=e23beafc04e546a48d8995d1c4dfbab4&name=default HTTP/1.1" status: 200 len: 2996 time: 0.1196601
2026-04-28 08:44:57.008 9 INFO neutron.wsgi [None req-5c43bd72-a254-428e-9d3a-e958f5c1bd09 e777667c117145c58df4ad6a9e2f074d 711ad4b8d6584918809e75b4f2729f9b - - - -] 10.0.0.97 "POST /v2.0/subnets HTTP/1.1" status: 201 len: 801 time: 0.8655457
2026-04-28 08:44:57.272 10 INFO neutron.wsgi [None req-0d7e3c1c-2f88-42d1-b928-e0592d5c5a9f be7af2ea64464ae8a3e1a90975d0fcd1 1eef8dfb62c743bd99e9773b1eac5fdd - - - -] 10.0.0.97 "DELETE /v2.0/security-groups/687d7f47-572d-437c-a58c-8b432f900115 HTTP/1.1" status: 204 len: 168 time: 0.2609117
2026-04-28 08:44:57.349 10 WARNING neutron.scheduler.dhcp_agent_scheduler [None req-0152ac13-b8b0-43a3-8d35-a0a43521b313 e777667c117145c58df4ad6a9e2f074d 711ad4b8d6584918809e75b4f2729f9b - - - -] No more DHCP agents
2026-04-28 08:44:57.355 10 WARNING neutron.api.rpc.agentnotifiers.dhcp_rpc_agent_api [None req-0152ac13-b8b0-43a3-8d35-a0a43521b313 e777667c117145c58df4ad6a9e2f074d 711ad4b8d6584918809e75b4f2729f9b - - - -] Unable to schedule network 7cffd14a-9e2e-4284-9639-6b80a6cb0bea: no agents available; will retry on subsequent port and subnet creation events.
2026-04-28 08:44:57.515 10 INFO neutron.db.ovn_revision_numbers_db [None req-0152ac13-b8b0-43a3-8d35-a0a43521b313 e777667c117145c58df4ad6a9e2f074d 711ad4b8d6584918809e75b4f2729f9b - - - -] Successfully bumped revision number for resource a14e0e87-cf51-4c35-8720-9ebfef7f3d9b (type: ports) to 1
2026-04-28 08:44:57.535 10 INFO neutron.wsgi [None req-0152ac13-b8b0-43a3-8d35-a0a43521b313 e777667c117145c58df4ad6a9e2f074d 711ad4b8d6584918809e75b4f2729f9b - - - -] 10.0.0.97 "POST /v2.0/ports HTTP/1.1" status: 201 len: 1115 time: 0.5221455
2026-04-28 08:44:57.569 9 INFO neutron.db.ovn_revision_numbers_db [None req-9dae1a6a-682c-4911-ab55-a3367c8ff269 be7af2ea64464ae8a3e1a90975d0fcd1 1eef8dfb62c743bd99e9773b1eac5fdd - - default default] Successfully bumped revision number for resource 6cd9c108-5a73-46a7-a436-4fa97c67a622 (type: security_groups) to 1
2026-04-28 08:44:57.601 9 INFO neutron.wsgi [None req-9dae1a6a-682c-4911-ab55-a3367c8ff269 be7af2ea64464ae8a3e1a90975d0fcd1 1eef8dfb62c743bd99e9773b1eac5fdd - - default default] 10.0.0.97 "GET /v2.0/security-groups?tenant_id=9aacbb1ad7984723a38cd29385ce0c15&name=default HTTP/1.1" status: 200 len: 2996 time: 0.1704273
2026-04-28 08:44:57.668 9 INFO neutron.db.ovn_revision_numbers_db [None req-77a6fb08-6f67-4a97-8993-3fe4af9cba15 cd07317fceb54aef8005737e08ff0eb9 8664b5a1cd7444b09a7f922b611d5cc8 - - - -] Successfully bumped revision number for resource f9524fa2-7d8a-4a4c-b8e2-f76623f5cfdb (type: security_groups) to 1
2026-04-28 08:44:57.735 9 INFO neutron.db.segments_db [None req-77a6fb08-6f67-4a97-8993-3fe4af9cba15 cd07317fceb54aef8005737e08ff0eb9 8664b5a1cd7444b09a7f922b611d5cc8 - - - -] Added segment 7f5c4703-b5c8-48c5-8aa8-6612d2b48215 of type geneve for network fb9c099c-f399-4fc0-bd36-a3f07c1df78c
2026-04-28 08:44:57.917 9 INFO neutron.db.ovn_revision_numbers_db [None req-77a6fb08-6f67-4a97-8993-3fe4af9cba15 cd07317fceb54aef8005737e08ff0eb9 8664b5a1cd7444b09a7f922b611d5cc8 - - - -] Successfully bumped revision number for resource fb9c099c-f399-4fc0-bd36-a3f07c1df78c (type: networks) to 1
2026-04-28 08:44:57.965 10 INFO neutron.wsgi [None req-4f11200a-8223-46e2-b190-32722f379fc3 be7af2ea64464ae8a3e1a90975d0fcd1 1eef8dfb62c743bd99e9773b1eac5fdd - - - -] 10.0.0.97 "DELETE /v2.0/security-groups/6cd9c108-5a73-46a7-a436-4fa97c67a622 HTTP/1.1" status: 204 len: 168 time: 0.3562524
2026-04-28 08:44:57.968 10 INFO neutron.wsgi [None req-6cc7fffa-8eeb-4b5c-ab59-4e1151762033 e777667c117145c58df4ad6a9e2f074d 711ad4b8d6584918809e75b4f2729f9b - - - -] 10.0.0.97 "DELETE /v2.0/ports/a14e0e87-cf51-4c35-8720-9ebfef7f3d9b HTTP/1.1" status: 204 len: 168 time: 0.4275043
2026-04-28 08:44:58.004 9 INFO neutron.pecan_wsgi.hooks.translation [None req-a6139883-613e-428a-a0a8-55389a2543aa e777667c117145c58df4ad6a9e2f074d 711ad4b8d6584918809e75b4f2729f9b - - default default] GET failed (client error): The resource could not be found.
2026-04-28 08:44:58.006 9 INFO neutron.wsgi [None req-a6139883-613e-428a-a0a8-55389a2543aa e777667c117145c58df4ad6a9e2f074d 711ad4b8d6584918809e75b4f2729f9b - - default default] 10.0.0.97 "GET /v2.0/ports/a14e0e87-cf51-4c35-8720-9ebfef7f3d9b HTTP/1.1" status: 404 len: 333 time: 0.0308166
2026-04-28 08:44:58.169 9 WARNING neutron.scheduler.dhcp_agent_scheduler [None req-77a6fb08-6f67-4a97-8993-3fe4af9cba15 cd07317fceb54aef8005737e08ff0eb9 8664b5a1cd7444b09a7f922b611d5cc8 - - - -] No more DHCP agents
2026-04-28 08:44:58.171 9 WARNING neutron.api.rpc.agentnotifiers.dhcp_rpc_agent_api [None req-77a6fb08-6f67-4a97-8993-3fe4af9cba15 cd07317fceb54aef8005737e08ff0eb9 8664b5a1cd7444b09a7f922b611d5cc8 - - - -] Unable to schedule network fb9c099c-f399-4fc0-bd36-a3f07c1df78c: no agents available; will retry on subsequent port and subnet creation events.
2026-04-28 08:44:58.231 9 INFO neutron.db.ovn_revision_numbers_db [None req-77a6fb08-6f67-4a97-8993-3fe4af9cba15 cd07317fceb54aef8005737e08ff0eb9 8664b5a1cd7444b09a7f922b611d5cc8 - - - -] Successfully bumped revision number for resource d785bed2-c524-4153-9fea-df47d782d7a4 (type: ports) to 1
2026-04-28 08:44:58.243 10 INFO neutron.wsgi [None req-27a109f7-8cbc-40e9-a16e-323b9501aa1a e777667c117145c58df4ad6a9e2f074d 711ad4b8d6584918809e75b4f2729f9b - - - -] 10.0.0.97 "DELETE /v2.0/subnets/6910b42d-4d4d-4a09-b86a-cc73bd59affe HTTP/1.1" status: 204 len: 168 time: 0.2313056
2026-04-28 08:44:58.257 9 INFO neutron.wsgi [None req-77a6fb08-6f67-4a97-8993-3fe4af9cba15 cd07317fceb54aef8005737e08ff0eb9 8664b5a1cd7444b09a7f922b611d5cc8 - - - -] 10.0.0.97 "POST /v2.0/networks HTTP/1.1" status: 201 len: 849 time: 1.0283637
2026-04-28 08:44:58.553 9 WARNING neutron.scheduler.dhcp_agent_scheduler [None req-22b2fa2e-5ae1-473a-b46d-195fa4424846 cd07317fceb54aef8005737e08ff0eb9 8664b5a1cd7444b09a7f922b611d5cc8 - - - -] No more DHCP agents
2026-04-28 08:44:58.554 9 WARNING neutron.api.rpc.agentnotifiers.dhcp_rpc_agent_api [None req-22b2fa2e-5ae1-473a-b46d-195fa4424846 cd07317fceb54aef8005737e08ff0eb9 8664b5a1cd7444b09a7f922b611d5cc8 - - - -] Unable to schedule network fb9c099c-f399-4fc0-bd36-a3f07c1df78c: no agents available; will retry on subsequent port and subnet creation events.
2026-04-28 08:44:58.564 9 INFO neutron.db.ovn_revision_numbers_db [None req-22b2fa2e-5ae1-473a-b46d-195fa4424846 cd07317fceb54aef8005737e08ff0eb9 8664b5a1cd7444b09a7f922b611d5cc8 - - - -] Successfully bumped revision number for resource 1e095c30-6b04-42bc-b5a1-5cbc39f58d61 (type: subnets) to 0
2026-04-28 08:44:58.592 9 INFO neutron.wsgi [None req-22b2fa2e-5ae1-473a-b46d-195fa4424846 cd07317fceb54aef8005737e08ff0eb9 8664b5a1cd7444b09a7f922b611d5cc8 - - - -] 10.0.0.97 "POST /v2.0/subnets HTTP/1.1" status: 201 len: 802 time: 0.3295989
2026-04-28 08:44:58.689 10 INFO neutron.services.segments.plugin [-] Segment e241286c-4fee-4860-adbe-1bef2e96ac6d resource provider aggregate not found
2026-04-28 08:44:58.707 10 INFO neutron.services.segments.plugin [-] Segment e241286c-4fee-4860-adbe-1bef2e96ac6d resource provider not found; error: Placement Client Error (4xx): {"errors": [{"status": 404, "title": "Not Found", "detail": "The resource could not be found.\n\n No resource provider with uuid e241286c-4fee-4860-adbe-1bef2e96ac6d found for delete ", "request_id": "req-1344a992-32f9-4411-b19b-6ac9ce8bbe5a"}]}
2026-04-28 08:44:58.708 10 INFO neutron.services.segments.plugin [-] Segment e241286c-4fee-4860-adbe-1bef2e96ac6d resource provider aggregate not found
2026-04-28 08:44:58.730 10 INFO neutron.services.segments.plugin [-] Segment e241286c-4fee-4860-adbe-1bef2e96ac6d resource provider not found; error: Placement Client Error (4xx): {"errors": [{"status": 404, "title": "Not Found", "detail": "The resource could not be found.\n\n No resource provider with uuid e241286c-4fee-4860-adbe-1bef2e96ac6d found for delete ", "request_id": "req-c9055ead-a9e1-4190-8c1f-2b0d149fe033"}]}
2026-04-28 08:44:58.744 10 INFO neutron.wsgi [None req-4b8be950-5f17-4d15-99d8-ac1b7430d6fd e777667c117145c58df4ad6a9e2f074d 711ad4b8d6584918809e75b4f2729f9b - - - -] 10.0.0.97 "DELETE /v2.0/networks/7cffd14a-9e2e-4284-9639-6b80a6cb0bea HTTP/1.1" status: 204 len: 168 time: 0.4962156
2026-04-28 08:44:59.008 10 WARNING neutron.scheduler.dhcp_agent_scheduler [None req-4bcdc803-1ad7-4d5f-93d0-e3f0082ec827 e777667c117145c58df4ad6a9e2f074d 711ad4b8d6584918809e75b4f2729f9b - - - -] No more DHCP agents
2026-04-28 08:44:59.011 10 WARNING neutron.api.rpc.agentnotifiers.dhcp_rpc_agent_api [None req-4bcdc803-1ad7-4d5f-93d0-e3f0082ec827 e777667c117145c58df4ad6a9e2f074d 711ad4b8d6584918809e75b4f2729f9b - - - -] Unable to schedule network e8a1cc3c-aaba-49e3-87a9-5155c681fdad: no agents available; will retry on subsequent port and subnet creation events.
2026-04-28 08:44:59.101 10 INFO neutron.db.ovn_revision_numbers_db [None req-4bcdc803-1ad7-4d5f-93d0-e3f0082ec827 e777667c117145c58df4ad6a9e2f074d 711ad4b8d6584918809e75b4f2729f9b - - - -] Successfully bumped revision number for resource 28c6bc7b-297c-4fc1-a415-ec64fbb49239 (type: ports) to 1
2026-04-28 08:44:59.128 10 INFO neutron.wsgi [None req-4bcdc803-1ad7-4d5f-93d0-e3f0082ec827 e777667c117145c58df4ad6a9e2f074d 711ad4b8d6584918809e75b4f2729f9b - - - -] 10.0.0.97 "POST /v2.0/ports HTTP/1.1" status: 201 len: 973 time: 0.3758347 /var/lib/openstack/lib/python3.10/site-packages/pycadf/identifier.py:71: UserWarning: Invalid uuid: neutron. To ensure interoperability, identifiers should be a valid uuid. warnings.warn(('Invalid uuid: %s. To ensure interoperability, '
2026-04-28 08:44:59.394 10 INFO neutron.db.ovn_revision_numbers_db [None req-5946b3d9-0cbd-497d-b713-01b1fdeb8e5e e777667c117145c58df4ad6a9e2f074d 711ad4b8d6584918809e75b4f2729f9b - - - -] Successfully bumped revision number for resource 28c6bc7b-297c-4fc1-a415-ec64fbb49239 (type: ports) to 2
2026-04-28 08:44:59.407 10 INFO neutron.wsgi [None req-5946b3d9-0cbd-497d-b713-01b1fdeb8e5e e777667c117145c58df4ad6a9e2f074d 711ad4b8d6584918809e75b4f2729f9b - - - -] 10.0.0.97 "PUT /v2.0/ports/28c6bc7b-297c-4fc1-a415-ec64fbb49239 HTTP/1.1" status: 200 len: 946 time: 0.2731433 /var/lib/openstack/lib/python3.10/site-packages/pycadf/identifier.py:71: UserWarning: Invalid uuid: neutron. To ensure interoperability, identifiers should be a valid uuid. warnings.warn(('Invalid uuid: %s. To ensure interoperability, '
2026-04-28 08:44:59.444 9 INFO neutron.db.ovn_revision_numbers_db [None req-6cb6da95-7f81-4fe6-b7c5-a321474157ce be7af2ea64464ae8a3e1a90975d0fcd1 1eef8dfb62c743bd99e9773b1eac5fdd - - default default] Successfully bumped revision number for resource 7464769a-925a-41b4-86c6-b30d056ff112 (type: security_groups) to 1
2026-04-28 08:44:59.473 9 INFO neutron.wsgi [None req-6cb6da95-7f81-4fe6-b7c5-a321474157ce be7af2ea64464ae8a3e1a90975d0fcd1 1eef8dfb62c743bd99e9773b1eac5fdd - - default default] 10.0.0.97 "GET /v2.0/security-groups?tenant_id=6c7caa1f98264f6ab3222963b1836ba0&name=default HTTP/1.1" status: 200 len: 2996 time: 0.6306167
2026-04-28 08:44:59.561 9 WARNING neutron.scheduler.dhcp_agent_scheduler [None req-bbcdb8c6-6cae-419f-be96-bafa4f3ffb32 cd07317fceb54aef8005737e08ff0eb9 8664b5a1cd7444b09a7f922b611d5cc8 - - - -] No more DHCP agents
2026-04-28 08:44:59.565 9 WARNING neutron.api.rpc.agentnotifiers.dhcp_rpc_agent_api [None req-bbcdb8c6-6cae-419f-be96-bafa4f3ffb32 cd07317fceb54aef8005737e08ff0eb9 8664b5a1cd7444b09a7f922b611d5cc8 - - - -] Unable to schedule network 0aa34039-32bf-4afa-b008-a52a32dd4f11: no agents available; will retry on subsequent port and subnet creation events.
2026-04-28 08:44:59.667 10 INFO neutron.wsgi [None req-5e295904-5075-46e9-915f-ba6a7176d3be e777667c117145c58df4ad6a9e2f074d 711ad4b8d6584918809e75b4f2729f9b - - - -] 10.0.0.97 "DELETE /v2.0/ports/28c6bc7b-297c-4fc1-a415-ec64fbb49239 HTTP/1.1" status: 204 len: 168 time: 0.2553933
2026-04-28 08:44:59.711 9 INFO neutron.db.ovn_revision_numbers_db [None req-bbcdb8c6-6cae-419f-be96-bafa4f3ffb32 cd07317fceb54aef8005737e08ff0eb9 8664b5a1cd7444b09a7f922b611d5cc8 - - - -] Successfully bumped revision number for resource e8446a66-47d9-4a02-b579-cb2f64f01c78 (type: ports) to 1
2026-04-28 08:44:59.764 9 INFO neutron.wsgi [None req-3259eb49-8db7-43a3-90dc-309c24c20be8 be7af2ea64464ae8a3e1a90975d0fcd1 1eef8dfb62c743bd99e9773b1eac5fdd - - - -] 10.0.0.97 "DELETE /v2.0/security-groups/7464769a-925a-41b4-86c6-b30d056ff112 HTTP/1.1" status: 204 len: 168 time: 0.2824297
2026-04-28 08:44:59.765 10 INFO neutron.wsgi [None req-17251127-7b92-47dc-acd6-f0903c3de8d8 e777667c117145c58df4ad6a9e2f074d 711ad4b8d6584918809e75b4f2729f9b - - default default] 10.0.0.97 "GET /v2.0/ports HTTP/1.1" status: 200 len: 1729 time: 0.0924497
2026-04-28 08:44:59.789 10 INFO neutron.pecan_wsgi.hooks.translation [None req-fe26aedb-b4fb-4658-9f85-739be1eef7f2 e777667c117145c58df4ad6a9e2f074d 711ad4b8d6584918809e75b4f2729f9b - - default default] GET failed (client error): The resource could not be found.
2026-04-28 08:44:59.791 10 INFO neutron.wsgi [None req-fe26aedb-b4fb-4658-9f85-739be1eef7f2 e777667c117145c58df4ad6a9e2f074d 711ad4b8d6584918809e75b4f2729f9b - - default default] 10.0.0.97 "GET /v2.0/ports/28c6bc7b-297c-4fc1-a415-ec64fbb49239 HTTP/1.1" status: 404 len: 333 time: 0.0206771
2026-04-28 08:44:59.841 10 INFO neutron.wsgi [None req-dce42eca-7d33-4149-9ff8-2c38f0961378 e777667c117145c58df4ad6a9e2f074d 711ad4b8d6584918809e75b4f2729f9b - - default default] 10.0.0.97 "GET /v2.0/ports HTTP/1.1" status: 200 len: 1729 time: 0.0439610
2026-04-28 08:44:59.886 10 INFO neutron.wsgi [None req-15bad0a6-14b7-4f39-8955-5e7a05135ed5 e777667c117145c58df4ad6a9e2f074d 711ad4b8d6584918809e75b4f2729f9b - - default default] 10.0.0.97 "GET /v2.0/ports/61b328fc-0e6f-4e13-8f0c-bcd43d238a8c HTTP/1.1" status: 200 len: 969 time: 0.0384669
2026-04-28 08:44:59.910 10 INFO neutron.pecan_wsgi.hooks.translation [None req-137a74d9-978d-48e7-ba02-4424b002cdb3 e777667c117145c58df4ad6a9e2f074d 711ad4b8d6584918809e75b4f2729f9b - - - -] DELETE failed (client error): The resource could not be found.
2026-04-28 08:44:59.913 10 INFO neutron.wsgi [None req-137a74d9-978d-48e7-ba02-4424b002cdb3 e777667c117145c58df4ad6a9e2f074d 711ad4b8d6584918809e75b4f2729f9b - - - -] 10.0.0.97 "DELETE /v2.0/ports/a14e0e87-cf51-4c35-8720-9ebfef7f3d9b HTTP/1.1" status: 404 len: 333 time: 0.0201168
2026-04-28 08:44:59.935 10 INFO neutron.pecan_wsgi.hooks.translation [None req-7d1e0dfb-04e6-4fca-96f8-96901ff9ae96 e777667c117145c58df4ad6a9e2f074d 711ad4b8d6584918809e75b4f2729f9b - - - -] DELETE failed (client error): The resource could not be found.
2026-04-28 08:44:59.937 10 INFO neutron.wsgi [None req-7d1e0dfb-04e6-4fca-96f8-96901ff9ae96 e777667c117145c58df4ad6a9e2f074d 711ad4b8d6584918809e75b4f2729f9b - - - -] 10.0.0.97 "DELETE /v2.0/subnets/6910b42d-4d4d-4a09-b86a-cc73bd59affe HTTP/1.1" status: 404 len: 337 time: 0.0192740
2026-04-28 08:44:59.960 10 INFO neutron.pecan_wsgi.hooks.translation [None req-01a0032c-681d-40c7-a50c-5af751fd6c4e e777667c117145c58df4ad6a9e2f074d 711ad4b8d6584918809e75b4f2729f9b - - - -] DELETE failed (client error): The resource could not be found.
2026-04-28 08:44:59.962 10 INFO neutron.wsgi [None req-01a0032c-681d-40c7-a50c-5af751fd6c4e e777667c117145c58df4ad6a9e2f074d 711ad4b8d6584918809e75b4f2729f9b - - - -] 10.0.0.97 "DELETE /v2.0/subnets/568040f6-f8c1-4239-a828-1f3142ef8894 HTTP/1.1" status: 404 len: 337 time: 0.0204480
2026-04-28 08:45:00.066 9 INFO neutron.db.ovn_revision_numbers_db [None req-61014b8d-21e0-4159-8053-fc4d0ca8873e be7af2ea64464ae8a3e1a90975d0fcd1 1eef8dfb62c743bd99e9773b1eac5fdd - - default default] Successfully bumped revision number for resource 62193c26-97de-46aa-b9fc-ffb4428e3b1f (type: security_groups) to 1
2026-04-28 08:45:00.097 9 INFO neutron.wsgi [None req-61014b8d-21e0-4159-8053-fc4d0ca8873e be7af2ea64464ae8a3e1a90975d0fcd1 1eef8dfb62c743bd99e9773b1eac5fdd - - default default] 10.0.0.97 "GET /v2.0/security-groups?tenant_id=99f98e1e0b7f4dcc9502e754e8a50658&name=default HTTP/1.1" status: 200 len: 2996 time: 0.1850855
2026-04-28 08:45:00.117 9 INFO neutron.wsgi [-] 10.0.0.245 "GET / HTTP/1.1" status: 200 len: 247 time: 0.0017128
2026-04-28 08:45:00.120 9 INFO neutron.wsgi [-] 10.0.0.245 "GET / HTTP/1.1" status: 200 len: 247 time: 0.0019450
2026-04-28 08:45:00.262 10 INFO neutron.wsgi [None req-3c022e0e-0b76-4c4a-84e3-e36a4fc0cc2f e777667c117145c58df4ad6a9e2f074d 711ad4b8d6584918809e75b4f2729f9b - - - -] 10.0.0.97 "DELETE /v2.0/ports/61b328fc-0e6f-4e13-8f0c-bcd43d238a8c HTTP/1.1" status: 204 len: 168 time: 0.2949598
2026-04-28 08:45:00.445 9 INFO neutron.wsgi [None req-82c48859-9bce-4b8e-bceb-be94959d65c8 be7af2ea64464ae8a3e1a90975d0fcd1 1eef8dfb62c743bd99e9773b1eac5fdd - - - -] 10.0.0.97 "DELETE /v2.0/security-groups/62193c26-97de-46aa-b9fc-ffb4428e3b1f HTTP/1.1" status: 204 len: 168 time: 0.3375204
2026-04-28 08:45:00.452 10 INFO neutron.plugins.ml2.drivers.ovn.mech_driver.mech_driver [None req-74fc8ed6-ce4d-4b22-91b4-59943f7cf4e5 - - - - - -] OVN reports status up for port: e8446a66-47d9-4a02-b579-cb2f64f01c78
2026-04-28 08:45:00.453 9 INFO neutron.db.ovn_revision_numbers_db [None req-bbcdb8c6-6cae-419f-be96-bafa4f3ffb32 cd07317fceb54aef8005737e08ff0eb9 8664b5a1cd7444b09a7f922b611d5cc8 - - - -] Successfully bumped revision number for resource e8446a66-47d9-4a02-b579-cb2f64f01c78 (type: router_ports) to 1
2026-04-28 08:45:00.467 10 INFO neutron.plugins.ml2.plugin [None req-74fc8ed6-ce4d-4b22-91b4-59943f7cf4e5 - - - - - -] Attempt 1 to provision port e8446a66-47d9-4a02-b579-cb2f64f01c78
2026-04-28 08:45:00.522 9 INFO neutron.db.ovn_revision_numbers_db [None req-bbcdb8c6-6cae-419f-be96-bafa4f3ffb32 cd07317fceb54aef8005737e08ff0eb9 8664b5a1cd7444b09a7f922b611d5cc8 - - - -] Successfully bumped revision number for resource 152d3515-b1f0-4b99-a53a-78685a3eb360 (type: routers) to 3
2026-04-28 08:45:00.537 9 INFO neutron.wsgi [None req-bbcdb8c6-6cae-419f-be96-bafa4f3ffb32 cd07317fceb54aef8005737e08ff0eb9 8664b5a1cd7444b09a7f922b611d5cc8 - - - -] 10.0.0.97 "POST /v2.0/routers HTTP/1.1" status: 201 len: 875 time: 1.9290917
2026-04-28 08:45:00.860 10 INFO neutron.services.segments.plugin [-] Segment ede9ca35-e468-4c70-8064-b189ccc5fb6e resource provider aggregate not found
2026-04-28 08:45:00.882 10 INFO neutron.services.segments.plugin [-] Segment ede9ca35-e468-4c70-8064-b189ccc5fb6e resource provider aggregate not found
2026-04-28 08:45:00.896 10 INFO neutron.services.segments.plugin [-] Segment ede9ca35-e468-4c70-8064-b189ccc5fb6e resource provider not found; error: Placement Client Error (4xx): {"errors": [{"status": 404, "title": "Not Found", "detail": "The resource could not be found.\n\n No resource provider with uuid ede9ca35-e468-4c70-8064-b189ccc5fb6e found for delete ", "request_id": "req-0c54b864-e9e7-4f94-956e-a0bd3f213e68"}]}
2026-04-28 08:45:00.913 10 INFO neutron.services.segments.plugin [-] Segment ede9ca35-e468-4c70-8064-b189ccc5fb6e resource provider not found; error: Placement Client Error (4xx): {"errors": [{"status": 404, "title": "Not Found", "detail": "The resource could not be found.\n\n No resource provider with uuid ede9ca35-e468-4c70-8064-b189ccc5fb6e found for delete ", "request_id": "req-b9719871-0b38-47b1-bef9-382765a9c603"}]}
2026-04-28 08:45:00.947 10 INFO neutron.wsgi [None req-0bd08fce-1d48-440f-a821-cf10c79056e0 e777667c117145c58df4ad6a9e2f074d 711ad4b8d6584918809e75b4f2729f9b - - - -] 10.0.0.97 "DELETE /v2.0/networks/e8a1cc3c-aaba-49e3-87a9-5155c681fdad HTTP/1.1" status: 204 len: 168 time: 0.6788449
2026-04-28 08:45:01.557 9 WARNING neutron.scheduler.dhcp_agent_scheduler [None req-8bbd50b8-c855-42ed-96ba-49677ec6a0e1 cd07317fceb54aef8005737e08ff0eb9 8664b5a1cd7444b09a7f922b611d5cc8 - - default default] No more DHCP agents
2026-04-28 08:45:01.559 9 WARNING neutron.api.rpc.agentnotifiers.dhcp_rpc_agent_api [None req-8bbd50b8-c855-42ed-96ba-49677ec6a0e1 cd07317fceb54aef8005737e08ff0eb9 8664b5a1cd7444b09a7f922b611d5cc8 - - default default] Unable to schedule network fb9c099c-f399-4fc0-bd36-a3f07c1df78c: no agents available; will retry on subsequent port and subnet creation events.
2026-04-28 08:45:01.662 10 INFO neutron.wsgi [None req-534e27b5-7cc9-4567-a1a3-c6fa5a40515e be7af2ea64464ae8a3e1a90975d0fcd1 1eef8dfb62c743bd99e9773b1eac5fdd - - default default] 10.0.0.97 "GET /v2.0/security-groups?tenant_id=711ad4b8d6584918809e75b4f2729f9b&name=default HTTP/1.1" status: 200 len: 2996 time: 0.2458844
2026-04-28 08:45:01.729 9 INFO neutron.db.ovn_revision_numbers_db [None req-8bbd50b8-c855-42ed-96ba-49677ec6a0e1 cd07317fceb54aef8005737e08ff0eb9 8664b5a1cd7444b09a7f922b611d5cc8 - - default default] Successfully bumped revision number for resource 9855039f-8ffc-4833-9ecc-2c27084f6d28 (type: ports) to 1
2026-04-28 08:45:01.866 10 INFO neutron.wsgi [None req-28896cd9-9d43-4c14-96ba-6171e34d03f8 be7af2ea64464ae8a3e1a90975d0fcd1 1eef8dfb62c743bd99e9773b1eac5fdd - - - -] 10.0.0.97 "DELETE /v2.0/security-groups/fc568b95-6d2e-435d-ba5e-46f4ba43072f HTTP/1.1" status: 204 len: 168 time: 0.1985087
2026-04-28 08:45:02.285 9 INFO neutron.db.ovn_revision_numbers_db [None req-8bbd50b8-c855-42ed-96ba-49677ec6a0e1 cd07317fceb54aef8005737e08ff0eb9 8664b5a1cd7444b09a7f922b611d5cc8 - - default default] Successfully bumped revision number for resource 9855039f-8ffc-4833-9ecc-2c27084f6d28 (type: router_ports) to 2
2026-04-28 08:45:02.424 9 INFO neutron.db.ovn_revision_numbers_db [None req-8bbd50b8-c855-42ed-96ba-49677ec6a0e1 cd07317fceb54aef8005737e08ff0eb9 8664b5a1cd7444b09a7f922b611d5cc8 - - default default] Successfully bumped revision number for resource 9855039f-8ffc-4833-9ecc-2c27084f6d28 (type: ports) to 2
2026-04-28 08:45:02.482 9 WARNING neutron.scheduler.dhcp_agent_scheduler [None req-8bbd50b8-c855-42ed-96ba-49677ec6a0e1 cd07317fceb54aef8005737e08ff0eb9 8664b5a1cd7444b09a7f922b611d5cc8 - - default default] No more DHCP agents
2026-04-28 08:45:02.483 9 WARNING neutron.api.rpc.agentnotifiers.dhcp_rpc_agent_api [None req-8bbd50b8-c855-42ed-96ba-49677ec6a0e1 cd07317fceb54aef8005737e08ff0eb9 8664b5a1cd7444b09a7f922b611d5cc8 - - default default] Unable to schedule network fb9c099c-f399-4fc0-bd36-a3f07c1df78c: no agents available; will retry on subsequent port and subnet creation events.
2026-04-28 08:45:02.794 9 INFO neutron.db.ovn_revision_numbers_db [None req-8bbd50b8-c855-42ed-96ba-49677ec6a0e1 cd07317fceb54aef8005737e08ff0eb9 8664b5a1cd7444b09a7f922b611d5cc8 - - - -] Successfully bumped revision number for resource 9855039f-8ffc-4833-9ecc-2c27084f6d28 (type: router_ports) to 2
2026-04-28 08:45:02.797 9 INFO neutron.wsgi [None req-8bbd50b8-c855-42ed-96ba-49677ec6a0e1 cd07317fceb54aef8005737e08ff0eb9 8664b5a1cd7444b09a7f922b611d5cc8 - - - -] 10.0.0.97 "PUT /v2.0/routers/152d3515-b1f0-4b99-a53a-78685a3eb360/add_router_interface HTTP/1.1" status: 200 len: 503 time: 2.2543771
2026-04-28 08:45:02.973 10 WARNING neutron.scheduler.dhcp_agent_scheduler [None req-75a772a0-2298-47f1-8b76-71b077bf0816 4d32c6782ea74751b069b23a89bc50d5 4e1da802a58549a5bb460fee07351118 - - - -] No more DHCP agents
2026-04-28 08:45:02.974 10 WARNING neutron.api.rpc.agentnotifiers.dhcp_rpc_agent_api [None req-75a772a0-2298-47f1-8b76-71b077bf0816 4d32c6782ea74751b069b23a89bc50d5 4e1da802a58549a5bb460fee07351118 - - - -] Unable to schedule network 0aa34039-32bf-4afa-b008-a52a32dd4f11: no agents available; will retry on subsequent port and subnet creation events.
2026-04-28 08:45:03.206 9 WARNING neutron.scheduler.dhcp_agent_scheduler [None req-57878fa4-38fb-4936-88b9-a78e55af29b6 cd07317fceb54aef8005737e08ff0eb9 8664b5a1cd7444b09a7f922b611d5cc8 - - - -] No more DHCP agents
2026-04-28 08:45:03.210 9 WARNING neutron.api.rpc.agentnotifiers.dhcp_rpc_agent_api [None req-57878fa4-38fb-4936-88b9-a78e55af29b6 cd07317fceb54aef8005737e08ff0eb9 8664b5a1cd7444b09a7f922b611d5cc8 - - - -] Unable to schedule network fb9c099c-f399-4fc0-bd36-a3f07c1df78c: no agents available; will retry on subsequent port and subnet creation events.
2026-04-28 08:45:03.381 10 INFO neutron.db.ovn_revision_numbers_db [None req-75a772a0-2298-47f1-8b76-71b077bf0816 4d32c6782ea74751b069b23a89bc50d5 4e1da802a58549a5bb460fee07351118 - - - -] Successfully bumped revision number for resource 90f7947a-1213-414b-a12f-6b1b0628bd57 (type: floatingips) to 0
2026-04-28 08:45:03.399 10 INFO neutron.wsgi [None req-75a772a0-2298-47f1-8b76-71b077bf0816 4d32c6782ea74751b069b23a89bc50d5 4e1da802a58549a5bb460fee07351118 - - - -] 10.0.0.97 "POST /v2.0/floatingips HTTP/1.1" status: 201 len: 751 time: 0.8802443
2026-04-28 08:45:03.434 9 INFO neutron.db.ovn_revision_numbers_db [None req-57878fa4-38fb-4936-88b9-a78e55af29b6 cd07317fceb54aef8005737e08ff0eb9 8664b5a1cd7444b09a7f922b611d5cc8 - - - -] Successfully bumped revision number for resource b29f2fc0-1c34-4849-b67b-2caa36f8ec08 (type: ports) to 1
2026-04-28 08:45:03.472 9 INFO neutron.wsgi [None req-57878fa4-38fb-4936-88b9-a78e55af29b6 cd07317fceb54aef8005737e08ff0eb9 8664b5a1cd7444b09a7f922b611d5cc8 - - - -] 10.0.0.97 "POST /v2.0/ports HTTP/1.1" status: 201 len: 1154 time: 0.6689892 /var/lib/openstack/lib/python3.10/site-packages/pycadf/identifier.py:71: UserWarning: Invalid uuid: neutron. To ensure interoperability, identifiers should be a valid uuid. warnings.warn(('Invalid uuid: %s. To ensure interoperability, '
2026-04-28 08:45:03.890 9 WARNING neutron.scheduler.dhcp_agent_scheduler [None req-8cec6a6b-be8a-4531-a113-caffe459d973 cd07317fceb54aef8005737e08ff0eb9 8664b5a1cd7444b09a7f922b611d5cc8 - - - -] No more DHCP agents
2026-04-28 08:45:03.894 9 WARNING neutron.api.rpc.agentnotifiers.dhcp_rpc_agent_api [None req-8cec6a6b-be8a-4531-a113-caffe459d973 cd07317fceb54aef8005737e08ff0eb9 8664b5a1cd7444b09a7f922b611d5cc8 - - - -] Unable to schedule network fb9c099c-f399-4fc0-bd36-a3f07c1df78c: no agents available; will retry on subsequent port and subnet creation events. /var/lib/openstack/lib/python3.10/site-packages/pycadf/identifier.py:71: UserWarning: Invalid uuid: neutron. To ensure interoperability, identifiers should be a valid uuid. warnings.warn(('Invalid uuid: %s. To ensure interoperability, '
2026-04-28 08:45:03.994 10 WARNING neutron.scheduler.dhcp_agent_scheduler [None req-70d8d79f-0497-485f-aa6b-281b4bb23195 4d32c6782ea74751b069b23a89bc50d5 4e1da802a58549a5bb460fee07351118 - - - -] No more DHCP agents
2026-04-28 08:45:03.996 10 WARNING neutron.api.rpc.agentnotifiers.dhcp_rpc_agent_api [None req-70d8d79f-0497-485f-aa6b-281b4bb23195 4d32c6782ea74751b069b23a89bc50d5 4e1da802a58549a5bb460fee07351118 - - - -] Unable to schedule network 0aa34039-32bf-4afa-b008-a52a32dd4f11: no agents available; will retry on subsequent port and subnet creation events.
2026-04-28 08:45:04.061 9 INFO neutron.db.ovn_revision_numbers_db [None req-8cec6a6b-be8a-4531-a113-caffe459d973 cd07317fceb54aef8005737e08ff0eb9 8664b5a1cd7444b09a7f922b611d5cc8 - - - -] Successfully bumped revision number for resource 99c223c8-ad0d-4e37-a20e-99955e6f8c68 (type: ports) to 1
2026-04-28 08:45:04.095 9 INFO neutron.wsgi [None req-8cec6a6b-be8a-4531-a113-caffe459d973 cd07317fceb54aef8005737e08ff0eb9 8664b5a1cd7444b09a7f922b611d5cc8 - - - -] 10.0.0.97 "POST /v2.0/ports HTTP/1.1" status: 201 len: 1154 time: 0.6112683
2026-04-28 08:45:04.104 9 INFO neutron.db.ovn_revision_numbers_db [None req-2b73097c-3a73-4c8a-93bc-0b68a4660ea0 35abf86c9d5a4972b3aac6469cda9992 93fe63d8f61c4b78a20633935b3fac22 - - - -] Successfully bumped revision number for resource 87c00937-d66d-4784-8f18-a755a0c07844 (type: security_groups) to 1
2026-04-28 08:45:04.202 9 INFO neutron.db.segments_db [None req-2b73097c-3a73-4c8a-93bc-0b68a4660ea0 35abf86c9d5a4972b3aac6469cda9992 93fe63d8f61c4b78a20633935b3fac22 - - - -] Added segment aa73df01-7a96-4e90-8405-6d6babd81e3d of type geneve for network ee96c77e-1804-42bb-bbe6-a3e50696794b
2026-04-28 08:45:04.322 10 INFO neutron.db.ovn_revision_numbers_db [None req-70d8d79f-0497-485f-aa6b-281b4bb23195 4d32c6782ea74751b069b23a89bc50d5 4e1da802a58549a5bb460fee07351118 - - - -] Successfully bumped revision number for resource 771a629b-e657-4b59-88a6-0a5de53c231e (type: floatingips) to 0
2026-04-28 08:45:04.338 10 INFO neutron.wsgi [None req-70d8d79f-0497-485f-aa6b-281b4bb23195 4d32c6782ea74751b069b23a89bc50d5 4e1da802a58549a5bb460fee07351118 - - - -] 10.0.0.97 "POST /v2.0/floatingips HTTP/1.1" status: 201 len: 751 time: 0.9345345
2026-04-28 08:45:04.423 9 INFO neutron.db.ovn_revision_numbers_db [None req-2b73097c-3a73-4c8a-93bc-0b68a4660ea0 35abf86c9d5a4972b3aac6469cda9992 93fe63d8f61c4b78a20633935b3fac22 - - - -] Successfully bumped revision number for resource ee96c77e-1804-42bb-bbe6-a3e50696794b (type: networks) to 1
2026-04-28 08:45:04.635 10 WARNING neutron.scheduler.dhcp_agent_scheduler [None req-7e668ceb-8dcc-4ff6-9c93-948673a42b40 4d32c6782ea74751b069b23a89bc50d5 4e1da802a58549a5bb460fee07351118 - - - -] No more DHCP agents
2026-04-28 08:45:04.636 10 WARNING neutron.api.rpc.agentnotifiers.dhcp_rpc_agent_api [None req-7e668ceb-8dcc-4ff6-9c93-948673a42b40 4d32c6782ea74751b069b23a89bc50d5 4e1da802a58549a5bb460fee07351118 - - - -] Unable to schedule network 0aa34039-32bf-4afa-b008-a52a32dd4f11: no agents available; will retry on subsequent port and subnet creation events.
2026-04-28 08:45:04.829 9 WARNING neutron.scheduler.dhcp_agent_scheduler [None req-87a98066-0624-41cb-ba92-f6cc0c0a94bc cd07317fceb54aef8005737e08ff0eb9 8664b5a1cd7444b09a7f922b611d5cc8 - - - -] No more DHCP agents
2026-04-28 08:45:04.831 9 WARNING neutron.api.rpc.agentnotifiers.dhcp_rpc_agent_api [None req-87a98066-0624-41cb-ba92-f6cc0c0a94bc cd07317fceb54aef8005737e08ff0eb9 8664b5a1cd7444b09a7f922b611d5cc8 - - - -] Unable to schedule network 0aa34039-32bf-4afa-b008-a52a32dd4f11: no agents available; will retry on subsequent port and subnet creation events.
2026-04-28 08:45:04.919 9 WARNING neutron.scheduler.dhcp_agent_scheduler [None req-2b73097c-3a73-4c8a-93bc-0b68a4660ea0 35abf86c9d5a4972b3aac6469cda9992 93fe63d8f61c4b78a20633935b3fac22 - - - -] No more DHCP agents
2026-04-28 08:45:04.921 9 WARNING neutron.api.rpc.agentnotifiers.dhcp_rpc_agent_api [None req-2b73097c-3a73-4c8a-93bc-0b68a4660ea0 35abf86c9d5a4972b3aac6469cda9992 93fe63d8f61c4b78a20633935b3fac22 - - - -] Unable to schedule network ee96c77e-1804-42bb-bbe6-a3e50696794b: no agents available; will retry on subsequent port and subnet creation events.
2026-04-28 08:45:04.952 10 INFO neutron.db.ovn_revision_numbers_db [None req-7e668ceb-8dcc-4ff6-9c93-948673a42b40 4d32c6782ea74751b069b23a89bc50d5 4e1da802a58549a5bb460fee07351118 - - - -] Successfully bumped revision number for resource 25f7e4dd-82c5-466a-b6a7-ca055370fed9 (type: floatingips) to 0
2026-04-28 08:45:04.970 10 INFO neutron.wsgi [None req-7e668ceb-8dcc-4ff6-9c93-948673a42b40 4d32c6782ea74751b069b23a89bc50d5 4e1da802a58549a5bb460fee07351118 - - - -] 10.0.0.97 "POST /v2.0/floatingips HTTP/1.1" status: 201 len: 751 time: 0.6267941
2026-04-28 08:45:05.023 9 INFO neutron.db.ovn_revision_numbers_db [None req-2b73097c-3a73-4c8a-93bc-0b68a4660ea0 35abf86c9d5a4972b3aac6469cda9992 93fe63d8f61c4b78a20633935b3fac22 - - - -] Successfully bumped revision number for resource 5e866e79-8bf2-492d-89ba-ab40cdd03a4d (type: ports) to 1
