2026-04-28 08:45:37.258 9 INFO neutron.wsgi [None req-613306ba-819f-459b-bc0a-fb22d619331d c89b76c4745d49419bdf79c37c5b5eee 91f8cad1326744af8d4d3619b20d9aba - - - -] 10.0.0.97 "PUT /v2.0/trunks/56d72950-1bac-4424-9926-fd2d442ce517/tags HTTP/1.1" status: 200 len: 212 time: 0.0169244
2026-04-28 08:45:37.284 9 INFO neutron.wsgi [None req-9d90efb4-b3f7-4030-a7b0-806d0ec3aab3 c89b76c4745d49419bdf79c37c5b5eee 91f8cad1326744af8d4d3619b20d9aba - - default default] 10.0.0.97 "GET /v2.0/trunks?tags=red HTTP/1.1" status: 200 len: 1447 time: 0.0204573
2026-04-28 08:45:37.307 9 INFO neutron.wsgi [None req-2bb865db-370c-467b-a0ab-2bc34f498cfd c89b76c4745d49419bdf79c37c5b5eee 91f8cad1326744af8d4d3619b20d9aba - - default default] 10.0.0.97 "GET /v2.0/trunks?tags=red%2Cblue HTTP/1.1" status: 200 len: 1041 time: 0.0185723
2026-04-28 08:45:37.329 9 INFO neutron.wsgi [None req-b8b0ceed-95fc-418c-8719-1a57c5e1eba9 c89b76c4745d49419bdf79c37c5b5eee 91f8cad1326744af8d4d3619b20d9aba - - default default] 10.0.0.97 "GET /v2.0/trunks?tags-any=blue HTTP/1.1" status: 200 len: 1041 time: 0.0169597
2026-04-28 08:45:37.349 9 INFO neutron.wsgi [None req-20faa764-b224-4900-ac0f-4326fff10529 c89b76c4745d49419bdf79c37c5b5eee 91f8cad1326744af8d4d3619b20d9aba - - default default] 10.0.0.97 "GET /v2.0/trunks?tags-any=red%2Cblue HTTP/1.1" status: 200 len: 1447 time: 0.0152092
2026-04-28 08:45:37.377 9 INFO neutron.wsgi [None req-8a4398e3-3ecb-4528-b2ce-6265035eb9bb c89b76c4745d49419bdf79c37c5b5eee 91f8cad1326744af8d4d3619b20d9aba - - default default] 10.0.0.97 "GET /v2.0/trunks?not-tags=red HTTP/1.1" status: 200 len: 1013 time: 0.0204694
2026-04-28 08:45:37.403 9 INFO neutron.wsgi [None req-8609f55b-6740-4b0f-a853-44acdb0e6864 c89b76c4745d49419bdf79c37c5b5eee 91f8cad1326744af8d4d3619b20d9aba - - default default] 10.0.0.97 "GET /v2.0/trunks?not-tags=red%2Cblue HTTP/1.1" status: 200 len: 1419 time: 0.0215909
2026-04-28 08:45:37.432 9 INFO neutron.wsgi [None req-d1445e87-49b1-41da-a706-43792f6a7b1f c89b76c4745d49419bdf79c37c5b5eee 91f8cad1326744af8d4d3619b20d9aba - - default default] 10.0.0.97 "GET /v2.0/trunks?not-tags-any=blue HTTP/1.1" status: 200 len: 1419 time: 0.0236971
2026-04-28 08:45:37.452 9 INFO neutron.wsgi [None req-a763847a-efbb-4adc-a889-e9c1c7ac694c c89b76c4745d49419bdf79c37c5b5eee 91f8cad1326744af8d4d3619b20d9aba - - default default] 10.0.0.97 "GET /v2.0/trunks?not-tags-any=red%2Cblue HTTP/1.1" status: 200 len: 1013 time: 0.0166976
2026-04-28 08:45:37.481 9 INFO neutron.wsgi [None req-7bd531fd-55ee-4932-8bf0-5b36a4c7c5fd c89b76c4745d49419bdf79c37c5b5eee 91f8cad1326744af8d4d3619b20d9aba - - default default] 10.0.0.97 "GET /v2.0/trunks/40c9b2d9-e8c9-4b6f-85d7-f03098a6a2f0 HTTP/1.1" status: 200 len: 608 time: 0.0195005
2026-04-28 08:45:37.623 9 INFO neutron.wsgi [None req-0b2f5202-4c34-40c1-9f89-692e953d9187 c89b76c4745d49419bdf79c37c5b5eee 91f8cad1326744af8d4d3619b20d9aba - - default default] 10.0.0.97 "GET /v2.0/ports/c367cc45-6ad1-486f-807c-98112b0e13bf HTTP/1.1" status: 200 len: 1020 time: 0.1356940
2026-04-28 08:45:37.719 9 INFO neutron.wsgi [None req-820ec097-51cd-4d2c-8a63-8aa172385f4b c89b76c4745d49419bdf79c37c5b5eee 91f8cad1326744af8d4d3619b20d9aba - - - -] 10.0.0.97 "DELETE /v2.0/trunks/40c9b2d9-e8c9-4b6f-85d7-f03098a6a2f0 HTTP/1.1" status: 204 len: 168 time: 0.0898075
2026-04-28 08:45:37.751 9 INFO neutron.wsgi [None req-2d388aec-3a54-4748-8f03-abc7fe8aa487 c89b76c4745d49419bdf79c37c5b5eee 91f8cad1326744af8d4d3619b20d9aba - - default default] 10.0.0.97 "GET /v2.0/trunks/44dfb6ac-e084-49d3-944c-95004ada21d5 HTTP/1.1" status: 200 len: 616 time: 0.0250847
2026-04-28 08:45:37.784 9 INFO neutron.wsgi [None req-645656ef-b63b-4823-ac89-b6fa8de8c364 be7af2ea64464ae8a3e1a90975d0fcd1 1eef8dfb62c743bd99e9773b1eac5fdd - - default default] 10.0.0.97 "GET /v2.0/security-groups?tenant_id=93fe63d8f61c4b78a20633935b3fac22&name=default HTTP/1.1" status: 200 len: 2996 time: 0.2283828
2026-04-28 08:45:37.950 10 INFO neutron.wsgi [None req-4db0f8d1-750e-4b79-abfb-ae876fdf0e8a c89b76c4745d49419bdf79c37c5b5eee 91f8cad1326744af8d4d3619b20d9aba - - default default] 10.0.0.97 "GET /v2.0/ports/603ba4aa-7bbf-4e9b-9f29-7e102283f1b4 HTTP/1.1" status: 200 len: 1020 time: 0.1916599
2026-04-28 08:45:37.957 10 INFO neutron.wsgi [None req-9795d0db-64ff-4167-82f4-40cc7f38c046 be7af2ea64464ae8a3e1a90975d0fcd1 1eef8dfb62c743bd99e9773b1eac5fdd - - default default] 10.0.0.67 "GET /v2.0/networks HTTP/1.1" status: 200 len: 5880 time: 0.2277355
2026-04-28 08:45:37.985 10 INFO neutron.wsgi [None req-33759926-3740-4b0f-8e81-6436ce0b2505 be7af2ea64464ae8a3e1a90975d0fcd1 1eef8dfb62c743bd99e9773b1eac5fdd - - default default] 10.0.0.67 "GET /v2.0/agents HTTP/1.1" status: 200 len: 997 time: 0.0185823
2026-04-28 08:45:38.002 9 INFO neutron.wsgi [None req-81d19326-d5bc-45be-8213-a2720d3f2e21 be7af2ea64464ae8a3e1a90975d0fcd1 1eef8dfb62c743bd99e9773b1eac5fdd - - - -] 10.0.0.97 "DELETE /v2.0/security-groups/87c00937-d66d-4784-8f18-a755a0c07844 HTTP/1.1" status: 204 len: 168 time: 0.2083819
2026-04-28 08:45:38.053 10 INFO neutron.wsgi [None req-07f948c0-7561-4941-a818-dd0e1a42ca55 be7af2ea64464ae8a3e1a90975d0fcd1 1eef8dfb62c743bd99e9773b1eac5fdd - - default default] 10.0.0.67 "GET /v2.0/subnets HTTP/1.1" status: 200 len: 1437 time: 0.0648365
2026-04-28 08:45:38.069 9 INFO neutron.wsgi [None req-fe20cded-2bc3-49d0-bb40-bc3d3ea9a28f c89b76c4745d49419bdf79c37c5b5eee 91f8cad1326744af8d4d3619b20d9aba - - - -] 10.0.0.97 "DELETE /v2.0/trunks/44dfb6ac-e084-49d3-944c-95004ada21d5 HTTP/1.1" status: 204 len: 168 time: 0.1149995
2026-04-28 08:45:38.070 10 INFO neutron.wsgi [None req-e1b835dd-6417-4d6a-bb64-3cce838f0855 be7af2ea64464ae8a3e1a90975d0fcd1 1eef8dfb62c743bd99e9773b1eac5fdd - - default default] 10.0.0.67 "GET /v2.0/subnetpools HTTP/1.1" status: 200 len: 193 time: 0.0156040
2026-04-28 08:45:38.089 10 INFO neutron.wsgi [None req-7e7c413b-82da-446d-a280-acbdfe513999 be7af2ea64464ae8a3e1a90975d0fcd1 1eef8dfb62c743bd99e9773b1eac5fdd - - default default] 10.0.0.67 "GET /v2.0/network-ip-availabilities HTTP/1.1" status: 200 len: 2617 time: 0.0178080
2026-04-28 08:45:38.095 9 INFO neutron.wsgi [None req-e23444f7-2642-4adf-b1a9-09c711efa50d c89b76c4745d49419bdf79c37c5b5eee 91f8cad1326744af8d4d3619b20d9aba - - default default] 10.0.0.97 "GET /v2.0/trunks/ce6528f2-7930-461f-90a1-94be1ebc6f01 HTTP/1.1" status: 200 len: 625 time: 0.0198889
2026-04-28 08:45:38.204 10 INFO neutron.wsgi [None req-29be20aa-fdaf-4fe8-89b8-e124ca32dfcb be7af2ea64464ae8a3e1a90975d0fcd1 1eef8dfb62c743bd99e9773b1eac5fdd - - default default] 10.0.0.67 "GET /v2.0/security-groups HTTP/1.1" status: 200 len: 19583 time: 0.1133566
2026-04-28 08:45:38.211 10 INFO neutron.wsgi [None req-0653a909-7ed8-44e4-82d9-6fee4febf822 c89b76c4745d49419bdf79c37c5b5eee 91f8cad1326744af8d4d3619b20d9aba - - default default] 10.0.0.97 "GET /v2.0/ports/210d034a-2950-4baa-86dd-21729154f46d HTTP/1.1" status: 200 len: 1020 time: 0.1097512
2026-04-28 08:45:38.277 10 INFO neutron.wsgi [None req-f36c01de-4888-47b6-9ad2-e87b8c86b7d3 be7af2ea64464ae8a3e1a90975d0fcd1 1eef8dfb62c743bd99e9773b1eac5fdd - - default default] 10.0.0.67 "GET /v2.0/routers HTTP/1.1" status: 200 len: 189 time: 0.0652990
2026-04-28 08:45:38.294 10 INFO neutron.wsgi [None req-21047c9f-8ea1-4042-a1aa-6cb3d50f6ab4 be7af2ea64464ae8a3e1a90975d0fcd1 1eef8dfb62c743bd99e9773b1eac5fdd - - default default] 10.0.0.67 "GET /v2.0/agents?binary=ovn-controller HTTP/1.1" status: 200 len: 591 time: 0.0156186
2026-04-28 08:45:38.321 9 INFO neutron.wsgi [None req-d5f076b8-c29c-49f0-ac9d-f0abdb22f958 c89b76c4745d49419bdf79c37c5b5eee 91f8cad1326744af8d4d3619b20d9aba - - - -] 10.0.0.97 "DELETE /v2.0/trunks/ce6528f2-7930-461f-90a1-94be1ebc6f01 HTTP/1.1" status: 204 len: 168 time: 0.1021376
2026-04-28 08:45:38.328 10 INFO neutron.wsgi [None req-47d06991-e941-4a96-99dd-1f2437f193ba be7af2ea64464ae8a3e1a90975d0fcd1 1eef8dfb62c743bd99e9773b1eac5fdd - - default default] 10.0.0.67 "GET /v2.0/floatingips HTTP/1.1" status: 200 len: 193 time: 0.0330029
2026-04-28 08:45:38.344 9 INFO neutron.wsgi [None req-a45dab37-692f-4f76-aaab-07883a070296 c89b76c4745d49419bdf79c37c5b5eee 91f8cad1326744af8d4d3619b20d9aba - - default default] 10.0.0.97 "GET /v2.0/trunks/56d72950-1bac-4424-9926-fd2d442ce517 HTTP/1.1" status: 200 len: 610 time: 0.0168667
2026-04-28 08:45:38.363 10 INFO neutron.wsgi [None req-bab0b63e-68b0-4dae-a72e-8daccfbba1f1 be7af2ea64464ae8a3e1a90975d0fcd1 1eef8dfb62c743bd99e9773b1eac5fdd - - default default] 10.0.0.67 "GET /v2.0/subnets HTTP/1.1" status: 200 len: 1437 time: 0.0341363
2026-04-28 08:45:38.438 9 INFO neutron.wsgi [None req-f3d1bd31-a195-4c36-8ad4-1f22d5556a87 c89b76c4745d49419bdf79c37c5b5eee 91f8cad1326744af8d4d3619b20d9aba - - default default] 10.0.0.97 "GET /v2.0/ports/d3b8b24b-f870-47ae-9601-187e06a54cbb HTTP/1.1" status: 200 len: 1020 time: 0.0875225
2026-04-28 08:45:38.447 10 INFO neutron.wsgi [None req-2fc759e2-deaf-4a31-a86f-442defbaafb4 be7af2ea64464ae8a3e1a90975d0fcd1 1eef8dfb62c743bd99e9773b1eac5fdd - - default default] 10.0.0.67 "GET /v2.0/ports HTTP/1.1" status: 200 len: 14077 time: 0.0824430
2026-04-28 08:45:38.583 9 INFO neutron.wsgi [None req-95a3ea59-16ce-49bd-a35c-47f869bbd78c c89b76c4745d49419bdf79c37c5b5eee 91f8cad1326744af8d4d3619b20d9aba - - - -] 10.0.0.97 "DELETE /v2.0/trunks/56d72950-1bac-4424-9926-fd2d442ce517 HTTP/1.1" status: 204 len: 168 time: 0.1372263
2026-04-28 08:45:38.616 9 INFO neutron.wsgi [None req-d64aae84-3f4c-44ee-b729-8ac6e5c6285a c89b76c4745d49419bdf79c37c5b5eee 91f8cad1326744af8d4d3619b20d9aba - - default default] 10.0.0.97 "GET /v2.0/trunks/92245aa8-2e30-49b7-a120-cc0450fd5b1b HTTP/1.1" status: 200 len: 603 time: 0.0263591
2026-04-28 08:45:38.755 9 INFO neutron.wsgi [None req-bcfc2302-bd99-41d3-b40c-9751b9586e40 c89b76c4745d49419bdf79c37c5b5eee 91f8cad1326744af8d4d3619b20d9aba - - default default] 10.0.0.97 "GET /v2.0/ports/890209e2-0979-430e-8330-d9c878ab272e HTTP/1.1" status: 200 len: 1020 time: 0.1325662
2026-04-28 08:45:38.871 9 INFO neutron.wsgi [None req-b5e3f2bb-21d0-429b-a8c2-7097a58ebb70 c89b76c4745d49419bdf79c37c5b5eee 91f8cad1326744af8d4d3619b20d9aba - - - -] 10.0.0.97 "DELETE /v2.0/trunks/92245aa8-2e30-49b7-a120-cc0450fd5b1b HTTP/1.1" status: 204 len: 168 time: 0.1101105
2026-04-28 08:45:39.088 10 INFO neutron.db.ovn_revision_numbers_db [None req-6b7bdbb3-3697-4c38-9c8a-2f8735582436 e92b5f3788954193bb95f71674515eff 3001031a7ef94e65a15f0257173e6729 - - - -] Successfully bumped revision number for resource 1dccd875-92ca-4623-98f7-6770df0fd7a2 (type: security_groups) to 1
2026-04-28 08:45:39.242 10 INFO neutron.db.ovn_revision_numbers_db [None req-6b7bdbb3-3697-4c38-9c8a-2f8735582436 e92b5f3788954193bb95f71674515eff 3001031a7ef94e65a15f0257173e6729 - - - -] Successfully bumped revision number for resource b357986b-6ec0-45a7-a093-11045d51c0c6 (type: security_groups) to 1
2026-04-28 08:45:39.280 10 INFO neutron.wsgi [None req-6b7bdbb3-3697-4c38-9c8a-2f8735582436 e92b5f3788954193bb95f71674515eff 3001031a7ef94e65a15f0257173e6729 - - - -] 10.0.0.97 "POST /v2.0/security-groups HTTP/1.1" status: 201 len: 1761 time: 0.7483251
2026-04-28 08:45:39.293 10 INFO neutron.wsgi [None req-4c0e9eb5-fbf2-4b01-8ed0-ce5035dfb8f5 c89b76c4745d49419bdf79c37c5b5eee 91f8cad1326744af8d4d3619b20d9aba - - - -] 10.0.0.97 "DELETE /v2.0/ports/c367cc45-6ad1-486f-807c-98112b0e13bf HTTP/1.1" status: 204 len: 168 time: 0.4101417
2026-04-28 08:45:39.335 9 INFO neutron.wsgi [None req-259ddd32-af76-4b66-b1a9-bf163f9f5a00 e92b5f3788954193bb95f71674515eff 3001031a7ef94e65a15f0257173e6729 - - default default] 10.0.0.97 "GET /v2.0/security-groups HTTP/1.1" status: 200 len: 4539 time: 0.0493677
2026-04-28 08:45:39.432 9 INFO neutron.db.ovn_revision_numbers_db [None req-47bc03b7-c9ec-4785-b66c-9cf272a5c880 e92b5f3788954193bb95f71674515eff 3001031a7ef94e65a15f0257173e6729 - - - -] Successfully bumped revision number for resource b357986b-6ec0-45a7-a093-11045d51c0c6 (type: security_groups) to 2
2026-04-28 08:45:39.437 9 INFO neutron.wsgi [None req-47bc03b7-c9ec-4785-b66c-9cf272a5c880 e92b5f3788954193bb95f71674515eff 3001031a7ef94e65a15f0257173e6729 - - - -] 10.0.0.97 "PUT /v2.0/security-groups/b357986b-6ec0-45a7-a093-11045d51c0c6 HTTP/1.1" status: 200 len: 1794 time: 0.0961428
2026-04-28 08:45:39.481 9 INFO neutron.wsgi [None req-c1bb2463-9d53-43f0-9c00-f17f88659ee2 e92b5f3788954193bb95f71674515eff 3001031a7ef94e65a15f0257173e6729 - - default default] 10.0.0.97 "GET /v2.0/security-groups/b357986b-6ec0-45a7-a093-11045d51c0c6 HTTP/1.1" status: 200 len: 1794 time: 0.0366437
2026-04-28 08:45:39.583 10 INFO neutron.wsgi [None req-9078d44a-e31f-4fcb-9485-037d7b7d1e84 c89b76c4745d49419bdf79c37c5b5eee 91f8cad1326744af8d4d3619b20d9aba - - - -] 10.0.0.97 "DELETE /v2.0/ports/603ba4aa-7bbf-4e9b-9f29-7e102283f1b4 HTTP/1.1" status: 204 len: 168 time: 0.2853873
2026-04-28 08:45:39.627 10 INFO neutron.wsgi [None req-a40cda7d-f370-4f4f-883a-0551cd60e5ca e92b5f3788954193bb95f71674515eff 3001031a7ef94e65a15f0257173e6729 - - - -] 10.0.0.97 "DELETE /v2.0/security-groups/b357986b-6ec0-45a7-a093-11045d51c0c6 HTTP/1.1" status: 204 len: 168 time: 0.1401403
2026-04-28 08:45:39.671 10 INFO neutron.wsgi [None req-0c8fb24c-a06f-4d6d-8189-1e61c8125732 e92b5f3788954193bb95f71674515eff 3001031a7ef94e65a15f0257173e6729 - - default default] 10.0.0.97 "GET /v2.0/security-groups HTTP/1.1" status: 200 len: 2996 time: 0.0353708
2026-04-28 08:45:39.701 10 INFO neutron.api.v2.resource [None req-1246f4dd-6a76-4b53-9ff3-1cc45d3e2967 e92b5f3788954193bb95f71674515eff 3001031a7ef94e65a15f0257173e6729 - - - -] delete failed (client error): The resource could not be found.
2026-04-28 08:45:39.703 10 INFO neutron.wsgi [None req-1246f4dd-6a76-4b53-9ff3-1cc45d3e2967 e92b5f3788954193bb95f71674515eff 3001031a7ef94e65a15f0257173e6729 - - - -] 10.0.0.97 "DELETE /v2.0/security-groups/b357986b-6ec0-45a7-a093-11045d51c0c6 HTTP/1.1" status: 404 len: 347 time: 0.0260086
2026-04-28 08:45:39.809 10 INFO neutron.db.ovn_revision_numbers_db [None req-c3b55ac4-daff-4705-83b8-d089f02634df e92b5f3788954193bb95f71674515eff 3001031a7ef94e65a15f0257173e6729 - - - -] Successfully bumped revision number for resource 7f843bbe-ea63-4821-affb-a423bf7ec99a (type: security_groups) to 1
2026-04-28 08:45:39.830 10 INFO neutron.wsgi [None req-c3b55ac4-daff-4705-83b8-d089f02634df e92b5f3788954193bb95f71674515eff 3001031a7ef94e65a15f0257173e6729 - - - -] 10.0.0.97 "POST /v2.0/security-groups HTTP/1.1" status: 201 len: 1761 time: 0.1191998
2026-04-28 08:45:39.867 9 INFO neutron.wsgi [None req-c54fc311-1ccd-4e87-a2f9-8a5726c8de15 c89b76c4745d49419bdf79c37c5b5eee 91f8cad1326744af8d4d3619b20d9aba - - - -] 10.0.0.97 "DELETE /v2.0/ports/210d034a-2950-4baa-86dd-21729154f46d HTTP/1.1" status: 204 len: 168 time: 0.2774496
2026-04-28 08:45:39.965 10 INFO neutron.db.ovn_revision_numbers_db [None req-fa5683aa-58a7-4367-b07d-061302a2f3a8 e92b5f3788954193bb95f71674515eff 3001031a7ef94e65a15f0257173e6729 - - - -] Successfully bumped revision number for resource 26b89a11-04c7-4e1e-8d07-b421cbe9a49e (type: security_group_rules) to 0
2026-04-28 08:45:39.992 10 INFO neutron.wsgi [None req-fa5683aa-58a7-4367-b07d-061302a2f3a8 e92b5f3788954193bb95f71674515eff 3001031a7ef94e65a15f0257173e6729 - - - -] 10.0.0.97 "POST /v2.0/security-group-rules HTTP/1.1" status: 201 len: 768 time: 0.1553314
2026-04-28 08:45:40.016 9 INFO neutron.wsgi [None req-46dcaf03-7027-4afe-9376-39303ec6fbd3 e92b5f3788954193bb95f71674515eff 3001031a7ef94e65a15f0257173e6729 - - default default] 10.0.0.97 "GET /v2.0/security-group-rules/26b89a11-04c7-4e1e-8d07-b421cbe9a49e HTTP/1.1" status: 200 len: 763 time: 0.0182769
2026-04-28 08:45:40.060 10 INFO neutron.wsgi [None req-60ff8756-8076-4b45-87e9-11345e5c5238 e92b5f3788954193bb95f71674515eff 3001031a7ef94e65a15f0257173e6729 - - default default] 10.0.0.97 "GET /v2.0/security-group-rules HTTP/1.1" status: 200 len: 4113 time: 0.0385542
2026-04-28 08:45:40.140 9 INFO neutron.wsgi [None req-0f5b8716-84da-4e5c-b858-206bbf07cace c89b76c4745d49419bdf79c37c5b5eee 91f8cad1326744af8d4d3619b20d9aba - - - -] 10.0.0.97 "DELETE /v2.0/ports/d3b8b24b-f870-47ae-9601-187e06a54cbb HTTP/1.1" status: 204 len: 168 time: 0.2691183
2026-04-28 08:45:40.174 10 INFO neutron.db.ovn_revision_numbers_db [None req-182f09e7-71f9-46c3-9962-0a279ade6e4c be7af2ea64464ae8a3e1a90975d0fcd1 1eef8dfb62c743bd99e9773b1eac5fdd - - - -] Successfully bumped revision number for resource df51e6d4-c97c-434e-9086-6665585074eb (type: security_groups) to 1
2026-04-28 08:45:40.214 10 INFO neutron.wsgi [None req-f5686e9c-8e93-46e4-83bc-666e235d2214 e92b5f3788954193bb95f71674515eff 3001031a7ef94e65a15f0257173e6729 - - - -] 10.0.0.97 "DELETE /v2.0/security-group-rules/26b89a11-04c7-4e1e-8d07-b421cbe9a49e HTTP/1.1" status: 204 len: 168 time: 0.1488903
2026-04-28 08:45:40.229 10 INFO neutron.db.segments_db [None req-182f09e7-71f9-46c3-9962-0a279ade6e4c be7af2ea64464ae8a3e1a90975d0fcd1 1eef8dfb62c743bd99e9773b1eac5fdd - - - -] Added segment e1262a59-7c4b-4b7b-8137-980045ae03f6 of type geneve for network 0ff02240-409d-4f44-990f-b8fe0f3c3f0d
2026-04-28 08:45:40.257 9 INFO neutron.wsgi [None req-0cf4259f-fa85-42f1-9324-61c3bead166d e92b5f3788954193bb95f71674515eff 3001031a7ef94e65a15f0257173e6729 - - default default] 10.0.0.97 "GET /v2.0/security-group-rules HTTP/1.1" status: 200 len: 3567 time: 0.0364780
2026-04-28 08:45:40.365 10 INFO neutron.db.ovn_revision_numbers_db [None req-182f09e7-71f9-46c3-9962-0a279ade6e4c be7af2ea64464ae8a3e1a90975d0fcd1 1eef8dfb62c743bd99e9773b1eac5fdd - - - -] Successfully bumped revision number for resource 0ff02240-409d-4f44-990f-b8fe0f3c3f0d (type: networks) to 1
2026-04-28 08:45:40.386 10 WARNING neutron.plugins.ml2.drivers.ovn.mech_driver.ovsdb.ovn_client [None req-74fc8ed6-ce4d-4b22-91b4-59943f7cf4e5 - - - - - -] No port found with ID b2b42884-a6b7-49bd-be33-66fdc90e32cc: RuntimeError: No port found with ID b2b42884-a6b7-49bd-be33-66fdc90e32cc
2026-04-28 08:45:40.429 9 INFO neutron.wsgi [None req-4dc8c49c-682c-4bb4-80c3-7126a1a726f6 c89b76c4745d49419bdf79c37c5b5eee 91f8cad1326744af8d4d3619b20d9aba - - - -] 10.0.0.97 "DELETE /v2.0/ports/890209e2-0979-430e-8330-d9c878ab272e HTTP/1.1" status: 204 len: 168 time: 0.2824783
2026-04-28 08:45:40.431 9 INFO neutron.db.ovn_revision_numbers_db [None req-eb7acde5-bbee-4049-a142-482419516317 e92b5f3788954193bb95f71674515eff 3001031a7ef94e65a15f0257173e6729 - - - -] Successfully bumped revision number for resource 3d60a1fa-df88-40ef-b955-9a963a3c0ba6 (type: security_group_rules) to 0
2026-04-28 08:45:40.479 9 INFO neutron.wsgi [None req-eb7acde5-bbee-4049-a142-482419516317 e92b5f3788954193bb95f71674515eff 3001031a7ef94e65a15f0257173e6729 - - - -] 10.0.0.97 "POST /v2.0/security-group-rules HTTP/1.1" status: 201 len: 768 time: 0.2170408
2026-04-28 08:45:40.500 9 INFO neutron.wsgi [None req-4870a114-33b9-4dd0-a461-9c3157d850f4 e92b5f3788954193bb95f71674515eff 3001031a7ef94e65a15f0257173e6729 - - default default] 10.0.0.97 "GET /v2.0/security-group-rules/3d60a1fa-df88-40ef-b955-9a963a3c0ba6 HTTP/1.1" status: 200 len: 763 time: 0.0149322
2026-04-28 08:45:40.543 9 INFO neutron.wsgi [None req-e155308c-9de9-4820-9ad9-2f2bf4e23eed e92b5f3788954193bb95f71674515eff 3001031a7ef94e65a15f0257173e6729 - - default default] 10.0.0.97 "GET /v2.0/security-group-rules HTTP/1.1" status: 200 len: 4113 time: 0.0376751
2026-04-28 08:45:40.593 10 WARNING neutron.scheduler.dhcp_agent_scheduler [None req-182f09e7-71f9-46c3-9962-0a279ade6e4c be7af2ea64464ae8a3e1a90975d0fcd1 1eef8dfb62c743bd99e9773b1eac5fdd - - - -] No more DHCP agents
2026-04-28 08:45:40.596 10 WARNING neutron.api.rpc.agentnotifiers.dhcp_rpc_agent_api [None req-182f09e7-71f9-46c3-9962-0a279ade6e4c be7af2ea64464ae8a3e1a90975d0fcd1 1eef8dfb62c743bd99e9773b1eac5fdd - - - -] Unable to schedule network 0ff02240-409d-4f44-990f-b8fe0f3c3f0d: no agents available; will retry on subsequent port and subnet creation events.
2026-04-28 08:45:40.698 9 INFO neutron.wsgi [None req-87d1a276-2808-4a9f-999e-4b98ae2345bf e92b5f3788954193bb95f71674515eff 3001031a7ef94e65a15f0257173e6729 - - - -] 10.0.0.97 "DELETE /v2.0/security-group-rules/3d60a1fa-df88-40ef-b955-9a963a3c0ba6 HTTP/1.1" status: 204 len: 168 time: 0.1485076
2026-04-28 08:45:40.763 9 INFO neutron.wsgi [None req-3d8b6b0d-2782-4510-9971-a2463a55a5ae e92b5f3788954193bb95f71674515eff 3001031a7ef94e65a15f0257173e6729 - - default default] 10.0.0.97 "GET /v2.0/security-group-rules HTTP/1.1" status: 200 len: 3567 time: 0.0517731
2026-04-28 08:45:40.874 9 INFO neutron.services.segments.plugin [-] Segment 088b5ea4-2b17-46d4-96d1-821bdb68ce4d resource provider aggregate not found
2026-04-28 08:45:40.879 9 INFO neutron.services.segments.plugin [-] Segment 088b5ea4-2b17-46d4-96d1-821bdb68ce4d resource provider aggregate not found
2026-04-28 08:45:40.907 9 INFO neutron.services.segments.plugin [-] Segment 088b5ea4-2b17-46d4-96d1-821bdb68ce4d resource provider not found; error: Placement Client Error (4xx): {"errors": [{"status": 404, "title": "Not Found", "detail": "The resource could not be found.\n\n No resource provider with uuid 088b5ea4-2b17-46d4-96d1-821bdb68ce4d found for delete ", "request_id": "req-8b0c8336-2cba-4264-afcd-ab7fe86b6e9c"}]}
2026-04-28 08:45:40.909 9 INFO neutron.services.segments.plugin [-] Segment 088b5ea4-2b17-46d4-96d1-821bdb68ce4d resource provider not found; error: Placement Client Error (4xx): {"errors": [{"status": 404, "title": "Not Found", "detail": "The resource could not be found.\n\n No resource provider with uuid 088b5ea4-2b17-46d4-96d1-821bdb68ce4d found for delete ", "request_id": "req-eaaeeaaf-5988-431c-bd9c-dc82e3025029"}]}
2026-04-28 08:45:40.949 9 INFO neutron.wsgi [None req-58c19b69-f50c-4f26-bf37-a6f450066eac c89b76c4745d49419bdf79c37c5b5eee 91f8cad1326744af8d4d3619b20d9aba - - - -] 10.0.0.97 "DELETE /v2.0/networks/f9ac1598-eb17-4d86-91bf-ff057219e057 HTTP/1.1" status: 204 len: 168 time: 0.5141542
2026-04-28 08:45:40.980 9 INFO neutron.db.ovn_revision_numbers_db [None req-5eddfa88-dd16-49ba-8731-e77a021a296e e92b5f3788954193bb95f71674515eff 3001031a7ef94e65a15f0257173e6729 - - - -] Successfully bumped revision number for resource 66ded339-75dc-4f2a-b28a-761f68571cc0 (type: security_group_rules) to 0
2026-04-28 08:45:41.026 9 INFO neutron.wsgi [None req-5eddfa88-dd16-49ba-8731-e77a021a296e e92b5f3788954193bb95f71674515eff 3001031a7ef94e65a15f0257173e6729 - - - -] 10.0.0.97 "POST /v2.0/security-group-rules HTTP/1.1" status: 201 len: 769 time: 0.2577317
2026-04-28 08:45:41.060 9 INFO neutron.wsgi [None req-c94aee3f-4ede-4c10-84fc-4e64dd98296f e92b5f3788954193bb95f71674515eff 3001031a7ef94e65a15f0257173e6729 - - default default] 10.0.0.97 "GET /v2.0/security-group-rules/66ded339-75dc-4f2a-b28a-761f68571cc0 HTTP/1.1" status: 200 len: 764 time: 0.0271389
2026-04-28 08:45:41.109 9 INFO neutron.wsgi [None req-226b0789-491e-4247-b76c-e0485bf9aa83 e92b5f3788954193bb95f71674515eff 3001031a7ef94e65a15f0257173e6729 - - default default] 10.0.0.97 "GET /v2.0/security-group-rules HTTP/1.1" status: 200 len: 4114 time: 0.0429401
2026-04-28 08:45:41.111 10 INFO neutron.db.ovn_revision_numbers_db [None req-182f09e7-71f9-46c3-9962-0a279ade6e4c be7af2ea64464ae8a3e1a90975d0fcd1 1eef8dfb62c743bd99e9773b1eac5fdd - - - -] Successfully bumped revision number for resource 084fe6e3-9629-47d7-b916-bb210264be72 (type: ports) to 1
2026-04-28 08:45:41.136 10 INFO neutron.wsgi [None req-182f09e7-71f9-46c3-9962-0a279ade6e4c be7af2ea64464ae8a3e1a90975d0fcd1 1eef8dfb62c743bd99e9773b1eac5fdd - - - -] 10.0.0.97 "POST /v2.0/networks HTTP/1.1" status: 201 len: 943 time: 1.2656176
2026-04-28 08:45:41.301 9 INFO neutron.wsgi [None req-71e406a3-ca1d-4d7a-9440-1df2b37e1994 e92b5f3788954193bb95f71674515eff 3001031a7ef94e65a15f0257173e6729 - - - -] 10.0.0.97 "DELETE /v2.0/security-group-rules/66ded339-75dc-4f2a-b28a-761f68571cc0 HTTP/1.1" status: 204 len: 168 time: 0.1842177
2026-04-28 08:45:41.348 10 WARNING neutron.scheduler.dhcp_agent_scheduler [None req-747cec36-1a35-4e1e-ba53-22f5b6806f27 be7af2ea64464ae8a3e1a90975d0fcd1 1eef8dfb62c743bd99e9773b1eac5fdd - - - -] No more DHCP agents
2026-04-28 08:45:41.350 10 WARNING neutron.api.rpc.agentnotifiers.dhcp_rpc_agent_api [None req-747cec36-1a35-4e1e-ba53-22f5b6806f27 be7af2ea64464ae8a3e1a90975d0fcd1 1eef8dfb62c743bd99e9773b1eac5fdd - - - -] Unable to schedule network 0ff02240-409d-4f44-990f-b8fe0f3c3f0d: no agents available; will retry on subsequent port and subnet creation events.
2026-04-28 08:45:41.352 9 INFO neutron.wsgi [None req-7422e3c9-0fab-4125-9390-03c04196bebf e92b5f3788954193bb95f71674515eff 3001031a7ef94e65a15f0257173e6729 - - default default] 10.0.0.97 "GET /v2.0/security-group-rules HTTP/1.1" status: 200 len: 3567 time: 0.0447578
2026-04-28 08:45:41.508 9 INFO neutron.wsgi [None req-260da6d9-ddd0-47ee-86fa-5364254ee9ff c89b76c4745d49419bdf79c37c5b5eee 91f8cad1326744af8d4d3619b20d9aba - - - -] 10.0.0.97 "DELETE /v2.0/networks/a70b7d3a-c48f-4fec-8a51-732f2cd0b256 HTTP/1.1" status: 204 len: 168 time: 0.5468073
2026-04-28 08:45:41.537 9 INFO neutron.wsgi [None req-827d623d-7750-4f90-9570-f851029c6834 e92b5f3788954193bb95f71674515eff 3001031a7ef94e65a15f0257173e6729 - - - -] 10.0.0.97 "DELETE /v2.0/security-groups/7f843bbe-ea63-4821-affb-a423bf7ec99a HTTP/1.1" status: 204 len: 168 time: 0.1781807
2026-04-28 08:45:41.593 9 INFO neutron.wsgi [None req-b79cd837-da16-40de-8e9e-b7ce6c58246a e92b5f3788954193bb95f71674515eff 3001031a7ef94e65a15f0257173e6729 - - default default] 10.0.0.97 "GET /v2.0/security-groups HTTP/1.1" status: 200 len: 2996 time: 0.0494680
2026-04-28 08:45:41.629 9 INFO neutron.wsgi [None req-5c5c9170-11ec-4cbc-89c1-a470fa96b74c e92b5f3788954193bb95f71674515eff 3001031a7ef94e65a15f0257173e6729 - - default default] 10.0.0.97 "GET /v2.0/security-groups HTTP/1.1" status: 200 len: 2996 time: 0.0301661
2026-04-28 08:45:42.098 10 INFO neutron.db.ovn_revision_numbers_db [None req-747cec36-1a35-4e1e-ba53-22f5b6806f27 be7af2ea64464ae8a3e1a90975d0fcd1 1eef8dfb62c743bd99e9773b1eac5fdd - - - -] Successfully bumped revision number for resource 084fe6e3-9629-47d7-b916-bb210264be72 (type: ports) to 2
2026-04-28 08:45:42.104 10 INFO neutron.services.segments.plugin [-] Segment 0e64ed5a-5139-44bf-b2e9-d8a774fca501 resource provider aggregate not found
2026-04-28 08:45:42.111 10 INFO neutron.services.segments.plugin [-] Segment 0e64ed5a-5139-44bf-b2e9-d8a774fca501 resource provider aggregate not found
2026-04-28 08:45:42.144 10 INFO neutron.services.segments.plugin [-] Segment 0e64ed5a-5139-44bf-b2e9-d8a774fca501 resource provider not found; error: Placement Client Error (4xx): {"errors": [{"status": 404, "title": "Not Found", "detail": "The resource could not be found.\n\n No resource provider with uuid 0e64ed5a-5139-44bf-b2e9-d8a774fca501 found for delete ", "request_id": "req-a6cfb889-7e90-49e0-b263-58e6e46cac82"}]}
2026-04-28 08:45:42.146 10 INFO neutron.services.segments.plugin [-] Segment 0e64ed5a-5139-44bf-b2e9-d8a774fca501 resource provider not found; error: Placement Client Error (4xx): {"errors": [{"status": 404, "title": "Not Found", "detail": "The resource could not be found.\n\n No resource provider with uuid 0e64ed5a-5139-44bf-b2e9-d8a774fca501 found for delete ", "request_id": "req-96553efa-2276-4095-afff-09cff7f8ebe6"}]}
2026-04-28 08:45:42.165 10 INFO neutron.db.ovn_revision_numbers_db [None req-747cec36-1a35-4e1e-ba53-22f5b6806f27 be7af2ea64464ae8a3e1a90975d0fcd1 1eef8dfb62c743bd99e9773b1eac5fdd - - - -] Successfully bumped revision number for resource 35847aad-8ae4-4677-8e59-8acf969c1d3c (type: subnets) to 0
2026-04-28 08:45:42.191 10 INFO neutron.wsgi [None req-747cec36-1a35-4e1e-ba53-22f5b6806f27 be7af2ea64464ae8a3e1a90975d0fcd1 1eef8dfb62c743bd99e9773b1eac5fdd - - - -] 10.0.0.97 "POST /v2.0/subnets HTTP/1.1" status: 201 len: 863 time: 1.0494812
2026-04-28 08:45:42.214 10 INFO neutron.wsgi [None req-44259c6e-ea80-467f-9f1e-417f75d21596 c89b76c4745d49419bdf79c37c5b5eee 91f8cad1326744af8d4d3619b20d9aba - - - -] 10.0.0.97 "DELETE /v2.0/networks/5af1f89f-2acb-488b-a37d-32558a0004c4 HTTP/1.1" status: 204 len: 168 time: 0.6983185
2026-04-28 08:45:42.291 9 INFO neutron.wsgi [None req-1c99426c-66af-4034-a797-645e519256ce be7af2ea64464ae8a3e1a90975d0fcd1 1eef8dfb62c743bd99e9773b1eac5fdd - - default default] 10.0.0.97 "GET /v2.0/security-groups?tenant_id=3001031a7ef94e65a15f0257173e6729&name=default HTTP/1.1" status: 200 len: 2996 time: 0.1747324
2026-04-28 08:45:42.569 10 INFO neutron.wsgi [None req-9d89ff92-8929-46d4-b1df-e9cd0cca06ee be7af2ea64464ae8a3e1a90975d0fcd1 1eef8dfb62c743bd99e9773b1eac5fdd - - - -] 10.0.0.97 "DELETE /v2.0/security-groups/1dccd875-92ca-4623-98f7-6770df0fd7a2 HTTP/1.1" status: 204 len: 168 time: 0.2715375
2026-04-28 08:45:42.930 9 INFO neutron.services.segments.plugin [-] Segment 794eb48c-3251-4b3e-a28f-e16e2a1f2f40 resource provider aggregate not found
2026-04-28 08:45:42.939 9 INFO neutron.services.segments.plugin [-] Segment 794eb48c-3251-4b3e-a28f-e16e2a1f2f40 resource provider aggregate not found
2026-04-28 08:45:42.958 9 INFO neutron.services.segments.plugin [-] Segment 794eb48c-3251-4b3e-a28f-e16e2a1f2f40 resource provider not found; error: Placement Client Error (4xx): {"errors": [{"status": 404, "title": "Not Found", "detail": "The resource could not be found.\n\n No resource provider with uuid 794eb48c-3251-4b3e-a28f-e16e2a1f2f40 found for delete ", "request_id": "req-bc91626b-09de-4b59-8b7d-bfd546a5ed91"}]}
2026-04-28 08:45:42.959 9 INFO neutron.services.segments.plugin [-] Segment 794eb48c-3251-4b3e-a28f-e16e2a1f2f40 resource provider not found; error: Placement Client Error (4xx): {"errors": [{"status": 404, "title": "Not Found", "detail": "The resource could not be found.\n\n No resource provider with uuid 794eb48c-3251-4b3e-a28f-e16e2a1f2f40 found for delete ", "request_id": "req-33db773b-448c-4614-8c0e-d56108a56768"}]}
2026-04-28 08:45:43.167 9 INFO neutron.wsgi [None req-c1bb377c-c718-4410-8a74-e2cbd6705462 c89b76c4745d49419bdf79c37c5b5eee 91f8cad1326744af8d4d3619b20d9aba - - - -] 10.0.0.97 "DELETE /v2.0/networks/361e1e2c-b983-47be-a0b8-cd9887b46da7 HTTP/1.1" status: 204 len: 168 time: 0.9484699
2026-04-28 08:45:43.216 9 WARNING neutron.scheduler.dhcp_agent_scheduler [None req-02d9a5ac-e230-481e-9d2c-e4864b8d7829 be7af2ea64464ae8a3e1a90975d0fcd1 1eef8dfb62c743bd99e9773b1eac5fdd - - - -] No more DHCP agents
2026-04-28 08:45:43.219 9 WARNING neutron.api.rpc.agentnotifiers.dhcp_rpc_agent_api [None req-02d9a5ac-e230-481e-9d2c-e4864b8d7829 be7af2ea64464ae8a3e1a90975d0fcd1 1eef8dfb62c743bd99e9773b1eac5fdd - - - -] Unable to schedule network 0aa34039-32bf-4afa-b008-a52a32dd4f11: no agents available; will retry on subsequent port and subnet creation events.
2026-04-28 08:45:43.404 9 INFO neutron.db.ovn_revision_numbers_db [None req-02d9a5ac-e230-481e-9d2c-e4864b8d7829 be7af2ea64464ae8a3e1a90975d0fcd1 1eef8dfb62c743bd99e9773b1eac5fdd - - - -] Successfully bumped revision number for resource daf8977f-6150-4e85-86ed-cac8c61ddbdc (type: ports) to 1
2026-04-28 08:45:43.622 10 INFO neutron.wsgi [None req-53239463-8c28-42d6-91dc-a9046e2ea660 c89b76c4745d49419bdf79c37c5b5eee 91f8cad1326744af8d4d3619b20d9aba - - - -] 10.0.0.97 "DELETE /v2.0/networks/ebcbcffd-220b-4d1d-9505-298262d150c1 HTTP/1.1" status: 204 len: 168 time: 0.4493396
2026-04-28 08:45:44.049 10 INFO neutron.plugins.ml2.drivers.ovn.mech_driver.mech_driver [None req-74fc8ed6-ce4d-4b22-91b4-59943f7cf4e5 - - - - - -] OVN reports status up for port: daf8977f-6150-4e85-86ed-cac8c61ddbdc
2026-04-28 08:45:44.059 9 INFO neutron.db.ovn_revision_numbers_db [None req-02d9a5ac-e230-481e-9d2c-e4864b8d7829 be7af2ea64464ae8a3e1a90975d0fcd1 1eef8dfb62c743bd99e9773b1eac5fdd - - - -] Successfully bumped revision number for resource daf8977f-6150-4e85-86ed-cac8c61ddbdc (type: router_ports) to 1
2026-04-28 08:45:44.063 10 INFO neutron.plugins.ml2.drivers.ovn.mech_driver.ovsdb.ovsdb_monitor [None req-15ce174b-3a0d-4b03-bd7d-38bce9ffc9e3 - - - - - -] Router cc53d9ab-e6c5-463d-88d5-712412736c3d is bound to host instance
2026-04-28 08:45:44.066 10 INFO neutron.plugins.ml2.plugin [None req-74fc8ed6-ce4d-4b22-91b4-59943f7cf4e5 - - - - - -] Attempt 1 to provision port daf8977f-6150-4e85-86ed-cac8c61ddbdc
2026-04-28 08:45:44.129 9 INFO neutron.db.ovn_revision_numbers_db [None req-02d9a5ac-e230-481e-9d2c-e4864b8d7829 be7af2ea64464ae8a3e1a90975d0fcd1 1eef8dfb62c743bd99e9773b1eac5fdd - - - -] Successfully bumped revision number for resource cc53d9ab-e6c5-463d-88d5-712412736c3d (type: routers) to 3
2026-04-28 08:45:44.149 9 INFO neutron.wsgi [None req-02d9a5ac-e230-481e-9d2c-e4864b8d7829 be7af2ea64464ae8a3e1a90975d0fcd1 1eef8dfb62c743bd99e9773b1eac5fdd - - - -] 10.0.0.97 "POST /v2.0/routers HTTP/1.1" status: 201 len: 874 time: 1.9517889
2026-04-28 08:45:44.182 10 INFO neutron.services.segments.plugin [-] Segment 79f860d0-8cf2-4cec-a544-0db6e4d30847 resource provider aggregate not found
2026-04-28 08:45:44.197 10 INFO neutron.services.segments.plugin [-] Segment 79f860d0-8cf2-4cec-a544-0db6e4d30847 resource provider aggregate not found
2026-04-28 08:45:44.210 10 INFO neutron.services.segments.plugin [-] Segment 79f860d0-8cf2-4cec-a544-0db6e4d30847 resource provider not found; error: Placement Client Error (4xx): {"errors": [{"status": 404, "title": "Not Found", "detail": "The resource could not be found.\n\n No resource provider with uuid 79f860d0-8cf2-4cec-a544-0db6e4d30847 found for delete ", "request_id": "req-10850cb0-c297-41e3-ae7c-2d04bc13932f"}]}
2026-04-28 08:45:44.241 10 INFO neutron.services.segments.plugin [-] Segment 79f860d0-8cf2-4cec-a544-0db6e4d30847 resource provider not found; error: Placement Client Error (4xx): {"errors": [{"status": 404, "title": "Not Found", "detail": "The resource could not be found.\n\n No resource provider with uuid 79f860d0-8cf2-4cec-a544-0db6e4d30847 found for delete ", "request_id": "req-a15592cc-7df8-435e-a6ae-a7c0e8889f39"}]}
2026-04-28 08:45:44.667 9 WARNING neutron.scheduler.dhcp_agent_scheduler [None req-2e2e28a6-4b6b-4ffc-b305-3100a9b484e3 be7af2ea64464ae8a3e1a90975d0fcd1 1eef8dfb62c743bd99e9773b1eac5fdd - - default default] No more DHCP agents
2026-04-28 08:45:44.670 9 WARNING neutron.api.rpc.agentnotifiers.dhcp_rpc_agent_api [None req-2e2e28a6-4b6b-4ffc-b305-3100a9b484e3 be7af2ea64464ae8a3e1a90975d0fcd1 1eef8dfb62c743bd99e9773b1eac5fdd - - default default] Unable to schedule network 0ff02240-409d-4f44-990f-b8fe0f3c3f0d: no agents available; will retry on subsequent port and subnet creation events.
2026-04-28 08:45:44.764 10 INFO neutron.db.ovn_revision_numbers_db [None req-15ce174b-3a0d-4b03-bd7d-38bce9ffc9e3 - - - - - -] Successfully bumped revision number for resource daf8977f-6150-4e85-86ed-cac8c61ddbdc (type: ports) to 1
2026-04-28 08:45:44.787 10 INFO neutron.db.ovn_revision_numbers_db [None req-315a6900-0d56-451a-9e94-5971fe3354ed be7af2ea64464ae8a3e1a90975d0fcd1 1eef8dfb62c743bd99e9773b1eac5fdd - - default default] Successfully bumped revision number for resource e770dae2-2514-4263-8fbd-e736161dc07f (type: security_groups) to 1
2026-04-28 08:45:44.821 10 INFO neutron.wsgi [None req-315a6900-0d56-451a-9e94-5971fe3354ed be7af2ea64464ae8a3e1a90975d0fcd1 1eef8dfb62c743bd99e9773b1eac5fdd - - default default] 10.0.0.97 "GET /v2.0/security-groups?tenant_id=231d1b8cd0cb408e9475d21890568d3e&name=default HTTP/1.1" status: 200 len: 2996 time: 0.3497984
2026-04-28 08:45:44.837 9 INFO neutron.db.ovn_revision_numbers_db [None req-2e2e28a6-4b6b-4ffc-b305-3100a9b484e3 be7af2ea64464ae8a3e1a90975d0fcd1 1eef8dfb62c743bd99e9773b1eac5fdd - - default default] Successfully bumped revision number for resource d1973a3f-bf6c-4da9-8e21-e2273eeacf0e (type: ports) to 1
2026-04-28 08:45:44.985 9 INFO neutron.services.segments.plugin [-] Segment d15d94cc-ee67-4d50-ab83-4f5345b829a3 resource provider aggregate not found
2026-04-28 08:45:44.992 9 INFO neutron.services.segments.plugin [-] Segment d15d94cc-ee67-4d50-ab83-4f5345b829a3 resource provider aggregate not found
2026-04-28 08:45:45.003 9 INFO neutron.services.segments.plugin [-] Segment d15d94cc-ee67-4d50-ab83-4f5345b829a3 resource provider not found; error: Placement Client Error (4xx): {"errors": [{"status": 404, "title": "Not Found", "detail": "The resource could not be found.\n\n No resource provider with uuid d15d94cc-ee67-4d50-ab83-4f5345b829a3 found for delete ", "request_id": "req-d8d7c237-7eed-4057-bcd9-08f51dd0be15"}]}
2026-04-28 08:45:45.023 9 INFO neutron.services.segments.plugin [-] Segment d15d94cc-ee67-4d50-ab83-4f5345b829a3 resource provider not found; error: Placement Client Error (4xx): {"errors": [{"status": 404, "title": "Not Found", "detail": "The resource could not be found.\n\n No resource provider with uuid d15d94cc-ee67-4d50-ab83-4f5345b829a3 found for delete ", "request_id": "req-980e678e-d598-4102-ab46-488ca17392f6"}]}
2026-04-28 08:45:45.119 9 INFO neutron.wsgi [-] 10.0.0.245 "GET / HTTP/1.1" status: 200 len: 247 time: 0.0016925
2026-04-28 08:45:45.120 9 INFO neutron.wsgi [-] 10.0.0.245 "GET / HTTP/1.1" status: 200 len: 247 time: 0.0008960
2026-04-28 08:45:45.140 9 INFO neutron.wsgi [None req-8fb677e3-e0b3-4b4d-875e-c3ff17d5e1d2 be7af2ea64464ae8a3e1a90975d0fcd1 1eef8dfb62c743bd99e9773b1eac5fdd - - - -] 10.0.0.97 "DELETE /v2.0/security-groups/e770dae2-2514-4263-8fbd-e736161dc07f HTTP/1.1" status: 204 len: 168 time: 0.3134947
2026-04-28 08:45:45.146 10 INFO neutron.db.ovn_revision_numbers_db [None req-15ce174b-3a0d-4b03-bd7d-38bce9ffc9e3 - - - - - -] Successfully bumped revision number for resource daf8977f-6150-4e85-86ed-cac8c61ddbdc (type: router_ports) to 3
2026-04-28 08:45:45.311 10 INFO neutron.db.ovn_revision_numbers_db [None req-15ce174b-3a0d-4b03-bd7d-38bce9ffc9e3 - - - - - -] Successfully bumped revision number for resource daf8977f-6150-4e85-86ed-cac8c61ddbdc (type: ports) to 2
2026-04-28 08:45:45.350 9 INFO neutron.plugins.ml2.drivers.ovn.mech_driver.mech_driver [None req-9a061168-b450-4db2-92b5-5da1f06e632f - - - - - -] OVN reports status up for port: d1973a3f-bf6c-4da9-8e21-e2273eeacf0e
2026-04-28 08:45:45.355 9 INFO neutron.wsgi [None req-10f673ec-9081-4b02-8425-79701bea32ea be7af2ea64464ae8a3e1a90975d0fcd1 1eef8dfb62c743bd99e9773b1eac5fdd - - default default] 10.0.0.97 "GET /v2.0/security-groups?tenant_id=91f8cad1326744af8d4d3619b20d9aba&name=default HTTP/1.1" status: 200 len: 2996 time: 0.0413733
2026-04-28 08:45:45.360 9 INFO neutron.plugins.ml2.plugin [None req-9a061168-b450-4db2-92b5-5da1f06e632f - - - - - -] Attempt 1 to provision port d1973a3f-bf6c-4da9-8e21-e2273eeacf0e
2026-04-28 08:45:45.365 9 INFO neutron.db.ovn_revision_numbers_db [None req-2e2e28a6-4b6b-4ffc-b305-3100a9b484e3 be7af2ea64464ae8a3e1a90975d0fcd1 1eef8dfb62c743bd99e9773b1eac5fdd - - default default] Successfully bumped revision number for resource d1973a3f-bf6c-4da9-8e21-e2273eeacf0e (type: router_ports) to 2
2026-04-28 08:45:45.590 10 INFO neutron.db.ovn_revision_numbers_db [None req-15ce174b-3a0d-4b03-bd7d-38bce9ffc9e3 - - - - - -] Successfully bumped revision number for resource daf8977f-6150-4e85-86ed-cac8c61ddbdc (type: ports) to 4
2026-04-28 08:45:45.597 9 INFO neutron.db.ovn_revision_numbers_db [None req-2e2e28a6-4b6b-4ffc-b305-3100a9b484e3 be7af2ea64464ae8a3e1a90975d0fcd1 1eef8dfb62c743bd99e9773b1eac5fdd - - default default] Successfully bumped revision number for resource d1973a3f-bf6c-4da9-8e21-e2273eeacf0e (type: ports) to 2
2026-04-28 08:45:45.710 9 INFO neutron.wsgi [None req-04cbaa92-3c11-4240-939d-d412f8c20fb1 be7af2ea64464ae8a3e1a90975d0fcd1 1eef8dfb62c743bd99e9773b1eac5fdd - - - -] 10.0.0.97 "DELETE /v2.0/security-groups/650365f0-5cfd-4624-884b-cd155bbb1182 HTTP/1.1" status: 204 len: 168 time: 0.3501167
2026-04-28 08:45:45.719 9 WARNING neutron.scheduler.dhcp_agent_scheduler [None req-2e2e28a6-4b6b-4ffc-b305-3100a9b484e3 be7af2ea64464ae8a3e1a90975d0fcd1 1eef8dfb62c743bd99e9773b1eac5fdd - - default default] No more DHCP agents
2026-04-28 08:45:45.720 9 WARNING neutron.api.rpc.agentnotifiers.dhcp_rpc_agent_api [None req-2e2e28a6-4b6b-4ffc-b305-3100a9b484e3 be7af2ea64464ae8a3e1a90975d0fcd1 1eef8dfb62c743bd99e9773b1eac5fdd - - default default] Unable to schedule network 0ff02240-409d-4f44-990f-b8fe0f3c3f0d: no agents available; will retry on subsequent port and subnet creation events.
2026-04-28 08:45:45.862 10 INFO neutron.db.ovn_revision_numbers_db [None req-15ce174b-3a0d-4b03-bd7d-38bce9ffc9e3 - - - - - -] Successfully bumped revision number for resource daf8977f-6150-4e85-86ed-cac8c61ddbdc (type: router_ports) to 4
2026-04-28 08:45:45.986 10 INFO neutron.db.ovn_revision_numbers_db [None req-48a775a9-0b10-41de-9a09-43277aef50e0 be7af2ea64464ae8a3e1a90975d0fcd1 1eef8dfb62c743bd99e9773b1eac5fdd - - default default] Successfully bumped revision number for resource 0aa09678-2231-4f64-99b0-097bfc922024 (type: security_groups) to 1
2026-04-28 08:45:46.016 10 INFO neutron.wsgi [None req-48a775a9-0b10-41de-9a09-43277aef50e0 be7af2ea64464ae8a3e1a90975d0fcd1 1eef8dfb62c743bd99e9773b1eac5fdd - - default default] 10.0.0.97 "GET /v2.0/security-groups?tenant_id=946da940a0e240af9473562842e11432&name=default HTTP/1.1" status: 200 len: 2996 time: 0.1347027
2026-04-28 08:45:46.171 9 INFO neutron.db.ovn_revision_numbers_db [None req-9a061168-b450-4db2-92b5-5da1f06e632f - - - - - -] Successfully bumped revision number for resource d1973a3f-bf6c-4da9-8e21-e2273eeacf0e (type: ports) to 3
2026-04-28 08:45:46.253 10 INFO neutron.wsgi [None req-ca8613f5-d493-4718-bb48-deda483f2caf be7af2ea64464ae8a3e1a90975d0fcd1 1eef8dfb62c743bd99e9773b1eac5fdd - - - -] 10.0.0.97 "DELETE /v2.0/security-groups/0aa09678-2231-4f64-99b0-097bfc922024 HTTP/1.1" status: 204 len: 168 time: 0.2315607
2026-04-28 08:45:46.321 9 INFO neutron.db.ovn_revision_numbers_db [None req-9a061168-b450-4db2-92b5-5da1f06e632f - - - - - -] Successfully bumped revision number for resource d1973a3f-bf6c-4da9-8e21-e2273eeacf0e (type: router_ports) to 3
2026-04-28 08:45:46.659 9 INFO neutron.db.ovn_revision_numbers_db [None req-2e2e28a6-4b6b-4ffc-b305-3100a9b484e3 be7af2ea64464ae8a3e1a90975d0fcd1 1eef8dfb62c743bd99e9773b1eac5fdd - - - -] Successfully bumped revision number for resource d1973a3f-bf6c-4da9-8e21-e2273eeacf0e (type: router_ports) to 3
2026-04-28 08:45:46.662 9 INFO neutron.wsgi [None req-2e2e28a6-4b6b-4ffc-b305-3100a9b484e3 be7af2ea64464ae8a3e1a90975d0fcd1 1eef8dfb62c743bd99e9773b1eac5fdd - - - -] 10.0.0.97 "PUT /v2.0/routers/cc53d9ab-e6c5-463d-88d5-712412736c3d/add_router_interface HTTP/1.1" status: 200 len: 503 time: 2.5038800
2026-04-28 08:45:47.514 9 INFO neutron.db.ovn_revision_numbers_db [None req-b378145f-451d-40d2-a59e-a35bc7ae9ddb be7af2ea64464ae8a3e1a90975d0fcd1 1eef8dfb62c743bd99e9773b1eac5fdd - - default default] Successfully bumped revision number for resource 21eddd38-fa68-4446-9b03-00996ffc1247 (type: security_groups) to 1
2026-04-28 08:45:47.551 9 INFO neutron.wsgi [None req-b378145f-451d-40d2-a59e-a35bc7ae9ddb be7af2ea64464ae8a3e1a90975d0fcd1 1eef8dfb62c743bd99e9773b1eac5fdd - - default default] 10.0.0.97 "GET /v2.0/security-groups?tenant_id=3c8aa9262c844d75a805dccda0e9adaa&name=default HTTP/1.1" status: 200 len: 2996 time: 0.3209894
2026-04-28 08:45:47.766 9 INFO neutron.wsgi [None req-672f423b-6489-422a-97db-a6a5822ad643 be7af2ea64464ae8a3e1a90975d0fcd1 1eef8dfb62c743bd99e9773b1eac5fdd - - - -] 10.0.0.97 "DELETE /v2.0/security-groups/21eddd38-fa68-4446-9b03-00996ffc1247 HTTP/1.1" status: 204 len: 168 time: 0.2089951
2026-04-28 08:45:48.402 10 INFO neutron.db.ovn_revision_numbers_db [None req-b7dbf153-0f2d-4bbf-b969-6b371d2320d8 be7af2ea64464ae8a3e1a90975d0fcd1 1eef8dfb62c743bd99e9773b1eac5fdd - - default default] Successfully bumped revision number for resource 63753ae5-d57f-4426-8eaf-c3efc567a0c9 (type: security_groups) to 1
2026-04-28 08:45:48.438 10 INFO neutron.wsgi [None req-b7dbf153-0f2d-4bbf-b969-6b371d2320d8 be7af2ea64464ae8a3e1a90975d0fcd1 1eef8dfb62c743bd99e9773b1eac5fdd - - default default] 10.0.0.97 "GET /v2.0/security-groups?tenant_id=a22b766931ee4ca287f2b991ac67e0cd&name=default HTTP/1.1" status: 200 len: 2996 time: 0.4889457
2026-04-28 08:45:48.753 9 INFO neutron.wsgi [None req-9d493a57-7cf4-4ee6-8b3f-43a0c31229d8 be7af2ea64464ae8a3e1a90975d0fcd1 1eef8dfb62c743bd99e9773b1eac5fdd - - - -] 10.0.0.97 "DELETE /v2.0/security-groups/63753ae5-d57f-4426-8eaf-c3efc567a0c9 HTTP/1.1" status: 204 len: 168 time: 0.3090510
2026-04-28 08:45:49.023 10 INFO neutron.wsgi [req-a0581181-f136-4c85-aee2-ab76ab33da64 req-84aa7142-4a37-48b3-89fe-7e4c7014b6d9 5f2f2c8b5d8442549802137a44a9ec87 20077096315d4a0ebf2887930b33d038 - - default default] 10.0.0.103 "GET /v2.0/networks?id=0ff02240-409d-4f44-990f-b8fe0f3c3f0d HTTP/1.1" status: 200 len: 872 time: 0.1367311
2026-04-28 08:45:49.048 10 INFO neutron.wsgi [req-a0581181-f136-4c85-aee2-ab76ab33da64 req-41515842-3227-4084-940d-a416f9a39a7c 5f2f2c8b5d8442549802137a44a9ec87 20077096315d4a0ebf2887930b33d038 - - default default] 10.0.0.103 "GET /v2.0/quotas/20077096315d4a0ebf2887930b33d038 HTTP/1.1" status: 200 len: 386 time: 0.0165570
2026-04-28 08:45:49.202 10 INFO neutron.wsgi [req-a0581181-f136-4c85-aee2-ab76ab33da64 req-d4e879f2-faa8-4332-b777-45ab3e9b75a9 5f2f2c8b5d8442549802137a44a9ec87 20077096315d4a0ebf2887930b33d038 - - default default] 10.0.0.103 "GET /v2.0/ports?tenant_id=20077096315d4a0ebf2887930b33d038&fields=id HTTP/1.1" status: 200 len: 302 time: 0.1459651
2026-04-28 08:45:49.313 10 INFO neutron.wsgi [req-a0581181-f136-4c85-aee2-ab76ab33da64 req-922bb2c1-9e67-4dfd-a532-4b3b5a372593 fdc32e97ea494a77b137bff00342452f cd10ccd2a3e644399880d4ca3f78448d - - 2326e32d87ed4baca3e21937afe1d2f9 2326e32d87ed4baca3e21937afe1d2f9] 10.0.0.103 "GET /v2.0/networks/0ff02240-409d-4f44-990f-b8fe0f3c3f0d?fields=segments HTTP/1.1" status: 200 len: 212 time: 0.0980558
2026-04-28 08:45:49.399 10 INFO neutron.wsgi [req-a0581181-f136-4c85-aee2-ab76ab33da64 req-c2e1e229-290e-478a-813c-9ffa7c44e521 fdc32e97ea494a77b137bff00342452f cd10ccd2a3e644399880d4ca3f78448d - - 2326e32d87ed4baca3e21937afe1d2f9 2326e32d87ed4baca3e21937afe1d2f9] 10.0.0.103 "GET /v2.0/networks/0ff02240-409d-4f44-990f-b8fe0f3c3f0d?fields=provider%3Aphysical_network&fields=provider%3Anetwork_type HTTP/1.1" status: 200 len: 277 time: 0.0780129
2026-04-28 08:45:49.573 9 INFO neutron.wsgi [req-e1945a19-9558-48af-b7e3-c9f0f36ab897 req-bc8195aa-86eb-42b1-969e-be49065a1da1 5f2f2c8b5d8442549802137a44a9ec87 20077096315d4a0ebf2887930b33d038 - - default default] 10.0.0.103 "GET /v2.0/ports?device_id=bf284ce1-97d7-45f5-af4f-4318fd557618 HTTP/1.1" status: 200 len: 210 time: 0.0347774
2026-04-28 08:45:49.895 9 INFO neutron.db.ovn_revision_numbers_db [None req-272bcd84-b613-4713-98be-61ff2914d9c8 edfcb9514b684e84a172586cd26cd9ef 757c7c1bfe63407a909cdd6c2317b02e - - - -] Successfully bumped revision number for resource d4528981-36c7-4bd4-9a13-65aca3205822 (type: security_groups) to 1
2026-04-28 08:45:49.954 9 INFO neutron.db.segments_db [None req-272bcd84-b613-4713-98be-61ff2914d9c8 edfcb9514b684e84a172586cd26cd9ef 757c7c1bfe63407a909cdd6c2317b02e - - - -] Added segment 0be91f63-9284-425e-b697-64aed12acce6 of type geneve for network 8556697e-75e5-427e-bf41-c239ad2eef3f
2026-04-28 08:45:50.100 9 INFO neutron.db.ovn_revision_numbers_db [None req-272bcd84-b613-4713-98be-61ff2914d9c8 edfcb9514b684e84a172586cd26cd9ef 757c7c1bfe63407a909cdd6c2317b02e - - - -] Successfully bumped revision number for resource 8556697e-75e5-427e-bf41-c239ad2eef3f (type: networks) to 1
2026-04-28 08:45:50.296 9 WARNING neutron.scheduler.dhcp_agent_scheduler [None req-272bcd84-b613-4713-98be-61ff2914d9c8 edfcb9514b684e84a172586cd26cd9ef 757c7c1bfe63407a909cdd6c2317b02e - - - -] No more DHCP agents
2026-04-28 08:45:50.299 9 WARNING neutron.api.rpc.agentnotifiers.dhcp_rpc_agent_api [None req-272bcd84-b613-4713-98be-61ff2914d9c8 edfcb9514b684e84a172586cd26cd9ef 757c7c1bfe63407a909cdd6c2317b02e - - - -] Unable to schedule network 8556697e-75e5-427e-bf41-c239ad2eef3f: no agents available; will retry on subsequent port and subnet creation events.
2026-04-28 08:45:50.324 10 INFO neutron.wsgi [req-a0581181-f136-4c85-aee2-ab76ab33da64 req-a06b4fcc-3661-4dc3-82b8-b1004debc546 5f2f2c8b5d8442549802137a44a9ec87 20077096315d4a0ebf2887930b33d038 - - default default] 199.204.45.144 "GET /v2.0/networks?id=0ff02240-409d-4f44-990f-b8fe0f3c3f0d HTTP/1.1" status: 200 len: 872 time: 0.0904906
2026-04-28 08:45:50.369 9 INFO neutron.db.ovn_revision_numbers_db [None req-272bcd84-b613-4713-98be-61ff2914d9c8 edfcb9514b684e84a172586cd26cd9ef 757c7c1bfe63407a909cdd6c2317b02e - - - -] Successfully bumped revision number for resource fa0e00d0-09ca-46e0-a246-c27c6496b034 (type: ports) to 1
2026-04-28 08:45:50.391 9 INFO neutron.wsgi [None req-272bcd84-b613-4713-98be-61ff2914d9c8 edfcb9514b684e84a172586cd26cd9ef 757c7c1bfe63407a909cdd6c2317b02e - - - -] 10.0.0.97 "POST /v2.0/networks HTTP/1.1" status: 201 len: 830 time: 0.7530439
2026-04-28 08:45:50.670 10 INFO neutron.wsgi [req-f7152e40-5802-4ddd-9ed3-fc1782fb0f8d req-62af677f-8931-4cf1-bb0b-65cb5dc9dc2b 5f2f2c8b5d8442549802137a44a9ec87 20077096315d4a0ebf2887930b33d038 - - default default] 10.0.0.103 "GET /v2.0/ports?device_id=bf284ce1-97d7-45f5-af4f-4318fd557618 HTTP/1.1" status: 200 len: 210 time: 0.0294518
2026-04-28 08:45:50.671 9 WARNING neutron.scheduler.dhcp_agent_scheduler [None req-71d0c2f1-554b-442b-b1a6-d08c5dbb5a06 edfcb9514b684e84a172586cd26cd9ef 757c7c1bfe63407a909cdd6c2317b02e - - - -] No more DHCP agents
2026-04-28 08:45:50.673 9 WARNING neutron.api.rpc.agentnotifiers.dhcp_rpc_agent_api [None req-71d0c2f1-554b-442b-b1a6-d08c5dbb5a06 edfcb9514b684e84a172586cd26cd9ef 757c7c1bfe63407a909cdd6c2317b02e - - - -] Unable to schedule network 8556697e-75e5-427e-bf41-c239ad2eef3f: no agents available; will retry on subsequent port and subnet creation events.
2026-04-28 08:45:50.708 10 WARNING neutron.scheduler.dhcp_agent_scheduler [None req-07ab89d6-e1cd-4591-aeb4-d9cb4e857573 5f2f2c8b5d8442549802137a44a9ec87 20077096315d4a0ebf2887930b33d038 - - - -] No more DHCP agents
