2026-04-28 08:46:02.281 9 WARNING neutron.api.rpc.agentnotifiers.dhcp_rpc_agent_api [None req-361ae2a7-3cb6-46b5-93ed-5b16c2de6b4f ba031ee636ba42ad91cdcb4a32f5e31b 3d8c3c45bf3a41af867a5727e2de48b7 - - - -] Unable to schedule network 9330939b-475c-4705-8b91-b53ddd945b92: no agents available; will retry on subsequent port and subnet creation events.
2026-04-28 08:46:02.353 9 INFO neutron.db.ovn_revision_numbers_db [None req-361ae2a7-3cb6-46b5-93ed-5b16c2de6b4f ba031ee636ba42ad91cdcb4a32f5e31b 3d8c3c45bf3a41af867a5727e2de48b7 - - - -] Successfully bumped revision number for resource c9840046-6bfb-4c4d-8e6d-096a7e12d159 (type: ports) to 1
2026-04-28 08:46:02.377 9 INFO neutron.wsgi [None req-361ae2a7-3cb6-46b5-93ed-5b16c2de6b4f ba031ee636ba42ad91cdcb4a32f5e31b 3d8c3c45bf3a41af867a5727e2de48b7 - - - -] 10.0.0.97 "POST /v2.0/networks HTTP/1.1" status: 201 len: 831 time: 0.5298815
2026-04-28 08:46:02.669 9 WARNING neutron.scheduler.dhcp_agent_scheduler [None req-1332068a-1d29-45ae-bb8f-4c4c829b8cb9 ba031ee636ba42ad91cdcb4a32f5e31b 3d8c3c45bf3a41af867a5727e2de48b7 - - - -] No more DHCP agents
2026-04-28 08:46:02.671 9 WARNING neutron.api.rpc.agentnotifiers.dhcp_rpc_agent_api [None req-1332068a-1d29-45ae-bb8f-4c4c829b8cb9 ba031ee636ba42ad91cdcb4a32f5e31b 3d8c3c45bf3a41af867a5727e2de48b7 - - - -] Unable to schedule network 9330939b-475c-4705-8b91-b53ddd945b92: no agents available; will retry on subsequent port and subnet creation events.
2026-04-28 08:46:02.723 10 INFO neutron.db.ovn_revision_numbers_db [None req-cb4daea5-8fd4-4799-93cd-f22750a50ce9 be7af2ea64464ae8a3e1a90975d0fcd1 1eef8dfb62c743bd99e9773b1eac5fdd - - default default] Successfully bumped revision number for resource 40311f8d-ca80-4694-9b8e-1e690b9499f3 (type: security_groups) to 1
2026-04-28 08:46:02.754 10 INFO neutron.wsgi [None req-cb4daea5-8fd4-4799-93cd-f22750a50ce9 be7af2ea64464ae8a3e1a90975d0fcd1 1eef8dfb62c743bd99e9773b1eac5fdd - - default default] 10.0.0.97 "GET /v2.0/security-groups?tenant_id=1a43f0f23cc345bfbe84d02dce25add5&name=default HTTP/1.1" status: 200 len: 2996 time: 0.2564938
2026-04-28 08:46:03.043 9 INFO neutron.wsgi [None req-207bbd75-719c-4ab9-ad69-4f21e9ee1b32 be7af2ea64464ae8a3e1a90975d0fcd1 1eef8dfb62c743bd99e9773b1eac5fdd - - - -] 10.0.0.97 "DELETE /v2.0/security-groups/40311f8d-ca80-4694-9b8e-1e690b9499f3 HTTP/1.1" status: 204 len: 168 time: 0.2822897
2026-04-28 08:46:03.119 10 INFO neutron.wsgi [None req-d54bdbac-1dde-457a-bc39-8a0f2efda22a 4964d603127c45df998d10c78e7e0b72 fb445ef394894393bf5175d7ad6573dd - - default default] 10.0.0.94 "GET /v2.0/extensions HTTP/1.1" status: 200 len: 16525 time: 0.1716199
2026-04-28 08:46:03.176 9 INFO neutron.db.ovn_revision_numbers_db [None req-1332068a-1d29-45ae-bb8f-4c4c829b8cb9 ba031ee636ba42ad91cdcb4a32f5e31b 3d8c3c45bf3a41af867a5727e2de48b7 - - - -] Successfully bumped revision number for resource c9840046-6bfb-4c4d-8e6d-096a7e12d159 (type: ports) to 2
2026-04-28 08:46:03.191 9 INFO neutron.wsgi [None req-d89b3503-7912-457c-92be-207e495926a1 be7af2ea64464ae8a3e1a90975d0fcd1 1eef8dfb62c743bd99e9773b1eac5fdd - - default default] 10.0.0.97 "GET /v2.0/security-groups?tenant_id=349b7887f5ee48e98770667901bc9e2e&name=default HTTP/1.1" status: 200 len: 2996 time: 0.0374577
2026-04-28 08:46:03.197 9 INFO neutron.db.ovn_revision_numbers_db [None req-1332068a-1d29-45ae-bb8f-4c4c829b8cb9 ba031ee636ba42ad91cdcb4a32f5e31b 3d8c3c45bf3a41af867a5727e2de48b7 - - - -] Successfully bumped revision number for resource 1b1c405e-6dab-4abf-913f-e2727eaaa229 (type: subnets) to 0
2026-04-28 08:46:03.224 9 INFO neutron.wsgi [None req-1332068a-1d29-45ae-bb8f-4c4c829b8cb9 ba031ee636ba42ad91cdcb4a32f5e31b 3d8c3c45bf3a41af867a5727e2de48b7 - - - -] 10.0.0.97 "POST /v2.0/subnets HTTP/1.1" status: 201 len: 804 time: 0.8417256
2026-04-28 08:46:03.269 10 INFO neutron.wsgi [None req-d016b91a-363b-42c5-8848-06730f111be8 4964d603127c45df998d10c78e7e0b72 fb445ef394894393bf5175d7ad6573dd - - default default] 10.0.0.94 "GET /v2.0/quotas/fb445ef394894393bf5175d7ad6573dd/details HTTP/1.1" status: 200 len: 756 time: 0.1276860
2026-04-28 08:46:03.351 9 INFO neutron.db.segments_db [None req-cb5daa3d-58b6-402c-8a66-d96a468623ff ba031ee636ba42ad91cdcb4a32f5e31b 3d8c3c45bf3a41af867a5727e2de48b7 - - - -] Added segment 1540c3b1-e6b8-44ed-a65e-77f5359cb404 of type geneve for network 20e3b9ad-56c3-4ecd-983f-91b19818a4f6
2026-04-28 08:46:03.470 9 INFO neutron.wsgi [None req-40326978-c037-4fb5-acc4-5329d12571fd be7af2ea64464ae8a3e1a90975d0fcd1 1eef8dfb62c743bd99e9773b1eac5fdd - - - -] 10.0.0.97 "DELETE /v2.0/security-groups/d3a01cf5-9cf6-4075-8386-8e6d4d7687c0 HTTP/1.1" status: 204 len: 168 time: 0.2669137
2026-04-28 08:46:03.526 9 INFO neutron.services.segments.plugin [-] Segment b8d87e46-6c96-4f6f-b4a3-70d5fd00be08 resource provider aggregate not found
2026-04-28 08:46:03.533 9 INFO neutron.services.segments.plugin [-] Segment b8d87e46-6c96-4f6f-b4a3-70d5fd00be08 resource provider aggregate not found
2026-04-28 08:46:03.538 9 INFO neutron.db.ovn_revision_numbers_db [None req-cb5daa3d-58b6-402c-8a66-d96a468623ff ba031ee636ba42ad91cdcb4a32f5e31b 3d8c3c45bf3a41af867a5727e2de48b7 - - - -] Successfully bumped revision number for resource 20e3b9ad-56c3-4ecd-983f-91b19818a4f6 (type: networks) to 1
2026-04-28 08:46:03.969 9 INFO neutron.services.segments.plugin [-] Segment b8d87e46-6c96-4f6f-b4a3-70d5fd00be08 resource provider not found; error: Placement Client Error (4xx): {"errors": [{"status": 404, "title": "Not Found", "detail": "The resource could not be found.\n\n No resource provider with uuid b8d87e46-6c96-4f6f-b4a3-70d5fd00be08 found for delete ", "request_id": "req-0ee7ac85-ce98-499d-938c-0695425d757d"}]}
2026-04-28 08:46:03.970 9 INFO neutron.services.segments.plugin [-] Segment b8d87e46-6c96-4f6f-b4a3-70d5fd00be08 resource provider not found; error: Placement Client Error (4xx): {"errors": [{"status": 404, "title": "Not Found", "detail": "The resource could not be found.\n\n No resource provider with uuid b8d87e46-6c96-4f6f-b4a3-70d5fd00be08 found for delete ", "request_id": "req-615d61c1-cc25-4815-9dfd-381ef933cecc"}]}
2026-04-28 08:46:04.165 9 WARNING neutron.scheduler.dhcp_agent_scheduler [None req-cb5daa3d-58b6-402c-8a66-d96a468623ff ba031ee636ba42ad91cdcb4a32f5e31b 3d8c3c45bf3a41af867a5727e2de48b7 - - - -] No more DHCP agents
2026-04-28 08:46:04.167 9 WARNING neutron.api.rpc.agentnotifiers.dhcp_rpc_agent_api [None req-cb5daa3d-58b6-402c-8a66-d96a468623ff ba031ee636ba42ad91cdcb4a32f5e31b 3d8c3c45bf3a41af867a5727e2de48b7 - - - -] Unable to schedule network 20e3b9ad-56c3-4ecd-983f-91b19818a4f6: no agents available; will retry on subsequent port and subnet creation events.
2026-04-28 08:46:04.236 9 INFO neutron.db.ovn_revision_numbers_db [None req-cb5daa3d-58b6-402c-8a66-d96a468623ff ba031ee636ba42ad91cdcb4a32f5e31b 3d8c3c45bf3a41af867a5727e2de48b7 - - - -] Successfully bumped revision number for resource 43f2ce51-a1e0-4902-8f94-2ba6f2394026 (type: ports) to 1
2026-04-28 08:46:04.259 9 INFO neutron.wsgi [None req-cb5daa3d-58b6-402c-8a66-d96a468623ff ba031ee636ba42ad91cdcb4a32f5e31b 3d8c3c45bf3a41af867a5727e2de48b7 - - - -] 10.0.0.97 "POST /v2.0/networks HTTP/1.1" status: 201 len: 830 time: 1.0246274
2026-04-28 08:46:04.578 9 WARNING neutron.scheduler.dhcp_agent_scheduler [None req-11e8cba3-378c-4ce8-a2ef-b408d5e5c893 ba031ee636ba42ad91cdcb4a32f5e31b 3d8c3c45bf3a41af867a5727e2de48b7 - - - -] No more DHCP agents
2026-04-28 08:46:04.582 9 WARNING neutron.api.rpc.agentnotifiers.dhcp_rpc_agent_api [None req-11e8cba3-378c-4ce8-a2ef-b408d5e5c893 ba031ee636ba42ad91cdcb4a32f5e31b 3d8c3c45bf3a41af867a5727e2de48b7 - - - -] Unable to schedule network 20e3b9ad-56c3-4ecd-983f-91b19818a4f6: no agents available; will retry on subsequent port and subnet creation events.
2026-04-28 08:46:05.044 9 INFO neutron.db.ovn_revision_numbers_db [None req-11e8cba3-378c-4ce8-a2ef-b408d5e5c893 ba031ee636ba42ad91cdcb4a32f5e31b 3d8c3c45bf3a41af867a5727e2de48b7 - - - -] Successfully bumped revision number for resource 43f2ce51-a1e0-4902-8f94-2ba6f2394026 (type: ports) to 2
2026-04-28 08:46:05.078 9 INFO neutron.db.ovn_revision_numbers_db [None req-11e8cba3-378c-4ce8-a2ef-b408d5e5c893 ba031ee636ba42ad91cdcb4a32f5e31b 3d8c3c45bf3a41af867a5727e2de48b7 - - - -] Successfully bumped revision number for resource 0e8108f9-387d-41c9-8c58-953cac4f90cd (type: subnets) to 0
2026-04-28 08:46:05.139 9 INFO neutron.wsgi [None req-11e8cba3-378c-4ce8-a2ef-b408d5e5c893 ba031ee636ba42ad91cdcb4a32f5e31b 3d8c3c45bf3a41af867a5727e2de48b7 - - - -] 10.0.0.97 "POST /v2.0/subnets HTTP/1.1" status: 201 len: 804 time: 0.8736513
2026-04-28 08:46:05.205 9 INFO neutron.wsgi [None req-aaf3dc3d-d270-4477-a452-9da12faf1492 ba031ee636ba42ad91cdcb4a32f5e31b 3d8c3c45bf3a41af867a5727e2de48b7 - - - -] 10.0.0.97 "PUT /v2.0/subnets/2f0399db-693c-40cf-bb7f-1b0bc4d7a43c/tags HTTP/1.1" status: 200 len: 210 time: 0.0594957
2026-04-28 08:46:05.273 9 INFO neutron.wsgi [None req-33490108-bfff-455a-9f7e-a6490c8bae00 ba031ee636ba42ad91cdcb4a32f5e31b 3d8c3c45bf3a41af867a5727e2de48b7 - - - -] 10.0.0.97 "PUT /v2.0/subnets/3946901a-0d56-4036-baae-b2560b9cf1be/tags HTTP/1.1" status: 200 len: 218 time: 0.0625081
2026-04-28 08:46:05.376 9 INFO neutron.wsgi [None req-64dd5728-3e49-42a0-9191-3d635a69c4fa ba031ee636ba42ad91cdcb4a32f5e31b 3d8c3c45bf3a41af867a5727e2de48b7 - - - -] 10.0.0.97 "PUT /v2.0/subnets/00581b4c-fde3-4057-a363-5429650cd44b/tags HTTP/1.1" status: 200 len: 227 time: 0.0982554
2026-04-28 08:46:05.462 9 INFO neutron.wsgi [None req-fa1b1077-6840-432c-b327-246ea1901d68 ba031ee636ba42ad91cdcb4a32f5e31b 3d8c3c45bf3a41af867a5727e2de48b7 - - - -] 10.0.0.97 "PUT /v2.0/subnets/1b1c405e-6dab-4abf-913f-e2727eaaa229/tags HTTP/1.1" status: 200 len: 212 time: 0.0798533
2026-04-28 08:46:05.553 10 INFO neutron.wsgi [None req-0ecc4bc9-b252-4ca9-bab0-78654175d588 ba031ee636ba42ad91cdcb4a32f5e31b 3d8c3c45bf3a41af867a5727e2de48b7 - - default default] 10.0.0.97 "GET /v2.0/subnets?tags=red HTTP/1.1" status: 200 len: 2027 time: 0.0848715
2026-04-28 08:46:05.648 9 INFO neutron.db.ovn_revision_numbers_db [None req-be1d64e2-37f6-4144-b94a-d0f58817c65f 292cfbf2d00e4f3cae5fc2aad4b2cf8a 881b798a10554324938a9fba0d9ea3e9 - - - -] Successfully bumped revision number for resource 9303028f-a0f9-472e-b3e2-5f3b79214d11 (type: security_groups) to 1
2026-04-28 08:46:05.653 10 INFO neutron.wsgi [None req-e1ebe919-672b-4a15-a6a2-ef88d18323db ba031ee636ba42ad91cdcb4a32f5e31b 3d8c3c45bf3a41af867a5727e2de48b7 - - default default] 10.0.0.97 "GET /v2.0/subnets?tags=red%2Cblue HTTP/1.1" status: 200 len: 1430 time: 0.0936956
2026-04-28 08:46:05.707 9 INFO neutron.db.segments_db [None req-be1d64e2-37f6-4144-b94a-d0f58817c65f 292cfbf2d00e4f3cae5fc2aad4b2cf8a 881b798a10554324938a9fba0d9ea3e9 - - - -] Added segment 34d13cb4-760d-4577-a315-c54e366948d6 of type geneve for network 455d5b13-f694-495d-9eb3-ff245829543e
2026-04-28 08:46:05.737 10 INFO neutron.wsgi [None req-3ccdf93f-29d9-4797-a9c0-a55cea768a4e 4964d603127c45df998d10c78e7e0b72 fb445ef394894393bf5175d7ad6573dd - - default default] 10.0.0.94 "GET /v2.0/extensions HTTP/1.1" status: 200 len: 16525 time: 0.0088825
2026-04-28 08:46:05.748 10 INFO neutron.wsgi [None req-c2c6280c-b5fa-4a62-b52c-652e33ffc7d3 ba031ee636ba42ad91cdcb4a32f5e31b 3d8c3c45bf3a41af867a5727e2de48b7 - - default default] 10.0.0.97 "GET /v2.0/subnets?tags-any=blue HTTP/1.1" status: 200 len: 1430 time: 0.0904727
2026-04-28 08:46:05.820 10 INFO neutron.wsgi [None req-30177bcc-92b1-44e5-afcb-e96de44e0655 ba031ee636ba42ad91cdcb4a32f5e31b 3d8c3c45bf3a41af867a5727e2de48b7 - - default default] 10.0.0.97 "GET /v2.0/subnets?tags-any=red%2Cblue HTTP/1.1" status: 200 len: 2027 time: 0.0648415
2026-04-28 08:46:05.853 9 INFO neutron.db.ovn_revision_numbers_db [None req-be1d64e2-37f6-4144-b94a-d0f58817c65f 292cfbf2d00e4f3cae5fc2aad4b2cf8a 881b798a10554324938a9fba0d9ea3e9 - - - -] Successfully bumped revision number for resource 455d5b13-f694-495d-9eb3-ff245829543e (type: networks) to 1
2026-04-28 08:46:05.913 10 INFO neutron.wsgi [None req-a7fd28da-8c25-45a8-8782-cb507361af11 ba031ee636ba42ad91cdcb4a32f5e31b 3d8c3c45bf3a41af867a5727e2de48b7 - - default default] 10.0.0.97 "GET /v2.0/subnets?not-tags=red HTTP/1.1" status: 200 len: 2018 time: 0.0869732
2026-04-28 08:46:05.940 9 INFO neutron.wsgi [None req-a9f0f965-8e7f-4afd-8a60-baaac37e462b 4964d603127c45df998d10c78e7e0b72 fb445ef394894393bf5175d7ad6573dd - - default default] 10.0.0.94 "GET /v2.0/quotas/fb445ef394894393bf5175d7ad6573dd/details HTTP/1.1" status: 200 len: 756 time: 0.1832294
2026-04-28 08:46:06.006 10 INFO neutron.wsgi [None req-5c8f76b1-3f0d-498b-ac01-bc1b73e19f50 ba031ee636ba42ad91cdcb4a32f5e31b 3d8c3c45bf3a41af867a5727e2de48b7 - - default default] 10.0.0.97 "GET /v2.0/subnets?not-tags=red%2Cblue HTTP/1.1" status: 200 len: 2615 time: 0.0868795
2026-04-28 08:46:06.065 9 WARNING neutron.scheduler.dhcp_agent_scheduler [None req-be1d64e2-37f6-4144-b94a-d0f58817c65f 292cfbf2d00e4f3cae5fc2aad4b2cf8a 881b798a10554324938a9fba0d9ea3e9 - - - -] No more DHCP agents
2026-04-28 08:46:06.068 9 WARNING neutron.api.rpc.agentnotifiers.dhcp_rpc_agent_api [None req-be1d64e2-37f6-4144-b94a-d0f58817c65f 292cfbf2d00e4f3cae5fc2aad4b2cf8a 881b798a10554324938a9fba0d9ea3e9 - - - -] Unable to schedule network 455d5b13-f694-495d-9eb3-ff245829543e: no agents available; will retry on subsequent port and subnet creation events.
2026-04-28 08:46:06.087 10 INFO neutron.wsgi [None req-2030bb51-e864-47ea-88d7-16173a10c085 ba031ee636ba42ad91cdcb4a32f5e31b 3d8c3c45bf3a41af867a5727e2de48b7 - - default default] 10.0.0.97 "GET /v2.0/subnets?not-tags-any=blue HTTP/1.1" status: 200 len: 2615 time: 0.0746806
2026-04-28 08:46:06.176 9 INFO neutron.wsgi [None req-0e456c37-3a12-4cb3-90af-64a40e3c5c50 ba031ee636ba42ad91cdcb4a32f5e31b 3d8c3c45bf3a41af867a5727e2de48b7 - - default default] 10.0.0.97 "GET /v2.0/subnets?not-tags-any=red%2Cblue HTTP/1.1" status: 200 len: 2018 time: 0.0794334
2026-04-28 08:46:06.179 9 INFO neutron.db.ovn_revision_numbers_db [None req-be1d64e2-37f6-4144-b94a-d0f58817c65f 292cfbf2d00e4f3cae5fc2aad4b2cf8a 881b798a10554324938a9fba0d9ea3e9 - - - -] Successfully bumped revision number for resource 1e92d864-3494-4bc9-9921-f6381674382c (type: ports) to 1
2026-04-28 08:46:06.216 9 INFO neutron.wsgi [None req-be1d64e2-37f6-4144-b94a-d0f58817c65f 292cfbf2d00e4f3cae5fc2aad4b2cf8a 881b798a10554324938a9fba0d9ea3e9 - - - -] 10.0.0.97 "POST /v2.0/networks HTTP/1.1" status: 201 len: 831 time: 1.0264924
2026-04-28 08:46:06.513 9 INFO neutron.wsgi [None req-5a3b3d50-8eb7-4742-9c99-1c073007b48b ba031ee636ba42ad91cdcb4a32f5e31b 3d8c3c45bf3a41af867a5727e2de48b7 - - - -] 10.0.0.97 "DELETE /v2.0/subnets/2f0399db-693c-40cf-bb7f-1b0bc4d7a43c HTTP/1.1" status: 204 len: 168 time: 0.3314443
2026-04-28 08:46:06.974 10 INFO neutron.db.ovn_revision_numbers_db [None req-3f0698ae-6323-4dec-b1fd-df929aa12808 dbc06c43de0e43b69ba27165670b2594 029356bfa2cd47ed885d157d41dcb05d - - - -] Successfully bumped revision number for resource 203a9470-7703-429c-8a60-fb77116314a5 (type: security_groups) to 1
2026-04-28 08:46:07.026 10 INFO neutron.db.segments_db [None req-3f0698ae-6323-4dec-b1fd-df929aa12808 dbc06c43de0e43b69ba27165670b2594 029356bfa2cd47ed885d157d41dcb05d - - - -] Added segment f349e21b-341b-44df-a87b-1939f16e1040 of type geneve for network 42eff007-300b-4006-87eb-0f8d87eaa12e
2026-04-28 08:46:07.096 9 INFO neutron.wsgi [None req-93c55e05-2950-41ac-ae34-f065ff435c09 ba031ee636ba42ad91cdcb4a32f5e31b 3d8c3c45bf3a41af867a5727e2de48b7 - - - -] 10.0.0.97 "DELETE /v2.0/subnets/3946901a-0d56-4036-baae-b2560b9cf1be HTTP/1.1" status: 204 len: 168 time: 0.5758083
2026-04-28 08:46:07.098 9 WARNING neutron.scheduler.dhcp_agent_scheduler [None req-b978a481-7379-42dd-a21c-3374036ded75 292cfbf2d00e4f3cae5fc2aad4b2cf8a 881b798a10554324938a9fba0d9ea3e9 - - - -] No more DHCP agents
2026-04-28 08:46:07.099 9 WARNING neutron.api.rpc.agentnotifiers.dhcp_rpc_agent_api [None req-b978a481-7379-42dd-a21c-3374036ded75 292cfbf2d00e4f3cae5fc2aad4b2cf8a 881b798a10554324938a9fba0d9ea3e9 - - - -] Unable to schedule network 0aa34039-32bf-4afa-b008-a52a32dd4f11: no agents available; will retry on subsequent port and subnet creation events.
2026-04-28 08:46:07.187 10 INFO neutron.db.ovn_revision_numbers_db [None req-3f0698ae-6323-4dec-b1fd-df929aa12808 dbc06c43de0e43b69ba27165670b2594 029356bfa2cd47ed885d157d41dcb05d - - - -] Successfully bumped revision number for resource 42eff007-300b-4006-87eb-0f8d87eaa12e (type: networks) to 1
2026-04-28 08:46:07.266 9 INFO neutron.db.ovn_revision_numbers_db [None req-b978a481-7379-42dd-a21c-3374036ded75 292cfbf2d00e4f3cae5fc2aad4b2cf8a 881b798a10554324938a9fba0d9ea3e9 - - - -] Successfully bumped revision number for resource 8b8ad417-2b0f-442a-a3dc-3d7ae4eab9cc (type: ports) to 1
2026-04-28 08:46:07.388 10 WARNING neutron.scheduler.dhcp_agent_scheduler [None req-3f0698ae-6323-4dec-b1fd-df929aa12808 dbc06c43de0e43b69ba27165670b2594 029356bfa2cd47ed885d157d41dcb05d - - - -] No more DHCP agents
2026-04-28 08:46:07.391 10 WARNING neutron.api.rpc.agentnotifiers.dhcp_rpc_agent_api [None req-3f0698ae-6323-4dec-b1fd-df929aa12808 dbc06c43de0e43b69ba27165670b2594 029356bfa2cd47ed885d157d41dcb05d - - - -] Unable to schedule network 42eff007-300b-4006-87eb-0f8d87eaa12e: no agents available; will retry on subsequent port and subnet creation events.
2026-04-28 08:46:07.410 10 INFO neutron.wsgi [None req-58ba7cce-e4c6-4a44-abed-58e47a894179 ba031ee636ba42ad91cdcb4a32f5e31b 3d8c3c45bf3a41af867a5727e2de48b7 - - - -] 10.0.0.97 "DELETE /v2.0/subnets/00581b4c-fde3-4057-a363-5429650cd44b HTTP/1.1" status: 204 len: 168 time: 0.3088334
2026-04-28 08:46:07.462 10 INFO neutron.db.ovn_revision_numbers_db [None req-3f0698ae-6323-4dec-b1fd-df929aa12808 dbc06c43de0e43b69ba27165670b2594 029356bfa2cd47ed885d157d41dcb05d - - - -] Successfully bumped revision number for resource 6ab648b6-9670-488f-8158-5379f82bec93 (type: ports) to 1
2026-04-28 08:46:07.486 10 INFO neutron.wsgi [None req-3f0698ae-6323-4dec-b1fd-df929aa12808 dbc06c43de0e43b69ba27165670b2594 029356bfa2cd47ed885d157d41dcb05d - - - -] 10.0.0.97 "POST /v2.0/networks HTTP/1.1" status: 201 len: 830 time: 0.7668331
2026-04-28 08:46:07.577 10 INFO neutron.db.segments_db [None req-2dd91c92-80a1-4471-bd6c-819993f041f4 dbc06c43de0e43b69ba27165670b2594 029356bfa2cd47ed885d157d41dcb05d - - - -] Added segment 8114cae6-809f-4715-896c-ea175b582e05 of type geneve for network 33357d50-613a-4274-9891-e112fa8ef1d1
2026-04-28 08:46:07.712 10 INFO neutron.db.ovn_revision_numbers_db [None req-2dd91c92-80a1-4471-bd6c-819993f041f4 dbc06c43de0e43b69ba27165670b2594 029356bfa2cd47ed885d157d41dcb05d - - - -] Successfully bumped revision number for resource 33357d50-613a-4274-9891-e112fa8ef1d1 (type: networks) to 1
2026-04-28 08:46:07.785 9 INFO neutron.wsgi [None req-cb63f669-92af-4251-85ab-4a85ba88e893 ba031ee636ba42ad91cdcb4a32f5e31b 3d8c3c45bf3a41af867a5727e2de48b7 - - - -] 10.0.0.97 "DELETE /v2.0/subnets/1b1c405e-6dab-4abf-913f-e2727eaaa229 HTTP/1.1" status: 204 len: 168 time: 0.3692982
2026-04-28 08:46:07.914 10 WARNING neutron.scheduler.dhcp_agent_scheduler [None req-2dd91c92-80a1-4471-bd6c-819993f041f4 dbc06c43de0e43b69ba27165670b2594 029356bfa2cd47ed885d157d41dcb05d - - - -] No more DHCP agents
2026-04-28 08:46:07.916 10 WARNING neutron.api.rpc.agentnotifiers.dhcp_rpc_agent_api [None req-2dd91c92-80a1-4471-bd6c-819993f041f4 dbc06c43de0e43b69ba27165670b2594 029356bfa2cd47ed885d157d41dcb05d - - - -] Unable to schedule network 33357d50-613a-4274-9891-e112fa8ef1d1: no agents available; will retry on subsequent port and subnet creation events.
2026-04-28 08:46:07.987 10 INFO neutron.db.ovn_revision_numbers_db [None req-2dd91c92-80a1-4471-bd6c-819993f041f4 dbc06c43de0e43b69ba27165670b2594 029356bfa2cd47ed885d157d41dcb05d - - - -] Successfully bumped revision number for resource 05ffeada-79c6-4b3f-96e0-e276e86a2b32 (type: ports) to 1
2026-04-28 08:46:08.022 10 INFO neutron.wsgi [None req-2dd91c92-80a1-4471-bd6c-819993f041f4 dbc06c43de0e43b69ba27165670b2594 029356bfa2cd47ed885d157d41dcb05d - - - -] 10.0.0.97 "POST /v2.0/networks HTTP/1.1" status: 201 len: 831 time: 0.5318882
2026-04-28 08:46:08.102 10 INFO neutron.wsgi [None req-f04a1bc4-7b3e-4e8a-b3ee-767e1ed74875 dbc06c43de0e43b69ba27165670b2594 029356bfa2cd47ed885d157d41dcb05d - - - -] 10.0.0.97 "PUT /v2.0/networks/42eff007-300b-4006-87eb-0f8d87eaa12e/tags HTTP/1.1" status: 200 len: 218 time: 0.0748494
2026-04-28 08:46:08.150 9 INFO neutron.wsgi [None req-0de0a6bb-ef09-49d1-897a-fee4fcbf3c68 ba031ee636ba42ad91cdcb4a32f5e31b 3d8c3c45bf3a41af867a5727e2de48b7 - - - -] 10.0.0.97 "DELETE /v2.0/subnets/0e8108f9-387d-41c9-8c58-953cac4f90cd HTTP/1.1" status: 204 len: 168 time: 0.3561709
2026-04-28 08:46:08.185 9 INFO neutron.wsgi [None req-bb0afd30-251a-4ec3-9550-69487371a68b dbc06c43de0e43b69ba27165670b2594 029356bfa2cd47ed885d157d41dcb05d - - default default] 10.0.0.97 "GET /v2.0/networks/42eff007-300b-4006-87eb-0f8d87eaa12e/tags HTTP/1.1" status: 200 len: 218 time: 0.0758820
2026-04-28 08:46:08.217 10 INFO neutron.plugins.ml2.drivers.ovn.mech_driver.mech_driver [None req-74fc8ed6-ce4d-4b22-91b4-59943f7cf4e5 - - - - - -] OVN reports status up for port: 8b8ad417-2b0f-442a-a3dc-3d7ae4eab9cc
2026-04-28 08:46:08.230 9 INFO neutron.plugins.ml2.drivers.ovn.mech_driver.ovsdb.ovsdb_monitor [None req-603d9b5f-1667-4695-a70e-f70ac67b2e12 - - - - - -] Router dcda4ba6-e7e7-4d9b-9faa-3789521a0473 is bound to host instance
2026-04-28 08:46:08.253 10 INFO neutron.plugins.ml2.plugin [None req-74fc8ed6-ce4d-4b22-91b4-59943f7cf4e5 - - - - - -] Attempt 1 to provision port 8b8ad417-2b0f-442a-a3dc-3d7ae4eab9cc
2026-04-28 08:46:08.269 10 INFO neutron.wsgi [None req-71a24dfc-eb6f-4e50-8e9f-f1bc7092f151 dbc06c43de0e43b69ba27165670b2594 029356bfa2cd47ed885d157d41dcb05d - - - -] 10.0.0.97 "PUT /v2.0/networks/33357d50-613a-4274-9891-e112fa8ef1d1/tags HTTP/1.1" status: 200 len: 210 time: 0.0797064
2026-04-28 08:46:08.273 9 INFO neutron.db.ovn_revision_numbers_db [None req-b978a481-7379-42dd-a21c-3374036ded75 292cfbf2d00e4f3cae5fc2aad4b2cf8a 881b798a10554324938a9fba0d9ea3e9 - - - -] Successfully bumped revision number for resource 8b8ad417-2b0f-442a-a3dc-3d7ae4eab9cc (type: router_ports) to 1
2026-04-28 08:46:08.329 10 INFO neutron.wsgi [None req-08435d35-29a9-4db8-986b-622591b9e73b dbc06c43de0e43b69ba27165670b2594 029356bfa2cd47ed885d157d41dcb05d - - default default] 10.0.0.97 "GET /v2.0/networks/33357d50-613a-4274-9891-e112fa8ef1d1/tags HTTP/1.1" status: 200 len: 210 time: 0.0522015
2026-04-28 08:46:08.397 10 INFO neutron.wsgi [None req-72fa8bc6-edbf-424b-be06-07b9d3fe5531 dbc06c43de0e43b69ba27165670b2594 029356bfa2cd47ed885d157d41dcb05d - - - -] 10.0.0.97 "PUT /v2.0/networks/33357d50-613a-4274-9891-e112fa8ef1d1/tags HTTP/1.1" status: 200 len: 205 time: 0.0526824
2026-04-28 08:46:08.457 10 INFO neutron.wsgi [None req-5a0e845a-1488-4e40-8e47-e73760cfc3b7 dbc06c43de0e43b69ba27165670b2594 029356bfa2cd47ed885d157d41dcb05d - - default default] 10.0.0.97 "GET /v2.0/networks/33357d50-613a-4274-9891-e112fa8ef1d1/tags HTTP/1.1" status: 200 len: 205 time: 0.0549519
2026-04-28 08:46:08.502 10 INFO neutron.wsgi [None req-3d9a773e-e078-4ce2-952a-1e1f849d6973 dbc06c43de0e43b69ba27165670b2594 029356bfa2cd47ed885d157d41dcb05d - - default default] 10.0.0.97 "GET /v2.0/networks/42eff007-300b-4006-87eb-0f8d87eaa12e/tags HTTP/1.1" status: 200 len: 218 time: 0.0405838
2026-04-28 08:46:08.695 10 INFO neutron.db.ovn_revision_numbers_db [None req-daab531e-fefd-47cd-8098-b9765516d434 be7af2ea64464ae8a3e1a90975d0fcd1 1eef8dfb62c743bd99e9773b1eac5fdd - - default default] Successfully bumped revision number for resource a3fb1209-b007-4cab-83ad-d96d943840bb (type: security_groups) to 1
2026-04-28 08:46:08.703 9 INFO neutron.db.ovn_revision_numbers_db [None req-b978a481-7379-42dd-a21c-3374036ded75 292cfbf2d00e4f3cae5fc2aad4b2cf8a 881b798a10554324938a9fba0d9ea3e9 - - - -] Successfully bumped revision number for resource dcda4ba6-e7e7-4d9b-9faa-3789521a0473 (type: routers) to 3
2026-04-28 08:46:08.732 10 INFO neutron.wsgi [None req-daab531e-fefd-47cd-8098-b9765516d434 be7af2ea64464ae8a3e1a90975d0fcd1 1eef8dfb62c743bd99e9773b1eac5fdd - - default default] 10.0.0.97 "GET /v2.0/security-groups?tenant_id=fb445ef394894393bf5175d7ad6573dd&name=default HTTP/1.1" status: 200 len: 2996 time: 0.2814357
2026-04-28 08:46:08.732 9 INFO neutron.wsgi [None req-b978a481-7379-42dd-a21c-3374036ded75 292cfbf2d00e4f3cae5fc2aad4b2cf8a 881b798a10554324938a9fba0d9ea3e9 - - - -] 10.0.0.97 "POST /v2.0/routers HTTP/1.1" status: 201 len: 875 time: 2.5105808
2026-04-28 08:46:08.879 10 INFO neutron.wsgi [None req-2be98726-c6f7-4886-ae74-10ac7b062ef6 47c7c38c7d044a22be2dcc3ccad5382d 1abc1c0867ea43d592bb2ac630674ddc - - default default] 10.0.0.97 "GET /v2.0/subnets?project_id=881b798a10554324938a9fba0d9ea3e9&cidr=10.100.0.0%2F28 HTTP/1.1" status: 200 len: 207 time: 0.1332238
2026-04-28 08:46:09.089 9 INFO neutron.services.segments.plugin [-] Segment 4c998ed0-0414-4a7a-b120-caf2d9e4e62d resource provider aggregate not found
2026-04-28 08:46:09.096 9 INFO neutron.services.segments.plugin [-] Segment 4c998ed0-0414-4a7a-b120-caf2d9e4e62d resource provider aggregate not found
2026-04-28 08:46:09.112 9 INFO neutron.services.segments.plugin [-] Segment 4c998ed0-0414-4a7a-b120-caf2d9e4e62d resource provider not found; error: Placement Client Error (4xx): {"errors": [{"status": 404, "title": "Not Found", "detail": "The resource could not be found.\n\n No resource provider with uuid 4c998ed0-0414-4a7a-b120-caf2d9e4e62d found for delete ", "request_id": "req-4fdaf40e-c57e-4396-a47d-104f2febb9fc"}]}
2026-04-28 08:46:09.114 9 INFO neutron.services.segments.plugin [-] Segment 4c998ed0-0414-4a7a-b120-caf2d9e4e62d resource provider not found; error: Placement Client Error (4xx): {"errors": [{"status": 404, "title": "Not Found", "detail": "The resource could not be found.\n\n No resource provider with uuid 4c998ed0-0414-4a7a-b120-caf2d9e4e62d found for delete ", "request_id": "req-c125b831-89a7-4b78-8a66-ccea2b39e36a"}]}
2026-04-28 08:46:09.175 9 INFO neutron.wsgi [None req-cd6692c4-775a-4272-ad08-0952d557c3dd ba031ee636ba42ad91cdcb4a32f5e31b 3d8c3c45bf3a41af867a5727e2de48b7 - - - -] 10.0.0.97 "DELETE /v2.0/networks/e1d119c7-4880-4969-a463-82f4ffb4fa23 HTTP/1.1" status: 204 len: 168 time: 1.0101740
2026-04-28 08:46:09.352 9 INFO neutron.db.ovn_revision_numbers_db [None req-603d9b5f-1667-4695-a70e-f70ac67b2e12 - - - - - -] Successfully bumped revision number for resource 8b8ad417-2b0f-442a-a3dc-3d7ae4eab9cc (type: ports) to 1
2026-04-28 08:46:09.410 10 INFO neutron.services.segments.plugin [-] Segment f349e21b-341b-44df-a87b-1939f16e1040 resource provider aggregate not found
2026-04-28 08:46:09.428 10 INFO neutron.services.segments.plugin [-] Segment f349e21b-341b-44df-a87b-1939f16e1040 resource provider aggregate not found
2026-04-28 08:46:09.433 10 INFO neutron.services.segments.plugin [-] Segment f349e21b-341b-44df-a87b-1939f16e1040 resource provider not found; error: Placement Client Error (4xx): {"errors": [{"status": 404, "title": "Not Found", "detail": "The resource could not be found.\n\n No resource provider with uuid f349e21b-341b-44df-a87b-1939f16e1040 found for delete ", "request_id": "req-18ee8de7-0977-46d5-9136-fb8f8f7d8d6d"}]}
2026-04-28 08:46:09.449 10 INFO neutron.services.segments.plugin [-] Segment f349e21b-341b-44df-a87b-1939f16e1040 resource provider not found; error: Placement Client Error (4xx): {"errors": [{"status": 404, "title": "Not Found", "detail": "The resource could not be found.\n\n No resource provider with uuid f349e21b-341b-44df-a87b-1939f16e1040 found for delete ", "request_id": "req-63654871-f17a-43f7-9f6d-e44a1a60288f"}]}
2026-04-28 08:46:09.469 10 INFO neutron.wsgi [None req-581edea8-bfff-4b1a-a471-9763d8b6404d 47c7c38c7d044a22be2dcc3ccad5382d 1abc1c0867ea43d592bb2ac630674ddc - - default default] 10.0.0.97 "GET /v2.0/networks?router%3Aexternal=True HTTP/1.1" status: 200 len: 947 time: 0.5827935
2026-04-28 08:46:09.510 10 INFO neutron.wsgi [None req-0a138c48-69fc-497c-9e14-8c9df9e6e7af be7af2ea64464ae8a3e1a90975d0fcd1 1eef8dfb62c743bd99e9773b1eac5fdd - - - -] 10.0.0.97 "DELETE /v2.0/security-groups/a3fb1209-b007-4cab-83ad-d96d943840bb HTTP/1.1" status: 204 len: 168 time: 0.7653141
2026-04-28 08:46:09.516 10 INFO neutron.wsgi [None req-3e6910db-c8cc-48d8-9357-25f5ad7921e6 47c7c38c7d044a22be2dcc3ccad5382d 1abc1c0867ea43d592bb2ac630674ddc - - default default] 10.0.0.97 "GET /v2.0/subnets?network_id=0aa34039-32bf-4afa-b008-a52a32dd4f11&cidr=10.100.0.0%2F28 HTTP/1.1" status: 200 len: 207 time: 0.0394461
2026-04-28 08:46:09.522 10 INFO neutron.wsgi [None req-a42063b3-b252-4312-8719-f2cb39acc893 dbc06c43de0e43b69ba27165670b2594 029356bfa2cd47ed885d157d41dcb05d - - - -] 10.0.0.97 "DELETE /v2.0/networks/42eff007-300b-4006-87eb-0f8d87eaa12e HTTP/1.1" status: 204 len: 168 time: 0.9973571
2026-04-28 08:46:10.134 9 INFO neutron.wsgi [None req-2fcabbf4-3195-45a6-91e6-d21f4f7828dd ba031ee636ba42ad91cdcb4a32f5e31b 3d8c3c45bf3a41af867a5727e2de48b7 - - - -] 10.0.0.97 "DELETE /v2.0/networks/964e24d6-21d6-454b-b61b-d255b6fa1834 HTTP/1.1" status: 204 len: 168 time: 0.9475691
2026-04-28 08:46:10.211 9 INFO neutron.db.ovn_revision_numbers_db [None req-603d9b5f-1667-4695-a70e-f70ac67b2e12 - - - - - -] Successfully bumped revision number for resource 8b8ad417-2b0f-442a-a3dc-3d7ae4eab9cc (type: router_ports) to 3
2026-04-28 08:46:10.343 9 WARNING neutron.scheduler.dhcp_agent_scheduler [None req-ac7d8a64-a192-4cf5-9547-d161c2bc8c63 292cfbf2d00e4f3cae5fc2aad4b2cf8a 881b798a10554324938a9fba0d9ea3e9 - - - -] No more DHCP agents
2026-04-28 08:46:10.351 9 WARNING neutron.api.rpc.agentnotifiers.dhcp_rpc_agent_api [None req-ac7d8a64-a192-4cf5-9547-d161c2bc8c63 292cfbf2d00e4f3cae5fc2aad4b2cf8a 881b798a10554324938a9fba0d9ea3e9 - - - -] Unable to schedule network 455d5b13-f694-495d-9eb3-ff245829543e: no agents available; will retry on subsequent port and subnet creation events.
2026-04-28 08:46:10.480 9 INFO neutron.db.ovn_revision_numbers_db [None req-603d9b5f-1667-4695-a70e-f70ac67b2e12 - - - - - -] Successfully bumped revision number for resource 8b8ad417-2b0f-442a-a3dc-3d7ae4eab9cc (type: ports) to 2
2026-04-28 08:46:10.561 9 INFO neutron.wsgi [None req-181103bb-7092-47c1-ae51-661bedd0bc4b dbc06c43de0e43b69ba27165670b2594 029356bfa2cd47ed885d157d41dcb05d - - - -] 10.0.0.97 "DELETE /v2.0/networks/33357d50-613a-4274-9891-e112fa8ef1d1 HTTP/1.1" status: 204 len: 168 time: 1.0295863
2026-04-28 08:46:10.616 10 INFO neutron.wsgi [None req-91cc36d4-927f-4bf2-9792-efe51495e111 ba031ee636ba42ad91cdcb4a32f5e31b 3d8c3c45bf3a41af867a5727e2de48b7 - - - -] 10.0.0.97 "DELETE /v2.0/networks/3508d5d2-de31-47d8-9316-8ea9d45393e7 HTTP/1.1" status: 204 len: 168 time: 0.4763715
2026-04-28 08:46:10.823 9 INFO neutron.db.ovn_revision_numbers_db [None req-603d9b5f-1667-4695-a70e-f70ac67b2e12 - - - - - -] Successfully bumped revision number for resource 8b8ad417-2b0f-442a-a3dc-3d7ae4eab9cc (type: ports) to 4
2026-04-28 08:46:11.056 9 INFO neutron.db.ovn_revision_numbers_db [None req-ac7d8a64-a192-4cf5-9547-d161c2bc8c63 292cfbf2d00e4f3cae5fc2aad4b2cf8a 881b798a10554324938a9fba0d9ea3e9 - - - -] Successfully bumped revision number for resource 1e92d864-3494-4bc9-9921-f6381674382c (type: ports) to 2
2026-04-28 08:46:11.060 10 INFO neutron.wsgi [None req-d1c9ae67-9893-4d43-86fa-ce81db457a2d ba031ee636ba42ad91cdcb4a32f5e31b 3d8c3c45bf3a41af867a5727e2de48b7 - - - -] 10.0.0.97 "DELETE /v2.0/networks/9330939b-475c-4705-8b91-b53ddd945b92 HTTP/1.1" status: 204 len: 168 time: 0.4368284
2026-04-28 08:46:11.073 9 INFO neutron.db.ovn_revision_numbers_db [None req-603d9b5f-1667-4695-a70e-f70ac67b2e12 - - - - - -] Successfully bumped revision number for resource 8b8ad417-2b0f-442a-a3dc-3d7ae4eab9cc (type: router_ports) to 4
2026-04-28 08:46:11.093 9 INFO neutron.db.ovn_revision_numbers_db [None req-ac7d8a64-a192-4cf5-9547-d161c2bc8c63 292cfbf2d00e4f3cae5fc2aad4b2cf8a 881b798a10554324938a9fba0d9ea3e9 - - - -] Successfully bumped revision number for resource 92e9acaf-6e76-49ef-a47f-4bffbf6ab860 (type: subnets) to 0
2026-04-28 08:46:11.138 9 INFO neutron.wsgi [None req-ac7d8a64-a192-4cf5-9547-d161c2bc8c63 292cfbf2d00e4f3cae5fc2aad4b2cf8a 881b798a10554324938a9fba0d9ea3e9 - - - -] 10.0.0.97 "POST /v2.0/subnets HTTP/1.1" status: 201 len: 831 time: 1.6087680
2026-04-28 08:46:11.141 9 INFO neutron.services.segments.plugin [-] Segment 8db822fd-195a-4d6c-a160-bfa6138faf5a resource provider aggregate not found
2026-04-28 08:46:11.149 9 INFO neutron.services.segments.plugin [-] Segment 8db822fd-195a-4d6c-a160-bfa6138faf5a resource provider aggregate not found
2026-04-28 08:46:11.162 9 INFO neutron.services.segments.plugin [-] Segment 8db822fd-195a-4d6c-a160-bfa6138faf5a resource provider not found; error: Placement Client Error (4xx): {"errors": [{"status": 404, "title": "Not Found", "detail": "The resource could not be found.\n\n No resource provider with uuid 8db822fd-195a-4d6c-a160-bfa6138faf5a found for delete ", "request_id": "req-6c32baff-a61d-42fe-9f99-8d01fc7ed7c8"}]}
2026-04-28 08:46:11.168 9 INFO neutron.services.segments.plugin [-] Segment 8db822fd-195a-4d6c-a160-bfa6138faf5a resource provider not found; error: Placement Client Error (4xx): {"errors": [{"status": 404, "title": "Not Found", "detail": "The resource could not be found.\n\n No resource provider with uuid 8db822fd-195a-4d6c-a160-bfa6138faf5a found for delete ", "request_id": "req-6be8a7a6-9fee-4809-a14b-a93dc8f5d249"}]}
2026-04-28 08:46:11.178 9 INFO neutron.services.segments.plugin [-] Segment 8114cae6-809f-4715-896c-ea175b582e05 resource provider aggregate not found
2026-04-28 08:46:11.186 9 INFO neutron.services.segments.plugin [-] Segment 8114cae6-809f-4715-896c-ea175b582e05 resource provider aggregate not found
2026-04-28 08:46:11.195 9 INFO neutron.services.segments.plugin [-] Segment 8114cae6-809f-4715-896c-ea175b582e05 resource provider not found; error: Placement Client Error (4xx): {"errors": [{"status": 404, "title": "Not Found", "detail": "The resource could not be found.\n\n No resource provider with uuid 8114cae6-809f-4715-896c-ea175b582e05 found for delete ", "request_id": "req-40f272f4-1fa9-4bc8-9a34-285f34639fc0"}]}
2026-04-28 08:46:11.217 9 INFO neutron.services.segments.plugin [-] Segment 8114cae6-809f-4715-896c-ea175b582e05 resource provider not found; error: Placement Client Error (4xx): {"errors": [{"status": 404, "title": "Not Found", "detail": "The resource could not be found.\n\n No resource provider with uuid 8114cae6-809f-4715-896c-ea175b582e05 found for delete ", "request_id": "req-fb678a3f-ced0-4fdc-9824-dc40ebc9a2fa"}]}
2026-04-28 08:46:11.401 10 INFO neutron.wsgi [None req-71ee2f41-02cf-408c-8d3a-7155880a18e6 be7af2ea64464ae8a3e1a90975d0fcd1 1eef8dfb62c743bd99e9773b1eac5fdd - - default default] 10.0.0.97 "GET /v2.0/security-groups?tenant_id=029356bfa2cd47ed885d157d41dcb05d&name=default HTTP/1.1" status: 200 len: 2996 time: 0.1957002
2026-04-28 08:46:11.461 10 INFO neutron.services.segments.plugin [-] Segment 6cbc987b-2087-4148-bc78-ea83cd9f29a1 resource provider aggregate not found
2026-04-28 08:46:11.483 10 INFO neutron.services.segments.plugin [-] Segment 6cbc987b-2087-4148-bc78-ea83cd9f29a1 resource provider aggregate not found
2026-04-28 08:46:11.495 10 INFO neutron.services.segments.plugin [-] Segment 6cbc987b-2087-4148-bc78-ea83cd9f29a1 resource provider not found; error: Placement Client Error (4xx): {"errors": [{"status": 404, "title": "Not Found", "detail": "The resource could not be found.\n\n No resource provider with uuid 6cbc987b-2087-4148-bc78-ea83cd9f29a1 found for delete ", "request_id": "req-c14ca8ff-5a3e-4d3a-a9e4-2679bdf1649b"}]}
2026-04-28 08:46:11.505 10 INFO neutron.services.segments.plugin [-] Segment 6cbc987b-2087-4148-bc78-ea83cd9f29a1 resource provider not found; error: Placement Client Error (4xx): {"errors": [{"status": 404, "title": "Not Found", "detail": "The resource could not be found.\n\n No resource provider with uuid 6cbc987b-2087-4148-bc78-ea83cd9f29a1 found for delete ", "request_id": "req-4b4d5c0a-e8b4-48e5-9555-847976d57e1e"}]}
2026-04-28 08:46:11.517 10 INFO neutron.services.segments.plugin [-] Segment 85ca8623-688b-4e21-b5c5-ba9a3b283326 resource provider aggregate not found
2026-04-28 08:46:11.523 10 INFO neutron.services.segments.plugin [-] Segment 85ca8623-688b-4e21-b5c5-ba9a3b283326 resource provider aggregate not found
2026-04-28 08:46:11.534 10 INFO neutron.services.segments.plugin [-] Segment 85ca8623-688b-4e21-b5c5-ba9a3b283326 resource provider not found; error: Placement Client Error (4xx): {"errors": [{"status": 404, "title": "Not Found", "detail": "The resource could not be found.\n\n No resource provider with uuid 85ca8623-688b-4e21-b5c5-ba9a3b283326 found for delete ", "request_id": "req-fc8ccf9e-73fb-446d-bc17-9c5d92f156f5"}]}
2026-04-28 08:46:11.552 10 INFO neutron.services.segments.plugin [-] Segment 85ca8623-688b-4e21-b5c5-ba9a3b283326 resource provider not found; error: Placement Client Error (4xx): {"errors": [{"status": 404, "title": "Not Found", "detail": "The resource could not be found.\n\n No resource provider with uuid 85ca8623-688b-4e21-b5c5-ba9a3b283326 found for delete ", "request_id": "req-f847fd38-4849-4d13-8146-c9e614f3ac4f"}]}
2026-04-28 08:46:11.586 9 INFO neutron.db.ovn_revision_numbers_db [None req-e87598f7-4c95-4d08-9897-79afe532980e be7af2ea64464ae8a3e1a90975d0fcd1 1eef8dfb62c743bd99e9773b1eac5fdd - - - -] Successfully bumped revision number for resource 7e41161f-bca4-4dd1-be36-39a3f35c0606 (type: security_groups) to 1
2026-04-28 08:46:11.620 9 INFO neutron.wsgi [None req-2bb9cb49-200e-4a78-934f-e8e3bf8cc329 ba031ee636ba42ad91cdcb4a32f5e31b 3d8c3c45bf3a41af867a5727e2de48b7 - - - -] 10.0.0.97 "DELETE /v2.0/networks/20e3b9ad-56c3-4ecd-983f-91b19818a4f6 HTTP/1.1" status: 204 len: 168 time: 0.5554876
2026-04-28 08:46:11.642 9 INFO neutron.db.segments_db [None req-e87598f7-4c95-4d08-9897-79afe532980e be7af2ea64464ae8a3e1a90975d0fcd1 1eef8dfb62c743bd99e9773b1eac5fdd - - - -] Added segment 722a9a87-ce7b-4ba2-8637-443f67685d15 of type geneve for network bca593c7-0a94-4c88-9aeb-c9a7b58dfe40
2026-04-28 08:46:11.849 10 INFO neutron.wsgi [None req-200788f5-a0ab-4cf8-a1ad-2fd2aa1e2c66 be7af2ea64464ae8a3e1a90975d0fcd1 1eef8dfb62c743bd99e9773b1eac5fdd - - - -] 10.0.0.97 "DELETE /v2.0/security-groups/203a9470-7703-429c-8a60-fb77116314a5 HTTP/1.1" status: 204 len: 168 time: 0.4261844
2026-04-28 08:46:12.070 9 INFO neutron.db.ovn_revision_numbers_db [None req-e87598f7-4c95-4d08-9897-79afe532980e be7af2ea64464ae8a3e1a90975d0fcd1 1eef8dfb62c743bd99e9773b1eac5fdd - - - -] Successfully bumped revision number for resource bca593c7-0a94-4c88-9aeb-c9a7b58dfe40 (type: networks) to 1
2026-04-28 08:46:12.106 10 WARNING neutron.scheduler.dhcp_agent_scheduler [None req-bb6532d2-8f07-4cfc-b972-0932c26afb10 292cfbf2d00e4f3cae5fc2aad4b2cf8a 881b798a10554324938a9fba0d9ea3e9 - - default default] No more DHCP agents
2026-04-28 08:46:12.112 10 WARNING neutron.api.rpc.agentnotifiers.dhcp_rpc_agent_api [None req-bb6532d2-8f07-4cfc-b972-0932c26afb10 292cfbf2d00e4f3cae5fc2aad4b2cf8a 881b798a10554324938a9fba0d9ea3e9 - - default default] Unable to schedule network 455d5b13-f694-495d-9eb3-ff245829543e: no agents available; will retry on subsequent port and subnet creation events.
2026-04-28 08:46:12.175 10 INFO neutron.db.ovn_revision_numbers_db [None req-4288055f-b86c-4321-a2fc-d6516e5476df be7af2ea64464ae8a3e1a90975d0fcd1 1eef8dfb62c743bd99e9773b1eac5fdd - - default default] Successfully bumped revision number for resource b55aafa2-09d9-4a37-9371-32e1ff072f6d (type: security_groups) to 1
2026-04-28 08:46:12.215 10 INFO neutron.wsgi [None req-4288055f-b86c-4321-a2fc-d6516e5476df be7af2ea64464ae8a3e1a90975d0fcd1 1eef8dfb62c743bd99e9773b1eac5fdd - - default default] 10.0.0.97 "GET /v2.0/security-groups?tenant_id=df64453dde3f4cb38c794e7b6e0c1e07&name=default HTTP/1.1" status: 200 len: 2996 time: 0.2469599
2026-04-28 08:46:12.268 9 WARNING neutron.scheduler.dhcp_agent_scheduler [None req-e87598f7-4c95-4d08-9897-79afe532980e be7af2ea64464ae8a3e1a90975d0fcd1 1eef8dfb62c743bd99e9773b1eac5fdd - - - -] No more DHCP agents
2026-04-28 08:46:12.273 9 WARNING neutron.api.rpc.agentnotifiers.dhcp_rpc_agent_api [None req-e87598f7-4c95-4d08-9897-79afe532980e be7af2ea64464ae8a3e1a90975d0fcd1 1eef8dfb62c743bd99e9773b1eac5fdd - - - -] Unable to schedule network bca593c7-0a94-4c88-9aeb-c9a7b58dfe40: no agents available; will retry on subsequent port and subnet creation events.
2026-04-28 08:46:12.364 9 INFO neutron.db.ovn_revision_numbers_db [None req-e87598f7-4c95-4d08-9897-79afe532980e be7af2ea64464ae8a3e1a90975d0fcd1 1eef8dfb62c743bd99e9773b1eac5fdd - - - -] Successfully bumped revision number for resource 441a6ca9-7a53-4d8d-95ec-a39bafc708e6 (type: ports) to 1
2026-04-28 08:46:12.392 9 INFO neutron.wsgi [None req-e87598f7-4c95-4d08-9897-79afe532980e be7af2ea64464ae8a3e1a90975d0fcd1 1eef8dfb62c743bd99e9773b1eac5fdd - - - -] 10.0.0.97 "POST /v2.0/networks HTTP/1.1" status: 201 len: 943 time: 1.1662991
2026-04-28 08:46:12.518 9 INFO neutron.wsgi [None req-382977d6-fa26-427b-b6ea-5022534474dd be7af2ea64464ae8a3e1a90975d0fcd1 1eef8dfb62c743bd99e9773b1eac5fdd - - - -] 10.0.0.97 "DELETE /v2.0/security-groups/b55aafa2-09d9-4a37-9371-32e1ff072f6d HTTP/1.1" status: 204 len: 168 time: 0.2982957
2026-04-28 08:46:12.600 9 WARNING neutron.scheduler.dhcp_agent_scheduler [None req-53012f98-e684-4726-a86b-0a813fcd9b00 be7af2ea64464ae8a3e1a90975d0fcd1 1eef8dfb62c743bd99e9773b1eac5fdd - - - -] No more DHCP agents
2026-04-28 08:46:12.603 9 WARNING neutron.api.rpc.agentnotifiers.dhcp_rpc_agent_api [None req-53012f98-e684-4726-a86b-0a813fcd9b00 be7af2ea64464ae8a3e1a90975d0fcd1 1eef8dfb62c743bd99e9773b1eac5fdd - - - -] Unable to schedule network bca593c7-0a94-4c88-9aeb-c9a7b58dfe40: no agents available; will retry on subsequent port and subnet creation events.
2026-04-28 08:46:12.678 10 INFO neutron.db.ovn_revision_numbers_db [None req-bb6532d2-8f07-4cfc-b972-0932c26afb10 292cfbf2d00e4f3cae5fc2aad4b2cf8a 881b798a10554324938a9fba0d9ea3e9 - - default default] Successfully bumped revision number for resource 451225df-7fa3-47d5-9e7f-ed0ac711562d (type: ports) to 1
2026-04-28 08:46:13.000 9 INFO neutron.db.ovn_revision_numbers_db [None req-86afc97a-4481-4d34-9924-b1eb1c66f513 be7af2ea64464ae8a3e1a90975d0fcd1 1eef8dfb62c743bd99e9773b1eac5fdd - - default default] Successfully bumped revision number for resource ad251907-f10b-4f35-b51c-91ab30c11d67 (type: security_groups) to 1
2026-04-28 08:46:13.034 9 INFO neutron.wsgi [None req-86afc97a-4481-4d34-9924-b1eb1c66f513 be7af2ea64464ae8a3e1a90975d0fcd1 1eef8dfb62c743bd99e9773b1eac5fdd - - default default] 10.0.0.97 "GET /v2.0/security-groups?tenant_id=5e0b0d13dcf44522bc51b2e164fc537d&name=default HTTP/1.1" status: 200 len: 2996 time: 0.4706128
2026-04-28 08:46:13.131 9 INFO neutron.db.ovn_revision_numbers_db [None req-53012f98-e684-4726-a86b-0a813fcd9b00 be7af2ea64464ae8a3e1a90975d0fcd1 1eef8dfb62c743bd99e9773b1eac5fdd - - - -] Successfully bumped revision number for resource 441a6ca9-7a53-4d8d-95ec-a39bafc708e6 (type: ports) to 2
2026-04-28 08:46:13.149 9 INFO neutron.db.ovn_revision_numbers_db [None req-53012f98-e684-4726-a86b-0a813fcd9b00 be7af2ea64464ae8a3e1a90975d0fcd1 1eef8dfb62c743bd99e9773b1eac5fdd - - - -] Successfully bumped revision number for resource f122ea0c-d72c-4dd0-bfed-d50bb411d622 (type: subnets) to 0
2026-04-28 08:46:13.169 9 INFO neutron.wsgi [None req-53012f98-e684-4726-a86b-0a813fcd9b00 be7af2ea64464ae8a3e1a90975d0fcd1 1eef8dfb62c743bd99e9773b1eac5fdd - - - -] 10.0.0.97 "POST /v2.0/subnets HTTP/1.1" status: 201 len: 863 time: 0.7693467
2026-04-28 08:46:13.239 9 INFO neutron.services.segments.plugin [-] Segment 1540c3b1-e6b8-44ed-a65e-77f5359cb404 resource provider aggregate not found
2026-04-28 08:46:13.263 9 INFO neutron.services.segments.plugin [-] Segment 1540c3b1-e6b8-44ed-a65e-77f5359cb404 resource provider not found; error: Placement Client Error (4xx): {"errors": [{"status": 404, "title": "Not Found", "detail": "The resource could not be found.\n\n No resource provider with uuid 1540c3b1-e6b8-44ed-a65e-77f5359cb404 found for delete ", "request_id": "req-f5250ea0-dd32-4d11-a772-09167031f2ed"}]}
2026-04-28 08:46:13.265 9 INFO neutron.services.segments.plugin [-] Segment 1540c3b1-e6b8-44ed-a65e-77f5359cb404 resource provider aggregate not found
2026-04-28 08:46:13.274 9 INFO neutron.plugins.ml2.drivers.ovn.mech_driver.mech_driver [None req-9a061168-b450-4db2-92b5-5da1f06e632f - - - - - -] OVN reports status up for port: 451225df-7fa3-47d5-9e7f-ed0ac711562d
2026-04-28 08:46:13.277 10 INFO neutron.db.ovn_revision_numbers_db [None req-bb6532d2-8f07-4cfc-b972-0932c26afb10 292cfbf2d00e4f3cae5fc2aad4b2cf8a 881b798a10554324938a9fba0d9ea3e9 - - default default] Successfully bumped revision number for resource 451225df-7fa3-47d5-9e7f-ed0ac711562d (type: router_ports) to 2
2026-04-28 08:46:13.282 9 INFO neutron.plugins.ml2.plugin [None req-9a061168-b450-4db2-92b5-5da1f06e632f - - - - - -] Attempt 1 to provision port 451225df-7fa3-47d5-9e7f-ed0ac711562d
2026-04-28 08:46:13.296 9 INFO neutron.services.segments.plugin [-] Segment 1540c3b1-e6b8-44ed-a65e-77f5359cb404 resource provider not found; error: Placement Client Error (4xx): {"errors": [{"status": 404, "title": "Not Found", "detail": "The resource could not be found.\n\n No resource provider with uuid 1540c3b1-e6b8-44ed-a65e-77f5359cb404 found for delete ", "request_id": "req-1607f183-b5ab-4acc-ab7a-98d1efdd0fd3"}]}
2026-04-28 08:46:13.356 9 INFO neutron.wsgi [None req-55078548-ec16-4c1d-89e8-e428397542ac be7af2ea64464ae8a3e1a90975d0fcd1 1eef8dfb62c743bd99e9773b1eac5fdd - - - -] 10.0.0.97 "DELETE /v2.0/security-groups/ad251907-f10b-4f35-b51c-91ab30c11d67 HTTP/1.1" status: 204 len: 168 time: 0.3160810
2026-04-28 08:46:13.413 10 INFO neutron.db.ovn_revision_numbers_db [None req-bb6532d2-8f07-4cfc-b972-0932c26afb10 292cfbf2d00e4f3cae5fc2aad4b2cf8a 881b798a10554324938a9fba0d9ea3e9 - - default default] Successfully bumped revision number for resource 451225df-7fa3-47d5-9e7f-ed0ac711562d (type: ports) to 2
2026-04-28 08:46:13.481 10 WARNING neutron.scheduler.dhcp_agent_scheduler [None req-bb6532d2-8f07-4cfc-b972-0932c26afb10 292cfbf2d00e4f3cae5fc2aad4b2cf8a 881b798a10554324938a9fba0d9ea3e9 - - default default] No more DHCP agents
2026-04-28 08:46:13.483 10 WARNING neutron.api.rpc.agentnotifiers.dhcp_rpc_agent_api [None req-bb6532d2-8f07-4cfc-b972-0932c26afb10 292cfbf2d00e4f3cae5fc2aad4b2cf8a 881b798a10554324938a9fba0d9ea3e9 - - default default] Unable to schedule network 455d5b13-f694-495d-9eb3-ff245829543e: no agents available; will retry on subsequent port and subnet creation events.
2026-04-28 08:46:13.583 9 INFO neutron.wsgi [None req-358ae4d4-a9ca-471e-adab-ac5bb49c4c29 be7af2ea64464ae8a3e1a90975d0fcd1 1eef8dfb62c743bd99e9773b1eac5fdd - - default default] 10.0.0.97 "GET /v2.0/security-groups?tenant_id=3d8c3c45bf3a41af867a5727e2de48b7&name=default HTTP/1.1" status: 200 len: 2996 time: 0.0533078
2026-04-28 08:46:13.676 9 INFO neutron.db.ovn_revision_numbers_db [None req-9a061168-b450-4db2-92b5-5da1f06e632f - - - - - -] Successfully bumped revision number for resource 451225df-7fa3-47d5-9e7f-ed0ac711562d (type: ports) to 3
2026-04-28 08:46:13.832 9 WARNING neutron.scheduler.dhcp_agent_scheduler [None req-57645707-f76e-4f6f-a137-aa98c38bb4e9 be7af2ea64464ae8a3e1a90975d0fcd1 1eef8dfb62c743bd99e9773b1eac5fdd - - - -] No more DHCP agents
2026-04-28 08:46:13.836 9 WARNING neutron.api.rpc.agentnotifiers.dhcp_rpc_agent_api [None req-57645707-f76e-4f6f-a137-aa98c38bb4e9 be7af2ea64464ae8a3e1a90975d0fcd1 1eef8dfb62c743bd99e9773b1eac5fdd - - - -] Unable to schedule network 0aa34039-32bf-4afa-b008-a52a32dd4f11: no agents available; will retry on subsequent port and subnet creation events.
2026-04-28 08:46:13.850 9 INFO neutron.db.ovn_revision_numbers_db [None req-9a061168-b450-4db2-92b5-5da1f06e632f - - - - - -] Successfully bumped revision number for resource 451225df-7fa3-47d5-9e7f-ed0ac711562d (type: router_ports) to 3
2026-04-28 08:46:13.863 10 INFO neutron.db.ovn_revision_numbers_db [None req-bb6532d2-8f07-4cfc-b972-0932c26afb10 292cfbf2d00e4f3cae5fc2aad4b2cf8a 881b798a10554324938a9fba0d9ea3e9 - - - -] Successfully bumped revision number for resource 451225df-7fa3-47d5-9e7f-ed0ac711562d (type: router_ports) to 3
2026-04-28 08:46:13.866 10 INFO neutron.wsgi [None req-bb6532d2-8f07-4cfc-b972-0932c26afb10 292cfbf2d00e4f3cae5fc2aad4b2cf8a 881b798a10554324938a9fba0d9ea3e9 - - - -] 10.0.0.97 "PUT /v2.0/routers/dcda4ba6-e7e7-4d9b-9faa-3789521a0473/add_router_interface HTTP/1.1" status: 200 len: 503 time: 2.7202942
2026-04-28 08:46:13.981 10 INFO neutron.wsgi [None req-83f94631-e576-4bb0-ae4a-313182250e0c be7af2ea64464ae8a3e1a90975d0fcd1 1eef8dfb62c743bd99e9773b1eac5fdd - - - -] 10.0.0.97 "DELETE /v2.0/security-groups/069c56d5-ee83-4915-a553-eb1791c52658 HTTP/1.1" status: 204 len: 168 time: 0.3907764
2026-04-28 08:46:14.011 10 INFO neutron.wsgi [None req-aa12457b-001f-4964-badd-70bf309647cc 47c7c38c7d044a22be2dcc3ccad5382d 1abc1c0867ea43d592bb2ac630674ddc - - default default] 10.0.0.97 "GET /v2.0/networks HTTP/1.1" status: 200 len: 3871 time: 0.1380920
2026-04-28 08:46:14.025 9 INFO neutron.db.ovn_revision_numbers_db [None req-57645707-f76e-4f6f-a137-aa98c38bb4e9 be7af2ea64464ae8a3e1a90975d0fcd1 1eef8dfb62c743bd99e9773b1eac5fdd - - - -] Successfully bumped revision number for resource cca56749-17c5-49da-9bc5-e0bfc889d5cb (type: ports) to 1
2026-04-28 08:46:14.094 9 INFO neutron.wsgi [None req-bc594fc0-3b8e-4c33-af38-5d90e5ac2111 47c7c38c7d044a22be2dcc3ccad5382d 1abc1c0867ea43d592bb2ac630674ddc - - default default] 10.0.0.97 "GET /v2.0/subnets HTTP/1.1" status: 200 len: 2750 time: 0.0749888
