File "/var/lib/openstack/lib/python3.10/site-packages/ovsdbapp/backend/ovs_idl/__init__.py", line 228, in _lookup
2026-04-28 08:47:06.739 9 ERROR neutron.plugins.ml2.managers row = idlutils.row_by_value(self, rl.table, rl.column, record)
2026-04-28 08:47:06.739 9 ERROR neutron.plugins.ml2.managers
File "/var/lib/openstack/lib/python3.10/site-packages/ovsdbapp/backend/ovs_idl/idlutils.py", line 114, in row_by_value
2026-04-28 08:47:06.739 9 ERROR neutron.plugins.ml2.managers raise RowNotFound(table=table, col=column, match=match)
2026-04-28 08:47:06.739 9 ERROR neutron.plugins.ml2.managers ovsdbapp.backend.ovs_idl.idlutils.RowNotFound: Cannot find Logical_Switch_Port with name=c75d8513-a884-4001-9004-03a132c8e8cf
2026-04-28 08:47:06.739 9 ERROR neutron.plugins.ml2.managers 
2026-04-28 08:47:06.743 10 INFO neutron.notifiers.nova [-] Nova event matching ['req-d3786bea-334a-42c9-a51d-a13bb29ef42b'] response: {'server_uuid': 'e8f0d812-49c1-413b-83cf-8425a5b70596', 'name': 'network-vif-deleted', 'tag': 'c75d8513-a884-4001-9004-03a132c8e8cf', 'status': 'completed', 'code': 200} /var/lib/openstack/lib/python3.10/site-packages/pycadf/identifier.py:71: UserWarning: Invalid uuid: neutron. To ensure interoperability, identifiers should be a valid uuid. warnings.warn(('Invalid uuid: %s. To ensure interoperability, '
2026-04-28 08:47:06.790 10 INFO neutron.wsgi [req-ee41b20c-32d1-40f1-9c67-6515b4264ba3 req-60d590fb-d899-4453-8c99-4a36124d88c9 fdc32e97ea494a77b137bff00342452f cd10ccd2a3e644399880d4ca3f78448d - - 2326e32d87ed4baca3e21937afe1d2f9 2326e32d87ed4baca3e21937afe1d2f9] 10.0.0.114 "GET /v2.0/ports?device_id=db7f1f5d-f83e-451c-97dc-b537413f8e04 HTTP/1.1" status: 200 len: 1582 time: 0.0433886
2026-04-28 08:47:06.843 10 INFO neutron.wsgi [req-ee41b20c-32d1-40f1-9c67-6515b4264ba3 req-aea8cd58-5e23-4529-9645-1b600bbc1877 fdc32e97ea494a77b137bff00342452f cd10ccd2a3e644399880d4ca3f78448d - - 2326e32d87ed4baca3e21937afe1d2f9 2326e32d87ed4baca3e21937afe1d2f9] 10.0.0.114 "GET /v2.0/security-groups?id=45300e2b-dfb1-498e-94c3-95788698b87a&fields=id&fields=name HTTP/1.1" status: 200 len: 311 time: 0.0459907
2026-04-28 08:47:06.946 9 INFO neutron.wsgi [None req-e603d20a-b4d1-4ac3-a601-aeb119bfafdb 292cfbf2d00e4f3cae5fc2aad4b2cf8a 881b798a10554324938a9fba0d9ea3e9 - - - -] 199.204.45.144 "DELETE /v2.0/ports/181889c4-bc42-4f9c-a437-e1ca1aa98cd0 HTTP/1.1" status: 204 len: 173 time: 0.7940850
2026-04-28 08:47:06.951 10 INFO neutron.wsgi [req-274c515e-8b3e-43aa-89af-e2b8d0667fa2 req-80b6ede8-4b5f-4a99-9fe3-3041da9d7b55 292cfbf2d00e4f3cae5fc2aad4b2cf8a 881b798a10554324938a9fba0d9ea3e9 - - default default] 10.0.0.103 "GET /v2.0/ports?device_id=65472432-f0de-43e4-9710-779bd517336a HTTP/1.1" status: 200 len: 210 time: 0.0302064 /var/lib/openstack/lib/python3.10/site-packages/pycadf/identifier.py:71: UserWarning: Invalid uuid: neutron. To ensure interoperability, identifiers should be a valid uuid. warnings.warn(('Invalid uuid: %s. To ensure interoperability, '
2026-04-28 08:47:07.023 9 INFO neutron.wsgi [req-ade5f3b1-8bce-4fc9-beb9-b995cb3be674 req-4f7f1eea-5868-4a57-b090-d99b686c752c 69d9e0d12a814168b4a3841ca5db6238 5424b17c35bd491d8bf2d0776111189f - - default default] 10.0.0.103 "GET /v2.0/ports?device_id=e8f0d812-49c1-413b-83cf-8425a5b70596 HTTP/1.1" status: 200 len: 210 time: 0.0286000
2026-04-28 08:47:08.049 9 INFO neutron.notifiers.nova [-] Nova event matching ['req-acc56541-6a60-4e50-8307-56ca62b63ae3'] response: {'server_uuid': '65472432-f0de-43e4-9710-779bd517336a', 'name': 'network-vif-plugged', 'status': 'completed', 'tag': '181889c4-bc42-4f9c-a437-e1ca1aa98cd0', 'code': 200}
2026-04-28 08:47:08.049 9 INFO neutron.notifiers.nova [-] Nova event matching ['req-acc56541-6a60-4e50-8307-56ca62b63ae3'] response: {'server_uuid': 'e8f0d812-49c1-413b-83cf-8425a5b70596', 'name': 'network-vif-unplugged', 'status': 'completed', 'tag': 'c75d8513-a884-4001-9004-03a132c8e8cf', 'code': 200}
2026-04-28 08:47:08.049 9 INFO neutron.notifiers.nova [-] Nova event matching ['req-acc56541-6a60-4e50-8307-56ca62b63ae3'] response: {'server_uuid': 'e8f0d812-49c1-413b-83cf-8425a5b70596', 'name': 'network-vif-plugged', 'status': 'completed', 'tag': 'c75d8513-a884-4001-9004-03a132c8e8cf', 'code': 200}
2026-04-28 08:47:08.050 9 INFO neutron.notifiers.nova [-] Nova event matching ['req-acc56541-6a60-4e50-8307-56ca62b63ae3'] response: {'server_uuid': '65472432-f0de-43e4-9710-779bd517336a', 'name': 'network-vif-deleted', 'tag': '181889c4-bc42-4f9c-a437-e1ca1aa98cd0', 'status': 'completed', 'code': 200}
2026-04-28 08:47:08.324 9 INFO neutron.wsgi [None req-7a17fc26-02a4-4139-9aab-5dd9af923566 292cfbf2d00e4f3cae5fc2aad4b2cf8a 881b798a10554324938a9fba0d9ea3e9 - - - -] 10.0.0.97 "DELETE /v2.0/security-groups/a911aec2-d42d-48ea-bc12-8f8e83d766ed HTTP/1.1" status: 204 len: 168 time: 0.3028011
2026-04-28 08:47:08.507 10 INFO neutron.wsgi [None req-f1dc5396-7515-45ab-8bff-9bef24b8d11b 69d9e0d12a814168b4a3841ca5db6238 5424b17c35bd491d8bf2d0776111189f - - - -] 10.0.0.97 "DELETE /v2.0/security-groups/82ed99e2-e693-4fca-a09f-3d51f94dbeb5 HTTP/1.1" status: 204 len: 168 time: 0.2341001
2026-04-28 08:47:08.528 9 INFO neutron.api.v2.resource [None req-8576c30a-6553-4d5c-8afc-6de0dec501f1 69d9e0d12a814168b4a3841ca5db6238 5424b17c35bd491d8bf2d0776111189f - - default default] show failed (client error): The resource could not be found.
2026-04-28 08:47:08.529 9 INFO neutron.wsgi [None req-8576c30a-6553-4d5c-8afc-6de0dec501f1 69d9e0d12a814168b4a3841ca5db6238 5424b17c35bd491d8bf2d0776111189f - - default default] 10.0.0.97 "GET /v2.0/security-groups/82ed99e2-e693-4fca-a09f-3d51f94dbeb5 HTTP/1.1" status: 404 len: 347 time: 0.0147388
2026-04-28 08:47:08.847 10 INFO neutron.wsgi [None req-71778336-ec93-44bf-bbfa-251186ae036b 292cfbf2d00e4f3cae5fc2aad4b2cf8a 881b798a10554324938a9fba0d9ea3e9 - - - -] 10.0.0.97 "DELETE /v2.0/floatingips/1bc3b9df-f6b6-433c-9ae1-232e4226c067 HTTP/1.1" status: 204 len: 168 time: 0.4725430
2026-04-28 08:47:08.879 9 INFO neutron.wsgi [None req-752ff734-a0d4-4d89-bdd2-ebadd894b7d2 69d9e0d12a814168b4a3841ca5db6238 5424b17c35bd491d8bf2d0776111189f - - - -] 10.0.0.97 "DELETE /v2.0/floatingips/216acce4-8628-44f9-9aca-3ae5d4d10300 HTTP/1.1" status: 204 len: 168 time: 0.3454132
2026-04-28 08:47:09.058 9 INFO neutron.wsgi [None req-89f8a7a3-9fbf-4dd0-afcd-07e3117cb017 69d9e0d12a814168b4a3841ca5db6238 5424b17c35bd491d8bf2d0776111189f - - - -] 10.0.0.97 "DELETE /v2.0/security-groups/4033d803-9d21-47f5-9b83-8e4be44af2f6 HTTP/1.1" status: 204 len: 168 time: 0.1645834
2026-04-28 08:47:09.088 10 INFO neutron.plugins.ml2.drivers.ovn.mech_driver.mech_driver [None req-74fc8ed6-ce4d-4b22-91b4-59943f7cf4e5 - - - - - -] OVN reports status down for port: 9706ae32-726c-4535-8dc1-8fdd546fa71c
2026-04-28 08:47:09.118 10 INFO neutron.wsgi [req-98a508b5-4903-414a-8531-ccf7b73a28bc req-ab0a4885-57f0-4877-9766-d1d474e2d9c9 292cfbf2d00e4f3cae5fc2aad4b2cf8a 881b798a10554324938a9fba0d9ea3e9 - - default default] 10.0.0.103 "GET /v2.0/ports?device_id=b8edf600-2246-4f79-b4d4-f136abcfaafd HTTP/1.1" status: 200 len: 1170 time: 0.0760527
2026-04-28 08:47:09.198 10 INFO neutron.wsgi [req-98a508b5-4903-414a-8531-ccf7b73a28bc req-277e57f9-a571-4c2c-b09b-4241f491f105 292cfbf2d00e4f3cae5fc2aad4b2cf8a 881b798a10554324938a9fba0d9ea3e9 - - default default] 10.0.0.103 "GET /v2.0/security-groups?id=35eefd40-689f-41ae-965a-926f894a817f&fields=id&fields=name HTTP/1.1" status: 200 len: 313 time: 0.0708644
2026-04-28 08:47:09.296 10 INFO neutron.notifiers.nova [-] Nova event matching ['req-e408dcd0-deea-48b5-8643-f8251ba09e91'] response: {'server_uuid': 'b8edf600-2246-4f79-b4d4-f136abcfaafd', 'name': 'network-vif-unplugged', 'status': 'completed', 'tag': '9706ae32-726c-4535-8dc1-8fdd546fa71c', 'code': 200}
2026-04-28 08:47:09.494 10 INFO neutron.db.ovn_revision_numbers_db [None req-74fc8ed6-ce4d-4b22-91b4-59943f7cf4e5 - - - - - -] Successfully bumped revision number for resource 9706ae32-726c-4535-8dc1-8fdd546fa71c (type: ports) to 5
2026-04-28 08:47:09.502 9 INFO neutron.wsgi [req-63cc53eb-47e7-4bac-be35-b58c6dcc8ae0 req-19f77381-ffe7-4c19-ab2a-3c0dcf8d2e20 292cfbf2d00e4f3cae5fc2aad4b2cf8a 881b798a10554324938a9fba0d9ea3e9 - - default default] 199.204.45.144 "GET /v2.0/ports?device_id=b8edf600-2246-4f79-b4d4-f136abcfaafd HTTP/1.1" status: 200 len: 1168 time: 0.0763733
2026-04-28 08:47:09.979 9 INFO neutron.wsgi [None req-71dea6c6-fb0c-4860-9444-ca3e63258b14 292cfbf2d00e4f3cae5fc2aad4b2cf8a 881b798a10554324938a9fba0d9ea3e9 - - - -] 199.204.45.144 "DELETE /v2.0/ports/9706ae32-726c-4535-8dc1-8fdd546fa71c HTTP/1.1" status: 204 len: 173 time: 0.4686208 /var/lib/openstack/lib/python3.10/site-packages/pycadf/identifier.py:71: UserWarning: Invalid uuid: neutron. To ensure interoperability, identifiers should be a valid uuid. warnings.warn(('Invalid uuid: %s. To ensure interoperability, '
2026-04-28 08:47:10.326 10 INFO neutron.wsgi [req-3a5c9d10-c90d-4202-815e-1b26c9491eff req-1bf3fbef-8e00-4274-a8bc-56024b107387 292cfbf2d00e4f3cae5fc2aad4b2cf8a 881b798a10554324938a9fba0d9ea3e9 - - default default] 10.0.0.103 "GET /v2.0/ports?device_id=b8edf600-2246-4f79-b4d4-f136abcfaafd HTTP/1.1" status: 200 len: 210 time: 0.0355194
2026-04-28 08:47:10.552 9 INFO neutron.notifiers.nova [-] Nova event matching ['req-7aff8cdb-2ffd-4815-b88e-d418d9bc4620'] response: {'server_uuid': 'b8edf600-2246-4f79-b4d4-f136abcfaafd', 'name': 'network-vif-deleted', 'tag': '9706ae32-726c-4535-8dc1-8fdd546fa71c', 'status': 'completed', 'code': 200}
2026-04-28 08:47:11.338 10 INFO neutron.notifiers.nova [-] Nova event matching ['req-628476c0-b926-43f5-8293-4c9c8e95ec61'] response: {'server_uuid': 'b8edf600-2246-4f79-b4d4-f136abcfaafd', 'name': 'network-vif-plugged', 'status': 'completed', 'tag': '9706ae32-726c-4535-8dc1-8fdd546fa71c', 'code': 200}
2026-04-28 08:47:11.372 9 INFO neutron.wsgi [None req-7b5bf799-c0cf-4931-ab7b-689dc1233cd8 be7af2ea64464ae8a3e1a90975d0fcd1 1eef8dfb62c743bd99e9773b1eac5fdd - - - -] 10.0.0.97 "PUT /v2.0/routers/196adc6a-99c1-45a6-8aab-498fecd4f35e/remove_router_interface HTTP/1.1" status: 200 len: 503 time: 2.2394919 /var/lib/openstack/lib/python3.10/site-packages/pycadf/identifier.py:71: UserWarning: Invalid uuid: neutron. To ensure interoperability, identifiers should be a valid uuid. warnings.warn(('Invalid uuid: %s. To ensure interoperability, '
2026-04-28 08:47:11.627 9 INFO neutron.wsgi [None req-8c5a0e8d-028b-474c-bfa4-514841bedb94 292cfbf2d00e4f3cae5fc2aad4b2cf8a 881b798a10554324938a9fba0d9ea3e9 - - - -] 10.0.0.97 "DELETE /v2.0/security-groups/35eefd40-689f-41ae-965a-926f894a817f HTTP/1.1" status: 204 len: 168 time: 0.2213421
2026-04-28 08:47:12.648 9 INFO neutron.wsgi [None req-4404b87f-01cf-489f-9e7e-5a72d9018d8d 292cfbf2d00e4f3cae5fc2aad4b2cf8a 881b798a10554324938a9fba0d9ea3e9 - - - -] 10.0.0.97 "PUT /v2.0/routers/dcda4ba6-e7e7-4d9b-9faa-3789521a0473/remove_router_interface HTTP/1.1" status: 200 len: 503 time: 0.9854941
2026-04-28 08:47:12.871 10 INFO neutron.wsgi [None req-3210107f-b843-4ab4-9f28-96507ae96e9d be7af2ea64464ae8a3e1a90975d0fcd1 1eef8dfb62c743bd99e9773b1eac5fdd - - - -] 10.0.0.97 "DELETE /v2.0/routers/196adc6a-99c1-45a6-8aab-498fecd4f35e HTTP/1.1" status: 204 len: 168 time: 1.4901018 /var/lib/openstack/lib/python3.10/site-packages/pycadf/identifier.py:71: UserWarning: Invalid uuid: neutron. To ensure interoperability, identifiers should be a valid uuid. warnings.warn(('Invalid uuid: %s. To ensure interoperability, '
2026-04-28 08:47:12.975 10 INFO neutron.wsgi [None req-fefa2dc4-c4c0-4737-acbc-3727bdb82b62 292cfbf2d00e4f3cae5fc2aad4b2cf8a 881b798a10554324938a9fba0d9ea3e9 - - - -] 10.0.0.97 "DELETE /v2.0/subnets/92e9acaf-6e76-49ef-a47f-4bffbf6ab860 HTTP/1.1" status: 204 len: 168 time: 0.3203759
2026-04-28 08:47:13.067 9 INFO neutron.wsgi [None req-778a6b7c-d1e4-49fe-9341-b35dca8a5739 be7af2ea64464ae8a3e1a90975d0fcd1 1eef8dfb62c743bd99e9773b1eac5fdd - - - -] 10.0.0.97 "DELETE /v2.0/subnets/f122ea0c-d72c-4dd0-bfed-d50bb411d622 HTTP/1.1" status: 204 len: 168 time: 0.1902564
2026-04-28 08:47:13.471 9 INFO neutron.services.segments.plugin [-] Segment 722a9a87-ce7b-4ba2-8637-443f67685d15 resource provider aggregate not found
2026-04-28 08:47:13.476 9 INFO neutron.services.segments.plugin [-] Segment 722a9a87-ce7b-4ba2-8637-443f67685d15 resource provider aggregate not found
2026-04-28 08:47:13.499 9 INFO neutron.services.segments.plugin [-] Segment 722a9a87-ce7b-4ba2-8637-443f67685d15 resource provider not found; error: Placement Client Error (4xx): {"errors": [{"status": 404, "title": "Not Found", "detail": "The resource could not be found.\n\n No resource provider with uuid 722a9a87-ce7b-4ba2-8637-443f67685d15 found for delete ", "request_id": "req-1ef2a9b6-3fd8-4a7b-91eb-df5cee554c3a"}]}
2026-04-28 08:47:13.501 9 INFO neutron.services.segments.plugin [-] Segment 722a9a87-ce7b-4ba2-8637-443f67685d15 resource provider not found; error: Placement Client Error (4xx): {"errors": [{"status": 404, "title": "Not Found", "detail": "The resource could not be found.\n\n No resource provider with uuid 722a9a87-ce7b-4ba2-8637-443f67685d15 found for delete ", "request_id": "req-bd2eb4a1-8bef-44be-ba4b-e35f92b0d6ca"}]}
2026-04-28 08:47:13.519 9 INFO neutron.wsgi [None req-65a11f45-c47e-47c9-b5ff-fb086102bc97 be7af2ea64464ae8a3e1a90975d0fcd1 1eef8dfb62c743bd99e9773b1eac5fdd - - - -] 10.0.0.97 "DELETE /v2.0/networks/bca593c7-0a94-4c88-9aeb-c9a7b58dfe40 HTTP/1.1" status: 204 len: 168 time: 0.4431038
2026-04-28 08:47:13.796 10 INFO neutron.wsgi [None req-afddd35d-fffd-47cf-b9ae-748e17158a8c 292cfbf2d00e4f3cae5fc2aad4b2cf8a 881b798a10554324938a9fba0d9ea3e9 - - - -] 10.0.0.97 "DELETE /v2.0/routers/dcda4ba6-e7e7-4d9b-9faa-3789521a0473 HTTP/1.1" status: 204 len: 168 time: 0.8160000
2026-04-28 08:47:14.128 10 INFO neutron.wsgi [req-1f4f56da-74cd-4bec-a7c3-15b32416a838 req-943b8fe7-0ee2-4d2d-9f83-ae8b9bdd80e4 fdc32e97ea494a77b137bff00342452f cd10ccd2a3e644399880d4ca3f78448d - - 2326e32d87ed4baca3e21937afe1d2f9 2326e32d87ed4baca3e21937afe1d2f9] 10.0.0.114 "GET /v2.0/ports?device_id=1e0d9868-3541-4fa0-b5a3-894d7b7541c1 HTTP/1.1" status: 200 len: 1590 time: 0.0487840
2026-04-28 08:47:14.186 10 INFO neutron.wsgi [req-1f4f56da-74cd-4bec-a7c3-15b32416a838 req-d8433270-c20d-4555-b808-9c357aa512a0 fdc32e97ea494a77b137bff00342452f cd10ccd2a3e644399880d4ca3f78448d - - 2326e32d87ed4baca3e21937afe1d2f9 2326e32d87ed4baca3e21937afe1d2f9] 10.0.0.114 "GET /v2.0/security-groups?id=45300e2b-dfb1-498e-94c3-95788698b87a&fields=id&fields=name HTTP/1.1" status: 200 len: 311 time: 0.0519850
2026-04-28 08:47:14.234 9 INFO neutron.wsgi [None req-d9e20615-4a36-489d-8306-a280fac51f13 292cfbf2d00e4f3cae5fc2aad4b2cf8a 881b798a10554324938a9fba0d9ea3e9 - - - -] 10.0.0.97 "DELETE /v2.0/networks/455d5b13-f694-495d-9eb3-ff245829543e HTTP/1.1" status: 204 len: 168 time: 0.4246953
2026-04-28 08:47:15.075 10 INFO neutron.wsgi [None req-b0079a06-bcfa-477d-9273-f28746ce013c be7af2ea64464ae8a3e1a90975d0fcd1 1eef8dfb62c743bd99e9773b1eac5fdd - - - -] 10.0.0.97 "PUT /v2.0/routers/da00e561-abdf-45f1-ae50-bd15ad239ee4/remove_router_interface HTTP/1.1" status: 200 len: 503 time: 1.5500789
2026-04-28 08:47:15.122 10 INFO neutron.wsgi [-] 10.0.0.245 "GET / HTTP/1.1" status: 200 len: 247 time: 0.0042346
2026-04-28 08:47:15.125 10 INFO neutron.wsgi [-] 10.0.0.245 "GET / HTTP/1.1" status: 200 len: 247 time: 0.0015697
2026-04-28 08:47:15.304 9 INFO neutron.db.ovn_revision_numbers_db [None req-15963002-5849-46bb-ab5f-3158155bb7e1 be7af2ea64464ae8a3e1a90975d0fcd1 1eef8dfb62c743bd99e9773b1eac5fdd - - default default] Successfully bumped revision number for resource 6cc408ba-bc1c-41c1-85c3-8f11922bd6c4 (type: security_groups) to 1
2026-04-28 08:47:15.338 9 INFO neutron.wsgi [None req-15963002-5849-46bb-ab5f-3158155bb7e1 be7af2ea64464ae8a3e1a90975d0fcd1 1eef8dfb62c743bd99e9773b1eac5fdd - - default default] 10.0.0.97 "GET /v2.0/security-groups?tenant_id=1abc1c0867ea43d592bb2ac630674ddc&name=default HTTP/1.1" status: 200 len: 2998 time: 0.3340840 /var/lib/openstack/lib/python3.10/site-packages/pycadf/identifier.py:71: UserWarning: Invalid uuid: neutron. To ensure interoperability, identifiers should be a valid uuid. warnings.warn(('Invalid uuid: %s. To ensure interoperability, '
2026-04-28 08:47:15.540 9 INFO neutron.services.segments.plugin [-] Segment 34d13cb4-760d-4577-a315-c54e366948d6 resource provider aggregate not found
2026-04-28 08:47:15.547 9 INFO neutron.services.segments.plugin [-] Segment 34d13cb4-760d-4577-a315-c54e366948d6 resource provider aggregate not found
2026-04-28 08:47:15.550 10 INFO neutron.wsgi [None req-2b0db195-a914-4e19-be86-4f82591569a0 be7af2ea64464ae8a3e1a90975d0fcd1 1eef8dfb62c743bd99e9773b1eac5fdd - - - -] 10.0.0.97 "DELETE /v2.0/security-groups/6cc408ba-bc1c-41c1-85c3-8f11922bd6c4 HTTP/1.1" status: 204 len: 168 time: 0.2049801
2026-04-28 08:47:15.566 9 INFO neutron.services.segments.plugin [-] Segment 34d13cb4-760d-4577-a315-c54e366948d6 resource provider not found; error: Placement Client Error (4xx): {"errors": [{"status": 404, "title": "Not Found", "detail": "The resource could not be found.\n\n No resource provider with uuid 34d13cb4-760d-4577-a315-c54e366948d6 found for delete ", "request_id": "req-f32dccda-06b0-45c3-b6c4-06d05d4d70fb"}]}
2026-04-28 08:47:15.584 9 INFO neutron.services.segments.plugin [-] Segment 34d13cb4-760d-4577-a315-c54e366948d6 resource provider not found; error: Placement Client Error (4xx): {"errors": [{"status": 404, "title": "Not Found", "detail": "The resource could not be found.\n\n No resource provider with uuid 34d13cb4-760d-4577-a315-c54e366948d6 found for delete ", "request_id": "req-e4df4e59-65e4-46ec-8948-8f659d1696e0"}]}
2026-04-28 08:47:15.704 10 INFO neutron.wsgi [None req-4e12b62d-d6fb-4adb-95bd-0140df3e644d be7af2ea64464ae8a3e1a90975d0fcd1 1eef8dfb62c743bd99e9773b1eac5fdd - - default default] 10.0.0.97 "GET /v2.0/security-groups?tenant_id=881b798a10554324938a9fba0d9ea3e9&name=default HTTP/1.1" status: 200 len: 2996 time: 0.0423229
2026-04-28 08:47:15.861 9 INFO neutron.wsgi [None req-55d963e0-acdb-4a88-8b77-0e212002c748 be7af2ea64464ae8a3e1a90975d0fcd1 1eef8dfb62c743bd99e9773b1eac5fdd - - - -] 10.0.0.97 "DELETE /v2.0/routers/da00e561-abdf-45f1-ae50-bd15ad239ee4 HTTP/1.1" status: 204 len: 168 time: 0.7805278
2026-04-28 08:47:16.051 9 INFO neutron.wsgi [None req-9512114b-2468-4330-90d4-0f602d810289 be7af2ea64464ae8a3e1a90975d0fcd1 1eef8dfb62c743bd99e9773b1eac5fdd - - - -] 10.0.0.97 "DELETE /v2.0/security-groups/9303028f-a0f9-472e-b3e2-5f3b79214d11 HTTP/1.1" status: 204 len: 168 time: 0.3417912
2026-04-28 08:47:16.105 9 INFO neutron.wsgi [None req-3f118804-4a9e-4f7c-b896-aab9d58e0229 be7af2ea64464ae8a3e1a90975d0fcd1 1eef8dfb62c743bd99e9773b1eac5fdd - - - -] 10.0.0.97 "DELETE /v2.0/subnets/107fc9bd-2722-4ca9-84cf-f93665448027 HTTP/1.1" status: 204 len: 168 time: 0.2363462
2026-04-28 08:47:16.615 9 INFO neutron.wsgi [None req-a6c6ce84-f62d-42be-8e95-810f133b88e0 be7af2ea64464ae8a3e1a90975d0fcd1 1eef8dfb62c743bd99e9773b1eac5fdd - - - -] 10.0.0.97 "DELETE /v2.0/networks/97f145fc-3e80-4f71-8ed7-c2aad293ce8e HTTP/1.1" status: 204 len: 168 time: 0.5033538
2026-04-28 08:47:16.922 10 INFO neutron.wsgi [None req-4d63a8bb-b60d-478a-862b-2ed22a12718a be7af2ea64464ae8a3e1a90975d0fcd1 1eef8dfb62c743bd99e9773b1eac5fdd - - default default] 10.0.0.97 "GET /v2.0/security-groups?tenant_id=5424b17c35bd491d8bf2d0776111189f&name=default HTTP/1.1" status: 200 len: 2996 time: 0.0305779
2026-04-28 08:47:17.143 10 INFO neutron.wsgi [None req-7b38a609-423c-49ef-87ff-8cebb44c4b7c be7af2ea64464ae8a3e1a90975d0fcd1 1eef8dfb62c743bd99e9773b1eac5fdd - - - -] 10.0.0.97 "DELETE /v2.0/security-groups/7e41161f-bca4-4dd1-be36-39a3f35c0606 HTTP/1.1" status: 204 len: 168 time: 0.2133665
2026-04-28 08:47:17.295 9 INFO neutron.wsgi [None req-f20a2742-857b-4218-9f06-fb11049e2169 c37225bab9f8466a9509679a5392e0c2 2af4bf4698024188b05477e82c3f7d8b - - default default] 10.0.0.97 "GET /v2.0/subnets/93140127-6638-44de-af91-e921c2506ec4 HTTP/1.1" status: 200 len: 845 time: 0.0449412
2026-04-28 08:47:17.305 10 INFO neutron.wsgi [None req-2cef689c-5620-4374-b7b7-3c5cea76de12 be7af2ea64464ae8a3e1a90975d0fcd1 1eef8dfb62c743bd99e9773b1eac5fdd - - default default] 10.0.0.97 "GET /v2.0/security-groups?tenant_id=d15af7a94c264f82be48a6d26361eb82&name=default HTTP/1.1" status: 200 len: 2996 time: 0.0500994
2026-04-28 08:47:17.506 10 INFO neutron.wsgi [None req-ca0c6721-a026-4454-8900-dddba195d248 be7af2ea64464ae8a3e1a90975d0fcd1 1eef8dfb62c743bd99e9773b1eac5fdd - - - -] 10.0.0.97 "DELETE /v2.0/security-groups/7f280f11-9598-4ced-985b-a08b3047d1dd HTTP/1.1" status: 204 len: 168 time: 0.1971977
2026-04-28 08:47:17.595 9 INFO neutron.services.segments.plugin [-] Segment 1e2fabc7-3128-4cf3-84bd-d3481951e1dc resource provider aggregate not found
2026-04-28 08:47:17.608 9 INFO neutron.services.segments.plugin [-] Segment 1e2fabc7-3128-4cf3-84bd-d3481951e1dc resource provider aggregate not found
2026-04-28 08:47:17.616 9 INFO neutron.services.segments.plugin [-] Segment 1e2fabc7-3128-4cf3-84bd-d3481951e1dc resource provider not found; error: Placement Client Error (4xx): {"errors": [{"status": 404, "title": "Not Found", "detail": "The resource could not be found.\n\n No resource provider with uuid 1e2fabc7-3128-4cf3-84bd-d3481951e1dc found for delete ", "request_id": "req-f3dea7b1-d767-4ebf-a3a8-67f2910f5f4f"}]}
2026-04-28 08:47:17.627 9 INFO neutron.services.segments.plugin [-] Segment 1e2fabc7-3128-4cf3-84bd-d3481951e1dc resource provider not found; error: Placement Client Error (4xx): {"errors": [{"status": 404, "title": "Not Found", "detail": "The resource could not be found.\n\n No resource provider with uuid 1e2fabc7-3128-4cf3-84bd-d3481951e1dc found for delete ", "request_id": "req-4a904892-8384-41d0-a234-d5cb927d04de"}]}
2026-04-28 08:47:17.991 10 INFO neutron.wsgi [None req-928a3ff8-a05c-44fd-9914-c5432eeb8c16 be7af2ea64464ae8a3e1a90975d0fcd1 1eef8dfb62c743bd99e9773b1eac5fdd - - default default] 10.0.0.92 "GET /v2.0/extensions/security-group HTTP/1.1" status: 200 len: 369 time: 0.1225715
2026-04-28 08:47:18.013 10 INFO neutron.wsgi [None req-94cc08db-d48a-46e9-8179-963630d22f7f be7af2ea64464ae8a3e1a90975d0fcd1 1eef8dfb62c743bd99e9773b1eac5fdd - - default default] 10.0.0.92 "GET /v2.0/extensions/dns-integration HTTP/1.1" status: 200 len: 371 time: 0.0065050
2026-04-28 08:47:18.028 10 INFO neutron.wsgi [None req-bdc20718-dd18-4c41-8df3-5bd3ad203696 be7af2ea64464ae8a3e1a90975d0fcd1 1eef8dfb62c743bd99e9773b1eac5fdd - - default default] 10.0.0.92 "GET /v2.0/extensions/qos HTTP/1.1" status: 200 len: 365 time: 0.0066123
2026-04-28 08:47:18.039 10 INFO neutron.wsgi [None req-0cff6f72-41c3-4eae-87a4-c4d805711f5c be7af2ea64464ae8a3e1a90975d0fcd1 1eef8dfb62c743bd99e9773b1eac5fdd - - default default] 10.0.0.92 "GET /v2.0/extensions/allowed-address-pairs HTTP/1.1" status: 200 len: 383 time: 0.0063531
2026-04-28 08:47:18.549 10 INFO neutron.wsgi [-] 10.0.0.92 "GET / HTTP/1.1" status: 200 len: 284 time: 0.0023165
2026-04-28 08:47:18.601 10 INFO neutron.wsgi [None req-a18b6047-f74a-4b66-ac31-278c36202c44 a448143513ef48cca0255ec77c45d539 13ef317538dc47288c947d189bf1fd7c - - default default] 10.0.0.92 "GET /v2.0/subnets/93140127-6638-44de-af91-e921c2506ec4 HTTP/1.1" status: 200 len: 832 time: 0.0464144
2026-04-28 08:47:18.619 10 INFO neutron.wsgi [None req-06390c20-3a1c-44cd-8ee1-1766498e7110 be7af2ea64464ae8a3e1a90975d0fcd1 1eef8dfb62c743bd99e9773b1eac5fdd - - default default] 10.0.0.92 "GET /v2.0/extensions/security-group HTTP/1.1" status: 200 len: 369 time: 0.0076547
2026-04-28 08:47:18.632 10 INFO neutron.wsgi [None req-172bae8e-e24d-4def-aaee-5bbc1a95ce77 be7af2ea64464ae8a3e1a90975d0fcd1 1eef8dfb62c743bd99e9773b1eac5fdd - - default default] 10.0.0.92 "GET /v2.0/extensions/dns-integration HTTP/1.1" status: 200 len: 371 time: 0.0046468
2026-04-28 08:47:18.641 10 INFO neutron.wsgi [None req-ff7c466a-08aa-43e6-a179-1740392df27a be7af2ea64464ae8a3e1a90975d0fcd1 1eef8dfb62c743bd99e9773b1eac5fdd - - default default] 10.0.0.92 "GET /v2.0/extensions/qos HTTP/1.1" status: 200 len: 365 time: 0.0042849
2026-04-28 08:47:18.652 10 INFO neutron.wsgi [None req-338ae413-6fac-4586-a2b7-3ea2e3282fc7 be7af2ea64464ae8a3e1a90975d0fcd1 1eef8dfb62c743bd99e9773b1eac5fdd - - default default] 10.0.0.92 "GET /v2.0/extensions/allowed-address-pairs HTTP/1.1" status: 200 len: 383 time: 0.0055511
2026-04-28 08:47:18.700 10 INFO neutron.wsgi [None req-3f80f1fa-59fa-4114-9f22-6ecd0e79c06a be7af2ea64464ae8a3e1a90975d0fcd1 1eef8dfb62c743bd99e9773b1eac5fdd - - default default] 10.0.0.92 "GET /v2.0/subnets/93140127-6638-44de-af91-e921c2506ec4 HTTP/1.1" status: 200 len: 850 time: 0.0395720
2026-04-28 08:47:18.933 10 INFO neutron.wsgi [None req-5efa1526-9627-4c16-b941-86671d8b4113 be7af2ea64464ae8a3e1a90975d0fcd1 1eef8dfb62c743bd99e9773b1eac5fdd - - default default] 10.0.0.92 "GET /v2.0/extensions/security-group HTTP/1.1" status: 200 len: 369 time: 0.0077844
2026-04-28 08:47:18.945 10 INFO neutron.wsgi [None req-db4a2b35-ccaa-4229-b56d-cad8051f6d4c be7af2ea64464ae8a3e1a90975d0fcd1 1eef8dfb62c743bd99e9773b1eac5fdd - - default default] 10.0.0.92 "GET /v2.0/extensions/dns-integration HTTP/1.1" status: 200 len: 371 time: 0.0071023
2026-04-28 08:47:18.955 10 INFO neutron.wsgi [None req-2548206d-2fae-43ca-b0d1-4618a8e85068 be7af2ea64464ae8a3e1a90975d0fcd1 1eef8dfb62c743bd99e9773b1eac5fdd - - default default] 10.0.0.92 "GET /v2.0/extensions/qos HTTP/1.1" status: 200 len: 365 time: 0.0045538
2026-04-28 08:47:18.973 10 INFO neutron.wsgi [None req-29437904-9375-442b-9da7-11c625d39134 be7af2ea64464ae8a3e1a90975d0fcd1 1eef8dfb62c743bd99e9773b1eac5fdd - - default default] 10.0.0.92 "GET /v2.0/extensions/allowed-address-pairs HTTP/1.1" status: 200 len: 383 time: 0.0086398
2026-04-28 08:47:19.057 10 INFO neutron.wsgi [None req-8fb01b38-f307-4541-b303-bec842b8f151 be7af2ea64464ae8a3e1a90975d0fcd1 1eef8dfb62c743bd99e9773b1eac5fdd - - default default] 10.0.0.92 "GET /v2.0/networks/a917e93a-33d6-40e8-ae2e-79e8a75035bb HTTP/1.1" status: 200 len: 1002 time: 0.0736454
2026-04-28 08:47:19.068 10 INFO neutron.wsgi [None req-0e727671-8997-4160-926f-ce0c59c97075 be7af2ea64464ae8a3e1a90975d0fcd1 1eef8dfb62c743bd99e9773b1eac5fdd - - default default] 10.0.0.92 "GET /v2.0/extensions/project-id HTTP/1.1" status: 200 len: 403 time: 0.0060427
2026-04-28 08:47:19.443 10 WARNING neutron.scheduler.dhcp_agent_scheduler [None req-7e8ab5c1-60a8-4114-9787-5fa35d6c2b51 be7af2ea64464ae8a3e1a90975d0fcd1 1eef8dfb62c743bd99e9773b1eac5fdd - - - -] No more DHCP agents
2026-04-28 08:47:19.446 10 WARNING neutron.api.rpc.agentnotifiers.dhcp_rpc_agent_api [None req-7e8ab5c1-60a8-4114-9787-5fa35d6c2b51 be7af2ea64464ae8a3e1a90975d0fcd1 1eef8dfb62c743bd99e9773b1eac5fdd - - - -] Unable to schedule network a917e93a-33d6-40e8-ae2e-79e8a75035bb: no agents available; will retry on subsequent port and subnet creation events.
2026-04-28 08:47:19.609 10 INFO neutron.db.ovn_revision_numbers_db [None req-7e8ab5c1-60a8-4114-9787-5fa35d6c2b51 be7af2ea64464ae8a3e1a90975d0fcd1 1eef8dfb62c743bd99e9773b1eac5fdd - - - -] Successfully bumped revision number for resource 860b9835-acd4-47dd-be29-59f97a71a67e (type: ports) to 1
2026-04-28 08:47:19.636 10 INFO neutron.wsgi [None req-7e8ab5c1-60a8-4114-9787-5fa35d6c2b51 be7af2ea64464ae8a3e1a90975d0fcd1 1eef8dfb62c743bd99e9773b1eac5fdd - - - -] 10.0.0.92 "POST /v2.0/ports HTTP/1.1" status: 201 len: 1337 time: 0.5630913
2026-04-28 08:47:21.069 9 INFO neutron.db.ovn_revision_numbers_db [None req-98ac809a-2370-4ea7-b890-a8912b6e04c9 836912476c4545b1a3c2f02aca5cb545 68bbca7d9c964bb2b65d5466577ea06e - - - -] Successfully bumped revision number for resource 589a39bc-904a-4715-a822-09e2417fdbfb (type: security_groups) to 1
2026-04-28 08:47:21.133 9 INFO neutron.db.segments_db [None req-98ac809a-2370-4ea7-b890-a8912b6e04c9 836912476c4545b1a3c2f02aca5cb545 68bbca7d9c964bb2b65d5466577ea06e - - - -] Added segment ef247bef-5af1-4ad4-b76c-8cdd708ac92c of type geneve for network b7566169-b696-4af3-bffd-bb2b942769c8 /var/lib/openstack/lib/python3.10/site-packages/pycadf/identifier.py:71: UserWarning: Invalid uuid: neutron. To ensure interoperability, identifiers should be a valid uuid. warnings.warn(('Invalid uuid: %s. To ensure interoperability, '
2026-04-28 08:47:21.269 10 INFO neutron.wsgi [None req-ae193353-44f5-41fe-bb67-360ec61eddc6 be7af2ea64464ae8a3e1a90975d0fcd1 1eef8dfb62c743bd99e9773b1eac5fdd - - default default] 199.204.45.144 "GET /v2.0/extensions/security-group HTTP/1.1" status: 200 len: 369 time: 0.1171305
2026-04-28 08:47:21.282 10 INFO neutron.wsgi [None req-0809266a-9729-4913-88a9-2153dc68b3a7 be7af2ea64464ae8a3e1a90975d0fcd1 1eef8dfb62c743bd99e9773b1eac5fdd - - default default] 199.204.45.144 "GET /v2.0/extensions/dns-integration HTTP/1.1" status: 200 len: 371 time: 0.0070000
2026-04-28 08:47:21.296 10 INFO neutron.wsgi [None req-44de70ac-1c5a-4b6e-9ccc-6a1b5bb8b0cd be7af2ea64464ae8a3e1a90975d0fcd1 1eef8dfb62c743bd99e9773b1eac5fdd - - default default] 199.204.45.144 "GET /v2.0/extensions/qos HTTP/1.1" status: 200 len: 365 time: 0.0070779
2026-04-28 08:47:21.297 9 INFO neutron.db.ovn_revision_numbers_db [None req-98ac809a-2370-4ea7-b890-a8912b6e04c9 836912476c4545b1a3c2f02aca5cb545 68bbca7d9c964bb2b65d5466577ea06e - - - -] Successfully bumped revision number for resource b7566169-b696-4af3-bffd-bb2b942769c8 (type: networks) to 1
2026-04-28 08:47:21.307 10 INFO neutron.wsgi [None req-a4781521-04f4-44d0-bacd-99bab2354955 be7af2ea64464ae8a3e1a90975d0fcd1 1eef8dfb62c743bd99e9773b1eac5fdd - - default default] 199.204.45.144 "GET /v2.0/extensions/allowed-address-pairs HTTP/1.1" status: 200 len: 383 time: 0.0055158
2026-04-28 08:47:21.356 10 INFO neutron.wsgi [None req-92d89208-7b73-45a9-8b90-18cde90d7c28 be7af2ea64464ae8a3e1a90975d0fcd1 1eef8dfb62c743bd99e9773b1eac5fdd - - default default] 199.204.45.144 "GET /v2.0/ports/860b9835-acd4-47dd-be29-59f97a71a67e HTTP/1.1" status: 200 len: 1332 time: 0.0423360
2026-04-28 08:47:21.487 10 INFO neutron.wsgi [None req-7669d333-0120-4bbe-8add-0569817135ee be7af2ea64464ae8a3e1a90975d0fcd1 1eef8dfb62c743bd99e9773b1eac5fdd - - default default] 199.204.45.144 "GET /v2.0/extensions/security-group HTTP/1.1" status: 200 len: 369 time: 0.0091128
2026-04-28 08:47:21.499 10 INFO neutron.wsgi [None req-aa90a41d-985d-45d0-9f7d-733bc74be9a7 be7af2ea64464ae8a3e1a90975d0fcd1 1eef8dfb62c743bd99e9773b1eac5fdd - - default default] 199.204.45.144 "GET /v2.0/extensions/dns-integration HTTP/1.1" status: 200 len: 371 time: 0.0082114
2026-04-28 08:47:21.510 10 INFO neutron.wsgi [None req-26706323-ca19-4baa-915b-5740ea117f47 be7af2ea64464ae8a3e1a90975d0fcd1 1eef8dfb62c743bd99e9773b1eac5fdd - - default default] 199.204.45.144 "GET /v2.0/extensions/qos HTTP/1.1" status: 200 len: 365 time: 0.0044322
2026-04-28 08:47:21.525 10 INFO neutron.wsgi [None req-08bc55cb-a949-4040-a3c7-fe1b5d41cc3e be7af2ea64464ae8a3e1a90975d0fcd1 1eef8dfb62c743bd99e9773b1eac5fdd - - default default] 199.204.45.144 "GET /v2.0/extensions/allowed-address-pairs HTTP/1.1" status: 200 len: 383 time: 0.0086594
2026-04-28 08:47:21.558 10 INFO neutron.wsgi [None req-a4473466-9521-4057-8676-bcbc79c20e24 be7af2ea64464ae8a3e1a90975d0fcd1 1eef8dfb62c743bd99e9773b1eac5fdd - - default default] 199.204.45.144 "GET /v2.0/security-groups?name=lb-8697b316-19ab-46a7-8d96-0596c2396d5a HTTP/1.1" status: 200 len: 221 time: 0.0241528
2026-04-28 08:47:21.586 9 WARNING neutron.scheduler.dhcp_agent_scheduler [None req-98ac809a-2370-4ea7-b890-a8912b6e04c9 836912476c4545b1a3c2f02aca5cb545 68bbca7d9c964bb2b65d5466577ea06e - - - -] No more DHCP agents
2026-04-28 08:47:21.588 9 WARNING neutron.api.rpc.agentnotifiers.dhcp_rpc_agent_api [None req-98ac809a-2370-4ea7-b890-a8912b6e04c9 836912476c4545b1a3c2f02aca5cb545 68bbca7d9c964bb2b65d5466577ea06e - - - -] Unable to schedule network b7566169-b696-4af3-bffd-bb2b942769c8: no agents available; will retry on subsequent port and subnet creation events.
2026-04-28 08:47:21.671 10 INFO neutron.db.ovn_revision_numbers_db [None req-964219d9-14c4-4136-aefe-c5e84fc8fb0f be7af2ea64464ae8a3e1a90975d0fcd1 1eef8dfb62c743bd99e9773b1eac5fdd - - - -] Successfully bumped revision number for resource cc9b1b2e-cbd4-48fa-afa8-574c9b9302cf (type: security_groups) to 1
2026-04-28 08:47:21.679 9 INFO neutron.db.ovn_revision_numbers_db [None req-98ac809a-2370-4ea7-b890-a8912b6e04c9 836912476c4545b1a3c2f02aca5cb545 68bbca7d9c964bb2b65d5466577ea06e - - - -] Successfully bumped revision number for resource 8a917c47-ea2e-4db2-9c23-9ba8f1fba479 (type: ports) to 1
2026-04-28 08:47:21.697 10 INFO neutron.wsgi [None req-964219d9-14c4-4136-aefe-c5e84fc8fb0f be7af2ea64464ae8a3e1a90975d0fcd1 1eef8dfb62c743bd99e9773b1eac5fdd - - - -] 199.204.45.144 "POST /v2.0/security-groups HTTP/1.1" status: 201 len: 1779 time: 0.1322026
2026-04-28 08:47:21.711 9 INFO neutron.wsgi [None req-98ac809a-2370-4ea7-b890-a8912b6e04c9 836912476c4545b1a3c2f02aca5cb545 68bbca7d9c964bb2b65d5466577ea06e - - - -] 10.0.0.97 "POST /v2.0/networks HTTP/1.1" status: 201 len: 829 time: 1.1391764
2026-04-28 08:47:21.743 10 INFO neutron.wsgi [None req-b4730d91-2e27-49bf-911c-6272cb17450a be7af2ea64464ae8a3e1a90975d0fcd1 1eef8dfb62c743bd99e9773b1eac5fdd - - default default] 199.204.45.144 "GET /v2.0/security-group-rules?security_group_id=cc9b1b2e-cbd4-48fa-afa8-574c9b9302cf HTTP/1.1" status: 200 len: 1318 time: 0.0380170
2026-04-28 08:47:21.830 10 INFO neutron.db.segments_db [None req-f9d0476c-24bf-4040-b866-3e298288dcb7 836912476c4545b1a3c2f02aca5cb545 68bbca7d9c964bb2b65d5466577ea06e - - - -] Added segment 9e422e92-07cc-40f7-beb3-d97d7cff8edf of type geneve for network fdd65f05-e482-4e63-a760-a3d3460e6e99
2026-04-28 08:47:21.996 10 INFO neutron.db.ovn_revision_numbers_db [None req-f9d0476c-24bf-4040-b866-3e298288dcb7 836912476c4545b1a3c2f02aca5cb545 68bbca7d9c964bb2b65d5466577ea06e - - - -] Successfully bumped revision number for resource fdd65f05-e482-4e63-a760-a3d3460e6e99 (type: networks) to 1
2026-04-28 08:47:22.310 9 INFO neutron.db.ovn_revision_numbers_db [None req-0c96bb14-cd93-4faa-93b1-5e82b8f2535e 72b2cd81189040baae1d18bd455242ae 07c52c22cefc487291b9c993413dff73 - - - -] Successfully bumped revision number for resource 0ceef454-19d5-452e-9788-4a770a1d3864 (type: security_groups) to 1
2026-04-28 08:47:22.371 9 INFO neutron.db.segments_db [None req-0c96bb14-cd93-4faa-93b1-5e82b8f2535e 72b2cd81189040baae1d18bd455242ae 07c52c22cefc487291b9c993413dff73 - - - -] Added segment 9ac5da15-68eb-4331-82a6-99d5a89e4bfd of type geneve for network 0141a93c-b213-4be9-83b3-53bb50c23618
2026-04-28 08:47:22.776 10 INFO neutron.db.ovn_revision_numbers_db [None req-cc57e596-92c4-492e-bbad-61869f72e3bd be7af2ea64464ae8a3e1a90975d0fcd1 1eef8dfb62c743bd99e9773b1eac5fdd - - - -] Successfully bumped revision number for resource 860b9835-acd4-47dd-be29-59f97a71a67e (type: ports) to 2
2026-04-28 08:47:22.780 10 WARNING neutron.scheduler.dhcp_agent_scheduler [None req-f9d0476c-24bf-4040-b866-3e298288dcb7 836912476c4545b1a3c2f02aca5cb545 68bbca7d9c964bb2b65d5466577ea06e - - - -] No more DHCP agents
2026-04-28 08:47:22.784 10 WARNING neutron.api.rpc.agentnotifiers.dhcp_rpc_agent_api [None req-f9d0476c-24bf-4040-b866-3e298288dcb7 836912476c4545b1a3c2f02aca5cb545 68bbca7d9c964bb2b65d5466577ea06e - - - -] Unable to schedule network fdd65f05-e482-4e63-a760-a3d3460e6e99: no agents available; will retry on subsequent port and subnet creation events.
2026-04-28 08:47:22.793 10 INFO neutron.wsgi [None req-cc57e596-92c4-492e-bbad-61869f72e3bd be7af2ea64464ae8a3e1a90975d0fcd1 1eef8dfb62c743bd99e9773b1eac5fdd - - - -] 199.204.45.144 "PUT /v2.0/ports/860b9835-acd4-47dd-be29-59f97a71a67e HTTP/1.1" status: 200 len: 1332 time: 1.0411501 /var/lib/openstack/lib/python3.10/site-packages/pycadf/identifier.py:71: UserWarning: Invalid uuid: neutron. To ensure interoperability, identifiers should be a valid uuid. warnings.warn(('Invalid uuid: %s. To ensure interoperability, '
2026-04-28 08:47:22.815 10 INFO neutron.wsgi [None req-de6ea747-dde4-4a97-ba56-640fab0da13e be7af2ea64464ae8a3e1a90975d0fcd1 1eef8dfb62c743bd99e9773b1eac5fdd - - default default] 199.204.45.144 "GET /v2.0/extensions/security-group HTTP/1.1" status: 200 len: 369 time: 0.0089719
2026-04-28 08:47:22.826 10 INFO neutron.wsgi [None req-c2b04f80-96cf-4054-b229-b27643714caa be7af2ea64464ae8a3e1a90975d0fcd1 1eef8dfb62c743bd99e9773b1eac5fdd - - default default] 199.204.45.144 "GET /v2.0/extensions/dns-integration HTTP/1.1" status: 200 len: 371 time: 0.0055175
2026-04-28 08:47:22.849 10 INFO neutron.wsgi [None req-18e8e2bc-175b-45fe-bc57-1c06252d84fb be7af2ea64464ae8a3e1a90975d0fcd1 1eef8dfb62c743bd99e9773b1eac5fdd - - default default] 199.204.45.144 "GET /v2.0/extensions/qos HTTP/1.1" status: 200 len: 365 time: 0.0076115
2026-04-28 08:47:22.861 10 INFO neutron.wsgi [None req-1051903a-21be-442d-a254-d019c89c0991 be7af2ea64464ae8a3e1a90975d0fcd1 1eef8dfb62c743bd99e9773b1eac5fdd - - default default] 199.204.45.144 "GET /v2.0/extensions/allowed-address-pairs HTTP/1.1" status: 200 len: 383 time: 0.0049107
2026-04-28 08:47:22.884 10 INFO neutron.db.ovn_revision_numbers_db [None req-f9d0476c-24bf-4040-b866-3e298288dcb7 836912476c4545b1a3c2f02aca5cb545 68bbca7d9c964bb2b65d5466577ea06e - - - -] Successfully bumped revision number for resource 6db2bf67-09d8-4cbd-9204-925ae800bbcf (type: ports) to 1
2026-04-28 08:47:22.916 10 INFO neutron.wsgi [None req-1d805bc9-2cf0-4fa2-a481-87686c723c95 be7af2ea64464ae8a3e1a90975d0fcd1 1eef8dfb62c743bd99e9773b1eac5fdd - - default default] 199.204.45.144 "GET /v2.0/subnets/93140127-6638-44de-af91-e921c2506ec4 HTTP/1.1" status: 200 len: 850 time: 0.0455060
2026-04-28 08:47:22.926 10 INFO neutron.wsgi [None req-f9d0476c-24bf-4040-b866-3e298288dcb7 836912476c4545b1a3c2f02aca5cb545 68bbca7d9c964bb2b65d5466577ea06e - - - -] 10.0.0.97 "POST /v2.0/networks HTTP/1.1" status: 201 len: 830 time: 1.2095175
2026-04-28 08:47:22.986 9 INFO neutron.db.ovn_revision_numbers_db [None req-0c96bb14-cd93-4faa-93b1-5e82b8f2535e 72b2cd81189040baae1d18bd455242ae 07c52c22cefc487291b9c993413dff73 - - - -] Successfully bumped revision number for resource 0141a93c-b213-4be9-83b3-53bb50c23618 (type: networks) to 1
2026-04-28 08:47:23.016 10 INFO neutron.db.segments_db [None req-ebc10b5e-1d33-448e-95b3-ff7361873dd5 836912476c4545b1a3c2f02aca5cb545 68bbca7d9c964bb2b65d5466577ea06e - - - -] Added segment 8f1ce1b7-ecdd-4a14-b3ab-2e8c53996db0 of type geneve for network 5aea0eaf-4751-4e32-ac07-722e1fcacbcb
2026-04-28 08:47:23.182 10 INFO neutron.db.ovn_revision_numbers_db [None req-ebc10b5e-1d33-448e-95b3-ff7361873dd5 836912476c4545b1a3c2f02aca5cb545 68bbca7d9c964bb2b65d5466577ea06e - - - -] Successfully bumped revision number for resource 5aea0eaf-4751-4e32-ac07-722e1fcacbcb (type: networks) to 1
2026-04-28 08:47:23.236 9 WARNING neutron.scheduler.dhcp_agent_scheduler [None req-0c96bb14-cd93-4faa-93b1-5e82b8f2535e 72b2cd81189040baae1d18bd455242ae 07c52c22cefc487291b9c993413dff73 - - - -] No more DHCP agents
2026-04-28 08:47:23.238 9 WARNING neutron.api.rpc.agentnotifiers.dhcp_rpc_agent_api [None req-0c96bb14-cd93-4faa-93b1-5e82b8f2535e 72b2cd81189040baae1d18bd455242ae 07c52c22cefc487291b9c993413dff73 - - - -] Unable to schedule network 0141a93c-b213-4be9-83b3-53bb50c23618: no agents available; will retry on subsequent port and subnet creation events.
2026-04-28 08:47:23.319 9 INFO neutron.db.ovn_revision_numbers_db [None req-0c96bb14-cd93-4faa-93b1-5e82b8f2535e 72b2cd81189040baae1d18bd455242ae 07c52c22cefc487291b9c993413dff73 - - - -] Successfully bumped revision number for resource 18f4dcdc-f79c-4a09-976a-c2130a3270df (type: ports) to 1
2026-04-28 08:47:23.343 9 INFO neutron.wsgi [None req-0c96bb14-cd93-4faa-93b1-5e82b8f2535e 72b2cd81189040baae1d18bd455242ae 07c52c22cefc487291b9c993413dff73 - - - -] 10.0.0.97 "POST /v2.0/networks HTTP/1.1" status: 201 len: 830 time: 1.2792065
2026-04-28 08:47:23.414 10 WARNING neutron.scheduler.dhcp_agent_scheduler [None req-ebc10b5e-1d33-448e-95b3-ff7361873dd5 836912476c4545b1a3c2f02aca5cb545 68bbca7d9c964bb2b65d5466577ea06e - - - -] No more DHCP agents
2026-04-28 08:47:23.417 10 WARNING neutron.api.rpc.agentnotifiers.dhcp_rpc_agent_api [None req-ebc10b5e-1d33-448e-95b3-ff7361873dd5 836912476c4545b1a3c2f02aca5cb545 68bbca7d9c964bb2b65d5466577ea06e - - - -] Unable to schedule network 5aea0eaf-4751-4e32-ac07-722e1fcacbcb: no agents available; will retry on subsequent port and subnet creation events.
2026-04-28 08:47:23.513 10 INFO neutron.db.ovn_revision_numbers_db [None req-ebc10b5e-1d33-448e-95b3-ff7361873dd5 836912476c4545b1a3c2f02aca5cb545 68bbca7d9c964bb2b65d5466577ea06e - - - -] Successfully bumped revision number for resource 77b27591-f192-4288-8a05-070be715995a (type: ports) to 1
2026-04-28 08:47:23.545 10 INFO neutron.wsgi [None req-ebc10b5e-1d33-448e-95b3-ff7361873dd5 836912476c4545b1a3c2f02aca5cb545 68bbca7d9c964bb2b65d5466577ea06e - - - -] 10.0.0.97 "POST /v2.0/networks HTTP/1.1" status: 201 len: 831 time: 0.6141772
2026-04-28 08:47:23.648 10 WARNING neutron.scheduler.dhcp_agent_scheduler [None req-8b034a9d-5930-4a95-9251-6b8ee83568ef 72b2cd81189040baae1d18bd455242ae 07c52c22cefc487291b9c993413dff73 - - - -] No more DHCP agents
2026-04-28 08:47:23.653 10 WARNING neutron.api.rpc.agentnotifiers.dhcp_rpc_agent_api [None req-8b034a9d-5930-4a95-9251-6b8ee83568ef 72b2cd81189040baae1d18bd455242ae 07c52c22cefc487291b9c993413dff73 - - - -] Unable to schedule network 0141a93c-b213-4be9-83b3-53bb50c23618: no agents available; will retry on subsequent port and subnet creation events.
2026-04-28 08:47:23.657 9 INFO neutron.db.segments_db [None req-ff9ae9c7-ded9-4c92-8202-25b73445c588 836912476c4545b1a3c2f02aca5cb545 68bbca7d9c964bb2b65d5466577ea06e - - - -] Added segment fdb5069a-93b5-433a-a223-55102a59bff8 of type geneve for network 558ff7e9-81c7-43b3-b04f-faee36e9a73c
2026-04-28 08:47:23.741 10 INFO neutron.db.ovn_revision_numbers_db [None req-8b034a9d-5930-4a95-9251-6b8ee83568ef 72b2cd81189040baae1d18bd455242ae 07c52c22cefc487291b9c993413dff73 - - - -] Successfully bumped revision number for resource af09374a-e1c9-4faf-a89d-7fc8f1e87508 (type: ports) to 1
2026-04-28 08:47:23.768 10 INFO neutron.wsgi [None req-8b034a9d-5930-4a95-9251-6b8ee83568ef 72b2cd81189040baae1d18bd455242ae 07c52c22cefc487291b9c993413dff73 - - - -] 10.0.0.97 "POST /v2.0/ports HTTP/1.1" status: 201 len: 942 time: 0.4176500 /var/lib/openstack/lib/python3.10/site-packages/pycadf/identifier.py:71: UserWarning: Invalid uuid: neutron. To ensure interoperability, identifiers should be a valid uuid. warnings.warn(('Invalid uuid: %s. To ensure interoperability, '
2026-04-28 08:47:23.821 9 INFO neutron.db.ovn_revision_numbers_db [None req-ff9ae9c7-ded9-4c92-8202-25b73445c588 836912476c4545b1a3c2f02aca5cb545 68bbca7d9c964bb2b65d5466577ea06e - - - -] Successfully bumped revision number for resource 558ff7e9-81c7-43b3-b04f-faee36e9a73c (type: networks) to 1
2026-04-28 08:47:23.870 10 INFO neutron.db.segments_db [None req-7103cb21-1eee-4e1d-8478-f613ad5a7891 72b2cd81189040baae1d18bd455242ae 07c52c22cefc487291b9c993413dff73 - - - -] Added segment 400203a3-c6b4-44e1-9e2a-8fee3ea3c6b3 of type geneve for network 12eb2947-bf53-446e-8099-63d09f2c8a5f
2026-04-28 08:47:24.050 10 INFO neutron.db.ovn_revision_numbers_db [None req-7103cb21-1eee-4e1d-8478-f613ad5a7891 72b2cd81189040baae1d18bd455242ae 07c52c22cefc487291b9c993413dff73 - - - -] Successfully bumped revision number for resource 12eb2947-bf53-446e-8099-63d09f2c8a5f (type: networks) to 1
2026-04-28 08:47:24.064 9 WARNING neutron.scheduler.dhcp_agent_scheduler [None req-ff9ae9c7-ded9-4c92-8202-25b73445c588 836912476c4545b1a3c2f02aca5cb545 68bbca7d9c964bb2b65d5466577ea06e - - - -] No more DHCP agents
2026-04-28 08:47:24.066 9 WARNING neutron.api.rpc.agentnotifiers.dhcp_rpc_agent_api [None req-ff9ae9c7-ded9-4c92-8202-25b73445c588 836912476c4545b1a3c2f02aca5cb545 68bbca7d9c964bb2b65d5466577ea06e - - - -] Unable to schedule network 558ff7e9-81c7-43b3-b04f-faee36e9a73c: no agents available; will retry on subsequent port and subnet creation events.
2026-04-28 08:47:24.151 9 INFO neutron.db.ovn_revision_numbers_db [None req-ff9ae9c7-ded9-4c92-8202-25b73445c588 836912476c4545b1a3c2f02aca5cb545 68bbca7d9c964bb2b65d5466577ea06e - - - -] Successfully bumped revision number for resource def529ac-d1aa-4c11-aec5-cb88d7e8b9cd (type: ports) to 1
2026-04-28 08:47:24.177 9 INFO neutron.wsgi [None req-ff9ae9c7-ded9-4c92-8202-25b73445c588 836912476c4545b1a3c2f02aca5cb545 68bbca7d9c964bb2b65d5466577ea06e - - - -] 10.0.0.97 "POST /v2.0/networks HTTP/1.1" status: 201 len: 831 time: 0.6258085
2026-04-28 08:47:24.244 10 WARNING neutron.scheduler.dhcp_agent_scheduler [None req-7103cb21-1eee-4e1d-8478-f613ad5a7891 72b2cd81189040baae1d18bd455242ae 07c52c22cefc487291b9c993413dff73 - - - -] No more DHCP agents
2026-04-28 08:47:24.247 10 WARNING neutron.api.rpc.agentnotifiers.dhcp_rpc_agent_api [None req-7103cb21-1eee-4e1d-8478-f613ad5a7891 72b2cd81189040baae1d18bd455242ae 07c52c22cefc487291b9c993413dff73 - - - -] Unable to schedule network 12eb2947-bf53-446e-8099-63d09f2c8a5f: no agents available; will retry on subsequent port and subnet creation events.
2026-04-28 08:47:24.281 9 INFO neutron.db.segments_db [None req-dbc54f2b-de2e-462d-91c3-a0863d517e3e 836912476c4545b1a3c2f02aca5cb545 68bbca7d9c964bb2b65d5466577ea06e - - - -] Added segment a5466a64-1515-44a8-87ab-fa331ff2402d of type geneve for network 24e55976-8343-481d-93d7-b3c396ac975d
2026-04-28 08:47:24.307 10 INFO neutron.db.ovn_revision_numbers_db [None req-7103cb21-1eee-4e1d-8478-f613ad5a7891 72b2cd81189040baae1d18bd455242ae 07c52c22cefc487291b9c993413dff73 - - - -] Successfully bumped revision number for resource 4a6ffabb-5772-40a8-8ee7-a2eec4e97008 (type: ports) to 1
2026-04-28 08:47:24.331 10 INFO neutron.wsgi [None req-7103cb21-1eee-4e1d-8478-f613ad5a7891 72b2cd81189040baae1d18bd455242ae 07c52c22cefc487291b9c993413dff73 - - - -] 10.0.0.97 "POST /v2.0/networks HTTP/1.1" status: 201 len: 831 time: 0.5565107
2026-04-28 08:47:24.448 9 INFO neutron.db.ovn_revision_numbers_db [None req-dbc54f2b-de2e-462d-91c3-a0863d517e3e 836912476c4545b1a3c2f02aca5cb545 68bbca7d9c964bb2b65d5466577ea06e - - - -] Successfully bumped revision number for resource 24e55976-8343-481d-93d7-b3c396ac975d (type: networks) to 1
2026-04-28 08:47:24.593 10 WARNING neutron.scheduler.dhcp_agent_scheduler [None req-42b32e27-e748-4486-9e94-d0098cfad3ba 72b2cd81189040baae1d18bd455242ae 07c52c22cefc487291b9c993413dff73 - - - -] No more DHCP agents
2026-04-28 08:47:24.599 10 WARNING neutron.api.rpc.agentnotifiers.dhcp_rpc_agent_api [None req-42b32e27-e748-4486-9e94-d0098cfad3ba 72b2cd81189040baae1d18bd455242ae 07c52c22cefc487291b9c993413dff73 - - - -] Unable to schedule network 12eb2947-bf53-446e-8099-63d09f2c8a5f: no agents available; will retry on subsequent port and subnet creation events.
2026-04-28 08:47:24.684 10 INFO neutron.db.ovn_revision_numbers_db [None req-42b32e27-e748-4486-9e94-d0098cfad3ba 72b2cd81189040baae1d18bd455242ae 07c52c22cefc487291b9c993413dff73 - - - -] Successfully bumped revision number for resource cb0811a3-3534-4c08-96f3-f7dcec14ab55 (type: ports) to 1
2026-04-28 08:47:24.711 10 INFO neutron.wsgi [None req-42b32e27-e748-4486-9e94-d0098cfad3ba 72b2cd81189040baae1d18bd455242ae 07c52c22cefc487291b9c993413dff73 - - - -] 10.0.0.97 "POST /v2.0/ports HTTP/1.1" status: 201 len: 942 time: 0.3728547
2026-04-28 08:47:24.714 9 WARNING neutron.scheduler.dhcp_agent_scheduler [None req-dbc54f2b-de2e-462d-91c3-a0863d517e3e 836912476c4545b1a3c2f02aca5cb545 68bbca7d9c964bb2b65d5466577ea06e - - - -] No more DHCP agents
2026-04-28 08:47:24.717 9 WARNING neutron.api.rpc.agentnotifiers.dhcp_rpc_agent_api [None req-dbc54f2b-de2e-462d-91c3-a0863d517e3e 836912476c4545b1a3c2f02aca5cb545 68bbca7d9c964bb2b65d5466577ea06e - - - -] Unable to schedule network 24e55976-8343-481d-93d7-b3c396ac975d: no agents available; will retry on subsequent port and subnet creation events. /var/lib/openstack/lib/python3.10/site-packages/pycadf/identifier.py:71: UserWarning: Invalid uuid: neutron. To ensure interoperability, identifiers should be a valid uuid. warnings.warn(('Invalid uuid: %s. To ensure interoperability, '
2026-04-28 08:47:24.806 9 INFO neutron.db.ovn_revision_numbers_db [None req-dbc54f2b-de2e-462d-91c3-a0863d517e3e 836912476c4545b1a3c2f02aca5cb545 68bbca7d9c964bb2b65d5466577ea06e - - - -] Successfully bumped revision number for resource 803e9b16-6d1e-494b-bb5a-8775a6566a65 (type: ports) to 1
2026-04-28 08:47:24.816 10 INFO neutron.db.segments_db [None req-84412906-de85-4d6b-ad31-9d43e2cc8d01 72b2cd81189040baae1d18bd455242ae 07c52c22cefc487291b9c993413dff73 - - - -] Added segment 3eae6f5d-23e2-4d45-98cc-f3d3eaf02d66 of type geneve for network 579db55f-87c1-4ae9-8bcd-66602d45040a
2026-04-28 08:47:24.832 9 INFO neutron.wsgi [None req-dbc54f2b-de2e-462d-91c3-a0863d517e3e 836912476c4545b1a3c2f02aca5cb545 68bbca7d9c964bb2b65d5466577ea06e - - - -] 10.0.0.97 "POST /v2.0/networks HTTP/1.1" status: 201 len: 831 time: 0.6495864
2026-04-28 08:47:24.891 9 INFO neutron.wsgi [None req-d8e07af5-1beb-4e15-baf1-95ac557bd74d 836912476c4545b1a3c2f02aca5cb545 68bbca7d9c964bb2b65d5466577ea06e - - - -] 10.0.0.97 "PUT /v2.0/networks/b7566169-b696-4af3-bffd-bb2b942769c8/tags HTTP/1.1" status: 200 len: 210 time: 0.0522456
2026-04-28 08:47:24.955 9 INFO neutron.wsgi [None req-356fb2c9-c582-4423-a1c9-132ccab89af4 836912476c4545b1a3c2f02aca5cb545 68bbca7d9c964bb2b65d5466577ea06e - - - -] 10.0.0.97 "PUT /v2.0/networks/fdd65f05-e482-4e63-a760-a3d3460e6e99/tags HTTP/1.1" status: 200 len: 218 time: 0.0576057
2026-04-28 08:47:24.966 10 INFO neutron.db.ovn_revision_numbers_db [None req-84412906-de85-4d6b-ad31-9d43e2cc8d01 72b2cd81189040baae1d18bd455242ae 07c52c22cefc487291b9c993413dff73 - - - -] Successfully bumped revision number for resource 579db55f-87c1-4ae9-8bcd-66602d45040a (type: networks) to 1
