2026-04-28 08:40:02.572 9 INFO neutron.wsgi [None req-335aee62-bb39-4bd8-b3ca-ea79c762cdbd be7af2ea64464ae8a3e1a90975d0fcd1 1eef8dfb62c743bd99e9773b1eac5fdd - - default default] 199.204.45.144,10.0.0.245 "GET /v2.0/ports/octavia-health-manager-port-instance HTTP/1.1" status: 404 len: 314 time: 0.0693111
2026-04-28 08:40:02.612 9 INFO neutron.wsgi [None req-9a745e43-d209-411e-9487-d1c5dccc3372 be7af2ea64464ae8a3e1a90975d0fcd1 1eef8dfb62c743bd99e9773b1eac5fdd - - default default] 199.204.45.144,10.0.0.245 "GET /v2.0/ports?name=octavia-health-manager-port-instance HTTP/1.1" status: 200 len: 1351 time: 0.0345762
2026-04-28 08:40:04.130 10 INFO neutron.wsgi [None req-7c0d209b-6f40-47c2-aa53-c1552f9f8c56 be7af2ea64464ae8a3e1a90975d0fcd1 1eef8dfb62c743bd99e9773b1eac5fdd - - default default] 199.204.45.144,10.0.0.245 "GET /v2.0/ports HTTP/1.1" status: 200 len: 5255 time: 0.1155977
2026-04-28 08:40:05.223 9 INFO neutron.wsgi [None req-3a9cb419-a9b6-4253-80df-95513acb8ac1 be7af2ea64464ae8a3e1a90975d0fcd1 1eef8dfb62c743bd99e9773b1eac5fdd - - default default] 199.204.45.144,10.0.0.245 "GET /v2.0/security-groups?tenant_id=1eef8dfb62c743bd99e9773b1eac5fdd HTTP/1.1" status: 200 len: 10161 time: 0.0950294
2026-04-28 08:40:06.190 9 INFO neutron.wsgi [None req-180b0bf5-10f3-4cbd-b65b-89f229cef101 be7af2ea64464ae8a3e1a90975d0fcd1 1eef8dfb62c743bd99e9773b1eac5fdd - - default default] 199.204.45.144,10.0.0.245 "GET /v2.0/security-groups?tenant_id=1eef8dfb62c743bd99e9773b1eac5fdd HTTP/1.1" status: 200 len: 10161 time: 0.0936718
2026-04-28 08:40:07.108 10 INFO neutron.wsgi [None req-9845bc67-db21-4b75-9522-8a8ccf6df33a be7af2ea64464ae8a3e1a90975d0fcd1 1eef8dfb62c743bd99e9773b1eac5fdd - - default default] 199.204.45.144,10.0.0.245 "GET /v2.0/security-groups?tenant_id=1eef8dfb62c743bd99e9773b1eac5fdd HTTP/1.1" status: 200 len: 10161 time: 0.0940528
2026-04-28 08:40:15.119 9 INFO neutron.wsgi [-] 10.0.0.245 "GET / HTTP/1.1" status: 200 len: 247 time: 0.0025380
2026-04-28 08:40:15.119 10 INFO neutron.wsgi [-] 10.0.0.245 "GET / HTTP/1.1" status: 200 len: 247 time: 0.0029535
2026-04-28 08:40:18.795 9 INFO neutron.wsgi [None req-52d9171a-2314-411c-8a89-f79489eb416b be7af2ea64464ae8a3e1a90975d0fcd1 1eef8dfb62c743bd99e9773b1eac5fdd - - default default] 199.204.45.144,10.0.0.245 "GET /v2.0/quotas/1eef8dfb62c743bd99e9773b1eac5fdd HTTP/1.1" status: 200 len: 361 time: 0.0193238
2026-04-28 08:40:30.119 10 INFO neutron.wsgi [-] 10.0.0.245 "GET / HTTP/1.1" status: 200 len: 247 time: 0.0026906
2026-04-28 08:40:30.122 10 INFO neutron.wsgi [-] 10.0.0.245 "GET / HTTP/1.1" status: 200 len: 247 time: 0.0014350
2026-04-28 08:40:37.614 10 INFO neutron.wsgi [None req-2f4ffc7a-0c3d-4a88-9cb6-f3e91b313e2f be7af2ea64464ae8a3e1a90975d0fcd1 1eef8dfb62c743bd99e9773b1eac5fdd - - default default] 10.0.0.67 "GET /v2.0/ports HTTP/1.1" status: 200 len: 5255 time: 0.0815527
2026-04-28 08:40:37.671 10 INFO neutron.wsgi [None req-9999ee7c-d594-4ac1-a08e-d1f6c2d3a724 be7af2ea64464ae8a3e1a90975d0fcd1 1eef8dfb62c743bd99e9773b1eac5fdd - - default default] 10.0.0.67 "GET /v2.0/subnets HTTP/1.1" status: 200 len: 1437 time: 0.0415978
2026-04-28 08:40:37.707 10 INFO neutron.wsgi [None req-bf3fd178-9552-4b69-85cc-f4ca14a51ee5 be7af2ea64464ae8a3e1a90975d0fcd1 1eef8dfb62c743bd99e9773b1eac5fdd - - default default] 10.0.0.67 "GET /v2.0/floatingips HTTP/1.1" status: 200 len: 193 time: 0.0352466
2026-04-28 08:40:37.779 10 INFO neutron.wsgi [None req-5e9574e4-ba5b-4522-bcbc-c6c93250e016 be7af2ea64464ae8a3e1a90975d0fcd1 1eef8dfb62c743bd99e9773b1eac5fdd - - default default] 10.0.0.67 "GET /v2.0/networks HTTP/1.1" status: 200 len: 2349 time: 0.0707946
2026-04-28 08:40:37.871 10 INFO neutron.wsgi [None req-5fd10f93-b828-4eb6-b027-41c5a739e164 be7af2ea64464ae8a3e1a90975d0fcd1 1eef8dfb62c743bd99e9773b1eac5fdd - - default default] 10.0.0.67 "GET /v2.0/routers HTTP/1.1" status: 200 len: 189 time: 0.0895140
2026-04-28 08:40:37.914 10 INFO neutron.wsgi [None req-c9ee2fc0-3728-41d8-87e5-064b6c0aa282 be7af2ea64464ae8a3e1a90975d0fcd1 1eef8dfb62c743bd99e9773b1eac5fdd - - default default] 10.0.0.67 "GET /v2.0/agents?binary=ovn-controller HTTP/1.1" status: 200 len: 591 time: 0.0414495
2026-04-28 08:40:37.945 10 INFO neutron.wsgi [None req-1f0f41d5-d7c4-4ac0-942c-0b64465c4c4a be7af2ea64464ae8a3e1a90975d0fcd1 1eef8dfb62c743bd99e9773b1eac5fdd - - default default] 10.0.0.67 "GET /v2.0/subnets HTTP/1.1" status: 200 len: 1437 time: 0.0296717
2026-04-28 08:40:37.956 10 INFO neutron.wsgi [None req-5b3d42b2-2568-420d-a4db-1b0cacfbee61 be7af2ea64464ae8a3e1a90975d0fcd1 1eef8dfb62c743bd99e9773b1eac5fdd - - default default] 10.0.0.67 "GET /v2.0/subnetpools HTTP/1.1" status: 200 len: 193 time: 0.0106962
2026-04-28 08:40:38.021 10 INFO neutron.wsgi [None req-7b149c14-c0c3-4ec3-83d1-0170d2909120 be7af2ea64464ae8a3e1a90975d0fcd1 1eef8dfb62c743bd99e9773b1eac5fdd - - default default] 10.0.0.67 "GET /v2.0/security-groups HTTP/1.1" status: 200 len: 16803 time: 0.0637457
2026-04-28 08:40:38.038 10 INFO neutron.wsgi [None req-1df70e91-5a7a-4d63-a6c7-daef52924e7c be7af2ea64464ae8a3e1a90975d0fcd1 1eef8dfb62c743bd99e9773b1eac5fdd - - default default] 10.0.0.67 "GET /v2.0/agents HTTP/1.1" status: 200 len: 997 time: 0.0109043
2026-04-28 08:40:38.048 10 INFO neutron.wsgi [None req-8aab49c1-7e08-494d-8bb0-2a433bd1a501 be7af2ea64464ae8a3e1a90975d0fcd1 1eef8dfb62c743bd99e9773b1eac5fdd - - default default] 10.0.0.67 "GET /v2.0/network-ip-availabilities HTTP/1.1" status: 200 len: 1280 time: 0.0096085
2026-04-28 08:40:45.119 10 INFO neutron.wsgi [-] 10.0.0.245 "GET / HTTP/1.1" status: 200 len: 247 time: 0.0032771
2026-04-28 08:40:45.119 9 INFO neutron.wsgi [-] 10.0.0.245 "GET / HTTP/1.1" status: 200 len: 247 time: 0.0032787
2026-04-28 08:41:00.119 9 INFO neutron.wsgi [-] 10.0.0.245 "GET / HTTP/1.1" status: 200 len: 247 time: 0.0029838
2026-04-28 08:41:00.125 9 INFO neutron.wsgi [-] 10.0.0.245 "GET / HTTP/1.1" status: 200 len: 247 time: 0.0018699
2026-04-28 08:41:12.390 9 INFO neutron.wsgi [None req-926b05bf-6c1c-4bad-a945-cde74cd2ec10 be7af2ea64464ae8a3e1a90975d0fcd1 1eef8dfb62c743bd99e9773b1eac5fdd - - default default] 199.204.45.144,10.0.0.245 "GET /v2.0/security-groups?tenant_id=cd10ccd2a3e644399880d4ca3f78448d HTTP/1.1" status: 200 len: 6838 time: 0.0760274
2026-04-28 08:41:13.361 9 INFO neutron.wsgi [None req-a6d90a10-5716-48e7-b786-f26751b963a3 be7af2ea64464ae8a3e1a90975d0fcd1 1eef8dfb62c743bd99e9773b1eac5fdd - - default default] 199.204.45.144,10.0.0.245 "GET /v2.0/security-groups?tenant_id=cd10ccd2a3e644399880d4ca3f78448d HTTP/1.1" status: 200 len: 6838 time: 0.0805266
2026-04-28 08:41:14.253 9 INFO neutron.wsgi [None req-00c63eb0-9541-4a55-a65a-9f9c848558d1 be7af2ea64464ae8a3e1a90975d0fcd1 1eef8dfb62c743bd99e9773b1eac5fdd - - default default] 199.204.45.144,10.0.0.245 "GET /v2.0/security-groups?tenant_id=cd10ccd2a3e644399880d4ca3f78448d HTTP/1.1" status: 200 len: 6838 time: 0.0809424
2026-04-28 08:41:15.120 10 INFO neutron.wsgi [-] 10.0.0.245 "GET / HTTP/1.1" status: 200 len: 247 time: 0.0040145
2026-04-28 08:41:15.124 10 INFO neutron.wsgi [-] 10.0.0.245 "GET / HTTP/1.1" status: 200 len: 247 time: 0.0020380
2026-04-28 08:41:15.125 9 INFO neutron.wsgi [None req-b598df30-a3f8-4377-b58a-c2f89322b700 be7af2ea64464ae8a3e1a90975d0fcd1 1eef8dfb62c743bd99e9773b1eac5fdd - - default default] 199.204.45.144,10.0.0.245 "GET /v2.0/security-groups?tenant_id=cd10ccd2a3e644399880d4ca3f78448d HTTP/1.1" status: 200 len: 6838 time: 0.0851068
2026-04-28 08:41:16.089 9 INFO neutron.wsgi [None req-f93a7aa5-0d77-4845-9b21-62428c34e435 be7af2ea64464ae8a3e1a90975d0fcd1 1eef8dfb62c743bd99e9773b1eac5fdd - - default default] 199.204.45.144,10.0.0.245 "GET /v2.0/security-groups?tenant_id=cd10ccd2a3e644399880d4ca3f78448d HTTP/1.1" status: 200 len: 6838 time: 0.0831177
2026-04-28 08:41:23.433 9 INFO neutron.wsgi [None req-b57caf9c-e79a-48d7-9f66-517bff35e511 be7af2ea64464ae8a3e1a90975d0fcd1 1eef8dfb62c743bd99e9773b1eac5fdd - - default default] 199.204.45.144,10.0.0.245 "GET /v2.0/quotas/cd10ccd2a3e644399880d4ca3f78448d HTTP/1.1" status: 200 len: 361 time: 0.0134604
2026-04-28 08:41:30.120 10 INFO neutron.wsgi [-] 10.0.0.245 "GET / HTTP/1.1" status: 200 len: 247 time: 0.0027847
2026-04-28 08:41:30.121 9 INFO neutron.wsgi [-] 10.0.0.245 "GET / HTTP/1.1" status: 200 len: 247 time: 0.0038652
2026-04-28 08:41:37.571 10 INFO neutron.wsgi [None req-3892ffcc-9aab-4cb7-ae2e-d284293b8fad be7af2ea64464ae8a3e1a90975d0fcd1 1eef8dfb62c743bd99e9773b1eac5fdd - - default default] 10.0.0.67 "GET /v2.0/floatingips HTTP/1.1" status: 200 len: 193 time: 0.0568790
2026-04-28 08:41:37.624 10 INFO neutron.wsgi [None req-3c4b586b-a0f9-415b-ac95-44e9fbf959db be7af2ea64464ae8a3e1a90975d0fcd1 1eef8dfb62c743bd99e9773b1eac5fdd - - default default] 10.0.0.67 "GET /v2.0/networks HTTP/1.1" status: 200 len: 2349 time: 0.0518947
2026-04-28 08:41:37.647 10 INFO neutron.wsgi [None req-e1e25c65-29bb-4903-90cd-5ec638d2fe68 be7af2ea64464ae8a3e1a90975d0fcd1 1eef8dfb62c743bd99e9773b1eac5fdd - - default default] 10.0.0.67 "GET /v2.0/routers HTTP/1.1" status: 200 len: 189 time: 0.0216429
2026-04-28 08:41:37.694 10 INFO neutron.wsgi [None req-2f7f28c4-9299-41b0-81d2-c80dd5158b24 be7af2ea64464ae8a3e1a90975d0fcd1 1eef8dfb62c743bd99e9773b1eac5fdd - - default default] 10.0.0.67 "GET /v2.0/agents?binary=ovn-controller HTTP/1.1" status: 200 len: 591 time: 0.0455251
2026-04-28 08:41:37.741 10 INFO neutron.wsgi [None req-8551a84e-cad2-41f0-bd58-dd9242ad469a be7af2ea64464ae8a3e1a90975d0fcd1 1eef8dfb62c743bd99e9773b1eac5fdd - - default default] 10.0.0.67 "GET /v2.0/subnets HTTP/1.1" status: 200 len: 1437 time: 0.0459127
2026-04-28 08:41:37.752 10 INFO neutron.wsgi [None req-92541412-e7c1-4306-a139-dbc727598d43 be7af2ea64464ae8a3e1a90975d0fcd1 1eef8dfb62c743bd99e9773b1eac5fdd - - default default] 10.0.0.67 "GET /v2.0/subnetpools HTTP/1.1" status: 200 len: 193 time: 0.0109618
2026-04-28 08:41:37.820 10 INFO neutron.wsgi [None req-736302df-6a23-4e7d-a602-91a6c919146e be7af2ea64464ae8a3e1a90975d0fcd1 1eef8dfb62c743bd99e9773b1eac5fdd - - default default] 10.0.0.67 "GET /v2.0/security-groups HTTP/1.1" status: 200 len: 16803 time: 0.0672820
2026-04-28 08:41:37.858 10 INFO neutron.wsgi [None req-49efd5cf-d24d-4e1f-a824-26bdafbb77b1 be7af2ea64464ae8a3e1a90975d0fcd1 1eef8dfb62c743bd99e9773b1eac5fdd - - default default] 10.0.0.67 "GET /v2.0/ports HTTP/1.1" status: 200 len: 5255 time: 0.0323517
2026-04-28 08:41:37.881 10 INFO neutron.wsgi [None req-c585423a-69a3-4585-ad44-ef4a64a05d4e be7af2ea64464ae8a3e1a90975d0fcd1 1eef8dfb62c743bd99e9773b1eac5fdd - - default default] 10.0.0.67 "GET /v2.0/network-ip-availabilities HTTP/1.1" status: 200 len: 1280 time: 0.0175638
2026-04-28 08:41:37.917 10 INFO neutron.wsgi [None req-545d4630-5d2e-4f7b-921c-40906213cafd be7af2ea64464ae8a3e1a90975d0fcd1 1eef8dfb62c743bd99e9773b1eac5fdd - - default default] 10.0.0.67 "GET /v2.0/subnets HTTP/1.1" status: 200 len: 1437 time: 0.0349443
2026-04-28 08:41:37.928 10 INFO neutron.wsgi [None req-6be09f56-20f4-4c22-bd50-61a8fba5ba9e be7af2ea64464ae8a3e1a90975d0fcd1 1eef8dfb62c743bd99e9773b1eac5fdd - - default default] 10.0.0.67 "GET /v2.0/agents HTTP/1.1" status: 200 len: 997 time: 0.0101545
2026-04-28 08:41:45.118 9 INFO neutron.wsgi [-] 10.0.0.245 "GET / HTTP/1.1" status: 200 len: 247 time: 0.0018404
2026-04-28 08:41:45.119 10 INFO neutron.wsgi [-] 10.0.0.245 "GET / HTTP/1.1" status: 200 len: 247 time: 0.0027444
2026-04-28 08:42:00.117 10 INFO neutron.wsgi [-] 10.0.0.245 "GET / HTTP/1.1" status: 200 len: 247 time: 0.0015314
2026-04-28 08:42:00.118 9 INFO neutron.wsgi [-] 10.0.0.245 "GET / HTTP/1.1" status: 200 len: 247 time: 0.0018218
2026-04-28 08:42:15.117 10 INFO neutron.wsgi [-] 10.0.0.245 "GET / HTTP/1.1" status: 200 len: 247 time: 0.0013754
2026-04-28 08:42:15.119 10 INFO neutron.wsgi [-] 10.0.0.245 "GET / HTTP/1.1" status: 200 len: 247 time: 0.0008707
2026-04-28 08:42:15.126 10 INFO neutron.wsgi [None req-2a3eed6e-62b0-4cf1-a9d2-5da00f9813ff be7af2ea64464ae8a3e1a90975d0fcd1 1eef8dfb62c743bd99e9773b1eac5fdd - - default default] 199.204.45.144,10.0.0.245 "GET /v2.0/networks HTTP/1.1" status: 200 len: 2349 time: 0.1102035
2026-04-28 08:42:30.120 10 INFO neutron.wsgi [-] 10.0.0.245 "GET / HTTP/1.1" status: 200 len: 247 time: 0.0033379
2026-04-28 08:42:30.123 9 INFO neutron.wsgi [-] 10.0.0.245 "GET / HTTP/1.1" status: 200 len: 247 time: 0.0073032
2026-04-28 08:42:37.761 10 INFO neutron.wsgi [None req-68dcc9b8-20a4-4d35-bc96-2615889bef08 be7af2ea64464ae8a3e1a90975d0fcd1 1eef8dfb62c743bd99e9773b1eac5fdd - - default default] 10.0.0.67 "GET /v2.0/subnets HTTP/1.1" status: 200 len: 1437 time: 0.1396680
2026-04-28 08:42:37.774 10 INFO neutron.wsgi [None req-37c1a029-1f6c-4d14-9161-bd9f15ee544b be7af2ea64464ae8a3e1a90975d0fcd1 1eef8dfb62c743bd99e9773b1eac5fdd - - default default] 10.0.0.67 "GET /v2.0/subnetpools HTTP/1.1" status: 200 len: 193 time: 0.0127134
2026-04-28 08:42:37.811 10 INFO neutron.wsgi [None req-d438c27f-bc8f-4b78-9176-331ce8f1ce5a be7af2ea64464ae8a3e1a90975d0fcd1 1eef8dfb62c743bd99e9773b1eac5fdd - - default default] 10.0.0.67 "GET /v2.0/subnets HTTP/1.1" status: 200 len: 1437 time: 0.0360525
2026-04-28 08:42:37.853 10 INFO neutron.wsgi [None req-50704e4d-9707-4458-b4ed-286a3c1fd90c be7af2ea64464ae8a3e1a90975d0fcd1 1eef8dfb62c743bd99e9773b1eac5fdd - - default default] 10.0.0.67 "GET /v2.0/ports HTTP/1.1" status: 200 len: 5255 time: 0.0403633
2026-04-28 08:42:37.869 10 INFO neutron.wsgi [None req-5ebbd152-a234-4324-bffc-c61e8dd6c0e2 be7af2ea64464ae8a3e1a90975d0fcd1 1eef8dfb62c743bd99e9773b1eac5fdd - - default default] 10.0.0.67 "GET /v2.0/network-ip-availabilities HTTP/1.1" status: 200 len: 1280 time: 0.0121460
2026-04-28 08:42:37.894 10 INFO neutron.wsgi [None req-8b93376a-bd45-4a00-b3ae-3c4fcb6d32d3 be7af2ea64464ae8a3e1a90975d0fcd1 1eef8dfb62c743bd99e9773b1eac5fdd - - default default] 10.0.0.67 "GET /v2.0/floatingips HTTP/1.1" status: 200 len: 193 time: 0.0241427
2026-04-28 08:42:37.958 10 INFO neutron.wsgi [None req-589247ba-27e8-488d-8488-bdcccc6a145e be7af2ea64464ae8a3e1a90975d0fcd1 1eef8dfb62c743bd99e9773b1eac5fdd - - default default] 10.0.0.67 "GET /v2.0/security-groups HTTP/1.1" status: 200 len: 16803 time: 0.0631135
2026-04-28 08:42:38.003 10 INFO neutron.wsgi [None req-4324eca2-4953-4c72-92fe-d2607a32ed68 be7af2ea64464ae8a3e1a90975d0fcd1 1eef8dfb62c743bd99e9773b1eac5fdd - - default default] 10.0.0.67 "GET /v2.0/agents HTTP/1.1" status: 200 len: 997 time: 0.0389214
2026-04-28 08:42:38.028 10 INFO neutron.wsgi [None req-4d4339e9-410f-4cf8-848c-45f1a01b364b be7af2ea64464ae8a3e1a90975d0fcd1 1eef8dfb62c743bd99e9773b1eac5fdd - - default default] 10.0.0.67 "GET /v2.0/routers HTTP/1.1" status: 200 len: 189 time: 0.0239394
2026-04-28 08:42:38.037 10 INFO neutron.wsgi [None req-48801de9-1ac5-4954-8449-190a585a5c32 be7af2ea64464ae8a3e1a90975d0fcd1 1eef8dfb62c743bd99e9773b1eac5fdd - - default default] 10.0.0.67 "GET /v2.0/agents?binary=ovn-controller HTTP/1.1" status: 200 len: 591 time: 0.0081079
2026-04-28 08:42:38.097 10 INFO neutron.wsgi [None req-311f5fc8-637d-405f-aea2-aced6071bf49 be7af2ea64464ae8a3e1a90975d0fcd1 1eef8dfb62c743bd99e9773b1eac5fdd - - default default] 10.0.0.67 "GET /v2.0/networks HTTP/1.1" status: 200 len: 2349 time: 0.0593331
2026-04-28 08:42:45.120 9 INFO neutron.wsgi [-] 10.0.0.245 "GET / HTTP/1.1" status: 200 len: 247 time: 0.0028563
2026-04-28 08:42:45.120 10 INFO neutron.wsgi [-] 10.0.0.245 "GET / HTTP/1.1" status: 200 len: 247 time: 0.0030069
2026-04-28 08:42:54.376 10 INFO neutron.wsgi [None req-d23b085b-7e2f-4edc-b1fe-d43d3d574f9a be7af2ea64464ae8a3e1a90975d0fcd1 1eef8dfb62c743bd99e9773b1eac5fdd - - default default] 10.0.0.97 "GET /v2.0/networks HTTP/1.1" status: 200 len: 2368 time: 0.0989032
2026-04-28 08:42:55.569 9 INFO neutron.wsgi [None req-9d603165-a5b1-4504-901b-39c6ec63200f be7af2ea64464ae8a3e1a90975d0fcd1 1eef8dfb62c743bd99e9773b1eac5fdd - - default default] 10.0.0.97 "GET /v2.0/floatingips HTTP/1.1" status: 200 len: 212 time: 0.0399101
2026-04-28 08:42:55.683 9 INFO neutron.wsgi [None req-733dc0b4-6d1c-45d7-a314-9f980b37bab5 be7af2ea64464ae8a3e1a90975d0fcd1 1eef8dfb62c743bd99e9773b1eac5fdd - - default default] 10.0.0.97 "GET /v2.0/routers HTTP/1.1" status: 200 len: 208 time: 0.1066642
2026-04-28 08:42:55.716 9 INFO neutron.wsgi [None req-b49f661e-a29f-4955-850b-00761bc3f32d be7af2ea64464ae8a3e1a90975d0fcd1 1eef8dfb62c743bd99e9773b1eac5fdd - - default default] 10.0.0.97 "GET /v2.0/ports HTTP/1.1" status: 200 len: 5274 time: 0.0291233
2026-04-28 08:42:55.749 9 INFO neutron.wsgi [None req-70762e18-0f8a-4b74-89e0-5882a6f9aad5 be7af2ea64464ae8a3e1a90975d0fcd1 1eef8dfb62c743bd99e9773b1eac5fdd - - default default] 10.0.0.97 "GET /v2.0/subnets HTTP/1.1" status: 200 len: 1456 time: 0.0275452
2026-04-28 08:42:55.808 9 INFO neutron.wsgi [None req-dc1dadce-93a6-4728-bfdd-217b4a037f1b be7af2ea64464ae8a3e1a90975d0fcd1 1eef8dfb62c743bd99e9773b1eac5fdd - - default default] 10.0.0.97 "GET /v2.0/networks HTTP/1.1" status: 200 len: 2368 time: 0.0536249
2026-04-28 08:42:55.870 9 INFO neutron.wsgi [None req-dec3d576-0ae3-46b7-8aa5-8ebb2066d0b0 be7af2ea64464ae8a3e1a90975d0fcd1 1eef8dfb62c743bd99e9773b1eac5fdd - - default default] 10.0.0.97 "GET /v2.0/security-groups HTTP/1.1" status: 200 len: 16822 time: 0.0573008
2026-04-28 08:42:55.893 9 INFO neutron.wsgi [None req-c27c63eb-fee7-4cd6-a86a-620e59015b77 be7af2ea64464ae8a3e1a90975d0fcd1 1eef8dfb62c743bd99e9773b1eac5fdd - - default default] 10.0.0.97 "GET /v2.0/subnetpools HTTP/1.1" status: 200 len: 212 time: 0.0158899
2026-04-28 08:43:00.118 9 INFO neutron.wsgi [-] 10.0.0.245 "GET / HTTP/1.1" status: 200 len: 247 time: 0.0019066
2026-04-28 08:43:00.121 10 INFO neutron.wsgi [-] 10.0.0.245 "GET / HTTP/1.1" status: 200 len: 247 time: 0.0037620
2026-04-28 08:43:06.868 9 INFO neutron.db.ovn_revision_numbers_db [None req-15d38cca-2831-45dc-b6ca-87bafdf33c75 be7af2ea64464ae8a3e1a90975d0fcd1 1eef8dfb62c743bd99e9773b1eac5fdd - - - -] Successfully bumped revision number for resource 56b9083b-2135-4022-b4e5-08011c3e191e (type: security_groups) to 1
2026-04-28 08:43:06.917 10 INFO neutron.db.ovn_revision_numbers_db [None req-289e0524-ced1-4220-b961-6ff0c264bdc1 be7af2ea64464ae8a3e1a90975d0fcd1 1eef8dfb62c743bd99e9773b1eac5fdd - - - -] Successfully bumped revision number for resource c0769e97-a74b-4cfb-8b92-8f9b05474d39 (type: security_groups) to 1
2026-04-28 08:43:06.927 9 INFO neutron.db.segments_db [None req-15d38cca-2831-45dc-b6ca-87bafdf33c75 be7af2ea64464ae8a3e1a90975d0fcd1 1eef8dfb62c743bd99e9773b1eac5fdd - - - -] Added segment a77ce5f0-65b8-453b-977c-ffcfaf7401d2 of type geneve for network c5966b8e-34da-4ff4-afc2-faab710642b1
2026-04-28 08:43:06.977 10 INFO neutron.db.segments_db [None req-289e0524-ced1-4220-b961-6ff0c264bdc1 be7af2ea64464ae8a3e1a90975d0fcd1 1eef8dfb62c743bd99e9773b1eac5fdd - - - -] Added segment 15bde25a-9ba8-4bd3-a5fa-084f4dc0f903 of type geneve for network 52e2f49f-e03a-4bb9-8c6d-5b5f4a871d50
2026-04-28 08:43:07.064 9 INFO neutron.db.ovn_revision_numbers_db [None req-15d38cca-2831-45dc-b6ca-87bafdf33c75 be7af2ea64464ae8a3e1a90975d0fcd1 1eef8dfb62c743bd99e9773b1eac5fdd - - - -] Successfully bumped revision number for resource c5966b8e-34da-4ff4-afc2-faab710642b1 (type: networks) to 1
2026-04-28 08:43:07.133 10 INFO neutron.db.ovn_revision_numbers_db [None req-289e0524-ced1-4220-b961-6ff0c264bdc1 be7af2ea64464ae8a3e1a90975d0fcd1 1eef8dfb62c743bd99e9773b1eac5fdd - - - -] Successfully bumped revision number for resource 52e2f49f-e03a-4bb9-8c6d-5b5f4a871d50 (type: networks) to 1
2026-04-28 08:43:07.244 9 WARNING neutron.scheduler.dhcp_agent_scheduler [None req-15d38cca-2831-45dc-b6ca-87bafdf33c75 be7af2ea64464ae8a3e1a90975d0fcd1 1eef8dfb62c743bd99e9773b1eac5fdd - - - -] No more DHCP agents
2026-04-28 08:43:07.245 9 WARNING neutron.api.rpc.agentnotifiers.dhcp_rpc_agent_api [None req-15d38cca-2831-45dc-b6ca-87bafdf33c75 be7af2ea64464ae8a3e1a90975d0fcd1 1eef8dfb62c743bd99e9773b1eac5fdd - - - -] Unable to schedule network c5966b8e-34da-4ff4-afc2-faab710642b1: no agents available; will retry on subsequent port and subnet creation events.
2026-04-28 08:43:07.307 9 INFO neutron.db.ovn_revision_numbers_db [None req-15d38cca-2831-45dc-b6ca-87bafdf33c75 be7af2ea64464ae8a3e1a90975d0fcd1 1eef8dfb62c743bd99e9773b1eac5fdd - - - -] Successfully bumped revision number for resource 889315d7-dbd1-4dda-9c76-66e96312dc7e (type: ports) to 1
2026-04-28 08:43:07.328 9 INFO neutron.wsgi [None req-15d38cca-2831-45dc-b6ca-87bafdf33c75 be7af2ea64464ae8a3e1a90975d0fcd1 1eef8dfb62c743bd99e9773b1eac5fdd - - - -] 10.0.0.97 "POST /v2.0/networks HTTP/1.1" status: 201 len: 953 time: 0.7829285
2026-04-28 08:43:07.338 10 WARNING neutron.scheduler.dhcp_agent_scheduler [None req-289e0524-ced1-4220-b961-6ff0c264bdc1 be7af2ea64464ae8a3e1a90975d0fcd1 1eef8dfb62c743bd99e9773b1eac5fdd - - - -] No more DHCP agents
2026-04-28 08:43:07.342 10 WARNING neutron.api.rpc.agentnotifiers.dhcp_rpc_agent_api [None req-289e0524-ced1-4220-b961-6ff0c264bdc1 be7af2ea64464ae8a3e1a90975d0fcd1 1eef8dfb62c743bd99e9773b1eac5fdd - - - -] Unable to schedule network 52e2f49f-e03a-4bb9-8c6d-5b5f4a871d50: no agents available; will retry on subsequent port and subnet creation events.
2026-04-28 08:43:07.410 10 INFO neutron.db.ovn_revision_numbers_db [None req-289e0524-ced1-4220-b961-6ff0c264bdc1 be7af2ea64464ae8a3e1a90975d0fcd1 1eef8dfb62c743bd99e9773b1eac5fdd - - - -] Successfully bumped revision number for resource 6b9d735c-4045-472f-a006-ff9d76697bb5 (type: ports) to 1
2026-04-28 08:43:07.433 10 INFO neutron.wsgi [None req-289e0524-ced1-4220-b961-6ff0c264bdc1 be7af2ea64464ae8a3e1a90975d0fcd1 1eef8dfb62c743bd99e9773b1eac5fdd - - - -] 10.0.0.97 "POST /v2.0/networks HTTP/1.1" status: 201 len: 950 time: 0.6840115
2026-04-28 08:43:07.506 9 WARNING neutron.scheduler.dhcp_agent_scheduler [None req-9851404f-2ccb-4f3e-a816-127181bcdaf5 be7af2ea64464ae8a3e1a90975d0fcd1 1eef8dfb62c743bd99e9773b1eac5fdd - - - -] No more DHCP agents
2026-04-28 08:43:07.508 9 WARNING neutron.api.rpc.agentnotifiers.dhcp_rpc_agent_api [None req-9851404f-2ccb-4f3e-a816-127181bcdaf5 be7af2ea64464ae8a3e1a90975d0fcd1 1eef8dfb62c743bd99e9773b1eac5fdd - - - -] Unable to schedule network c5966b8e-34da-4ff4-afc2-faab710642b1: no agents available; will retry on subsequent port and subnet creation events.
2026-04-28 08:43:07.733 10 WARNING neutron.scheduler.dhcp_agent_scheduler [None req-d4996553-9fc7-4b5b-a7d3-bc516452c3ad be7af2ea64464ae8a3e1a90975d0fcd1 1eef8dfb62c743bd99e9773b1eac5fdd - - - -] No more DHCP agents
2026-04-28 08:43:07.737 10 WARNING neutron.api.rpc.agentnotifiers.dhcp_rpc_agent_api [None req-d4996553-9fc7-4b5b-a7d3-bc516452c3ad be7af2ea64464ae8a3e1a90975d0fcd1 1eef8dfb62c743bd99e9773b1eac5fdd - - - -] Unable to schedule network 52e2f49f-e03a-4bb9-8c6d-5b5f4a871d50: no agents available; will retry on subsequent port and subnet creation events.
2026-04-28 08:43:07.779 10 INFO neutron.db.ovn_revision_numbers_db [None req-2e605178-c88d-471f-bd3e-e5ad14cbf920 be7af2ea64464ae8a3e1a90975d0fcd1 1eef8dfb62c743bd99e9773b1eac5fdd - - default default] Successfully bumped revision number for resource 26354e67-b3bd-41d7-9ea2-4db248687bf1 (type: security_groups) to 1
2026-04-28 08:43:07.807 10 INFO neutron.wsgi [None req-2e605178-c88d-471f-bd3e-e5ad14cbf920 be7af2ea64464ae8a3e1a90975d0fcd1 1eef8dfb62c743bd99e9773b1eac5fdd - - default default] 10.0.0.97 "GET /v2.0/security-groups?tenant_id=4c9322f895fa4b85b060c3f4a7aa09a9&name=default HTTP/1.1" status: 200 len: 2992 time: 0.3850653
2026-04-28 08:43:07.971 9 INFO neutron.db.ovn_revision_numbers_db [None req-9851404f-2ccb-4f3e-a816-127181bcdaf5 be7af2ea64464ae8a3e1a90975d0fcd1 1eef8dfb62c743bd99e9773b1eac5fdd - - - -] Successfully bumped revision number for resource 889315d7-dbd1-4dda-9c76-66e96312dc7e (type: ports) to 2
2026-04-28 08:43:07.983 9 INFO neutron.db.ovn_revision_numbers_db [None req-9851404f-2ccb-4f3e-a816-127181bcdaf5 be7af2ea64464ae8a3e1a90975d0fcd1 1eef8dfb62c743bd99e9773b1eac5fdd - - - -] Successfully bumped revision number for resource 446d3d49-6557-4a7b-bb6a-380f95f5b133 (type: subnets) to 0
2026-04-28 08:43:07.995 9 INFO neutron.wsgi [None req-9851404f-2ccb-4f3e-a816-127181bcdaf5 be7af2ea64464ae8a3e1a90975d0fcd1 1eef8dfb62c743bd99e9773b1eac5fdd - - - -] 10.0.0.97 "POST /v2.0/subnets HTTP/1.1" status: 201 len: 873 time: 0.6608567
2026-04-28 08:43:08.174 10 INFO neutron.wsgi [None req-192c95a1-77f2-4fcb-a516-be092167c81a be7af2ea64464ae8a3e1a90975d0fcd1 1eef8dfb62c743bd99e9773b1eac5fdd - - - -] 10.0.0.97 "DELETE /v2.0/security-groups/26354e67-b3bd-41d7-9ea2-4db248687bf1 HTTP/1.1" status: 204 len: 168 time: 0.3613229
2026-04-28 08:43:08.285 10 INFO neutron.db.ovn_revision_numbers_db [None req-d4996553-9fc7-4b5b-a7d3-bc516452c3ad be7af2ea64464ae8a3e1a90975d0fcd1 1eef8dfb62c743bd99e9773b1eac5fdd - - - -] Successfully bumped revision number for resource 6b9d735c-4045-472f-a006-ff9d76697bb5 (type: ports) to 2
2026-04-28 08:43:08.315 10 INFO neutron.db.ovn_revision_numbers_db [None req-d4996553-9fc7-4b5b-a7d3-bc516452c3ad be7af2ea64464ae8a3e1a90975d0fcd1 1eef8dfb62c743bd99e9773b1eac5fdd - - - -] Successfully bumped revision number for resource 9e94b03c-8f4d-466e-97a5-8b1de636ea82 (type: subnets) to 0
2026-04-28 08:43:08.346 10 INFO neutron.wsgi [None req-d4996553-9fc7-4b5b-a7d3-bc516452c3ad be7af2ea64464ae8a3e1a90975d0fcd1 1eef8dfb62c743bd99e9773b1eac5fdd - - - -] 10.0.0.97 "POST /v2.0/subnets HTTP/1.1" status: 201 len: 870 time: 0.9067998
2026-04-28 08:43:08.699 9 WARNING neutron.scheduler.dhcp_agent_scheduler [None req-994b9598-1dbd-4eeb-a795-de2b0fdc36c3 be7af2ea64464ae8a3e1a90975d0fcd1 1eef8dfb62c743bd99e9773b1eac5fdd - - - -] No more DHCP agents
2026-04-28 08:43:08.701 9 WARNING neutron.api.rpc.agentnotifiers.dhcp_rpc_agent_api [None req-994b9598-1dbd-4eeb-a795-de2b0fdc36c3 be7af2ea64464ae8a3e1a90975d0fcd1 1eef8dfb62c743bd99e9773b1eac5fdd - - - -] Unable to schedule network 0aa34039-32bf-4afa-b008-a52a32dd4f11: no agents available; will retry on subsequent port and subnet creation events.
2026-04-28 08:43:08.803 9 INFO neutron.db.ovn_revision_numbers_db [None req-994b9598-1dbd-4eeb-a795-de2b0fdc36c3 be7af2ea64464ae8a3e1a90975d0fcd1 1eef8dfb62c743bd99e9773b1eac5fdd - - - -] Successfully bumped revision number for resource 43ebd172-0264-4074-af6c-afb0b9f661fa (type: ports) to 1
2026-04-28 08:43:09.089 9 INFO neutron.plugins.ml2.drivers.ovn.mech_driver.ovsdb.extensions.qos [None req-994b9598-1dbd-4eeb-a795-de2b0fdc36c3 be7af2ea64464ae8a3e1a90975d0fcd1 1eef8dfb62c743bd99e9773b1eac5fdd - - - -] Starting OVNClientQosExtension
2026-04-28 08:43:09.100 10 WARNING neutron.scheduler.dhcp_agent_scheduler [None req-9ac70142-baf6-4b67-b3e0-496f4bafc956 be7af2ea64464ae8a3e1a90975d0fcd1 1eef8dfb62c743bd99e9773b1eac5fdd - - - -] No more DHCP agents
2026-04-28 08:43:09.105 10 WARNING neutron.api.rpc.agentnotifiers.dhcp_rpc_agent_api [None req-9ac70142-baf6-4b67-b3e0-496f4bafc956 be7af2ea64464ae8a3e1a90975d0fcd1 1eef8dfb62c743bd99e9773b1eac5fdd - - - -] Unable to schedule network 0aa34039-32bf-4afa-b008-a52a32dd4f11: no agents available; will retry on subsequent port and subnet creation events.
2026-04-28 08:43:09.221 10 INFO neutron.db.ovn_revision_numbers_db [None req-9ac70142-baf6-4b67-b3e0-496f4bafc956 be7af2ea64464ae8a3e1a90975d0fcd1 1eef8dfb62c743bd99e9773b1eac5fdd - - - -] Successfully bumped revision number for resource e2ae3f9f-e37c-4408-a21e-35bc8b19cc32 (type: ports) to 1
2026-04-28 08:43:09.537 9 INFO neutron.plugins.ml2.drivers.ovn.mech_driver.mech_driver [None req-9a061168-b450-4db2-92b5-5da1f06e632f - - - - - -] OVN reports status up for port: 43ebd172-0264-4074-af6c-afb0b9f661fa
2026-04-28 08:43:09.552 9 INFO neutron.plugins.ml2.plugin [None req-9a061168-b450-4db2-92b5-5da1f06e632f - - - - - -] Attempt 1 to provision port 43ebd172-0264-4074-af6c-afb0b9f661fa
2026-04-28 08:43:09.555 9 INFO neutron.db.ovn_revision_numbers_db [None req-994b9598-1dbd-4eeb-a795-de2b0fdc36c3 be7af2ea64464ae8a3e1a90975d0fcd1 1eef8dfb62c743bd99e9773b1eac5fdd - - - -] Successfully bumped revision number for resource 43ebd172-0264-4074-af6c-afb0b9f661fa (type: router_ports) to 1
2026-04-28 08:43:09.567 10 INFO neutron.plugins.ml2.drivers.ovn.mech_driver.ovsdb.ovsdb_monitor [-] Router c93fa006-56e6-4233-bfd2-a86642de94df is bound to host instance
2026-04-28 08:43:09.610 10 INFO neutron.plugins.ml2.drivers.ovn.mech_driver.ovsdb.extensions.qos [None req-9ac70142-baf6-4b67-b3e0-496f4bafc956 be7af2ea64464ae8a3e1a90975d0fcd1 1eef8dfb62c743bd99e9773b1eac5fdd - - - -] Starting OVNClientQosExtension
2026-04-28 08:43:09.644 9 INFO neutron.db.ovn_revision_numbers_db [None req-994b9598-1dbd-4eeb-a795-de2b0fdc36c3 be7af2ea64464ae8a3e1a90975d0fcd1 1eef8dfb62c743bd99e9773b1eac5fdd - - - -] Successfully bumped revision number for resource c93fa006-56e6-4233-bfd2-a86642de94df (type: routers) to 3
2026-04-28 08:43:09.660 9 INFO neutron.wsgi [None req-994b9598-1dbd-4eeb-a795-de2b0fdc36c3 be7af2ea64464ae8a3e1a90975d0fcd1 1eef8dfb62c743bd99e9773b1eac5fdd - - - -] 10.0.0.97 "POST /v2.0/routers HTTP/1.1" status: 201 len: 884 time: 1.6577089
2026-04-28 08:43:10.107 9 WARNING neutron.scheduler.dhcp_agent_scheduler [None req-57a01cce-41f6-4cce-8ab2-4a4fbca78e74 be7af2ea64464ae8a3e1a90975d0fcd1 1eef8dfb62c743bd99e9773b1eac5fdd - - default default] No more DHCP agents
2026-04-28 08:43:10.110 9 WARNING neutron.api.rpc.agentnotifiers.dhcp_rpc_agent_api [None req-57a01cce-41f6-4cce-8ab2-4a4fbca78e74 be7af2ea64464ae8a3e1a90975d0fcd1 1eef8dfb62c743bd99e9773b1eac5fdd - - default default] Unable to schedule network c5966b8e-34da-4ff4-afc2-faab710642b1: no agents available; will retry on subsequent port and subnet creation events.
2026-04-28 08:43:10.151 10 INFO neutron.plugins.ml2.drivers.ovn.mech_driver.mech_driver [None req-74fc8ed6-ce4d-4b22-91b4-59943f7cf4e5 - - - - - -] OVN reports status up for port: e2ae3f9f-e37c-4408-a21e-35bc8b19cc32
2026-04-28 08:43:10.166 10 INFO neutron.plugins.ml2.plugin [None req-74fc8ed6-ce4d-4b22-91b4-59943f7cf4e5 - - - - - -] Attempt 1 to provision port e2ae3f9f-e37c-4408-a21e-35bc8b19cc32
2026-04-28 08:43:10.174 10 INFO neutron.db.ovn_revision_numbers_db [None req-9ac70142-baf6-4b67-b3e0-496f4bafc956 be7af2ea64464ae8a3e1a90975d0fcd1 1eef8dfb62c743bd99e9773b1eac5fdd - - - -] Successfully bumped revision number for resource e2ae3f9f-e37c-4408-a21e-35bc8b19cc32 (type: router_ports) to 1
2026-04-28 08:43:10.190 9 INFO neutron.plugins.ml2.drivers.ovn.mech_driver.ovsdb.ovsdb_monitor [-] Router 1d25a3fa-8b3e-4703-9fea-b1f5dc45eb0f is bound to host instance
2026-04-28 08:43:10.282 10 INFO neutron.db.ovn_revision_numbers_db [None req-9ac70142-baf6-4b67-b3e0-496f4bafc956 be7af2ea64464ae8a3e1a90975d0fcd1 1eef8dfb62c743bd99e9773b1eac5fdd - - - -] Successfully bumped revision number for resource 1d25a3fa-8b3e-4703-9fea-b1f5dc45eb0f (type: routers) to 3
2026-04-28 08:43:10.299 9 INFO neutron.db.ovn_revision_numbers_db [None req-57a01cce-41f6-4cce-8ab2-4a4fbca78e74 be7af2ea64464ae8a3e1a90975d0fcd1 1eef8dfb62c743bd99e9773b1eac5fdd - - default default] Successfully bumped revision number for resource a1fe3489-16a3-4d26-9362-6eb133d006b7 (type: ports) to 1
2026-04-28 08:43:10.306 10 INFO neutron.wsgi [None req-9ac70142-baf6-4b67-b3e0-496f4bafc956 be7af2ea64464ae8a3e1a90975d0fcd1 1eef8dfb62c743bd99e9773b1eac5fdd - - - -] 10.0.0.97 "POST /v2.0/routers HTTP/1.1" status: 201 len: 881 time: 1.9526942
2026-04-28 08:43:10.381 10 INFO neutron.db.ovn_revision_numbers_db [None req-15ce174b-3a0d-4b03-bd7d-38bce9ffc9e3 - - - - - -] Successfully bumped revision number for resource 43ebd172-0264-4074-af6c-afb0b9f661fa (type: ports) to 1
2026-04-28 08:43:10.869 10 INFO neutron.db.ovn_revision_numbers_db [None req-56befccf-1319-4448-8397-041674cfe20d be7af2ea64464ae8a3e1a90975d0fcd1 1eef8dfb62c743bd99e9773b1eac5fdd - - default default] Successfully bumped revision number for resource e073f40a-c006-4f1e-98f1-07a918409a33 (type: security_groups) to 1
2026-04-28 08:43:10.923 10 INFO neutron.wsgi [None req-56befccf-1319-4448-8397-041674cfe20d be7af2ea64464ae8a3e1a90975d0fcd1 1eef8dfb62c743bd99e9773b1eac5fdd - - default default] 10.0.0.97 "GET /v2.0/security-groups?tenant_id=8cedf072c83e4234978278c18e0fda5f&name=default HTTP/1.1" status: 200 len: 2992 time: 0.5734353
2026-04-28 08:43:11.000 10 INFO neutron.db.ovn_revision_numbers_db [None req-ee28a3c6-b52b-4f5a-b023-47cead99c2bb be7af2ea64464ae8a3e1a90975d0fcd1 1eef8dfb62c743bd99e9773b1eac5fdd - - - -] Successfully bumped revision number for resource 7a0da42d-1a16-42b2-9836-25b04c104af5 (type: security_groups) to 1
2026-04-28 08:43:11.022 10 INFO neutron.db.ovn_revision_numbers_db [None req-15ce174b-3a0d-4b03-bd7d-38bce9ffc9e3 - - - - - -] Successfully bumped revision number for resource 43ebd172-0264-4074-af6c-afb0b9f661fa (type: router_ports) to 3
2026-04-28 08:43:11.066 10 INFO neutron.db.segments_db [None req-ee28a3c6-b52b-4f5a-b023-47cead99c2bb be7af2ea64464ae8a3e1a90975d0fcd1 1eef8dfb62c743bd99e9773b1eac5fdd - - - -] Added segment 8c74a201-46d8-4fff-9c5f-bc66daedbb23 of type geneve for network f8691bab-d811-42e5-8d6e-78bb7153804b
2026-04-28 08:43:11.172 10 WARNING neutron.scheduler.dhcp_agent_scheduler [None req-1d6fdc15-ea9e-479e-8385-29d67d43a1a7 be7af2ea64464ae8a3e1a90975d0fcd1 1eef8dfb62c743bd99e9773b1eac5fdd - - default default] No more DHCP agents
2026-04-28 08:43:11.174 10 WARNING neutron.api.rpc.agentnotifiers.dhcp_rpc_agent_api [None req-1d6fdc15-ea9e-479e-8385-29d67d43a1a7 be7af2ea64464ae8a3e1a90975d0fcd1 1eef8dfb62c743bd99e9773b1eac5fdd - - default default] Unable to schedule network 52e2f49f-e03a-4bb9-8c6d-5b5f4a871d50: no agents available; will retry on subsequent port and subnet creation events.
2026-04-28 08:43:11.226 9 INFO neutron.db.ovn_revision_numbers_db [None req-603d9b5f-1667-4695-a70e-f70ac67b2e12 - - - - - -] Successfully bumped revision number for resource e2ae3f9f-e37c-4408-a21e-35bc8b19cc32 (type: ports) to 1
2026-04-28 08:43:11.248 9 INFO neutron.db.ovn_revision_numbers_db [None req-57a01cce-41f6-4cce-8ab2-4a4fbca78e74 be7af2ea64464ae8a3e1a90975d0fcd1 1eef8dfb62c743bd99e9773b1eac5fdd - - default default] Successfully bumped revision number for resource a1fe3489-16a3-4d26-9362-6eb133d006b7 (type: router_ports) to 2
2026-04-28 08:43:11.252 10 INFO neutron.db.ovn_revision_numbers_db [None req-ee28a3c6-b52b-4f5a-b023-47cead99c2bb be7af2ea64464ae8a3e1a90975d0fcd1 1eef8dfb62c743bd99e9773b1eac5fdd - - - -] Successfully bumped revision number for resource f8691bab-d811-42e5-8d6e-78bb7153804b (type: networks) to 1
2026-04-28 08:43:11.263 10 INFO neutron.db.ovn_revision_numbers_db [None req-15ce174b-3a0d-4b03-bd7d-38bce9ffc9e3 - - - - - -] Successfully bumped revision number for resource 43ebd172-0264-4074-af6c-afb0b9f661fa (type: ports) to 2
2026-04-28 08:43:11.383 10 INFO neutron.db.ovn_revision_numbers_db [None req-1d6fdc15-ea9e-479e-8385-29d67d43a1a7 be7af2ea64464ae8a3e1a90975d0fcd1 1eef8dfb62c743bd99e9773b1eac5fdd - - default default] Successfully bumped revision number for resource f5c81a74-cbbc-4596-93fd-f2917001fb02 (type: ports) to 1
2026-04-28 08:43:11.595 9 INFO neutron.wsgi [None req-aba84a31-edae-4e34-affe-edf33fbcb55e be7af2ea64464ae8a3e1a90975d0fcd1 1eef8dfb62c743bd99e9773b1eac5fdd - - - -] 10.0.0.97 "DELETE /v2.0/security-groups/e073f40a-c006-4f1e-98f1-07a918409a33 HTTP/1.1" status: 204 len: 168 time: 0.6636086
2026-04-28 08:43:11.598 9 INFO neutron.db.ovn_revision_numbers_db [None req-57a01cce-41f6-4cce-8ab2-4a4fbca78e74 be7af2ea64464ae8a3e1a90975d0fcd1 1eef8dfb62c743bd99e9773b1eac5fdd - - default default] Successfully bumped revision number for resource a1fe3489-16a3-4d26-9362-6eb133d006b7 (type: ports) to 2
2026-04-28 08:43:11.692 10 WARNING neutron.scheduler.dhcp_agent_scheduler [None req-ee28a3c6-b52b-4f5a-b023-47cead99c2bb be7af2ea64464ae8a3e1a90975d0fcd1 1eef8dfb62c743bd99e9773b1eac5fdd - - - -] No more DHCP agents
2026-04-28 08:43:11.696 9 WARNING neutron.scheduler.dhcp_agent_scheduler [None req-57a01cce-41f6-4cce-8ab2-4a4fbca78e74 be7af2ea64464ae8a3e1a90975d0fcd1 1eef8dfb62c743bd99e9773b1eac5fdd - - default default] No more DHCP agents
2026-04-28 08:43:11.697 9 WARNING neutron.api.rpc.agentnotifiers.dhcp_rpc_agent_api [None req-57a01cce-41f6-4cce-8ab2-4a4fbca78e74 be7af2ea64464ae8a3e1a90975d0fcd1 1eef8dfb62c743bd99e9773b1eac5fdd - - default default] Unable to schedule network c5966b8e-34da-4ff4-afc2-faab710642b1: no agents available; will retry on subsequent port and subnet creation events.
2026-04-28 08:43:11.706 10 WARNING neutron.api.rpc.agentnotifiers.dhcp_rpc_agent_api [None req-ee28a3c6-b52b-4f5a-b023-47cead99c2bb be7af2ea64464ae8a3e1a90975d0fcd1 1eef8dfb62c743bd99e9773b1eac5fdd - - - -] Unable to schedule network f8691bab-d811-42e5-8d6e-78bb7153804b: no agents available; will retry on subsequent port and subnet creation events.
2026-04-28 08:43:11.761 9 INFO neutron.db.ovn_revision_numbers_db [None req-603d9b5f-1667-4695-a70e-f70ac67b2e12 - - - - - -] Successfully bumped revision number for resource e2ae3f9f-e37c-4408-a21e-35bc8b19cc32 (type: router_ports) to 3
2026-04-28 08:43:11.822 10 INFO neutron.db.ovn_revision_numbers_db [None req-ee28a3c6-b52b-4f5a-b023-47cead99c2bb be7af2ea64464ae8a3e1a90975d0fcd1 1eef8dfb62c743bd99e9773b1eac5fdd - - - -] Successfully bumped revision number for resource 120ef9af-1556-4994-b031-e699a8698507 (type: ports) to 1
2026-04-28 08:43:11.854 10 INFO neutron.db.ovn_revision_numbers_db [None req-15ce174b-3a0d-4b03-bd7d-38bce9ffc9e3 - - - - - -] Successfully bumped revision number for resource 43ebd172-0264-4074-af6c-afb0b9f661fa (type: ports) to 4
2026-04-28 08:43:11.858 10 INFO neutron.wsgi [None req-ee28a3c6-b52b-4f5a-b023-47cead99c2bb be7af2ea64464ae8a3e1a90975d0fcd1 1eef8dfb62c743bd99e9773b1eac5fdd - - - -] 10.0.0.97 "POST /v2.0/networks HTTP/1.1" status: 201 len: 950 time: 1.5187089
2026-04-28 08:43:11.952 9 INFO neutron.db.ovn_revision_numbers_db [None req-9f358b02-f3d4-4ff9-b549-e6780d369ce5 be7af2ea64464ae8a3e1a90975d0fcd1 1eef8dfb62c743bd99e9773b1eac5fdd - - default default] Successfully bumped revision number for resource 00c1be17-255c-4641-ab66-cb620c472f33 (type: security_groups) to 1
2026-04-28 08:43:12.004 9 INFO neutron.wsgi [None req-9f358b02-f3d4-4ff9-b549-e6780d369ce5 be7af2ea64464ae8a3e1a90975d0fcd1 1eef8dfb62c743bd99e9773b1eac5fdd - - default default] 10.0.0.97 "GET /v2.0/security-groups?tenant_id=88e58029d7d74a27a7b41b0c1ee95907&name=default HTTP/1.1" status: 200 len: 2992 time: 0.3024080
2026-04-28 08:43:12.028 9 INFO neutron.db.ovn_revision_numbers_db [None req-603d9b5f-1667-4695-a70e-f70ac67b2e12 - - - - - -] Successfully bumped revision number for resource e2ae3f9f-e37c-4408-a21e-35bc8b19cc32 (type: ports) to 2
2026-04-28 08:43:12.176 9 WARNING neutron.scheduler.dhcp_agent_scheduler [None req-2ab8efab-92cc-410d-8f07-0069196f30a7 be7af2ea64464ae8a3e1a90975d0fcd1 1eef8dfb62c743bd99e9773b1eac5fdd - - - -] No more DHCP agents
2026-04-28 08:43:12.185 9 WARNING neutron.api.rpc.agentnotifiers.dhcp_rpc_agent_api [None req-2ab8efab-92cc-410d-8f07-0069196f30a7 be7af2ea64464ae8a3e1a90975d0fcd1 1eef8dfb62c743bd99e9773b1eac5fdd - - - -] Unable to schedule network f8691bab-d811-42e5-8d6e-78bb7153804b: no agents available; will retry on subsequent port and subnet creation events.
2026-04-28 08:43:12.233 10 INFO neutron.db.ovn_revision_numbers_db [None req-15ce174b-3a0d-4b03-bd7d-38bce9ffc9e3 - - - - - -] Successfully bumped revision number for resource 43ebd172-0264-4074-af6c-afb0b9f661fa (type: router_ports) to 4
2026-04-28 08:43:12.255 10 INFO neutron.db.ovn_revision_numbers_db [None req-1d6fdc15-ea9e-479e-8385-29d67d43a1a7 be7af2ea64464ae8a3e1a90975d0fcd1 1eef8dfb62c743bd99e9773b1eac5fdd - - default default] Successfully bumped revision number for resource f5c81a74-cbbc-4596-93fd-f2917001fb02 (type: router_ports) to 2
2026-04-28 08:43:12.515 10 INFO neutron.db.ovn_revision_numbers_db [None req-1d6fdc15-ea9e-479e-8385-29d67d43a1a7 be7af2ea64464ae8a3e1a90975d0fcd1 1eef8dfb62c743bd99e9773b1eac5fdd - - default default] Successfully bumped revision number for resource f5c81a74-cbbc-4596-93fd-f2917001fb02 (type: ports) to 2
2026-04-28 08:43:12.536 10 INFO neutron.wsgi [None req-9bfe0423-8ac5-4987-b5c9-bb89e63e3ff6 be7af2ea64464ae8a3e1a90975d0fcd1 1eef8dfb62c743bd99e9773b1eac5fdd - - - -] 10.0.0.97 "DELETE /v2.0/security-groups/00c1be17-255c-4641-ab66-cb620c472f33 HTTP/1.1" status: 204 len: 168 time: 0.5262482
2026-04-28 08:43:12.599 10 WARNING neutron.scheduler.dhcp_agent_scheduler [None req-1d6fdc15-ea9e-479e-8385-29d67d43a1a7 be7af2ea64464ae8a3e1a90975d0fcd1 1eef8dfb62c743bd99e9773b1eac5fdd - - default default] No more DHCP agents
2026-04-28 08:43:12.601 10 WARNING neutron.api.rpc.agentnotifiers.dhcp_rpc_agent_api [None req-1d6fdc15-ea9e-479e-8385-29d67d43a1a7 be7af2ea64464ae8a3e1a90975d0fcd1 1eef8dfb62c743bd99e9773b1eac5fdd - - default default] Unable to schedule network 52e2f49f-e03a-4bb9-8c6d-5b5f4a871d50: no agents available; will retry on subsequent port and subnet creation events.
2026-04-28 08:43:12.726 9 INFO neutron.plugins.ml2.drivers.ovn.mech_driver.mech_driver [None req-9a061168-b450-4db2-92b5-5da1f06e632f - - - - - -] OVN reports status up for port: a1fe3489-16a3-4d26-9362-6eb133d006b7
2026-04-28 08:43:12.732 9 INFO neutron.db.ovn_revision_numbers_db [None req-603d9b5f-1667-4695-a70e-f70ac67b2e12 - - - - - -] Successfully bumped revision number for resource e2ae3f9f-e37c-4408-a21e-35bc8b19cc32 (type: ports) to 4
2026-04-28 08:43:12.741 9 INFO neutron.plugins.ml2.plugin [None req-9a061168-b450-4db2-92b5-5da1f06e632f - - - - - -] Attempt 1 to provision port a1fe3489-16a3-4d26-9362-6eb133d006b7
2026-04-28 08:43:12.992 9 INFO neutron.db.ovn_revision_numbers_db [None req-57a01cce-41f6-4cce-8ab2-4a4fbca78e74 be7af2ea64464ae8a3e1a90975d0fcd1 1eef8dfb62c743bd99e9773b1eac5fdd - - - -] Successfully bumped revision number for resource a1fe3489-16a3-4d26-9362-6eb133d006b7 (type: router_ports) to 2
2026-04-28 08:43:12.994 9 INFO neutron.wsgi [None req-57a01cce-41f6-4cce-8ab2-4a4fbca78e74 be7af2ea64464ae8a3e1a90975d0fcd1 1eef8dfb62c743bd99e9773b1eac5fdd - - - -] 10.0.0.97 "PUT /v2.0/routers/c93fa006-56e6-4233-bfd2-a86642de94df/add_router_interface HTTP/1.1" status: 200 len: 503 time: 3.3281562
2026-04-28 08:43:13.176 10 INFO neutron.db.ovn_revision_numbers_db [None req-1d6fdc15-ea9e-479e-8385-29d67d43a1a7 be7af2ea64464ae8a3e1a90975d0fcd1 1eef8dfb62c743bd99e9773b1eac5fdd - - - -] Successfully bumped revision number for resource f5c81a74-cbbc-4596-93fd-f2917001fb02 (type: router_ports) to 2
2026-04-28 08:43:13.179 10 INFO neutron.wsgi [None req-1d6fdc15-ea9e-479e-8385-29d67d43a1a7 be7af2ea64464ae8a3e1a90975d0fcd1 1eef8dfb62c743bd99e9773b1eac5fdd - - - -] 10.0.0.97 "PUT /v2.0/routers/1d25a3fa-8b3e-4703-9fea-b1f5dc45eb0f/add_router_interface HTTP/1.1" status: 200 len: 503 time: 2.8674967
2026-04-28 08:43:13.304 10 INFO neutron.plugins.ml2.drivers.ovn.mech_driver.mech_driver [None req-74fc8ed6-ce4d-4b22-91b4-59943f7cf4e5 - - - - - -] OVN reports status up for port: f5c81a74-cbbc-4596-93fd-f2917001fb02
2026-04-28 08:43:13.312 10 INFO neutron.plugins.ml2.plugin [None req-74fc8ed6-ce4d-4b22-91b4-59943f7cf4e5 - - - - - -] Attempt 1 to provision port f5c81a74-cbbc-4596-93fd-f2917001fb02
2026-04-28 08:43:13.480 9 INFO neutron.db.ovn_revision_numbers_db [None req-603d9b5f-1667-4695-a70e-f70ac67b2e12 - - - - - -] Successfully bumped revision number for resource e2ae3f9f-e37c-4408-a21e-35bc8b19cc32 (type: router_ports) to 4
2026-04-28 08:43:13.545 10 INFO neutron.db.ovn_revision_numbers_db [None req-74fc8ed6-ce4d-4b22-91b4-59943f7cf4e5 - - - - - -] Successfully bumped revision number for resource f5c81a74-cbbc-4596-93fd-f2917001fb02 (type: ports) to 3
2026-04-28 08:43:13.572 9 INFO neutron.db.ovn_revision_numbers_db [None req-9a061168-b450-4db2-92b5-5da1f06e632f - - - - - -] Successfully bumped revision number for resource a1fe3489-16a3-4d26-9362-6eb133d006b7 (type: ports) to 3
2026-04-28 08:43:13.577 9 INFO neutron.db.ovn_revision_numbers_db [None req-2ab8efab-92cc-410d-8f07-0069196f30a7 be7af2ea64464ae8a3e1a90975d0fcd1 1eef8dfb62c743bd99e9773b1eac5fdd - - - -] Successfully bumped revision number for resource 120ef9af-1556-4994-b031-e699a8698507 (type: ports) to 2
2026-04-28 08:43:13.621 9 INFO neutron.db.ovn_revision_numbers_db [None req-2ab8efab-92cc-410d-8f07-0069196f30a7 be7af2ea64464ae8a3e1a90975d0fcd1 1eef8dfb62c743bd99e9773b1eac5fdd - - - -] Successfully bumped revision number for resource f21e521d-726e-4499-a73f-76fa9507da9f (type: subnets) to 0
2026-04-28 08:43:13.649 9 INFO neutron.wsgi [None req-2ab8efab-92cc-410d-8f07-0069196f30a7 be7af2ea64464ae8a3e1a90975d0fcd1 1eef8dfb62c743bd99e9773b1eac5fdd - - - -] 10.0.0.97 "POST /v2.0/subnets HTTP/1.1" status: 201 len: 870 time: 1.7790966
2026-04-28 08:43:13.649 10 INFO neutron.db.ovn_revision_numbers_db [None req-74fc8ed6-ce4d-4b22-91b4-59943f7cf4e5 - - - - - -] Successfully bumped revision number for resource f5c81a74-cbbc-4596-93fd-f2917001fb02 (type: router_ports) to 3
2026-04-28 08:43:13.698 9 INFO neutron.db.ovn_revision_numbers_db [None req-9a061168-b450-4db2-92b5-5da1f06e632f - - - - - -] Successfully bumped revision number for resource a1fe3489-16a3-4d26-9362-6eb133d006b7 (type: router_ports) to 3
2026-04-28 08:43:13.867 9 INFO neutron.db.ovn_revision_numbers_db [None req-2e8f7fed-885c-4fdd-b921-fc551e38ef3a 024f29f24a5540f6a34a4c0648b979e8 10d9c075b59a40ec98e42ab9e40ab335 - - - -] Successfully bumped revision number for resource 532309c4-c55c-4890-aa70-e60a03d63e65 (type: security_groups) to 1
2026-04-28 08:43:13.895 9 INFO neutron.wsgi [None req-2e8f7fed-885c-4fdd-b921-fc551e38ef3a 024f29f24a5540f6a34a4c0648b979e8 10d9c075b59a40ec98e42ab9e40ab335 - - - -] 10.0.0.97 "POST /v2.0/security-groups HTTP/1.1" status: 201 len: 1794 time: 0.1658733
2026-04-28 08:43:13.908 9 INFO neutron.db.ovn_revision_numbers_db [None req-c1430958-705a-4416-a0b7-4617bd5fc326 88ddef2a71f044758c189c40353b185b b2e6ed6a2fde41a38c1d597443487fe5 - - - -] Successfully bumped revision number for resource ea2e1455-34e5-4029-a387-2b6314b26959 (type: security_groups) to 1
2026-04-28 08:43:13.931 9 INFO neutron.wsgi [None req-c1430958-705a-4416-a0b7-4617bd5fc326 88ddef2a71f044758c189c40353b185b b2e6ed6a2fde41a38c1d597443487fe5 - - - -] 10.0.0.97 "POST /v2.0/security-groups HTTP/1.1" status: 201 len: 1794 time: 0.1542587
2026-04-28 08:43:14.083 9 INFO neutron.db.ovn_revision_numbers_db [None req-eab0a263-0160-4ceb-b85b-718a14536b06 88ddef2a71f044758c189c40353b185b b2e6ed6a2fde41a38c1d597443487fe5 - - - -] Successfully bumped revision number for resource f465f380-76f9-46f3-bd5f-63235b36f0e0 (type: security_group_rules) to 0
2026-04-28 08:43:14.114 9 INFO neutron.wsgi [None req-eab0a263-0160-4ceb-b85b-718a14536b06 88ddef2a71f044758c189c40353b185b b2e6ed6a2fde41a38c1d597443487fe5 - - - -] 10.0.0.97 "POST /v2.0/security-group-rules HTTP/1.1" status: 201 len: 764 time: 0.1782410
2026-04-28 08:43:14.269 9 INFO neutron.db.ovn_revision_numbers_db [None req-6390e7bd-5833-419f-ab3c-7fcaedd7641c 88ddef2a71f044758c189c40353b185b b2e6ed6a2fde41a38c1d597443487fe5 - - - -] Successfully bumped revision number for resource 121d2251-3000-4908-9fd6-e376f6be8d43 (type: security_group_rules) to 0
2026-04-28 08:43:14.302 9 INFO neutron.wsgi [None req-6390e7bd-5833-419f-ab3c-7fcaedd7641c 88ddef2a71f044758c189c40353b185b b2e6ed6a2fde41a38c1d597443487fe5 - - - -] 10.0.0.97 "POST /v2.0/security-group-rules HTTP/1.1" status: 201 len: 769 time: 0.1832216
2026-04-28 08:43:14.309 10 INFO neutron.db.ovn_revision_numbers_db [None req-ae186e4c-d63d-4ac8-aa3a-4751ceb17542 024f29f24a5540f6a34a4c0648b979e8 10d9c075b59a40ec98e42ab9e40ab335 - - - -] Successfully bumped revision number for resource 1c364d60-f7bb-42c7-a4d9-41ad52983fbd (type: security_group_rules) to 0
2026-04-28 08:43:14.372 10 INFO neutron.wsgi [None req-ae186e4c-d63d-4ac8-aa3a-4751ceb17542 024f29f24a5540f6a34a4c0648b979e8 10d9c075b59a40ec98e42ab9e40ab335 - - - -] 10.0.0.97 "POST /v2.0/security-group-rules HTTP/1.1" status: 201 len: 764 time: 0.4712906
2026-04-28 08:43:14.457 10 WARNING neutron.scheduler.dhcp_agent_scheduler [None req-d2bb2b6e-e137-4db3-ba3d-3e8bf23bd20c be7af2ea64464ae8a3e1a90975d0fcd1 1eef8dfb62c743bd99e9773b1eac5fdd - - - -] No more DHCP agents
2026-04-28 08:43:14.462 10 WARNING neutron.api.rpc.agentnotifiers.dhcp_rpc_agent_api [None req-d2bb2b6e-e137-4db3-ba3d-3e8bf23bd20c be7af2ea64464ae8a3e1a90975d0fcd1 1eef8dfb62c743bd99e9773b1eac5fdd - - - -] Unable to schedule network 0aa34039-32bf-4afa-b008-a52a32dd4f11: no agents available; will retry on subsequent port and subnet creation events.
2026-04-28 08:43:14.563 10 INFO neutron.db.ovn_revision_numbers_db [None req-d9c1d1fd-5dc3-482e-b67a-c819cd8ec73b 024f29f24a5540f6a34a4c0648b979e8 10d9c075b59a40ec98e42ab9e40ab335 - - - -] Successfully bumped revision number for resource d03afb0d-b201-4163-9764-de9124a2f22a (type: security_group_rules) to 0
2026-04-28 08:43:14.623 10 INFO neutron.wsgi [None req-d9c1d1fd-5dc3-482e-b67a-c819cd8ec73b 024f29f24a5540f6a34a4c0648b979e8 10d9c075b59a40ec98e42ab9e40ab335 - - - -] 10.0.0.97 "POST /v2.0/security-group-rules HTTP/1.1" status: 201 len: 769 time: 0.2433994
2026-04-28 08:43:14.642 10 INFO neutron.db.ovn_revision_numbers_db [None req-d2bb2b6e-e137-4db3-ba3d-3e8bf23bd20c be7af2ea64464ae8a3e1a90975d0fcd1 1eef8dfb62c743bd99e9773b1eac5fdd - - - -] Successfully bumped revision number for resource 304bb851-46f8-49eb-9ad9-9d72df2249fd (type: ports) to 1
2026-04-28 08:43:14.649 9 WARNING neutron.scheduler.dhcp_agent_scheduler [None req-96896a0f-1449-4ecd-aa41-b36a648ca8dc 88ddef2a71f044758c189c40353b185b b2e6ed6a2fde41a38c1d597443487fe5 - - - -] No more DHCP agents
