2026-04-28 08:49:44.428 10 INFO neutron.wsgi [req-130a9416-ca55-46ce-b206-9a7ef78b4248 req-c973653c-3d26-48ac-86f9-4a2e36731bb4 a448143513ef48cca0255ec77c45d539 13ef317538dc47288c947d189bf1fd7c - - default default] 10.0.0.103 "GET /v2.0/ports?device_id=db7f1f5d-f83e-451c-97dc-b537413f8e04 HTTP/1.1" status: 200 len: 1392 time: 0.1371524
2026-04-28 08:49:44.447 9 INFO neutron.wsgi [req-ca400b8c-86e3-4590-8e0e-fbb8cd6c55cf req-c0de9d1d-a783-420a-b169-5e1934af8fa9 fdc32e97ea494a77b137bff00342452f cd10ccd2a3e644399880d4ca3f78448d - - 2326e32d87ed4baca3e21937afe1d2f9 2326e32d87ed4baca3e21937afe1d2f9] 199.204.45.144 "GET /v2.0/ports?network_id=8235df59-511f-44da-be4d-95945d318be9&device_owner=network%3Adhcp HTTP/1.1" status: 200 len: 210 time: 0.0291760
2026-04-28 08:49:44.487 9 INFO neutron.wsgi [req-ca400b8c-86e3-4590-8e0e-fbb8cd6c55cf req-aa108059-7cd5-47c1-952c-d72ff0ace209 fdc32e97ea494a77b137bff00342452f cd10ccd2a3e644399880d4ca3f78448d - - 2326e32d87ed4baca3e21937afe1d2f9 2326e32d87ed4baca3e21937afe1d2f9] 199.204.45.144 "GET /v2.0/ports?network_id=8235df59-511f-44da-be4d-95945d318be9&device_owner=network%3Adhcp HTTP/1.1" status: 200 len: 210 time: 0.0328772
2026-04-28 08:49:44.494 10 INFO neutron.wsgi [req-130a9416-ca55-46ce-b206-9a7ef78b4248 req-d9d17ae3-cb7c-4002-818c-bb0dc66ed09f a448143513ef48cca0255ec77c45d539 13ef317538dc47288c947d189bf1fd7c - - default default] 10.0.0.103 "GET /v2.0/security-groups?id=45300e2b-dfb1-498e-94c3-95788698b87a&fields=id&fields=name HTTP/1.1" status: 200 len: 311 time: 0.0577619
2026-04-28 08:49:44.592 9 INFO neutron.wsgi [req-ca400b8c-86e3-4590-8e0e-fbb8cd6c55cf req-0b0401d0-e47c-4a5c-a782-3f7e5079bcb0 fdc32e97ea494a77b137bff00342452f cd10ccd2a3e644399880d4ca3f78448d - - 2326e32d87ed4baca3e21937afe1d2f9 2326e32d87ed4baca3e21937afe1d2f9] 199.204.45.144 "GET /v2.0/networks/8235df59-511f-44da-be4d-95945d318be9?fields=segments HTTP/1.1" status: 200 len: 212 time: 0.0982895
2026-04-28 08:49:44.692 9 INFO neutron.wsgi [req-ca400b8c-86e3-4590-8e0e-fbb8cd6c55cf req-588fa389-7d7c-4336-af9e-637750de4689 fdc32e97ea494a77b137bff00342452f cd10ccd2a3e644399880d4ca3f78448d - - 2326e32d87ed4baca3e21937afe1d2f9 2326e32d87ed4baca3e21937afe1d2f9] 199.204.45.144 "GET /v2.0/networks/8235df59-511f-44da-be4d-95945d318be9?fields=provider%3Aphysical_network&fields=provider%3Anetwork_type HTTP/1.1" status: 200 len: 277 time: 0.0929255
2026-04-28 08:49:44.692 10 INFO neutron.wsgi [req-0ba56109-4ee9-4715-86b4-ae5388ea24d1 req-64f215ee-b29d-42e9-9024-7dd548f05767 a448143513ef48cca0255ec77c45d539 13ef317538dc47288c947d189bf1fd7c - - default default] 199.204.45.144 "GET /v2.0/ports?device_id=db7f1f5d-f83e-451c-97dc-b537413f8e04 HTTP/1.1" status: 200 len: 1390 time: 0.0455394
2026-04-28 08:49:44.770 9 INFO neutron.db.ovn_revision_numbers_db [None req-9a061168-b450-4db2-92b5-5da1f06e632f - - - - - -] Successfully bumped revision number for resource 715cab93-cb63-4248-829c-ef6c5fc4a114 (type: ports) to 5
2026-04-28 08:49:45.039 10 INFO neutron.wsgi [None req-c057a5ff-72b4-4ecf-b52f-18d547ea87df a448143513ef48cca0255ec77c45d539 13ef317538dc47288c947d189bf1fd7c - - - -] 199.204.45.144 "DELETE /v2.0/ports/715cab93-cb63-4248-829c-ef6c5fc4a114 HTTP/1.1" status: 204 len: 173 time: 0.3397968
2026-04-28 08:49:45.080 10 INFO neutron.notifiers.nova [-] Nova event matching ['req-cff9e142-dcaf-4dd5-8ae9-7b0b61132c2a'] response: {'server_uuid': 'db7f1f5d-f83e-451c-97dc-b537413f8e04', 'name': 'network-vif-deleted', 'tag': '715cab93-cb63-4248-829c-ef6c5fc4a114', 'status': 'completed', 'code': 200}
2026-04-28 08:49:45.119 9 INFO neutron.wsgi [-] 10.0.0.245 "GET / HTTP/1.1" status: 200 len: 247 time: 0.0021954
2026-04-28 08:49:45.120 10 INFO neutron.wsgi [-] 10.0.0.245 "GET / HTTP/1.1" status: 200 len: 247 time: 0.0033097
2026-04-28 08:49:46.106 9 INFO neutron.notifiers.nova [-] Nova event matching ['req-02a4aec9-5cca-4087-88e9-b75d434831f9'] response: {'server_uuid': 'db7f1f5d-f83e-451c-97dc-b537413f8e04', 'name': 'network-vif-unplugged', 'status': 'completed', 'tag': '715cab93-cb63-4248-829c-ef6c5fc4a114', 'code': 200}
2026-04-28 08:49:46.107 9 INFO neutron.notifiers.nova [-] Nova event matching ['req-02a4aec9-5cca-4087-88e9-b75d434831f9'] response: {'server_uuid': 'db7f1f5d-f83e-451c-97dc-b537413f8e04', 'name': 'network-vif-plugged', 'status': 'completed', 'tag': '715cab93-cb63-4248-829c-ef6c5fc4a114', 'code': 200} /var/lib/openstack/lib/python3.10/site-packages/pycadf/identifier.py:71: UserWarning: Invalid uuid: neutron. To ensure interoperability, identifiers should be a valid uuid. warnings.warn(('Invalid uuid: %s. To ensure interoperability, '
2026-04-28 08:49:49.698 9 INFO neutron.wsgi [None req-be074ee3-fb6f-4ac2-ad24-48094698787d a448143513ef48cca0255ec77c45d539 13ef317538dc47288c947d189bf1fd7c - - - -] 10.0.0.97 "DELETE /v2.0/security-group-rules/402f02fa-4202-40a2-ab16-5f48ebc1c287 HTTP/1.1" status: 204 len: 168 time: 0.1374469
2026-04-28 08:49:49.715 9 INFO neutron.api.v2.resource [None req-4b03de46-f3a1-4145-88ce-1764b6f3da3f a448143513ef48cca0255ec77c45d539 13ef317538dc47288c947d189bf1fd7c - - default default] show failed (client error): The resource could not be found.
2026-04-28 08:49:49.716 9 INFO neutron.wsgi [None req-4b03de46-f3a1-4145-88ce-1764b6f3da3f a448143513ef48cca0255ec77c45d539 13ef317538dc47288c947d189bf1fd7c - - default default] 10.0.0.97 "GET /v2.0/security-group-rules/402f02fa-4202-40a2-ab16-5f48ebc1c287 HTTP/1.1" status: 404 len: 356 time: 0.0128202
2026-04-28 08:49:49.831 9 INFO neutron.wsgi [None req-8dc7023c-e783-46c4-933e-716b734b33ae a448143513ef48cca0255ec77c45d539 13ef317538dc47288c947d189bf1fd7c - - - -] 10.0.0.97 "DELETE /v2.0/security-group-rules/dbbd31a8-54bf-428e-aa17-67522669bddb HTTP/1.1" status: 204 len: 168 time: 0.1107066
2026-04-28 08:49:49.846 9 INFO neutron.api.v2.resource [None req-bf77f28d-61a7-4cf1-919c-fcd36b08f8c7 a448143513ef48cca0255ec77c45d539 13ef317538dc47288c947d189bf1fd7c - - default default] show failed (client error): The resource could not be found.
2026-04-28 08:49:49.848 9 INFO neutron.wsgi [None req-bf77f28d-61a7-4cf1-919c-fcd36b08f8c7 a448143513ef48cca0255ec77c45d539 13ef317538dc47288c947d189bf1fd7c - - default default] 10.0.0.97 "GET /v2.0/security-group-rules/dbbd31a8-54bf-428e-aa17-67522669bddb HTTP/1.1" status: 404 len: 356 time: 0.0113385
2026-04-28 08:49:49.960 9 INFO neutron.wsgi [None req-9e6615ae-53d4-4cf2-945b-80ea83386430 a448143513ef48cca0255ec77c45d539 13ef317538dc47288c947d189bf1fd7c - - - -] 10.0.0.97 "DELETE /v2.0/security-group-rules/c19fd16d-c578-4983-a49a-36a03453cd8f HTTP/1.1" status: 204 len: 168 time: 0.1080501
2026-04-28 08:49:49.976 9 INFO neutron.api.v2.resource [None req-9f3bbd9d-0c9b-423e-8b71-ce41535448ef a448143513ef48cca0255ec77c45d539 13ef317538dc47288c947d189bf1fd7c - - default default] show failed (client error): The resource could not be found.
2026-04-28 08:49:49.977 9 INFO neutron.wsgi [None req-9f3bbd9d-0c9b-423e-8b71-ce41535448ef a448143513ef48cca0255ec77c45d539 13ef317538dc47288c947d189bf1fd7c - - default default] 10.0.0.97 "GET /v2.0/security-group-rules/c19fd16d-c578-4983-a49a-36a03453cd8f HTTP/1.1" status: 404 len: 356 time: 0.0118690
2026-04-28 08:49:50.102 9 INFO neutron.wsgi [None req-91119e92-1fdd-4edd-8560-e61b110df30f a448143513ef48cca0255ec77c45d539 13ef317538dc47288c947d189bf1fd7c - - - -] 10.0.0.97 "DELETE /v2.0/security-group-rules/9d26463b-bc91-4458-a656-29dbd0b86327 HTTP/1.1" status: 204 len: 168 time: 0.1202450
2026-04-28 08:49:50.122 9 INFO neutron.api.v2.resource [None req-cf318102-5ac7-4f2a-812d-9af9971de17f a448143513ef48cca0255ec77c45d539 13ef317538dc47288c947d189bf1fd7c - - default default] show failed (client error): The resource could not be found.
2026-04-28 08:49:50.123 9 INFO neutron.wsgi [None req-cf318102-5ac7-4f2a-812d-9af9971de17f a448143513ef48cca0255ec77c45d539 13ef317538dc47288c947d189bf1fd7c - - default default] 10.0.0.97 "GET /v2.0/security-group-rules/9d26463b-bc91-4458-a656-29dbd0b86327 HTTP/1.1" status: 404 len: 356 time: 0.0135353
2026-04-28 08:49:50.250 9 INFO neutron.wsgi [None req-81601239-f24a-4c60-913c-8fc0f58a00b1 a448143513ef48cca0255ec77c45d539 13ef317538dc47288c947d189bf1fd7c - - - -] 10.0.0.97 "DELETE /v2.0/security-group-rules/fe8edf92-b8fd-426f-98c4-942c5e2130af HTTP/1.1" status: 204 len: 168 time: 0.1213694
2026-04-28 08:49:50.273 9 INFO neutron.api.v2.resource [None req-c1728d26-aaf7-4abf-a50d-195a1c7a8275 a448143513ef48cca0255ec77c45d539 13ef317538dc47288c947d189bf1fd7c - - default default] show failed (client error): The resource could not be found.
2026-04-28 08:49:50.274 9 INFO neutron.wsgi [None req-c1728d26-aaf7-4abf-a50d-195a1c7a8275 a448143513ef48cca0255ec77c45d539 13ef317538dc47288c947d189bf1fd7c - - default default] 10.0.0.97 "GET /v2.0/security-group-rules/fe8edf92-b8fd-426f-98c4-942c5e2130af HTTP/1.1" status: 404 len: 356 time: 0.0175796
2026-04-28 08:49:50.432 9 INFO neutron.wsgi [None req-9f673326-0e2b-46d9-9d5c-87b4a0cb0911 a448143513ef48cca0255ec77c45d539 13ef317538dc47288c947d189bf1fd7c - - - -] 10.0.0.97 "DELETE /v2.0/security-group-rules/f3665dc5-62b6-433e-abd7-09422612ba24 HTTP/1.1" status: 204 len: 168 time: 0.1525428
2026-04-28 08:49:50.455 10 INFO neutron.api.v2.resource [None req-2c9cfa9f-8168-43e4-b1ef-4444cda537e7 a448143513ef48cca0255ec77c45d539 13ef317538dc47288c947d189bf1fd7c - - default default] show failed (client error): The resource could not be found.
2026-04-28 08:49:50.457 10 INFO neutron.wsgi [None req-2c9cfa9f-8168-43e4-b1ef-4444cda537e7 a448143513ef48cca0255ec77c45d539 13ef317538dc47288c947d189bf1fd7c - - default default] 10.0.0.97 "GET /v2.0/security-group-rules/f3665dc5-62b6-433e-abd7-09422612ba24 HTTP/1.1" status: 404 len: 356 time: 0.0173688
2026-04-28 08:49:50.597 10 INFO neutron.wsgi [None req-8dbcaa38-b113-492d-b321-54e9dd6bb7c6 a448143513ef48cca0255ec77c45d539 13ef317538dc47288c947d189bf1fd7c - - - -] 10.0.0.97 "DELETE /v2.0/security-group-rules/7160de41-5d25-4941-b0e3-a94dbb072933 HTTP/1.1" status: 204 len: 168 time: 0.1351700
2026-04-28 08:49:50.621 10 INFO neutron.api.v2.resource [None req-9b3002fa-4d00-411f-8a32-40d17b5173d4 a448143513ef48cca0255ec77c45d539 13ef317538dc47288c947d189bf1fd7c - - default default] show failed (client error): The resource could not be found.
2026-04-28 08:49:50.623 10 INFO neutron.wsgi [None req-9b3002fa-4d00-411f-8a32-40d17b5173d4 a448143513ef48cca0255ec77c45d539 13ef317538dc47288c947d189bf1fd7c - - default default] 10.0.0.97 "GET /v2.0/security-group-rules/7160de41-5d25-4941-b0e3-a94dbb072933 HTTP/1.1" status: 404 len: 356 time: 0.0195842
2026-04-28 08:49:50.755 10 INFO neutron.wsgi [None req-54cc89e8-3013-406d-9032-4f612b56b3f2 a448143513ef48cca0255ec77c45d539 13ef317538dc47288c947d189bf1fd7c - - - -] 10.0.0.97 "DELETE /v2.0/security-group-rules/97a1eb4b-cd10-4ea0-9591-05429bbfbe49 HTTP/1.1" status: 204 len: 168 time: 0.1263781
2026-04-28 08:49:50.773 10 INFO neutron.api.v2.resource [None req-45b26b68-ba40-440c-a22e-3b3fcd001e71 a448143513ef48cca0255ec77c45d539 13ef317538dc47288c947d189bf1fd7c - - default default] show failed (client error): The resource could not be found.
2026-04-28 08:49:50.774 10 INFO neutron.wsgi [None req-45b26b68-ba40-440c-a22e-3b3fcd001e71 a448143513ef48cca0255ec77c45d539 13ef317538dc47288c947d189bf1fd7c - - default default] 10.0.0.97 "GET /v2.0/security-group-rules/97a1eb4b-cd10-4ea0-9591-05429bbfbe49 HTTP/1.1" status: 404 len: 356 time: 0.0142922
2026-04-28 08:49:50.908 9 INFO neutron.wsgi [None req-5d8f8ac9-b853-49be-bc04-1f7f612da388 a448143513ef48cca0255ec77c45d539 13ef317538dc47288c947d189bf1fd7c - - - -] 10.0.0.97 "DELETE /v2.0/security-group-rules/0d9f3dfc-5215-46f3-ab4f-ae6b9b205591 HTTP/1.1" status: 204 len: 168 time: 0.1272721
2026-04-28 08:49:50.926 9 INFO neutron.api.v2.resource [None req-c239ef85-9101-4776-92de-e35c4137bc85 a448143513ef48cca0255ec77c45d539 13ef317538dc47288c947d189bf1fd7c - - default default] show failed (client error): The resource could not be found.
2026-04-28 08:49:50.927 9 INFO neutron.wsgi [None req-c239ef85-9101-4776-92de-e35c4137bc85 a448143513ef48cca0255ec77c45d539 13ef317538dc47288c947d189bf1fd7c - - default default] 10.0.0.97 "GET /v2.0/security-group-rules/0d9f3dfc-5215-46f3-ab4f-ae6b9b205591 HTTP/1.1" status: 404 len: 356 time: 0.0126836
2026-04-28 08:49:51.049 9 INFO neutron.wsgi [None req-f8f4fa7d-fd60-4c0f-95c1-a9557a90dd49 a448143513ef48cca0255ec77c45d539 13ef317538dc47288c947d189bf1fd7c - - - -] 10.0.0.97 "DELETE /v2.0/security-group-rules/357d881a-6bb4-48c9-8182-18e5743dbd71 HTTP/1.1" status: 204 len: 168 time: 0.1170745
2026-04-28 08:49:51.067 9 INFO neutron.api.v2.resource [None req-8086053c-906d-4b79-82b6-327e56eed5a5 a448143513ef48cca0255ec77c45d539 13ef317538dc47288c947d189bf1fd7c - - default default] show failed (client error): The resource could not be found.
2026-04-28 08:49:51.068 9 INFO neutron.wsgi [None req-8086053c-906d-4b79-82b6-327e56eed5a5 a448143513ef48cca0255ec77c45d539 13ef317538dc47288c947d189bf1fd7c - - default default] 10.0.0.97 "GET /v2.0/security-group-rules/357d881a-6bb4-48c9-8182-18e5743dbd71 HTTP/1.1" status: 404 len: 356 time: 0.0139165
2026-04-28 08:49:51.192 9 INFO neutron.wsgi [None req-c44cb952-30a6-48a3-856e-38d9d16189ce a448143513ef48cca0255ec77c45d539 13ef317538dc47288c947d189bf1fd7c - - - -] 10.0.0.97 "DELETE /v2.0/security-group-rules/692cf6ef-5534-4bdc-8b5d-af7085ac293a HTTP/1.1" status: 204 len: 168 time: 0.1190746
2026-04-28 08:49:51.212 9 INFO neutron.api.v2.resource [None req-dc3d7924-1286-41a6-9bba-f7b3cb7b8b23 a448143513ef48cca0255ec77c45d539 13ef317538dc47288c947d189bf1fd7c - - default default] show failed (client error): The resource could not be found.
2026-04-28 08:49:51.214 9 INFO neutron.wsgi [None req-dc3d7924-1286-41a6-9bba-f7b3cb7b8b23 a448143513ef48cca0255ec77c45d539 13ef317538dc47288c947d189bf1fd7c - - default default] 10.0.0.97 "GET /v2.0/security-group-rules/692cf6ef-5534-4bdc-8b5d-af7085ac293a HTTP/1.1" status: 404 len: 356 time: 0.0159461
2026-04-28 08:49:51.349 10 INFO neutron.wsgi [None req-78d6e719-baaa-4649-acdd-ab0b231230f0 a448143513ef48cca0255ec77c45d539 13ef317538dc47288c947d189bf1fd7c - - - -] 10.0.0.97 "DELETE /v2.0/security-groups/45300e2b-dfb1-498e-94c3-95788698b87a HTTP/1.1" status: 204 len: 168 time: 0.1298056
2026-04-28 08:49:51.370 10 INFO neutron.api.v2.resource [None req-721d563f-4c6c-4b3b-a479-d57ad59dc2ef a448143513ef48cca0255ec77c45d539 13ef317538dc47288c947d189bf1fd7c - - default default] show failed (client error): The resource could not be found.
2026-04-28 08:49:51.371 10 INFO neutron.wsgi [None req-721d563f-4c6c-4b3b-a479-d57ad59dc2ef a448143513ef48cca0255ec77c45d539 13ef317538dc47288c947d189bf1fd7c - - default default] 10.0.0.97 "GET /v2.0/security-groups/45300e2b-dfb1-498e-94c3-95788698b87a HTTP/1.1" status: 404 len: 347 time: 0.0160458
2026-04-28 08:49:52.776 9 INFO neutron.wsgi [None req-e45a6232-9223-4aae-9e6a-d167b8a38cda a448143513ef48cca0255ec77c45d539 13ef317538dc47288c947d189bf1fd7c - - - -] 10.0.0.97 "PUT /v2.0/routers/1ca90761-ea5d-47ad-9dfe-c117c4507440/remove_router_interface HTTP/1.1" status: 200 len: 503 time: 1.3545520 /var/lib/openstack/lib/python3.10/site-packages/pycadf/identifier.py:71: UserWarning: Invalid uuid: neutron. To ensure interoperability, identifiers should be a valid uuid. warnings.warn(('Invalid uuid: %s. To ensure interoperability, '
2026-04-28 08:49:52.907 9 INFO neutron.api.v2.resource [None req-db1cb208-03bd-4591-9148-368d405ef6fa a448143513ef48cca0255ec77c45d539 13ef317538dc47288c947d189bf1fd7c - - default default] remove_router_interface failed (client error): The resource could not be found.
2026-04-28 08:49:52.909 9 INFO neutron.wsgi [None req-db1cb208-03bd-4591-9148-368d405ef6fa a448143513ef48cca0255ec77c45d539 13ef317538dc47288c947d189bf1fd7c - - default default] 10.0.0.97 "PUT /v2.0/routers/1ca90761-ea5d-47ad-9dfe-c117c4507440/remove_router_interface HTTP/1.1" status: 404 len: 399 time: 0.1261024
2026-04-28 08:49:53.963 9 INFO neutron.wsgi [None req-758cd7df-9ac5-445a-bee6-dc79bb3460c4 a448143513ef48cca0255ec77c45d539 13ef317538dc47288c947d189bf1fd7c - - - -] 10.0.0.97 "PUT /v2.0/routers/1ca90761-ea5d-47ad-9dfe-c117c4507440/remove_router_interface HTTP/1.1" status: 200 len: 503 time: 1.0467029 /var/lib/openstack/lib/python3.10/site-packages/pycadf/identifier.py:71: UserWarning: Invalid uuid: neutron. To ensure interoperability, identifiers should be a valid uuid. warnings.warn(('Invalid uuid: %s. To ensure interoperability, '
2026-04-28 08:49:54.174 9 INFO neutron.api.v2.resource [None req-62f6d151-bec8-43c4-8b18-9adb7385987f a448143513ef48cca0255ec77c45d539 13ef317538dc47288c947d189bf1fd7c - - default default] remove_router_interface failed (client error): The resource could not be found.
2026-04-28 08:49:54.175 9 INFO neutron.wsgi [None req-62f6d151-bec8-43c4-8b18-9adb7385987f a448143513ef48cca0255ec77c45d539 13ef317538dc47288c947d189bf1fd7c - - default default] 10.0.0.97 "PUT /v2.0/routers/1ca90761-ea5d-47ad-9dfe-c117c4507440/remove_router_interface HTTP/1.1" status: 404 len: 399 time: 0.2070420
2026-04-28 08:49:55.129 9 INFO neutron.wsgi [None req-73409817-ce2c-4a32-b93a-644a043f5b8e a448143513ef48cca0255ec77c45d539 13ef317538dc47288c947d189bf1fd7c - - - -] 10.0.0.97 "PUT /v2.0/routers/1ca90761-ea5d-47ad-9dfe-c117c4507440/remove_router_interface HTTP/1.1" status: 200 len: 503 time: 0.9468515
2026-04-28 08:49:55.316 10 INFO neutron.api.v2.resource [None req-9a664af3-8e3b-412c-a8ec-ef6c189f412a a448143513ef48cca0255ec77c45d539 13ef317538dc47288c947d189bf1fd7c - - default default] remove_router_interface failed (client error): The resource could not be found.
2026-04-28 08:49:55.317 10 INFO neutron.wsgi [None req-9a664af3-8e3b-412c-a8ec-ef6c189f412a a448143513ef48cca0255ec77c45d539 13ef317538dc47288c947d189bf1fd7c - - default default] 10.0.0.97 "PUT /v2.0/routers/1ca90761-ea5d-47ad-9dfe-c117c4507440/remove_router_interface HTTP/1.1" status: 404 len: 399 time: 0.1831110 /var/lib/openstack/lib/python3.10/site-packages/pycadf/identifier.py:71: UserWarning: Invalid uuid: neutron. To ensure interoperability, identifiers should be a valid uuid. warnings.warn(('Invalid uuid: %s. To ensure interoperability, '
2026-04-28 08:49:56.109 9 INFO neutron.wsgi [None req-da4bc44e-1af4-4a72-87c7-f2431e0302a3 a448143513ef48cca0255ec77c45d539 13ef317538dc47288c947d189bf1fd7c - - - -] 10.0.0.97 "DELETE /v2.0/routers/1ca90761-ea5d-47ad-9dfe-c117c4507440 HTTP/1.1" status: 204 len: 168 time: 0.7849994
2026-04-28 08:49:56.144 9 INFO neutron.api.v2.resource [None req-e12d21cb-e896-46ae-9762-9186fa814a0b a448143513ef48cca0255ec77c45d539 13ef317538dc47288c947d189bf1fd7c - - default default] show failed (client error): The resource could not be found.
2026-04-28 08:49:56.148 9 INFO neutron.wsgi [None req-e12d21cb-e896-46ae-9762-9186fa814a0b a448143513ef48cca0255ec77c45d539 13ef317538dc47288c947d189bf1fd7c - - default default] 10.0.0.97 "GET /v2.0/routers/1ca90761-ea5d-47ad-9dfe-c117c4507440 HTTP/1.1" status: 404 len: 336 time: 0.0325329
2026-04-28 08:49:56.363 9 INFO neutron.wsgi [None req-d8c2f4e3-cd0d-457f-91f4-e4371a71f84b a448143513ef48cca0255ec77c45d539 13ef317538dc47288c947d189bf1fd7c - - - -] 10.0.0.97 "DELETE /v2.0/subnets/0f48f083-425d-4059-b067-2e99c40349a8 HTTP/1.1" status: 204 len: 168 time: 0.2092447
2026-04-28 08:49:56.391 9 INFO neutron.pecan_wsgi.hooks.translation [None req-9fbba948-2ea9-44be-97a1-4cfb58635210 a448143513ef48cca0255ec77c45d539 13ef317538dc47288c947d189bf1fd7c - - default default] GET failed (client error): The resource could not be found.
2026-04-28 08:49:56.393 9 INFO neutron.wsgi [None req-9fbba948-2ea9-44be-97a1-4cfb58635210 a448143513ef48cca0255ec77c45d539 13ef317538dc47288c947d189bf1fd7c - - default default] 10.0.0.97 "GET /v2.0/subnets/0f48f083-425d-4059-b067-2e99c40349a8 HTTP/1.1" status: 404 len: 337 time: 0.0232000
2026-04-28 08:49:56.652 9 INFO neutron.wsgi [None req-eac26c60-9e40-4b09-bed7-30c2d3720425 a448143513ef48cca0255ec77c45d539 13ef317538dc47288c947d189bf1fd7c - - - -] 10.0.0.97 "DELETE /v2.0/subnets/dcccafc9-4de9-4fec-aa06-f7e87a33f2f5 HTTP/1.1" status: 204 len: 168 time: 0.2534111
2026-04-28 08:49:56.682 9 INFO neutron.pecan_wsgi.hooks.translation [None req-c790ab66-345c-43a4-89d7-25dee68748b0 a448143513ef48cca0255ec77c45d539 13ef317538dc47288c947d189bf1fd7c - - default default] GET failed (client error): The resource could not be found.
2026-04-28 08:49:56.684 9 INFO neutron.wsgi [None req-c790ab66-345c-43a4-89d7-25dee68748b0 a448143513ef48cca0255ec77c45d539 13ef317538dc47288c947d189bf1fd7c - - default default] 10.0.0.97 "GET /v2.0/subnets/dcccafc9-4de9-4fec-aa06-f7e87a33f2f5 HTTP/1.1" status: 404 len: 337 time: 0.0256863
2026-04-28 08:49:57.153 9 INFO neutron.wsgi [None req-d3703f61-465d-4ff0-8331-773a2b3f99f1 a448143513ef48cca0255ec77c45d539 13ef317538dc47288c947d189bf1fd7c - - - -] 10.0.0.97 "DELETE /v2.0/networks/780ce590-bf9f-4897-841b-80363f662851 HTTP/1.1" status: 204 len: 168 time: 0.4585557
2026-04-28 08:49:57.178 10 INFO neutron.pecan_wsgi.hooks.translation [None req-b8587dfd-77b4-43e9-b36b-ef2da8f0551e a448143513ef48cca0255ec77c45d539 13ef317538dc47288c947d189bf1fd7c - - default default] GET failed (client error): The resource could not be found.
2026-04-28 08:49:57.180 10 INFO neutron.wsgi [None req-b8587dfd-77b4-43e9-b36b-ef2da8f0551e a448143513ef48cca0255ec77c45d539 13ef317538dc47288c947d189bf1fd7c - - default default] 10.0.0.97 "GET /v2.0/networks/780ce590-bf9f-4897-841b-80363f662851 HTTP/1.1" status: 404 len: 339 time: 0.0210710
2026-04-28 08:49:57.264 9 INFO neutron.services.segments.plugin [-] Segment 1558bc78-820f-436a-bb79-e56aefc1c3f9 resource provider aggregate not found
2026-04-28 08:49:57.273 9 INFO neutron.services.segments.plugin [-] Segment 1558bc78-820f-436a-bb79-e56aefc1c3f9 resource provider aggregate not found
2026-04-28 08:49:57.287 9 INFO neutron.services.segments.plugin [-] Segment 1558bc78-820f-436a-bb79-e56aefc1c3f9 resource provider not found; error: Placement Client Error (4xx): {"errors": [{"status": 404, "title": "Not Found", "detail": "The resource could not be found.\n\n No resource provider with uuid 1558bc78-820f-436a-bb79-e56aefc1c3f9 found for delete ", "request_id": "req-51c0fe60-9421-4781-a451-bcc32b26e31d"}]}
2026-04-28 08:49:57.289 9 INFO neutron.services.segments.plugin [-] Segment 1558bc78-820f-436a-bb79-e56aefc1c3f9 resource provider not found; error: Placement Client Error (4xx): {"errors": [{"status": 404, "title": "Not Found", "detail": "The resource could not be found.\n\n No resource provider with uuid 1558bc78-820f-436a-bb79-e56aefc1c3f9 found for delete ", "request_id": "req-0b458129-e9f6-47c4-8808-87ddbc965f1d"}]}
2026-04-28 08:49:57.373 10 INFO neutron.wsgi [None req-44d8af79-8ea6-4ece-bfeb-a6d0bb1d8ece a448143513ef48cca0255ec77c45d539 13ef317538dc47288c947d189bf1fd7c - - - -] 10.0.0.97 "DELETE /v2.0/subnets/35cdee53-8751-47bb-982a-07ccca49c6b4 HTTP/1.1" status: 204 len: 168 time: 0.1882350
2026-04-28 08:49:57.398 10 INFO neutron.pecan_wsgi.hooks.translation [None req-c5c27307-1bfb-420a-a5b2-9fb40519b2e5 a448143513ef48cca0255ec77c45d539 13ef317538dc47288c947d189bf1fd7c - - default default] GET failed (client error): The resource could not be found.
2026-04-28 08:49:57.402 10 INFO neutron.wsgi [None req-c5c27307-1bfb-420a-a5b2-9fb40519b2e5 a448143513ef48cca0255ec77c45d539 13ef317538dc47288c947d189bf1fd7c - - default default] 10.0.0.97 "GET /v2.0/subnets/35cdee53-8751-47bb-982a-07ccca49c6b4 HTTP/1.1" status: 404 len: 337 time: 0.0228457
2026-04-28 08:49:57.686 10 INFO neutron.wsgi [None req-1db80513-cca6-47e6-8cba-6a4d88327f0a a448143513ef48cca0255ec77c45d539 13ef317538dc47288c947d189bf1fd7c - - - -] 10.0.0.97 "DELETE /v2.0/subnets/2d4114eb-fd61-4632-8842-1b3c8b86e454 HTTP/1.1" status: 204 len: 168 time: 0.2762823
2026-04-28 08:49:57.714 10 INFO neutron.pecan_wsgi.hooks.translation [None req-34df9d13-4d42-4948-87bc-e28c369eb03c a448143513ef48cca0255ec77c45d539 13ef317538dc47288c947d189bf1fd7c - - default default] GET failed (client error): The resource could not be found.
2026-04-28 08:49:57.715 10 INFO neutron.wsgi [None req-34df9d13-4d42-4948-87bc-e28c369eb03c a448143513ef48cca0255ec77c45d539 13ef317538dc47288c947d189bf1fd7c - - default default] 10.0.0.97 "GET /v2.0/subnets/2d4114eb-fd61-4632-8842-1b3c8b86e454 HTTP/1.1" status: 404 len: 337 time: 0.0219338
2026-04-28 08:49:58.171 10 INFO neutron.services.segments.plugin [-] Segment 867675d2-b655-4e4b-9e2f-18f530a421b0 resource provider aggregate not found
2026-04-28 08:49:58.178 10 INFO neutron.services.segments.plugin [-] Segment 867675d2-b655-4e4b-9e2f-18f530a421b0 resource provider aggregate not found
2026-04-28 08:49:58.194 10 INFO neutron.wsgi [None req-3c8dcb92-0702-4534-bb60-67193305048f a448143513ef48cca0255ec77c45d539 13ef317538dc47288c947d189bf1fd7c - - - -] 10.0.0.97 "DELETE /v2.0/networks/8235df59-511f-44da-be4d-95945d318be9 HTTP/1.1" status: 204 len: 168 time: 0.4718645
2026-04-28 08:49:58.203 10 INFO neutron.services.segments.plugin [-] Segment 867675d2-b655-4e4b-9e2f-18f530a421b0 resource provider not found; error: Placement Client Error (4xx): {"errors": [{"status": 404, "title": "Not Found", "detail": "The resource could not be found.\n\n No resource provider with uuid 867675d2-b655-4e4b-9e2f-18f530a421b0 found for delete ", "request_id": "req-ed6bab20-59be-450e-a984-04f27e39f08d"}]}
2026-04-28 08:49:58.204 10 INFO neutron.services.segments.plugin [-] Segment 867675d2-b655-4e4b-9e2f-18f530a421b0 resource provider not found; error: Placement Client Error (4xx): {"errors": [{"status": 404, "title": "Not Found", "detail": "The resource could not be found.\n\n No resource provider with uuid 867675d2-b655-4e4b-9e2f-18f530a421b0 found for delete ", "request_id": "req-bab5d4ed-a88a-4bf2-979e-ce906d7e0077"}]}
2026-04-28 08:49:58.219 9 INFO neutron.pecan_wsgi.hooks.translation [None req-27f4cb93-f125-4752-a100-04dba62d0983 a448143513ef48cca0255ec77c45d539 13ef317538dc47288c947d189bf1fd7c - - default default] GET failed (client error): The resource could not be found.
2026-04-28 08:49:58.221 9 INFO neutron.wsgi [None req-27f4cb93-f125-4752-a100-04dba62d0983 a448143513ef48cca0255ec77c45d539 13ef317538dc47288c947d189bf1fd7c - - default default] 10.0.0.97 "GET /v2.0/networks/8235df59-511f-44da-be4d-95945d318be9 HTTP/1.1" status: 404 len: 339 time: 0.0216415
2026-04-28 08:49:58.469 9 INFO neutron.wsgi [None req-82cd44ed-753c-49bc-8fac-9a406ad9d143 a448143513ef48cca0255ec77c45d539 13ef317538dc47288c947d189bf1fd7c - - - -] 10.0.0.97 "DELETE /v2.0/subnets/8cbd2d5c-997e-43b0-852c-6e51c655ced8 HTTP/1.1" status: 204 len: 168 time: 0.2420518
2026-04-28 08:49:58.508 9 INFO neutron.pecan_wsgi.hooks.translation [None req-19471891-cab3-4d52-8999-e292f58ad29c a448143513ef48cca0255ec77c45d539 13ef317538dc47288c947d189bf1fd7c - - default default] GET failed (client error): The resource could not be found.
2026-04-28 08:49:58.511 9 INFO neutron.wsgi [None req-19471891-cab3-4d52-8999-e292f58ad29c a448143513ef48cca0255ec77c45d539 13ef317538dc47288c947d189bf1fd7c - - default default] 10.0.0.97 "GET /v2.0/subnets/8cbd2d5c-997e-43b0-852c-6e51c655ced8 HTTP/1.1" status: 404 len: 337 time: 0.0360827
2026-04-28 08:49:58.783 9 INFO neutron.wsgi [None req-71a19050-ccc1-4bf1-8bde-19378806bafe a448143513ef48cca0255ec77c45d539 13ef317538dc47288c947d189bf1fd7c - - - -] 10.0.0.97 "DELETE /v2.0/subnets/93140127-6638-44de-af91-e921c2506ec4 HTTP/1.1" status: 204 len: 168 time: 0.2650197
2026-04-28 08:49:58.812 9 INFO neutron.pecan_wsgi.hooks.translation [None req-993e9334-b72e-4381-bced-e2e64d662e09 a448143513ef48cca0255ec77c45d539 13ef317538dc47288c947d189bf1fd7c - - default default] GET failed (client error): The resource could not be found.
2026-04-28 08:49:58.814 9 INFO neutron.wsgi [None req-993e9334-b72e-4381-bced-e2e64d662e09 a448143513ef48cca0255ec77c45d539 13ef317538dc47288c947d189bf1fd7c - - default default] 10.0.0.97 "GET /v2.0/subnets/93140127-6638-44de-af91-e921c2506ec4 HTTP/1.1" status: 404 len: 337 time: 0.0243444
2026-04-28 08:49:59.221 10 INFO neutron.wsgi [None req-e332c7e6-ef08-42e7-aca3-23785a58f510 a448143513ef48cca0255ec77c45d539 13ef317538dc47288c947d189bf1fd7c - - - -] 10.0.0.97 "DELETE /v2.0/networks/a917e93a-33d6-40e8-ae2e-79e8a75035bb HTTP/1.1" status: 204 len: 168 time: 0.4016376
2026-04-28 08:49:59.252 9 INFO neutron.pecan_wsgi.hooks.translation [None req-b38af8be-408b-4f35-a789-716e0a132456 a448143513ef48cca0255ec77c45d539 13ef317538dc47288c947d189bf1fd7c - - default default] GET failed (client error): The resource could not be found.
2026-04-28 08:49:59.256 9 INFO neutron.wsgi [None req-b38af8be-408b-4f35-a789-716e0a132456 a448143513ef48cca0255ec77c45d539 13ef317538dc47288c947d189bf1fd7c - - default default] 10.0.0.97 "GET /v2.0/networks/a917e93a-33d6-40e8-ae2e-79e8a75035bb HTTP/1.1" status: 404 len: 339 time: 0.0285954
2026-04-28 08:50:00.118 9 INFO neutron.wsgi [-] 10.0.0.245 "GET / HTTP/1.1" status: 200 len: 247 time: 0.0021663
2026-04-28 08:50:00.120 10 INFO neutron.wsgi [-] 10.0.0.245 "GET / HTTP/1.1" status: 200 len: 247 time: 0.0028367
2026-04-28 08:50:00.229 10 INFO neutron.services.segments.plugin [-] Segment 8910a08a-c081-4022-b31a-c78632707ed6 resource provider aggregate not found
2026-04-28 08:50:00.237 10 INFO neutron.services.segments.plugin [-] Segment 8910a08a-c081-4022-b31a-c78632707ed6 resource provider aggregate not found
2026-04-28 08:50:00.252 10 INFO neutron.services.segments.plugin [-] Segment 8910a08a-c081-4022-b31a-c78632707ed6 resource provider not found; error: Placement Client Error (4xx): {"errors": [{"status": 404, "title": "Not Found", "detail": "The resource could not be found.\n\n No resource provider with uuid 8910a08a-c081-4022-b31a-c78632707ed6 found for delete ", "request_id": "req-e66cdf02-2e51-4e7f-91f7-25ab7b1fe512"}]}
2026-04-28 08:50:00.258 10 INFO neutron.services.segments.plugin [-] Segment 8910a08a-c081-4022-b31a-c78632707ed6 resource provider not found; error: Placement Client Error (4xx): {"errors": [{"status": 404, "title": "Not Found", "detail": "The resource could not be found.\n\n No resource provider with uuid 8910a08a-c081-4022-b31a-c78632707ed6 found for delete ", "request_id": "req-ffae4fe7-f135-4349-acc2-f81745ff1a9c"}]}
2026-04-28 08:50:01.809 9 INFO neutron.db.ovn_revision_numbers_db [None req-01db7665-84e7-41ac-bd2e-91e31e8d0c64 be7af2ea64464ae8a3e1a90975d0fcd1 1eef8dfb62c743bd99e9773b1eac5fdd - - default default] Successfully bumped revision number for resource 48aa9a89-db1e-4daa-aeef-b656c537d41a (type: security_groups) to 1
2026-04-28 08:50:02.192 9 INFO neutron.wsgi [None req-01db7665-84e7-41ac-bd2e-91e31e8d0c64 be7af2ea64464ae8a3e1a90975d0fcd1 1eef8dfb62c743bd99e9773b1eac5fdd - - default default] 10.0.0.97 "GET /v2.0/security-groups?tenant_id=03125244f6154c78b8b94f311c7e9fe8&name=default HTTP/1.1" status: 200 len: 3000 time: 0.7170360
2026-04-28 08:50:02.413 9 INFO neutron.wsgi [None req-dd777ca9-35fd-4bff-b009-0abc5a975370 be7af2ea64464ae8a3e1a90975d0fcd1 1eef8dfb62c743bd99e9773b1eac5fdd - - - -] 10.0.0.97 "DELETE /v2.0/security-groups/48aa9a89-db1e-4daa-aeef-b656c537d41a HTTP/1.1" status: 204 len: 168 time: 0.2141747
2026-04-28 08:50:02.638 10 INFO neutron.db.ovn_revision_numbers_db [None req-9baee6ba-600a-4a8d-b4eb-ed689acacac2 be7af2ea64464ae8a3e1a90975d0fcd1 1eef8dfb62c743bd99e9773b1eac5fdd - - default default] Successfully bumped revision number for resource 100f724b-5822-4024-ba26-b69ca7a1f355 (type: security_groups) to 1
2026-04-28 08:50:02.661 10 INFO neutron.wsgi [None req-9baee6ba-600a-4a8d-b4eb-ed689acacac2 be7af2ea64464ae8a3e1a90975d0fcd1 1eef8dfb62c743bd99e9773b1eac5fdd - - default default] 10.0.0.97 "GET /v2.0/security-groups?tenant_id=a2eddf0873d044bc89c9880b7691cb02&name=default HTTP/1.1" status: 200 len: 3000 time: 0.1352358
2026-04-28 08:50:02.863 10 INFO neutron.wsgi [None req-ac7bf0dd-7dcb-4f38-a097-e349e0dacd33 be7af2ea64464ae8a3e1a90975d0fcd1 1eef8dfb62c743bd99e9773b1eac5fdd - - - -] 10.0.0.97 "DELETE /v2.0/security-groups/100f724b-5822-4024-ba26-b69ca7a1f355 HTTP/1.1" status: 204 len: 168 time: 0.1948912
2026-04-28 08:50:03.137 9 INFO neutron.db.ovn_revision_numbers_db [None req-2aa590e2-024f-4105-814d-9b0b367c6439 be7af2ea64464ae8a3e1a90975d0fcd1 1eef8dfb62c743bd99e9773b1eac5fdd - - default default] Successfully bumped revision number for resource 21e7a80f-e69c-4548-8067-8b06871cb4b7 (type: security_groups) to 1
2026-04-28 08:50:03.161 9 INFO neutron.wsgi [None req-2aa590e2-024f-4105-814d-9b0b367c6439 be7af2ea64464ae8a3e1a90975d0fcd1 1eef8dfb62c743bd99e9773b1eac5fdd - - default default] 10.0.0.97 "GET /v2.0/security-groups?tenant_id=c23a756f08884800be646daadfe1c282&name=default HTTP/1.1" status: 200 len: 3000 time: 0.1415474
2026-04-28 08:50:03.350 9 INFO neutron.wsgi [None req-d0368cae-434f-4976-a720-f1eb2c9b9fa2 be7af2ea64464ae8a3e1a90975d0fcd1 1eef8dfb62c743bd99e9773b1eac5fdd - - - -] 10.0.0.97 "DELETE /v2.0/security-groups/21e7a80f-e69c-4548-8067-8b06871cb4b7 HTTP/1.1" status: 204 len: 168 time: 0.1826990
2026-04-28 08:50:03.553 10 INFO neutron.wsgi [None req-e04c19f0-930f-4896-92c1-239d9abae869 be7af2ea64464ae8a3e1a90975d0fcd1 1eef8dfb62c743bd99e9773b1eac5fdd - - default default] 10.0.0.97 "GET /v2.0/security-groups?tenant_id=13ef317538dc47288c947d189bf1fd7c&name=default HTTP/1.1" status: 200 len: 2996 time: 0.0382817
2026-04-28 08:50:03.818 9 INFO neutron.wsgi [None req-ffd707cd-63c2-4dd2-9756-a5302ced73c8 be7af2ea64464ae8a3e1a90975d0fcd1 1eef8dfb62c743bd99e9773b1eac5fdd - - - -] 10.0.0.97 "DELETE /v2.0/security-groups/487965f9-1f8a-4385-8790-6ca8dd3a6b25 HTTP/1.1" status: 204 len: 168 time: 0.2591047
2026-04-28 08:50:04.096 10 INFO neutron.db.ovn_revision_numbers_db [None req-4bb24b05-c9c4-44af-b478-2c0d1ca32f2e be7af2ea64464ae8a3e1a90975d0fcd1 1eef8dfb62c743bd99e9773b1eac5fdd - - default default] Successfully bumped revision number for resource bb01c47c-481a-461e-a9b3-b44443d06695 (type: security_groups) to 1
2026-04-28 08:50:04.121 10 INFO neutron.wsgi [None req-4bb24b05-c9c4-44af-b478-2c0d1ca32f2e be7af2ea64464ae8a3e1a90975d0fcd1 1eef8dfb62c743bd99e9773b1eac5fdd - - default default] 10.0.0.97 "GET /v2.0/security-groups?tenant_id=4397940046d6430194698138cbe6eb59&name=default HTTP/1.1" status: 200 len: 3000 time: 0.1350701
2026-04-28 08:50:04.319 10 INFO neutron.wsgi [None req-93b683a4-7c4c-4062-abb6-d2cc6e0d0476 be7af2ea64464ae8a3e1a90975d0fcd1 1eef8dfb62c743bd99e9773b1eac5fdd - - - -] 10.0.0.97 "DELETE /v2.0/security-groups/bb01c47c-481a-461e-a9b3-b44443d06695 HTTP/1.1" status: 204 len: 168 time: 0.1928191
2026-04-28 08:50:04.668 9 INFO neutron.db.ovn_revision_numbers_db [None req-913f2d2f-db60-442c-8be0-4cf625ace1f1 be7af2ea64464ae8a3e1a90975d0fcd1 1eef8dfb62c743bd99e9773b1eac5fdd - - default default] Successfully bumped revision number for resource 564175ca-5e67-44b6-a9d4-7401bf2b981f (type: security_groups) to 1
2026-04-28 08:50:04.693 9 INFO neutron.wsgi [None req-913f2d2f-db60-442c-8be0-4cf625ace1f1 be7af2ea64464ae8a3e1a90975d0fcd1 1eef8dfb62c743bd99e9773b1eac5fdd - - default default] 10.0.0.97 "GET /v2.0/security-groups?tenant_id=9a29ca704e074ee28f74b49495585a7e&name=default HTTP/1.1" status: 200 len: 3000 time: 0.1912475
2026-04-28 08:50:04.903 9 INFO neutron.wsgi [None req-10043bc3-a1fd-4ef5-9781-999578b3a46f be7af2ea64464ae8a3e1a90975d0fcd1 1eef8dfb62c743bd99e9773b1eac5fdd - - - -] 10.0.0.97 "DELETE /v2.0/security-groups/564175ca-5e67-44b6-a9d4-7401bf2b981f HTTP/1.1" status: 204 len: 168 time: 0.2068400
2026-04-28 08:50:05.183 9 INFO neutron.db.ovn_revision_numbers_db [None req-06fc6e1f-74f9-487e-88db-58395c2ae070 be7af2ea64464ae8a3e1a90975d0fcd1 1eef8dfb62c743bd99e9773b1eac5fdd - - default default] Successfully bumped revision number for resource ff3cd813-5f72-4fc5-83f1-a027ac97aa82 (type: security_groups) to 1
2026-04-28 08:50:05.206 9 INFO neutron.wsgi [None req-06fc6e1f-74f9-487e-88db-58395c2ae070 be7af2ea64464ae8a3e1a90975d0fcd1 1eef8dfb62c743bd99e9773b1eac5fdd - - default default] 10.0.0.97 "GET /v2.0/security-groups?tenant_id=2af4bf4698024188b05477e82c3f7d8b&name=default HTTP/1.1" status: 200 len: 3000 time: 0.1310449
2026-04-28 08:50:05.442 9 INFO neutron.wsgi [None req-03d6b7d7-6da1-4003-9d2d-06208fccd83d be7af2ea64464ae8a3e1a90975d0fcd1 1eef8dfb62c743bd99e9773b1eac5fdd - - - -] 10.0.0.97 "DELETE /v2.0/security-groups/ff3cd813-5f72-4fc5-83f1-a027ac97aa82 HTTP/1.1" status: 204 len: 168 time: 0.2291186
2026-04-28 08:50:08.950 9 INFO neutron.wsgi [None req-a41a0806-b840-40c0-bebd-4c2a795e57ea be7af2ea64464ae8a3e1a90975d0fcd1 1eef8dfb62c743bd99e9773b1eac5fdd - - default default] 10.0.0.97 "GET /v2.0/networks HTTP/1.1" status: 200 len: 2368 time: 0.2802825
2026-04-28 08:50:10.167 10 INFO neutron.wsgi [None req-d9c34d16-ff45-4a47-9af4-3007a543a8ea be7af2ea64464ae8a3e1a90975d0fcd1 1eef8dfb62c743bd99e9773b1eac5fdd - - default default] 10.0.0.97 "GET /v2.0/floatingips HTTP/1.1" status: 200 len: 212 time: 0.0235269
2026-04-28 08:50:10.200 10 INFO neutron.wsgi [None req-2179557d-7217-4e2d-9114-bad8bd84112c be7af2ea64464ae8a3e1a90975d0fcd1 1eef8dfb62c743bd99e9773b1eac5fdd - - default default] 10.0.0.97 "GET /v2.0/routers HTTP/1.1" status: 200 len: 208 time: 0.0278976
2026-04-28 08:50:10.242 10 INFO neutron.wsgi [None req-a82d52fc-2961-48ea-b382-eaa69c652295 be7af2ea64464ae8a3e1a90975d0fcd1 1eef8dfb62c743bd99e9773b1eac5fdd - - default default] 10.0.0.97 "GET /v2.0/ports HTTP/1.1" status: 200 len: 5274 time: 0.0359733
2026-04-28 08:50:10.283 10 INFO neutron.wsgi [None req-bfe9e7d7-9e66-47e7-babc-f7a9dc3accd9 be7af2ea64464ae8a3e1a90975d0fcd1 1eef8dfb62c743bd99e9773b1eac5fdd - - default default] 10.0.0.97 "GET /v2.0/subnets HTTP/1.1" status: 200 len: 1456 time: 0.0337913
2026-04-28 08:50:10.356 10 INFO neutron.wsgi [None req-89c3b861-258e-459f-bbff-1293eaf1815e be7af2ea64464ae8a3e1a90975d0fcd1 1eef8dfb62c743bd99e9773b1eac5fdd - - default default] 10.0.0.97 "GET /v2.0/networks HTTP/1.1" status: 200 len: 2368 time: 0.0675452
2026-04-28 08:50:10.419 10 INFO neutron.wsgi [None req-c72c50d6-164d-4254-a183-e5096224efe3 be7af2ea64464ae8a3e1a90975d0fcd1 1eef8dfb62c743bd99e9773b1eac5fdd - - default default] 10.0.0.97 "GET /v2.0/security-groups HTTP/1.1" status: 200 len: 16822 time: 0.0584853
2026-04-28 08:50:10.439 10 INFO neutron.wsgi [None req-23ac1b9e-f86a-4d2a-8973-60afe7e091dd be7af2ea64464ae8a3e1a90975d0fcd1 1eef8dfb62c743bd99e9773b1eac5fdd - - default default] 10.0.0.97 "GET /v2.0/subnetpools HTTP/1.1" status: 200 len: 212 time: 0.0128431
2026-04-28 08:50:15.120 10 INFO neutron.wsgi [-] 10.0.0.245 "GET / HTTP/1.1" status: 200 len: 247 time: 0.0029268
2026-04-28 08:50:15.120 9 INFO neutron.wsgi [-] 10.0.0.245 "GET / HTTP/1.1" status: 200 len: 247 time: 0.0035295
2026-04-28 08:50:30.123 9 INFO neutron.wsgi [-] 10.0.0.245 "GET / HTTP/1.1" status: 200 len: 247 time: 0.0066121
2026-04-28 08:50:30.139 10 INFO neutron.wsgi [-] 10.0.0.245 "GET / HTTP/1.1" status: 200 len: 247 time: 0.0157762
2026-04-28 08:50:37.733 10 INFO neutron.wsgi [None req-66b3220a-fc53-411d-89a3-d755405b9345 be7af2ea64464ae8a3e1a90975d0fcd1 1eef8dfb62c743bd99e9773b1eac5fdd - - default default] 10.0.0.67 "GET /v2.0/security-groups HTTP/1.1" status: 200 len: 16803 time: 0.1824269
2026-04-28 08:50:37.782 10 INFO neutron.wsgi [None req-0a175f04-d1fc-436a-934c-fca7328c3d40 be7af2ea64464ae8a3e1a90975d0fcd1 1eef8dfb62c743bd99e9773b1eac5fdd - - default default] 10.0.0.67 "GET /v2.0/subnets HTTP/1.1" status: 200 len: 1437 time: 0.0440235
2026-04-28 08:50:37.808 10 INFO neutron.wsgi [None req-9d4ff53e-647c-48ac-812c-44f4bed969ca be7af2ea64464ae8a3e1a90975d0fcd1 1eef8dfb62c743bd99e9773b1eac5fdd - - default default] 10.0.0.67 "GET /v2.0/routers HTTP/1.1" status: 200 len: 189 time: 0.0245588
2026-04-28 08:50:37.851 10 INFO neutron.wsgi [None req-201cb5c2-7b48-4046-b026-412f3a194508 be7af2ea64464ae8a3e1a90975d0fcd1 1eef8dfb62c743bd99e9773b1eac5fdd - - default default] 10.0.0.67 "GET /v2.0/agents?binary=ovn-controller HTTP/1.1" status: 200 len: 591 time: 0.0429087
2026-04-28 08:50:37.863 10 INFO neutron.wsgi [None req-58e3774e-fadb-4b3a-aaab-c76e2a8f942c be7af2ea64464ae8a3e1a90975d0fcd1 1eef8dfb62c743bd99e9773b1eac5fdd - - default default] 10.0.0.67 "GET /v2.0/network-ip-availabilities HTTP/1.1" status: 200 len: 1280 time: 0.0105791
2026-04-28 08:50:37.909 10 INFO neutron.wsgi [None req-3ac93d56-5ce9-43fe-985d-b1cd9f234d1c be7af2ea64464ae8a3e1a90975d0fcd1 1eef8dfb62c743bd99e9773b1eac5fdd - - default default] 10.0.0.67 "GET /v2.0/subnets HTTP/1.1" status: 200 len: 1437 time: 0.0456369
2026-04-28 08:50:37.926 10 INFO neutron.wsgi [None req-1ff3879f-a2a5-4584-9fb5-1d7f52975fa1 be7af2ea64464ae8a3e1a90975d0fcd1 1eef8dfb62c743bd99e9773b1eac5fdd - - default default] 10.0.0.67 "GET /v2.0/subnetpools HTTP/1.1" status: 200 len: 193 time: 0.0156548
2026-04-28 08:50:37.998 10 INFO neutron.wsgi [None req-d818d7ea-f76e-46d4-b5ec-ce41b2aefbea be7af2ea64464ae8a3e1a90975d0fcd1 1eef8dfb62c743bd99e9773b1eac5fdd - - default default] 10.0.0.67 "GET /v2.0/networks HTTP/1.1" status: 200 len: 2349 time: 0.0708337
2026-04-28 08:50:38.027 10 INFO neutron.wsgi [None req-ece37036-0f97-4764-af10-d84aea87d4c4 be7af2ea64464ae8a3e1a90975d0fcd1 1eef8dfb62c743bd99e9773b1eac5fdd - - default default] 10.0.0.67 "GET /v2.0/floatingips HTTP/1.1" status: 200 len: 193 time: 0.0265839
2026-04-28 08:50:38.062 10 INFO neutron.wsgi [None req-7ee93fc7-ef10-4b88-a1e4-ed65426c524f be7af2ea64464ae8a3e1a90975d0fcd1 1eef8dfb62c743bd99e9773b1eac5fdd - - default default] 10.0.0.67 "GET /v2.0/ports HTTP/1.1" status: 200 len: 5255 time: 0.0342746
2026-04-28 08:50:38.080 10 INFO neutron.wsgi [None req-e34b12d6-bde2-4071-a6a5-195240b26834 be7af2ea64464ae8a3e1a90975d0fcd1 1eef8dfb62c743bd99e9773b1eac5fdd - - default default] 10.0.0.67 "GET /v2.0/agents HTTP/1.1" status: 200 len: 997 time: 0.0148959
2026-04-28 08:50:45.119 10 INFO neutron.wsgi [-] 10.0.0.245 "GET / HTTP/1.1" status: 200 len: 247 time: 0.0024686
2026-04-28 08:50:45.120 9 INFO neutron.wsgi [-] 10.0.0.245 "GET / HTTP/1.1" status: 200 len: 247 time: 0.0029352
2026-04-28 08:51:00.119 10 INFO neutron.wsgi [-] 10.0.0.245 "GET / HTTP/1.1" status: 200 len: 247 time: 0.0030124
2026-04-28 08:51:00.119 9 INFO neutron.wsgi [-] 10.0.0.245 "GET / HTTP/1.1" status: 200 len: 247 time: 0.0032554
2026-04-28 08:51:15.118 9 INFO neutron.wsgi [-] 10.0.0.245 "GET / HTTP/1.1" status: 200 len: 247 time: 0.0019002
2026-04-28 08:51:15.120 9 INFO neutron.wsgi [-] 10.0.0.245 "GET / HTTP/1.1" status: 200 len: 247 time: 0.0010712
2026-04-28 08:51:30.119 10 INFO neutron.wsgi [-] 10.0.0.245 "GET / HTTP/1.1" status: 200 len: 247 time: 0.0025086
2026-04-28 08:51:30.120 9 INFO neutron.wsgi [-] 10.0.0.245 "GET / HTTP/1.1" status: 200 len: 247 time: 0.0037611
2026-04-28 08:51:37.659 10 INFO neutron.wsgi [None req-79aeb6fb-bed5-49c3-bc29-d229142a01a1 be7af2ea64464ae8a3e1a90975d0fcd1 1eef8dfb62c743bd99e9773b1eac5fdd - - default default] 10.0.0.67 "GET /v2.0/subnets HTTP/1.1" status: 200 len: 1437 time: 0.1191771
2026-04-28 08:51:37.767 10 INFO neutron.wsgi [None req-16e640f8-ed1f-4270-b682-16b57c363f54 be7af2ea64464ae8a3e1a90975d0fcd1 1eef8dfb62c743bd99e9773b1eac5fdd - - default default] 10.0.0.67 "GET /v2.0/security-groups HTTP/1.1" status: 200 len: 16803 time: 0.1066272
2026-04-28 08:51:37.809 10 INFO neutron.wsgi [None req-6624ea03-749d-46a2-a9c9-c3e7ef030d70 be7af2ea64464ae8a3e1a90975d0fcd1 1eef8dfb62c743bd99e9773b1eac5fdd - - default default] 10.0.0.67 "GET /v2.0/routers HTTP/1.1" status: 200 len: 189 time: 0.0324442
2026-04-28 08:51:38.008 10 INFO neutron.wsgi [None req-1b1bb8a3-157a-41b2-8788-2544c2100b91 be7af2ea64464ae8a3e1a90975d0fcd1 1eef8dfb62c743bd99e9773b1eac5fdd - - default default] 10.0.0.67 "GET /v2.0/agents?binary=ovn-controller HTTP/1.1" status: 200 len: 591 time: 0.1976030
2026-04-28 08:51:38.047 10 INFO neutron.wsgi [None req-dab878f8-1e69-438a-9e5a-40c7ce52d223 be7af2ea64464ae8a3e1a90975d0fcd1 1eef8dfb62c743bd99e9773b1eac5fdd - - default default] 10.0.0.67 "GET /v2.0/subnets HTTP/1.1" status: 200 len: 1437 time: 0.0376515
2026-04-28 08:51:38.059 10 INFO neutron.wsgi [None req-9c619df7-3881-480e-8ef3-d7696050b8fb be7af2ea64464ae8a3e1a90975d0fcd1 1eef8dfb62c743bd99e9773b1eac5fdd - - default default] 10.0.0.67 "GET /v2.0/subnetpools HTTP/1.1" status: 200 len: 193 time: 0.0106788
2026-04-28 08:51:38.474 10 INFO neutron.wsgi [None req-4d16d56c-7264-4269-a2a6-b49893ddfd30 be7af2ea64464ae8a3e1a90975d0fcd1 1eef8dfb62c743bd99e9773b1eac5fdd - - default default] 10.0.0.67 "GET /v2.0/floatingips HTTP/1.1" status: 200 len: 193 time: 0.4144740
2026-04-28 08:51:38.548 10 INFO neutron.wsgi [None req-cb1ecff8-c89b-4de8-8a14-966b29bdc118 be7af2ea64464ae8a3e1a90975d0fcd1 1eef8dfb62c743bd99e9773b1eac5fdd - - default default] 10.0.0.67 "GET /v2.0/networks HTTP/1.1" status: 200 len: 2349 time: 0.0713837
2026-04-28 08:51:38.594 10 INFO neutron.wsgi [None req-e6537f54-e1a5-4b3c-97cd-01a19948a0fd be7af2ea64464ae8a3e1a90975d0fcd1 1eef8dfb62c743bd99e9773b1eac5fdd - - default default] 10.0.0.67 "GET /v2.0/ports HTTP/1.1" status: 200 len: 5255 time: 0.0439389
2026-04-28 08:51:38.614 10 INFO neutron.wsgi [None req-5dafa6ee-f0ff-4154-88fa-d3eb4d999fea be7af2ea64464ae8a3e1a90975d0fcd1 1eef8dfb62c743bd99e9773b1eac5fdd - - default default] 10.0.0.67 "GET /v2.0/agents HTTP/1.1" status: 200 len: 997 time: 0.0159824
2026-04-28 08:51:38.637 10 INFO neutron.wsgi [None req-9102bc08-b879-4419-8acb-a63db60f9275 be7af2ea64464ae8a3e1a90975d0fcd1 1eef8dfb62c743bd99e9773b1eac5fdd - - default default] 10.0.0.67 "GET /v2.0/network-ip-availabilities HTTP/1.1" status: 200 len: 1280 time: 0.0223486
2026-04-28 08:51:45.119 10 INFO neutron.wsgi [-] 10.0.0.245 "GET / HTTP/1.1" status: 200 len: 247 time: 0.0022628
2026-04-28 08:51:45.120 9 INFO neutron.wsgi [-] 10.0.0.245 "GET / HTTP/1.1" status: 200 len: 247 time: 0.0031965
2026-04-28 08:52:00.120 9 INFO neutron.wsgi [-] 10.0.0.245 "GET / HTTP/1.1" status: 200 len: 247 time: 0.0031612
2026-04-28 08:52:00.121 10 INFO neutron.wsgi [-] 10.0.0.245 "GET / HTTP/1.1" status: 200 len: 247 time: 0.0035291
2026-04-28 08:52:15.119 9 INFO neutron.wsgi [-] 10.0.0.245 "GET / HTTP/1.1" status: 200 len: 247 time: 0.0030658
2026-04-28 08:52:15.123 9 INFO neutron.wsgi [-] 10.0.0.245 "GET / HTTP/1.1" status: 200 len: 247 time: 0.0027473
2026-04-28 08:52:30.119 9 INFO neutron.wsgi [-] 10.0.0.245 "GET / HTTP/1.1" status: 200 len: 247 time: 0.0030177
2026-04-28 08:52:30.119 10 INFO neutron.wsgi [-] 10.0.0.245 "GET / HTTP/1.1" status: 200 len: 247 time: 0.0029531
2026-04-28 08:52:37.693 10 INFO neutron.wsgi [None req-c63d93b2-fd65-477f-ad4f-0cef47a1d4c9 be7af2ea64464ae8a3e1a90975d0fcd1 1eef8dfb62c743bd99e9773b1eac5fdd - - default default] 10.0.0.67 "GET /v2.0/agents HTTP/1.1" status: 200 len: 997 time: 0.1045721
2026-04-28 08:52:37.724 10 INFO neutron.wsgi [None req-bcd93a24-be2d-4e4c-a90c-f1c62451206a be7af2ea64464ae8a3e1a90975d0fcd1 1eef8dfb62c743bd99e9773b1eac5fdd - - default default] 10.0.0.67 "GET /v2.0/floatingips HTTP/1.1" status: 200 len: 193 time: 0.0302460
2026-04-28 08:52:37.761 10 INFO neutron.wsgi [None req-5769678b-54a5-47d2-844f-fc2b648e3ab8 be7af2ea64464ae8a3e1a90975d0fcd1 1eef8dfb62c743bd99e9773b1eac5fdd - - default default] 10.0.0.67 "GET /v2.0/subnets HTTP/1.1" status: 200 len: 1437 time: 0.0355518
2026-04-28 08:52:37.792 10 INFO neutron.wsgi [None req-62f492a3-2b14-4f89-845f-304ed4d44855 be7af2ea64464ae8a3e1a90975d0fcd1 1eef8dfb62c743bd99e9773b1eac5fdd - - default default] 10.0.0.67 "GET /v2.0/routers HTTP/1.1" status: 200 len: 189 time: 0.0296648
2026-04-28 08:52:37.803 10 INFO neutron.wsgi [None req-0f2b4321-12d5-4251-985d-5911f0570847 be7af2ea64464ae8a3e1a90975d0fcd1 1eef8dfb62c743bd99e9773b1eac5fdd - - default default] 10.0.0.67 "GET /v2.0/agents?binary=ovn-controller HTTP/1.1" status: 200 len: 591 time: 0.0104818
2026-04-28 08:52:37.879 10 INFO neutron.wsgi [None req-7ffa82f5-9710-43dc-b990-b508e82fb871 be7af2ea64464ae8a3e1a90975d0fcd1 1eef8dfb62c743bd99e9773b1eac5fdd - - default default] 10.0.0.67 "GET /v2.0/networks HTTP/1.1" status: 200 len: 2349 time: 0.0752470
2026-04-28 08:52:37.956 10 INFO neutron.wsgi [None req-30b10cf8-47b3-4aa6-8ca4-d6291ec0b2fe be7af2ea64464ae8a3e1a90975d0fcd1 1eef8dfb62c743bd99e9773b1eac5fdd - - default default] 10.0.0.67 "GET /v2.0/security-groups HTTP/1.1" status: 200 len: 16803 time: 0.0747223
2026-04-28 08:52:37.975 10 INFO neutron.wsgi [None req-c42011ba-8662-49fe-8a02-1a48c45057b1 be7af2ea64464ae8a3e1a90975d0fcd1 1eef8dfb62c743bd99e9773b1eac5fdd - - default default] 10.0.0.67 "GET /v2.0/network-ip-availabilities HTTP/1.1" status: 200 len: 1280 time: 0.0136266
2026-04-28 08:52:38.014 10 INFO neutron.wsgi [None req-b1f864b3-cac3-49bd-bc50-d7041b406749 be7af2ea64464ae8a3e1a90975d0fcd1 1eef8dfb62c743bd99e9773b1eac5fdd - - default default] 10.0.0.67 "GET /v2.0/subnets HTTP/1.1" status: 200 len: 1437 time: 0.0379021
2026-04-28 08:52:38.027 10 INFO neutron.wsgi [None req-4fa1a748-fc9e-4780-8f60-bbaa74a52210 be7af2ea64464ae8a3e1a90975d0fcd1 1eef8dfb62c743bd99e9773b1eac5fdd - - default default] 10.0.0.67 "GET /v2.0/subnetpools HTTP/1.1" status: 200 len: 193 time: 0.0123687
2026-04-28 08:52:38.076 10 INFO neutron.wsgi [None req-c89c01e4-10f3-4878-bed1-7e0630a344d6 be7af2ea64464ae8a3e1a90975d0fcd1 1eef8dfb62c743bd99e9773b1eac5fdd - - default default] 10.0.0.67 "GET /v2.0/ports HTTP/1.1" status: 200 len: 5255 time: 0.0480556
2026-04-28 08:52:45.119 10 INFO neutron.wsgi [-] 10.0.0.245 "GET / HTTP/1.1" status: 200 len: 247 time: 0.0029294
2026-04-28 08:52:45.119 9 INFO neutron.wsgi [-] 10.0.0.245 "GET / HTTP/1.1" status: 200 len: 247 time: 0.0031321
2026-04-28 08:52:54.235 15 INFO neutron.plugins.ml2.drivers.ovn.mech_driver.ovsdb.maintenance [None req-3343382e-a7f0-43aa-ada1-787560dfe44d - - - - - -] Maintenance task: Synchronization finished (took 0.01 seconds)
2026-04-28 08:53:00.117 10 INFO neutron.wsgi [-] 10.0.0.245 "GET / HTTP/1.1" status: 200 len: 247 time: 0.0017259
2026-04-28 08:53:00.119 9 INFO neutron.wsgi [-] 10.0.0.245 "GET / HTTP/1.1" status: 200 len: 247 time: 0.0027785
