2026-03-02 22:35:45.391 7 INFO neutron.plugins.ml2.drivers.ovn.mech_driver.mech_driver [None req-2944e849-2042-4bc9-a476-c8ada94a554f - - - - - -] OVN reports status down for port: a1c6dba6-0ce0-4778-b378-1864685e4b70 [pid: 7|app: 0|req: 1222/2478] 10.0.0.42 () {32 vars in 738 bytes} [Mon Mar 2 22:35:45 2026] DELETE /v2.0/security-groups/fcc162f1-f21b-4e87-b74c-c65728d60b3c => generated 0 bytes in 419 msecs (HTTP/1.1 204) 2 headers in 112 bytes (1 switches on core 0)
2026-03-02 22:35:46.048 7 INFO neutron.db.ovn_revision_numbers_db [None req-80cbbb06-319b-4a2e-9718-6fad2ee1404b ef92e91617924ddf81621668562b31c7 a9cf5679aceb439d824ae11b03d7e26f - - default default] Successfully bumped revision number for resource 9d4a8bb0-7b1d-41ac-a09a-974c681864ef (type: security_groups) to 1
2026-03-02 22:35:46.059 7 INFO neutron.db.ovn_revision_numbers_db [None req-80cbbb06-319b-4a2e-9718-6fad2ee1404b ef92e91617924ddf81621668562b31c7 a9cf5679aceb439d824ae11b03d7e26f - - default default] Successfully bumped revision number for resource 8ebecc50-d321-45f1-a9b5-e46b7af7578b (type: security_group_rules) to 0
2026-03-02 22:35:46.092 7 INFO neutron.db.ovn_revision_numbers_db [None req-80cbbb06-319b-4a2e-9718-6fad2ee1404b ef92e91617924ddf81621668562b31c7 a9cf5679aceb439d824ae11b03d7e26f - - default default] Successfully bumped revision number for resource b3ebb148-4f2c-4e9f-8959-188a42667c31 (type: security_group_rules) to 0
2026-03-02 22:35:46.106 7 INFO neutron.db.ovn_revision_numbers_db [None req-80cbbb06-319b-4a2e-9718-6fad2ee1404b ef92e91617924ddf81621668562b31c7 a9cf5679aceb439d824ae11b03d7e26f - - default default] Successfully bumped revision number for resource ce89b1e0-0e4b-4452-9e93-f3112ba1f826 (type: security_group_rules) to 0
2026-03-02 22:35:46.119 7 INFO neutron.db.ovn_revision_numbers_db [None req-80cbbb06-319b-4a2e-9718-6fad2ee1404b ef92e91617924ddf81621668562b31c7 a9cf5679aceb439d824ae11b03d7e26f - - default default] Successfully bumped revision number for resource e3b69d88-ee6c-4b8f-8c5f-80da06adaad1 (type: security_group_rules) to 0 [pid: 7|app: 0|req: 1223/2479] 10.0.0.42 () {32 vars in 772 bytes} [Mon Mar 2 22:35:45 2026] GET /v2.0/security-groups?tenant_id=28684728179745e697c477cea442611e&name=default => generated 2925 bytes in 296 msecs (HTTP/1.1 200) 4 headers in 158 bytes (1 switches on core 0)
2026-03-02 22:35:46.187 8 INFO neutron.plugins.ml2.drivers.ovn.mech_driver.ovsdb.commands [-] Schedule LRP lrp-a1c6dba6-0ce0-4778-b378-1864685e4b70 on gateway e9747d5a-fe05-4327-8fba-55aa8357cb38 with priority 1
2026-03-02 22:35:46.363 8 INFO neutron.db.ovn_revision_numbers_db [None req-05e44d0a-5f8c-4fb7-8e98-075321729f78 ef92e91617924ddf81621668562b31c7 a9cf5679aceb439d824ae11b03d7e26f - - default default] Successfully bumped revision number for resource a1c6dba6-0ce0-4778-b378-1864685e4b70 (type: router_ports) to 1
2026-03-02 22:35:46.388 7 INFO neutron.plugins.ml2.drivers.ovn.mech_driver.ovsdb.ovsdb_monitor [None req-76740b82-c561-4a67-bef7-eaeffbe677a9 - - - - - -] Router cf95b4b3-ead8-44c8-8f8c-7bda09dc631d is bound to host instance
2026-03-02 22:35:46.422 7 INFO neutron.plugins.ml2.drivers.ovn.mech_driver.mech_driver [None req-2944e849-2042-4bc9-a476-c8ada94a554f - - - - - -] OVN reports status up for port: a1c6dba6-0ce0-4778-b378-1864685e4b70
2026-03-02 22:35:46.443 8 INFO neutron.db.ovn_revision_numbers_db [None req-05e44d0a-5f8c-4fb7-8e98-075321729f78 ef92e91617924ddf81621668562b31c7 a9cf5679aceb439d824ae11b03d7e26f - - default default] Successfully bumped revision number for resource cf95b4b3-ead8-44c8-8f8c-7bda09dc631d (type: routers) to 2 [pid: 8|app: 0|req: 1257/2480] 10.0.0.42 () {34 vars in 667 bytes} [Mon Mar 2 22:35:44 2026] POST /v2.0/routers => generated 965 bytes in 1630 msecs (HTTP/1.1 201) 4 headers in 162 bytes (1 switches on core 0)
2026-03-02 22:35:46.484 7 INFO neutron.plugins.ml2.plugin [None req-2944e849-2042-4bc9-a476-c8ada94a554f - - - - - -] Attempt 1 to provision port a1c6dba6-0ce0-4778-b378-1864685e4b70 [pid: 7|app: 0|req: 1224/2481] 10.0.0.42 () {32 vars in 738 bytes} [Mon Mar 2 22:35:46 2026] DELETE /v2.0/security-groups/9d4a8bb0-7b1d-41ac-a09a-974c681864ef => generated 0 bytes in 743 msecs (HTTP/1.1 204) 2 headers in 112 bytes (1 switches on core 0)
2026-03-02 22:35:46.975 8 WARNING neutron.scheduler.dhcp_agent_scheduler [None req-4946603e-e0b9-4265-bcbc-301f707bad50 ef92e91617924ddf81621668562b31c7 a9cf5679aceb439d824ae11b03d7e26f - - default default] No more DHCP agents
2026-03-02 22:35:46.976 8 WARNING neutron.api.rpc.agentnotifiers.dhcp_rpc_agent_api [None req-4946603e-e0b9-4265-bcbc-301f707bad50 ef92e91617924ddf81621668562b31c7 a9cf5679aceb439d824ae11b03d7e26f - - default default] Unable to schedule network a53fb6c6-7578-410c-a435-60bf53a2647b: no agents available; will retry on subsequent port and subnet creation events.
2026-03-02 22:35:47.191 8 INFO neutron.db.ovn_revision_numbers_db [None req-4946603e-e0b9-4265-bcbc-301f707bad50 ef92e91617924ddf81621668562b31c7 a9cf5679aceb439d824ae11b03d7e26f - - default default] Successfully bumped revision number for resource 8d11755c-038b-410e-a571-3421eb9e7f74 (type: ports) to 1
2026-03-02 22:35:47.432 7 INFO neutron.db.ovn_revision_numbers_db [None req-e9726f0e-d085-427a-87f9-51acfe49114e ef92e91617924ddf81621668562b31c7 a9cf5679aceb439d824ae11b03d7e26f - - default default] Successfully bumped revision number for resource 8825a4d3-f96a-4fd8-a8e1-d76e30d104e7 (type: security_groups) to 1
2026-03-02 22:35:47.455 7 INFO neutron.db.ovn_revision_numbers_db [None req-e9726f0e-d085-427a-87f9-51acfe49114e ef92e91617924ddf81621668562b31c7 a9cf5679aceb439d824ae11b03d7e26f - - default default] Successfully bumped revision number for resource 1a34b3ec-b51c-4890-a1fa-db05ba5e8e77 (type: security_group_rules) to 0
2026-03-02 22:35:47.483 7 INFO neutron.db.ovn_revision_numbers_db [None req-e9726f0e-d085-427a-87f9-51acfe49114e ef92e91617924ddf81621668562b31c7 a9cf5679aceb439d824ae11b03d7e26f - - default default] Successfully bumped revision number for resource 3253a923-1531-48cd-8012-5f9db36a3119 (type: security_group_rules) to 0
2026-03-02 22:35:47.510 7 INFO neutron.db.ovn_revision_numbers_db [None req-e9726f0e-d085-427a-87f9-51acfe49114e ef92e91617924ddf81621668562b31c7 a9cf5679aceb439d824ae11b03d7e26f - - default default] Successfully bumped revision number for resource d77350bf-b3ab-43a3-84d9-3c232470b4aa (type: security_group_rules) to 0
2026-03-02 22:35:47.530 7 INFO neutron.db.ovn_revision_numbers_db [None req-e9726f0e-d085-427a-87f9-51acfe49114e ef92e91617924ddf81621668562b31c7 a9cf5679aceb439d824ae11b03d7e26f - - default default] Successfully bumped revision number for resource ea8249ad-bd3c-4740-ba96-2bc8d6354c49 (type: security_group_rules) to 0 [pid: 7|app: 0|req: 1225/2482] 10.0.0.42 () {32 vars in 772 bytes} [Mon Mar 2 22:35:47 2026] GET /v2.0/security-groups?tenant_id=3684241c08c54172a88ed2793b5a2f53&name=default => generated 2925 bytes in 543 msecs (HTTP/1.1 200) 4 headers in 158 bytes (1 switches on core 0)
2026-03-02 22:35:47.728 7 INFO neutron.db.ovn_revision_numbers_db [None req-a3c88b18-053f-434f-909d-fc2e2fbbdadf - - - - - -] Successfully bumped revision number for resource a1c6dba6-0ce0-4778-b378-1864685e4b70 (type: ports) to 4
2026-03-02 22:35:47.922 8 WARNING neutron.scheduler.dhcp_agent_scheduler [None req-4946603e-e0b9-4265-bcbc-301f707bad50 ef92e91617924ddf81621668562b31c7 a9cf5679aceb439d824ae11b03d7e26f - - default default] No more DHCP agents
2026-03-02 22:35:47.927 8 WARNING neutron.api.rpc.agentnotifiers.dhcp_rpc_agent_api [None req-4946603e-e0b9-4265-bcbc-301f707bad50 ef92e91617924ddf81621668562b31c7 a9cf5679aceb439d824ae11b03d7e26f - - default default] Unable to schedule network a53fb6c6-7578-410c-a435-60bf53a2647b: no agents available; will retry on subsequent port and subnet creation events. [pid: 7|app: 0|req: 1226/2483] 10.0.0.42 () {32 vars in 738 bytes} [Mon Mar 2 22:35:47 2026] DELETE /v2.0/security-groups/8825a4d3-f96a-4fd8-a8e1-d76e30d104e7 => generated 0 bytes in 664 msecs (HTTP/1.1 204) 2 headers in 112 bytes (1 switches on core 0)
2026-03-02 22:35:48.299 7 INFO neutron.db.ovn_revision_numbers_db [None req-a3c88b18-053f-434f-909d-fc2e2fbbdadf - - - - - -] Successfully bumped revision number for resource a1c6dba6-0ce0-4778-b378-1864685e4b70 (type: ports) to 5
2026-03-02 22:35:48.512 8 INFO neutron.db.ovn_revision_numbers_db [None req-4946603e-e0b9-4265-bcbc-301f707bad50 ef92e91617924ddf81621668562b31c7 a9cf5679aceb439d824ae11b03d7e26f - - default default] Successfully bumped revision number for resource 8d11755c-038b-410e-a571-3421eb9e7f74 (type: router_ports) to 1 [pid: 8|app: 0|req: 1258/2484] 10.0.0.42 () {34 vars in 781 bytes} [Mon Mar 2 22:35:46 2026] PUT /v2.0/routers/cf95b4b3-ead8-44c8-8f8c-7bda09dc631d/add_router_interface => generated 309 bytes in 2044 msecs (HTTP/1.1 200) 4 headers in 157 bytes (1 switches on core 0)
2026-03-02 22:35:48.825 7 INFO neutron.plugins.ml2.drivers.ovn.mech_driver.mech_driver [None req-2944e849-2042-4bc9-a476-c8ada94a554f - - - - - -] OVN reports status down for port: 8d11755c-038b-410e-a571-3421eb9e7f74
2026-03-02 22:35:48.889 7 WARNING neutron.plugins.ml2.drivers.ovn.mech_driver.ovsdb.ovn_client [None req-2944e849-2042-4bc9-a476-c8ada94a554f - - - - - -] Logical_Switch_Port 8d11755c-038b-410e-a571-3421eb9e7f74 host information not removed, the port state is up
2026-03-02 22:35:48.890 7 INFO neutron.plugins.ml2.drivers.ovn.mech_driver.mech_driver [None req-2944e849-2042-4bc9-a476-c8ada94a554f - - - - - -] OVN reports status up for port: 8d11755c-038b-410e-a571-3421eb9e7f74
2026-03-02 22:35:48.902 7 INFO neutron.plugins.ml2.plugin [None req-2944e849-2042-4bc9-a476-c8ada94a554f - - - - - -] Attempt 1 to provision port 8d11755c-038b-410e-a571-3421eb9e7f74
2026-03-02 22:35:49.358 7 INFO neutron.db.ovn_revision_numbers_db [None req-2944e849-2042-4bc9-a476-c8ada94a554f - - - - - -] Successfully bumped revision number for resource 8d11755c-038b-410e-a571-3421eb9e7f74 (type: ports) to 2
2026-03-02 22:35:49.698 7 INFO neutron.db.ovn_revision_numbers_db [None req-0a1083c0-8a34-4f2a-98c7-07170b0cadd8 ef92e91617924ddf81621668562b31c7 a9cf5679aceb439d824ae11b03d7e26f - - default default] Successfully bumped revision number for resource 55f1fe9e-a957-4baa-bd21-4a81fd97e9ba (type: security_groups) to 1
2026-03-02 22:35:49.710 7 INFO neutron.db.ovn_revision_numbers_db [None req-0a1083c0-8a34-4f2a-98c7-07170b0cadd8 ef92e91617924ddf81621668562b31c7 a9cf5679aceb439d824ae11b03d7e26f - - default default] Successfully bumped revision number for resource 6686cc7c-3f23-41c4-8507-119c2252954e (type: security_group_rules) to 0
2026-03-02 22:35:49.722 7 INFO neutron.db.ovn_revision_numbers_db [None req-0a1083c0-8a34-4f2a-98c7-07170b0cadd8 ef92e91617924ddf81621668562b31c7 a9cf5679aceb439d824ae11b03d7e26f - - default default] Successfully bumped revision number for resource c53f9af2-7800-4317-969d-f55d01c56cc3 (type: security_group_rules) to 0
2026-03-02 22:35:49.738 7 INFO neutron.db.ovn_revision_numbers_db [None req-0a1083c0-8a34-4f2a-98c7-07170b0cadd8 ef92e91617924ddf81621668562b31c7 a9cf5679aceb439d824ae11b03d7e26f - - default default] Successfully bumped revision number for resource ec092c3b-2b69-4c81-b20e-ed23c7ea2d16 (type: security_group_rules) to 0
2026-03-02 22:35:49.750 7 INFO neutron.db.ovn_revision_numbers_db [None req-0a1083c0-8a34-4f2a-98c7-07170b0cadd8 ef92e91617924ddf81621668562b31c7 a9cf5679aceb439d824ae11b03d7e26f - - default default] Successfully bumped revision number for resource f652221c-d9a1-4574-9333-3441efa228f9 (type: security_group_rules) to 0
2026-03-02 22:35:49.825 7 INFO neutron.db.segments_db [None req-0a1083c0-8a34-4f2a-98c7-07170b0cadd8 ef92e91617924ddf81621668562b31c7 a9cf5679aceb439d824ae11b03d7e26f - - default default] Added segment 04e0cd1a-5dd3-49a6-8466-4aa3719779d8 of type geneve for network b83155db-ebab-4b3e-a2e2-21f1d4ebf9ae
2026-03-02 22:35:49.962 8 INFO neutron.db.ovn_revision_numbers_db [None req-5a852d57-6cba-4c66-8e56-396ff0203e4a fb4fbbde65e645c096833860181a272a 21a8249888154714873d480d425d2128 - - default default] Successfully bumped revision number for resource 44f01356-3c93-4d92-80e0-c21028b85c03 (type: security_groups) to 1
2026-03-02 22:35:49.985 8 INFO neutron.db.ovn_revision_numbers_db [None req-5a852d57-6cba-4c66-8e56-396ff0203e4a fb4fbbde65e645c096833860181a272a 21a8249888154714873d480d425d2128 - - default default] Successfully bumped revision number for resource 38c4138e-e900-47fb-ac8a-c431b7525400 (type: security_group_rules) to 0
2026-03-02 22:35:50.002 8 INFO neutron.db.ovn_revision_numbers_db [None req-5a852d57-6cba-4c66-8e56-396ff0203e4a fb4fbbde65e645c096833860181a272a 21a8249888154714873d480d425d2128 - - default default] Successfully bumped revision number for resource 63e5fb13-7f74-4be9-a971-3b906fbd1026 (type: security_group_rules) to 0
2026-03-02 22:35:50.007 7 INFO neutron.db.ovn_revision_numbers_db [None req-0a1083c0-8a34-4f2a-98c7-07170b0cadd8 ef92e91617924ddf81621668562b31c7 a9cf5679aceb439d824ae11b03d7e26f - - default default] Successfully bumped revision number for resource b83155db-ebab-4b3e-a2e2-21f1d4ebf9ae (type: networks) to 1
2026-03-02 22:35:50.015 8 INFO neutron.db.ovn_revision_numbers_db [None req-5a852d57-6cba-4c66-8e56-396ff0203e4a fb4fbbde65e645c096833860181a272a 21a8249888154714873d480d425d2128 - - default default] Successfully bumped revision number for resource 6904548d-15b6-40e1-b914-9fd959aa54af (type: security_group_rules) to 0
2026-03-02 22:35:50.025 8 INFO neutron.db.ovn_revision_numbers_db [None req-5a852d57-6cba-4c66-8e56-396ff0203e4a fb4fbbde65e645c096833860181a272a 21a8249888154714873d480d425d2128 - - default default] Successfully bumped revision number for resource a01f72b3-365e-4366-a890-68da5c9f9fee (type: security_group_rules) to 0
2026-03-02 22:35:50.108 8 INFO neutron.db.segments_db [None req-5a852d57-6cba-4c66-8e56-396ff0203e4a fb4fbbde65e645c096833860181a272a 21a8249888154714873d480d425d2128 - - default default] Added segment 25cb33d0-389a-4eb8-8912-717e3faa1c9a of type geneve for network ea6c96bf-7d4d-4625-947a-72bc4844604f
2026-03-02 22:35:50.175 7 WARNING neutron.scheduler.dhcp_agent_scheduler [None req-0a1083c0-8a34-4f2a-98c7-07170b0cadd8 ef92e91617924ddf81621668562b31c7 a9cf5679aceb439d824ae11b03d7e26f - - default default] No more DHCP agents
2026-03-02 22:35:50.176 7 WARNING neutron.api.rpc.agentnotifiers.dhcp_rpc_agent_api [None req-0a1083c0-8a34-4f2a-98c7-07170b0cadd8 ef92e91617924ddf81621668562b31c7 a9cf5679aceb439d824ae11b03d7e26f - - default default] Unable to schedule network b83155db-ebab-4b3e-a2e2-21f1d4ebf9ae: no agents available; will retry on subsequent port and subnet creation events.
2026-03-02 22:35:50.295 8 INFO neutron.db.ovn_revision_numbers_db [None req-5a852d57-6cba-4c66-8e56-396ff0203e4a fb4fbbde65e645c096833860181a272a 21a8249888154714873d480d425d2128 - - default default] Successfully bumped revision number for resource ea6c96bf-7d4d-4625-947a-72bc4844604f (type: networks) to 1
2026-03-02 22:35:50.319 7 INFO neutron.db.ovn_revision_numbers_db [None req-0a1083c0-8a34-4f2a-98c7-07170b0cadd8 ef92e91617924ddf81621668562b31c7 a9cf5679aceb439d824ae11b03d7e26f - - default default] Successfully bumped revision number for resource b5bd9fc1-114c-494b-a4fb-da8f3a4ab259 (type: ports) to 1 [pid: 7|app: 0|req: 1227/2485] 10.0.0.42 () {34 vars in 669 bytes} [Mon Mar 2 22:35:49 2026] POST /v2.0/networks => generated 782 bytes in 847 msecs (HTTP/1.1 201) 4 headers in 162 bytes (1 switches on core 0)
2026-03-02 22:35:50.480 8 WARNING neutron.scheduler.dhcp_agent_scheduler [None req-5a852d57-6cba-4c66-8e56-396ff0203e4a fb4fbbde65e645c096833860181a272a 21a8249888154714873d480d425d2128 - - default default] No more DHCP agents
2026-03-02 22:35:50.482 8 WARNING neutron.api.rpc.agentnotifiers.dhcp_rpc_agent_api [None req-5a852d57-6cba-4c66-8e56-396ff0203e4a fb4fbbde65e645c096833860181a272a 21a8249888154714873d480d425d2128 - - default default] Unable to schedule network ea6c96bf-7d4d-4625-947a-72bc4844604f: no agents available; will retry on subsequent port and subnet creation events.
2026-03-02 22:35:50.491 7 WARNING neutron.scheduler.dhcp_agent_scheduler [None req-9f0b1acb-501b-41ef-bfc3-61fffaaed03f ef92e91617924ddf81621668562b31c7 a9cf5679aceb439d824ae11b03d7e26f - - default default] No more DHCP agents
2026-03-02 22:35:50.493 7 WARNING neutron.api.rpc.agentnotifiers.dhcp_rpc_agent_api [None req-9f0b1acb-501b-41ef-bfc3-61fffaaed03f ef92e91617924ddf81621668562b31c7 a9cf5679aceb439d824ae11b03d7e26f - - default default] Unable to schedule network b83155db-ebab-4b3e-a2e2-21f1d4ebf9ae: no agents available; will retry on subsequent port and subnet creation events.
2026-03-02 22:35:50.599 8 INFO neutron.db.ovn_revision_numbers_db [None req-5a852d57-6cba-4c66-8e56-396ff0203e4a fb4fbbde65e645c096833860181a272a 21a8249888154714873d480d425d2128 - - default default] Successfully bumped revision number for resource 210f8776-1f52-47be-94b4-6a4b4d875733 (type: ports) to 1 [pid: 8|app: 0|req: 1259/2486] 10.0.0.42 () {34 vars in 668 bytes} [Mon Mar 2 22:35:49 2026] POST /v2.0/networks => generated 678 bytes in 1029 msecs (HTTP/1.1 201) 4 headers in 162 bytes (1 switches on core 0)
2026-03-02 22:35:50.820 8 WARNING neutron.scheduler.dhcp_agent_scheduler [None req-d21db2d6-0b24-48f3-951e-f17c613d9aa6 fb4fbbde65e645c096833860181a272a 21a8249888154714873d480d425d2128 - - default default] No more DHCP agents
2026-03-02 22:35:50.822 8 WARNING neutron.api.rpc.agentnotifiers.dhcp_rpc_agent_api [None req-d21db2d6-0b24-48f3-951e-f17c613d9aa6 fb4fbbde65e645c096833860181a272a 21a8249888154714873d480d425d2128 - - default default] Unable to schedule network ea6c96bf-7d4d-4625-947a-72bc4844604f: no agents available; will retry on subsequent port and subnet creation events.
2026-03-02 22:35:51.013 7 INFO neutron.db.ovn_revision_numbers_db [None req-af28698f-ee9e-4ae4-b519-ebf98ec81216 - - - - - -] Successfully bumped revision number for resource b5bd9fc1-114c-494b-a4fb-da8f3a4ab259 (type: ports) to 2
2026-03-02 22:35:51.040 7 INFO neutron.db.ovn_revision_numbers_db [None req-af28698f-ee9e-4ae4-b519-ebf98ec81216 - - - - - -] Successfully bumped revision number for resource c262d35a-10a0-4801-978d-ced686d112e4 (type: subnets) to 0 [pid: 7|app: 0|req: 1228/2487] 10.0.0.42 () {34 vars in 667 bytes} [Mon Mar 2 22:35:50 2026] POST /v2.0/subnets => generated 688 bytes in 706 msecs (HTTP/1.1 201) 4 headers in 162 bytes (1 switches on core 0)
2026-03-02 22:35:51.358 8 INFO neutron.db.ovn_revision_numbers_db [None req-7d16b791-2da5-49f6-8aa5-7b1b2fb3480c - - - - - -] Successfully bumped revision number for resource 210f8776-1f52-47be-94b4-6a4b4d875733 (type: ports) to 2
2026-03-02 22:35:51.387 8 INFO neutron.db.ovn_revision_numbers_db [None req-7d16b791-2da5-49f6-8aa5-7b1b2fb3480c - - - - - -] Successfully bumped revision number for resource a93fdac1-f916-4ece-8f9f-49aa309ec6f9 (type: subnets) to 0 [pid: 8|app: 0|req: 1260/2488] 10.0.0.42 () {34 vars in 667 bytes} [Mon Mar 2 22:35:50 2026] POST /v2.0/subnets => generated 657 bytes in 772 msecs (HTTP/1.1 201) 4 headers in 162 bytes (1 switches on core 0)
2026-03-02 22:35:51.574 7 WARNING neutron.scheduler.dhcp_agent_scheduler [None req-c5de2a6d-a907-48a8-aa55-4f230aeca60d ef92e91617924ddf81621668562b31c7 a9cf5679aceb439d824ae11b03d7e26f - - default default] No more DHCP agents
2026-03-02 22:35:51.577 7 WARNING neutron.api.rpc.agentnotifiers.dhcp_rpc_agent_api [None req-c5de2a6d-a907-48a8-aa55-4f230aeca60d ef92e91617924ddf81621668562b31c7 a9cf5679aceb439d824ae11b03d7e26f - - default default] Unable to schedule network 78f2ed50-8f07-49da-a369-d6f6459145f1: no agents available; will retry on subsequent port and subnet creation events. [pid: 8|app: 0|req: 1261/2489] 10.0.0.42 () {32 vars in 720 bytes} [Mon Mar 2 22:35:51 2026] GET /v2.0/subnetpools?name=shared-default-subnetpool-v6 => generated 19 bytes in 228 msecs (HTTP/1.1 200) 4 headers in 156 bytes (1 switches on core 0)
2026-03-02 22:35:51.769 7 INFO neutron.db.ovn_revision_numbers_db [None req-c5de2a6d-a907-48a8-aa55-4f230aeca60d ef92e91617924ddf81621668562b31c7 a9cf5679aceb439d824ae11b03d7e26f - - default default] Successfully bumped revision number for resource d6c4f10d-6949-4347-af82-1a2e3c0e8fc4 (type: ports) to 1
2026-03-02 22:35:51.812 8 INFO neutron.db.ovn_revision_numbers_db [None req-0d8f1233-4c99-4c1d-b79f-65a6ff059215 98dc57558b9643e095035005c11b6b36 c3ca1d5b431f4c418b56a1ce5579f9ab - - default default] Successfully bumped revision number for resource b431dace-f213-4d36-8172-afb84b0dc647 (type: routers) to 1 [pid: 8|app: 0|req: 1262/2490] 10.0.0.42 () {34 vars in 666 bytes} [Mon Mar 2 22:35:51 2026] POST /v2.0/routers => generated 570 bytes in 193 msecs (HTTP/1.1 201) 4 headers in 162 bytes (1 switches on core 0)
2026-03-02 22:35:52.016 8 WARNING neutron.scheduler.dhcp_agent_scheduler [None req-a9a06405-f575-45d2-bbde-818b1cd5cc18 fb4fbbde65e645c096833860181a272a 21a8249888154714873d480d425d2128 - - default default] No more DHCP agents
2026-03-02 22:35:52.017 8 WARNING neutron.api.rpc.agentnotifiers.dhcp_rpc_agent_api [None req-a9a06405-f575-45d2-bbde-818b1cd5cc18 fb4fbbde65e645c096833860181a272a 21a8249888154714873d480d425d2128 - - default default] Unable to schedule network ea6c96bf-7d4d-4625-947a-72bc4844604f: no agents available; will retry on subsequent port and subnet creation events.
2026-03-02 22:35:52.057 8 INFO neutron.db.ovn_revision_numbers_db [None req-a9a06405-f575-45d2-bbde-818b1cd5cc18 fb4fbbde65e645c096833860181a272a 21a8249888154714873d480d425d2128 - - default default] Successfully bumped revision number for resource 2a851af8-93a5-4ad3-9ec6-ec752e67d45e (type: subnets) to 0 [pid: 8|app: 0|req: 1263/2491] 10.0.0.42 () {34 vars in 667 bytes} [Mon Mar 2 22:35:51 2026] POST /v2.0/subnets => generated 731 bytes in 245 msecs (HTTP/1.1 201) 4 headers in 162 bytes (1 switches on core 0) [pid: 8|app: 0|req: 1264/2492] 10.0.0.42 () {34 vars in 749 bytes} [Mon Mar 2 22:35:52 2026] PUT /v2.0/routers/b431dace-f213-4d36-8172-afb84b0dc647/tags => generated 25 bytes in 75 msecs (HTTP/1.1 200) 4 headers in 156 bytes (1 switches on core 0)
2026-03-02 22:35:52.229 8 INFO neutron.db.segments_db [None req-7f39d7ba-cb68-4955-81d7-c789f924e405 fb4fbbde65e645c096833860181a272a 21a8249888154714873d480d425d2128 - - default default] Added segment 9f351337-9072-4d17-ac94-81024e56cde8 of type geneve for network e25686a8-2858-4b3c-ac45-25ab6429bed2
2026-03-02 22:35:52.343 8 INFO neutron.db.ovn_revision_numbers_db [None req-7f39d7ba-cb68-4955-81d7-c789f924e405 fb4fbbde65e645c096833860181a272a 21a8249888154714873d480d425d2128 - - default default] Successfully bumped revision number for resource e25686a8-2858-4b3c-ac45-25ab6429bed2 (type: networks) to 1
2026-03-02 22:35:52.392 7 INFO neutron.plugins.ml2.drivers.ovn.mech_driver.ovsdb.commands [-] Schedule LRP lrp-d6c4f10d-6949-4347-af82-1a2e3c0e8fc4 on gateway e9747d5a-fe05-4327-8fba-55aa8357cb38 with priority 1
2026-03-02 22:35:52.508 7 INFO neutron.plugins.ml2.drivers.ovn.mech_driver.ovsdb.ovsdb_monitor [None req-a3c88b18-053f-434f-909d-fc2e2fbbdadf - - - - - -] Router b9291a3f-029d-493b-b938-431ec859252c is bound to host instance
2026-03-02 22:35:52.608 7 INFO neutron.db.ovn_revision_numbers_db [None req-c5de2a6d-a907-48a8-aa55-4f230aeca60d ef92e91617924ddf81621668562b31c7 a9cf5679aceb439d824ae11b03d7e26f - - default default] Successfully bumped revision number for resource d6c4f10d-6949-4347-af82-1a2e3c0e8fc4 (type: router_ports) to 1
2026-03-02 22:35:52.614 8 WARNING neutron.scheduler.dhcp_agent_scheduler [None req-7f39d7ba-cb68-4955-81d7-c789f924e405 fb4fbbde65e645c096833860181a272a 21a8249888154714873d480d425d2128 - - default default] No more DHCP agents
2026-03-02 22:35:52.615 8 WARNING neutron.api.rpc.agentnotifiers.dhcp_rpc_agent_api [None req-7f39d7ba-cb68-4955-81d7-c789f924e405 fb4fbbde65e645c096833860181a272a 21a8249888154714873d480d425d2128 - - default default] Unable to schedule network e25686a8-2858-4b3c-ac45-25ab6429bed2: no agents available; will retry on subsequent port and subnet creation events.
2026-03-02 22:35:52.717 8 INFO neutron.db.ovn_revision_numbers_db [None req-7f39d7ba-cb68-4955-81d7-c789f924e405 fb4fbbde65e645c096833860181a272a 21a8249888154714873d480d425d2128 - - default default] Successfully bumped revision number for resource 86f58bf6-3198-4771-aec4-c10d58af513c (type: ports) to 1 [pid: 8|app: 0|req: 1265/2493] 10.0.0.42 () {34 vars in 668 bytes} [Mon Mar 2 22:35:52 2026] POST /v2.0/networks => generated 676 bytes in 587 msecs (HTTP/1.1 201) 4 headers in 162 bytes (1 switches on core 0)
2026-03-02 22:35:52.801 7 INFO neutron.db.ovn_revision_numbers_db [None req-c5de2a6d-a907-48a8-aa55-4f230aeca60d ef92e91617924ddf81621668562b31c7 a9cf5679aceb439d824ae11b03d7e26f - - default default] Successfully bumped revision number for resource b9291a3f-029d-493b-b938-431ec859252c (type: routers) to 2 [pid: 8|app: 0|req: 1266/2494] 10.0.0.42 () {32 vars in 729 bytes} [Mon Mar 2 22:35:52 2026] GET /v2.0/routers/b431dace-f213-4d36-8172-afb84b0dc647/tags => generated 25 bytes in 65 msecs (HTTP/1.1 200) 4 headers in 156 bytes (1 switches on core 0) [pid: 7|app: 0|req: 1229/2495] 10.0.0.42 () {34 vars in 667 bytes} [Mon Mar 2 22:35:51 2026] POST /v2.0/routers => generated 966 bytes in 1767 msecs (HTTP/1.1 201) 4 headers in 162 bytes (1 switches on core 0)
2026-03-02 22:35:52.998 8 WARNING neutron.scheduler.dhcp_agent_scheduler [None req-686a632c-7207-4acf-8509-f74e7c370b37 fb4fbbde65e645c096833860181a272a 21a8249888154714873d480d425d2128 - - default default] No more DHCP agents
2026-03-02 22:35:52.999 8 WARNING neutron.api.rpc.agentnotifiers.dhcp_rpc_agent_api [None req-686a632c-7207-4acf-8509-f74e7c370b37 fb4fbbde65e645c096833860181a272a 21a8249888154714873d480d425d2128 - - default default] Unable to schedule network e25686a8-2858-4b3c-ac45-25ab6429bed2: no agents available; will retry on subsequent port and subnet creation events. [pid: 7|app: 0|req: 1230/2496] 10.0.0.42 () {34 vars in 760 bytes} [Mon Mar 2 22:35:52 2026] PUT /v2.0/routers/b431dace-f213-4d36-8172-afb84b0dc647/tags/green => generated 4 bytes in 231 msecs (HTTP/1.1 201) 4 headers in 160 bytes (1 switches on core 0)
2026-03-02 22:35:53.483 8 INFO neutron.db.ovn_revision_numbers_db [None req-7dc002e8-db8d-40f0-bc68-e15b34cc79df - - - - - -] Successfully bumped revision number for resource 86f58bf6-3198-4771-aec4-c10d58af513c (type: ports) to 2
2026-03-02 22:35:53.512 8 INFO neutron.db.ovn_revision_numbers_db [None req-7dc002e8-db8d-40f0-bc68-e15b34cc79df - - - - - -] Successfully bumped revision number for resource 78c710bd-6e88-4f42-a100-3493b3d698f7 (type: subnets) to 0 [pid: 8|app: 0|req: 1267/2497] 10.0.0.42 () {34 vars in 667 bytes} [Mon Mar 2 22:35:52 2026] POST /v2.0/subnets => generated 656 bytes in 724 msecs (HTTP/1.1 201) 4 headers in 162 bytes (1 switches on core 0) [pid: 8|app: 0|req: 1268/2498] 10.0.0.42 () {32 vars in 729 bytes} [Mon Mar 2 22:35:53 2026] GET /v2.0/routers/b431dace-f213-4d36-8172-afb84b0dc647/tags => generated 34 bytes in 63 msecs (HTTP/1.1 200) 4 headers in 156 bytes (1 switches on core 0)
2026-03-02 22:35:53.771 8 WARNING neutron.scheduler.dhcp_agent_scheduler [None req-8ce8596b-4dd0-4ea5-bcd8-855a6f9a9ec6 fb4fbbde65e645c096833860181a272a 21a8249888154714873d480d425d2128 - - default default] No more DHCP agents
2026-03-02 22:35:53.772 8 WARNING neutron.api.rpc.agentnotifiers.dhcp_rpc_agent_api [None req-8ce8596b-4dd0-4ea5-bcd8-855a6f9a9ec6 fb4fbbde65e645c096833860181a272a 21a8249888154714873d480d425d2128 - - default default] Unable to schedule network e25686a8-2858-4b3c-ac45-25ab6429bed2: no agents available; will retry on subsequent port and subnet creation events.
2026-03-02 22:35:53.809 8 INFO neutron.db.ovn_revision_numbers_db [None req-8ce8596b-4dd0-4ea5-bcd8-855a6f9a9ec6 fb4fbbde65e645c096833860181a272a 21a8249888154714873d480d425d2128 - - default default] Successfully bumped revision number for resource 6dafbcb9-1d9b-4bbc-837c-fc244cc1024f (type: subnets) to 0 [pid: 8|app: 0|req: 1269/2499] 10.0.0.42 () {34 vars in 667 bytes} [Mon Mar 2 22:35:53 2026] POST /v2.0/subnets => generated 726 bytes in 238 msecs (HTTP/1.1 201) 4 headers in 162 bytes (1 switches on core 0) [pid: 8|app: 0|req: 1270/2500] 10.0.0.42 () {34 vars in 756 bytes} [Mon Mar 2 22:35:53 2026] PUT /v2.0/routers/b431dace-f213-4d36-8172-afb84b0dc647/tags/red => generated 4 bytes in 89 msecs (HTTP/1.1 201) 4 headers in 160 bytes (1 switches on core 0)
2026-03-02 22:35:54.010 8 INFO neutron.db.segments_db [None req-a8140e8b-26ae-480b-860a-e9e3271a98af fb4fbbde65e645c096833860181a272a 21a8249888154714873d480d425d2128 - - default default] Added segment bd8f0213-1f44-4c6f-b7dd-9489a61fa138 of type geneve for network 2a78ffa5-10d5-4d7e-bd93-43c43582d239
2026-03-02 22:35:54.134 8 INFO neutron.db.ovn_revision_numbers_db [None req-a8140e8b-26ae-480b-860a-e9e3271a98af fb4fbbde65e645c096833860181a272a 21a8249888154714873d480d425d2128 - - default default] Successfully bumped revision number for resource 2a78ffa5-10d5-4d7e-bd93-43c43582d239 (type: networks) to 1
2026-03-02 22:35:54.355 8 WARNING neutron.scheduler.dhcp_agent_scheduler [None req-a8140e8b-26ae-480b-860a-e9e3271a98af fb4fbbde65e645c096833860181a272a 21a8249888154714873d480d425d2128 - - default default] No more DHCP agents
2026-03-02 22:35:54.359 8 WARNING neutron.api.rpc.agentnotifiers.dhcp_rpc_agent_api [None req-a8140e8b-26ae-480b-860a-e9e3271a98af fb4fbbde65e645c096833860181a272a 21a8249888154714873d480d425d2128 - - default default] Unable to schedule network 2a78ffa5-10d5-4d7e-bd93-43c43582d239: no agents available; will retry on subsequent port and subnet creation events.
2026-03-02 22:35:54.485 8 INFO neutron.db.ovn_revision_numbers_db [None req-a8140e8b-26ae-480b-860a-e9e3271a98af fb4fbbde65e645c096833860181a272a 21a8249888154714873d480d425d2128 - - default default] Successfully bumped revision number for resource c9d78d55-5274-478f-bf35-f3ffa62e1fd8 (type: ports) to 1 [pid: 8|app: 0|req: 1271/2501] 10.0.0.42 () {34 vars in 668 bytes} [Mon Mar 2 22:35:53 2026] POST /v2.0/networks => generated 676 bytes in 584 msecs (HTTP/1.1 201) 4 headers in 162 bytes (1 switches on core 0) [pid: 8|app: 0|req: 1272/2502] 10.0.0.42 () {32 vars in 729 bytes} [Mon Mar 2 22:35:54 2026] GET /v2.0/routers/b431dace-f213-4d36-8172-afb84b0dc647/tags => generated 34 bytes in 76 msecs (HTTP/1.1 200) 4 headers in 156 bytes (1 switches on core 0)
2026-03-02 22:35:54.625 7 WARNING neutron.scheduler.dhcp_agent_scheduler [None req-451d28b4-8fe2-4a93-8841-9cba642a0723 ef92e91617924ddf81621668562b31c7 a9cf5679aceb439d824ae11b03d7e26f - - default default] No more DHCP agents
2026-03-02 22:35:54.635 7 WARNING neutron.api.rpc.agentnotifiers.dhcp_rpc_agent_api [None req-451d28b4-8fe2-4a93-8841-9cba642a0723 ef92e91617924ddf81621668562b31c7 a9cf5679aceb439d824ae11b03d7e26f - - default default] Unable to schedule network b83155db-ebab-4b3e-a2e2-21f1d4ebf9ae: no agents available; will retry on subsequent port and subnet creation events.
2026-03-02 22:35:54.739 8 WARNING neutron.scheduler.dhcp_agent_scheduler [None req-e995f192-1531-45e5-a79e-eedd31044881 fb4fbbde65e645c096833860181a272a 21a8249888154714873d480d425d2128 - - default default] No more DHCP agents
2026-03-02 22:35:54.741 8 WARNING neutron.api.rpc.agentnotifiers.dhcp_rpc_agent_api [None req-e995f192-1531-45e5-a79e-eedd31044881 fb4fbbde65e645c096833860181a272a 21a8249888154714873d480d425d2128 - - default default] Unable to schedule network 2a78ffa5-10d5-4d7e-bd93-43c43582d239: no agents available; will retry on subsequent port and subnet creation events.
2026-03-02 22:35:54.896 7 WARNING neutron.plugins.ml2.drivers.ovn.mech_driver.ovsdb.ovn_client [None req-8df9a0c0-107d-437b-87dd-69f00d787cb3 - - - - - -] No hosting information found for port 8d11755c-038b-410e-a571-3421eb9e7f74: RuntimeError: No hosting information found for port 8d11755c-038b-410e-a571-3421eb9e7f74
2026-03-02 22:35:54.999 7 INFO neutron.db.ovn_revision_numbers_db [None req-451d28b4-8fe2-4a93-8841-9cba642a0723 ef92e91617924ddf81621668562b31c7 a9cf5679aceb439d824ae11b03d7e26f - - default default] Successfully bumped revision number for resource 48ba3541-c3e0-4a62-b8c2-d7bf004daae0 (type: ports) to 1
2026-03-02 22:35:55.267 7 INFO neutron.db.ovn_revision_numbers_db [None req-8df9a0c0-107d-437b-87dd-69f00d787cb3 - - - - - -] Successfully bumped revision number for resource 8d11755c-038b-410e-a571-3421eb9e7f74 (type: router_ports) to 2
2026-03-02 22:35:55.272 8 INFO neutron.db.ovn_revision_numbers_db [None req-2514f320-46ca-47b5-b1a8-6e8974e8d3f7 - - - - - -] Successfully bumped revision number for resource c9d78d55-5274-478f-bf35-f3ffa62e1fd8 (type: ports) to 2
2026-03-02 22:35:55.310 8 INFO neutron.db.ovn_revision_numbers_db [None req-2514f320-46ca-47b5-b1a8-6e8974e8d3f7 - - - - - -] Successfully bumped revision number for resource c4e50b7b-4f96-4301-8102-a69f72c6981c (type: subnets) to 0 [pid: 8|app: 0|req: 1273/2503] 10.0.0.42 () {34 vars in 667 bytes} [Mon Mar 2 22:35:54 2026] POST /v2.0/subnets => generated 655 bytes in 741 msecs (HTTP/1.1 201) 4 headers in 162 bytes (1 switches on core 0)
2026-03-02 22:35:55.401 7 INFO neutron.db.ovn_revision_numbers_db [None req-da1f0785-6f38-4e6e-9a42-556f2e230f54 - - - - - -] Successfully bumped revision number for resource d6c4f10d-6949-4347-af82-1a2e3c0e8fc4 (type: ports) to 4 [pid: 8|app: 0|req: 1274/2504] 10.0.0.42 () {34 vars in 778 bytes} [Mon Mar 2 22:35:55 2026] PUT /v2.0/routers/b431dace-f213-4d36-8172-afb84b0dc647/tags/black.or.white => generated 4 bytes in 102 msecs (HTTP/1.1 201) 4 headers in 160 bytes (1 switches on core 0)
2026-03-02 22:35:55.449 7 INFO neutron.plugins.ml2.drivers.ovn.mech_driver.mech_driver [None req-8df9a0c0-107d-437b-87dd-69f00d787cb3 - - - - - -] OVN reports status down for port: b5bd9fc1-114c-494b-a4fb-da8f3a4ab259
2026-03-02 22:35:55.657 8 WARNING neutron.scheduler.dhcp_agent_scheduler [None req-c2655928-09b1-48fa-8aba-07f70a254392 fb4fbbde65e645c096833860181a272a 21a8249888154714873d480d425d2128 - - default default] No more DHCP agents
2026-03-02 22:35:55.658 8 WARNING neutron.api.rpc.agentnotifiers.dhcp_rpc_agent_api [None req-c2655928-09b1-48fa-8aba-07f70a254392 fb4fbbde65e645c096833860181a272a 21a8249888154714873d480d425d2128 - - default default] Unable to schedule network 2a78ffa5-10d5-4d7e-bd93-43c43582d239: no agents available; will retry on subsequent port and subnet creation events.
2026-03-02 22:35:55.695 8 INFO neutron.db.ovn_revision_numbers_db [None req-c2655928-09b1-48fa-8aba-07f70a254392 fb4fbbde65e645c096833860181a272a 21a8249888154714873d480d425d2128 - - default default] Successfully bumped revision number for resource 03863739-c65b-4466-8532-9900f44c2be5 (type: subnets) to 0 [pid: 8|app: 0|req: 1275/2505] 10.0.0.42 () {34 vars in 667 bytes} [Mon Mar 2 22:35:55 2026] POST /v2.0/subnets => generated 729 bytes in 285 msecs (HTTP/1.1 201) 4 headers in 162 bytes (1 switches on core 0)
2026-03-02 22:35:55.760 7 INFO neutron.plugins.ml2.drivers.ovn.mech_driver.mech_driver [None req-8df9a0c0-107d-437b-87dd-69f00d787cb3 - - - - - -] OVN reports status down for port: 210f8776-1f52-47be-94b4-6a4b4d875733 [pid: 8|app: 0|req: 1276/2506] 10.0.0.42 () {32 vars in 729 bytes} [Mon Mar 2 22:35:55 2026] GET /v2.0/routers/b431dace-f213-4d36-8172-afb84b0dc647/tags => generated 52 bytes in 63 msecs (HTTP/1.1 200) 4 headers in 156 bytes (1 switches on core 0)
2026-03-02 22:35:56.057 7 INFO neutron.plugins.ml2.drivers.ovn.mech_driver.mech_driver [None req-8df9a0c0-107d-437b-87dd-69f00d787cb3 - - - - - -] OVN reports status down for port: d6c4f10d-6949-4347-af82-1a2e3c0e8fc4
2026-03-02 22:35:56.270 8 WARNING neutron.scheduler.dhcp_agent_scheduler [None req-0cf707c5-9800-4b25-b0ad-8b96d929c7c4 fb4fbbde65e645c096833860181a272a 21a8249888154714873d480d425d2128 - - default default] No more DHCP agents
2026-03-02 22:35:56.272 8 WARNING neutron.api.rpc.agentnotifiers.dhcp_rpc_agent_api [None req-0cf707c5-9800-4b25-b0ad-8b96d929c7c4 fb4fbbde65e645c096833860181a272a 21a8249888154714873d480d425d2128 - - default default] Unable to schedule network 78f2ed50-8f07-49da-a369-d6f6459145f1: no agents available; will retry on subsequent port and subnet creation events.
2026-03-02 22:35:56.466 8 INFO neutron.db.ovn_revision_numbers_db [None req-0cf707c5-9800-4b25-b0ad-8b96d929c7c4 fb4fbbde65e645c096833860181a272a 21a8249888154714873d480d425d2128 - - default default] Successfully bumped revision number for resource 4cc82187-6735-4b43-838c-3a2f9a0d7624 (type: ports) to 1
2026-03-02 22:35:56.739 7 INFO neutron.db.ovn_revision_numbers_db [None req-da1f0785-6f38-4e6e-9a42-556f2e230f54 - - - - - -] Successfully bumped revision number for resource d6c4f10d-6949-4347-af82-1a2e3c0e8fc4 (type: ports) to 5
2026-03-02 22:35:57.082 8 INFO neutron.plugins.ml2.drivers.ovn.mech_driver.ovsdb.commands [-] Schedule LRP lrp-4cc82187-6735-4b43-838c-3a2f9a0d7624 on gateway e9747d5a-fe05-4327-8fba-55aa8357cb38 with priority 1
2026-03-02 22:35:57.084 7 WARNING neutron.scheduler.dhcp_agent_scheduler [None req-451d28b4-8fe2-4a93-8841-9cba642a0723 ef92e91617924ddf81621668562b31c7 a9cf5679aceb439d824ae11b03d7e26f - - default default] No more DHCP agents
2026-03-02 22:35:57.093 7 WARNING neutron.api.rpc.agentnotifiers.dhcp_rpc_agent_api [None req-451d28b4-8fe2-4a93-8841-9cba642a0723 ef92e91617924ddf81621668562b31c7 a9cf5679aceb439d824ae11b03d7e26f - - default default] Unable to schedule network b83155db-ebab-4b3e-a2e2-21f1d4ebf9ae: no agents available; will retry on subsequent port and subnet creation events.
2026-03-02 22:35:57.231 8 INFO neutron.db.ovn_revision_numbers_db [None req-0cf707c5-9800-4b25-b0ad-8b96d929c7c4 fb4fbbde65e645c096833860181a272a 21a8249888154714873d480d425d2128 - - default default] Successfully bumped revision number for resource 4cc82187-6735-4b43-838c-3a2f9a0d7624 (type: router_ports) to 1
2026-03-02 22:35:57.306 8 INFO neutron.db.ovn_revision_numbers_db [None req-0cf707c5-9800-4b25-b0ad-8b96d929c7c4 fb4fbbde65e645c096833860181a272a 21a8249888154714873d480d425d2128 - - default default] Successfully bumped revision number for resource cf8eb99b-1975-4ebf-aed7-9307e1ad772b (type: routers) to 2
2026-03-02 22:35:57.325 7 INFO neutron.plugins.ml2.drivers.ovn.mech_driver.ovsdb.ovsdb_monitor [None req-da1f0785-6f38-4e6e-9a42-556f2e230f54 - - - - - -] Router cf8eb99b-1975-4ebf-aed7-9307e1ad772b is bound to host instance [pid: 8|app: 0|req: 1277/2507] 10.0.0.42 () {34 vars in 667 bytes} [Mon Mar 2 22:35:55 2026] POST /v2.0/routers => generated 945 bytes in 1554 msecs (HTTP/1.1 201) 4 headers in 162 bytes (1 switches on core 0) [pid: 8|app: 0|req: 1278/2508] 10.0.0.42 () {34 vars in 749 bytes} [Mon Mar 2 22:35:57 2026] PUT /v2.0/routers/b431dace-f213-4d36-8172-afb84b0dc647/tags => generated 37 bytes in 116 msecs (HTTP/1.1 200) 4 headers in 156 bytes (1 switches on core 0) [pid: 8|app: 0|req: 1279/2509] 10.0.0.118 () {28 vars in 598 bytes} [Mon Mar 2 22:35:57 2026] GET /v2.0/security-groups => generated 26113 bytes in 75 msecs (HTTP/1.1 200) 4 headers in 159 bytes (1 switches on core 0)
2026-03-02 22:35:57.618 7 INFO neutron.db.ovn_revision_numbers_db [None req-8df9a0c0-107d-437b-87dd-69f00d787cb3 - - - - - -] Successfully bumped revision number for resource d6c4f10d-6949-4347-af82-1a2e3c0e8fc4 (type: ports) to 6
2026-03-02 22:35:58.034 7 WARNING neutron.plugins.ml2.drivers.ovn.mech_driver.ovsdb.ovn_client [None req-e9e6c582-1ffa-4106-a14b-9eca97e7b3d2 - - - - - -] Logical_Switch_Port d6c4f10d-6949-4347-af82-1a2e3c0e8fc4 host information not removed, the port state is up
2026-03-02 22:35:58.035 7 INFO neutron.plugins.ml2.drivers.ovn.mech_driver.mech_driver [None req-e9e6c582-1ffa-4106-a14b-9eca97e7b3d2 - - - - - -] OVN reports status up for port: d6c4f10d-6949-4347-af82-1a2e3c0e8fc4
2026-03-02 22:35:58.077 7 INFO neutron.plugins.ml2.plugin [None req-e9e6c582-1ffa-4106-a14b-9eca97e7b3d2 - - - - - -] Attempt 1 to provision port d6c4f10d-6949-4347-af82-1a2e3c0e8fc4
2026-03-02 22:35:58.087 8 WARNING neutron.scheduler.dhcp_agent_scheduler [None req-22dfc784-c2d8-4197-9e5c-dee283f4460b fb4fbbde65e645c096833860181a272a 21a8249888154714873d480d425d2128 - - default default] No more DHCP agents
2026-03-02 22:35:58.088 8 WARNING neutron.api.rpc.agentnotifiers.dhcp_rpc_agent_api [None req-22dfc784-c2d8-4197-9e5c-dee283f4460b fb4fbbde65e645c096833860181a272a 21a8249888154714873d480d425d2128 - - default default] Unable to schedule network ea6c96bf-7d4d-4625-947a-72bc4844604f: no agents available; will retry on subsequent port and subnet creation events.
2026-03-02 22:35:58.277 8 INFO neutron.db.ovn_revision_numbers_db [None req-22dfc784-c2d8-4197-9e5c-dee283f4460b fb4fbbde65e645c096833860181a272a 21a8249888154714873d480d425d2128 - - default default] Successfully bumped revision number for resource 7f482a06-3925-4c3b-861f-9fef588578fc (type: ports) to 1
2026-03-02 22:35:58.913 7 INFO neutron.db.ovn_revision_numbers_db [None req-451d28b4-8fe2-4a93-8841-9cba642a0723 ef92e91617924ddf81621668562b31c7 a9cf5679aceb439d824ae11b03d7e26f - - default default] Successfully bumped revision number for resource 48ba3541-c3e0-4a62-b8c2-d7bf004daae0 (type: router_ports) to 1 [pid: 7|app: 0|req: 1231/2510] 10.0.0.42 () {34 vars in 781 bytes} [Mon Mar 2 22:35:53 2026] PUT /v2.0/routers/b9291a3f-029d-493b-b938-431ec859252c/add_router_interface => generated 309 bytes in 5867 msecs (HTTP/1.1 200) 4 headers in 157 bytes (1 switches on core 0)
2026-03-02 22:35:59.111 8 WARNING neutron.scheduler.dhcp_agent_scheduler [None req-22dfc784-c2d8-4197-9e5c-dee283f4460b fb4fbbde65e645c096833860181a272a 21a8249888154714873d480d425d2128 - - default default] No more DHCP agents
2026-03-02 22:35:59.113 8 WARNING neutron.api.rpc.agentnotifiers.dhcp_rpc_agent_api [None req-22dfc784-c2d8-4197-9e5c-dee283f4460b fb4fbbde65e645c096833860181a272a 21a8249888154714873d480d425d2128 - - default default] Unable to schedule network ea6c96bf-7d4d-4625-947a-72bc4844604f: no agents available; will retry on subsequent port and subnet creation events. [pid: 7|app: 0|req: 1232/2511] 10.0.0.42 () {32 vars in 729 bytes} [Mon Mar 2 22:35:58 2026] GET /v2.0/routers/b431dace-f213-4d36-8172-afb84b0dc647/tags => generated 37 bytes in 220 msecs (HTTP/1.1 200) 4 headers in 156 bytes (1 switches on core 0) [pid: 7|app: 0|req: 1233/2512] 10.0.0.118 () {28 vars in 582 bytes} [Mon Mar 2 22:35:59 2026] GET /v2.0/routers => generated 3492 bytes in 345 msecs (HTTP/1.1 200) 4 headers in 158 bytes (1 switches on core 0)
2026-03-02 22:35:59.573 8 INFO neutron.db.ovn_revision_numbers_db [None req-22dfc784-c2d8-4197-9e5c-dee283f4460b fb4fbbde65e645c096833860181a272a 21a8249888154714873d480d425d2128 - - default default] Successfully bumped revision number for resource 7f482a06-3925-4c3b-861f-9fef588578fc (type: router_ports) to 1 [pid: 8|app: 0|req: 1280/2513] 10.0.0.42 () {34 vars in 781 bytes} [Mon Mar 2 22:35:57 2026] PUT /v2.0/routers/cf8eb99b-1975-4ebf-aed7-9307e1ad772b/add_router_interface => generated 309 bytes in 2055 msecs (HTTP/1.1 200) 4 headers in 157 bytes (1 switches on core 0)
2026-03-02 22:35:59.583 7 INFO neutron.db.ovn_revision_numbers_db [None req-e9e6c582-1ffa-4106-a14b-9eca97e7b3d2 - - - - - -] Successfully bumped revision number for resource d6c4f10d-6949-4347-af82-1a2e3c0e8fc4 (type: ports) to 7
2026-03-02 22:35:59.711 8 INFO neutron.db.ovn_revision_numbers_db [None req-61316af6-12bd-4d20-9687-852a0d8643a1 ea43dfd6089d4baa9db92ada73bac102 84d7b52dfab04e4382aa649bfeac104b - - default default] Successfully bumped revision number for resource 6e295f87-5181-449c-b2d9-34fbc5d893d3 (type: security_groups) to 1
2026-03-02 22:35:59.722 8 INFO neutron.db.ovn_revision_numbers_db [None req-61316af6-12bd-4d20-9687-852a0d8643a1 ea43dfd6089d4baa9db92ada73bac102 84d7b52dfab04e4382aa649bfeac104b - - default default] Successfully bumped revision number for resource d5975642-cebe-48b0-829a-3d3208159bc0 (type: security_group_rules) to 0
2026-03-02 22:35:59.734 8 INFO neutron.db.ovn_revision_numbers_db [None req-61316af6-12bd-4d20-9687-852a0d8643a1 ea43dfd6089d4baa9db92ada73bac102 84d7b52dfab04e4382aa649bfeac104b - - default default] Successfully bumped revision number for resource d6d2d4f7-8bb4-4914-96a8-69ed9de3c32c (type: security_group_rules) to 0 [pid: 8|app: 0|req: 1281/2514] 10.0.0.42 () {34 vars in 683 bytes} [Mon Mar 2 22:35:59 2026] POST /v2.0/security-groups => generated 1675 bytes in 193 msecs (HTTP/1.1 201) 4 headers in 163 bytes (1 switches on core 0) [pid: 8|app: 0|req: 1282/2515] 10.0.0.118 () {28 vars in 623 bytes} [Mon Mar 2 22:35:59 2026] GET /v2.0/agents?binary=ovn-controller => generated 416 bytes in 13 msecs (HTTP/1.1 200) 4 headers in 157 bytes (1 switches on core 0) [pid: 7|app: 0|req: 1234/2516] 10.0.0.42 () {32 vars in 737 bytes} [Mon Mar 2 22:35:59 2026] GET /v2.0/routers/b431dace-f213-4d36-8172-afb84b0dc647/tags/red => generated 0 bytes in 338 msecs (HTTP/1.1 204) 2 headers in 112 bytes (1 switches on core 0)
2026-03-02 22:36:00.216 7 INFO neutron.plugins.ml2.drivers.ovn.mech_driver.mech_driver [None req-f7462121-7f25-4cb3-b2fa-a4b2ac9d0c61 - - - - - -] OVN reports status down for port: 86f58bf6-3198-4771-aec4-c10d58af513c
2026-03-02 22:36:00.243 7 INFO neutron.db.ovn_revision_numbers_db [None req-c2f7c47d-faa5-4735-b429-cdb5aad8b1be ea43dfd6089d4baa9db92ada73bac102 84d7b52dfab04e4382aa649bfeac104b - - default default] Successfully bumped revision number for resource 4a77bf6b-702e-41fc-b3c0-136c1207c981 (type: security_group_rules) to 0
2026-03-02 22:36:00.304 8 WARNING neutron.scheduler.dhcp_agent_scheduler [None req-4f5f46a8-c16d-426d-b7b1-66e6ec64ae36 fb4fbbde65e645c096833860181a272a 21a8249888154714873d480d425d2128 - - default default] No more DHCP agents
2026-03-02 22:36:00.305 8 WARNING neutron.api.rpc.agentnotifiers.dhcp_rpc_agent_api [None req-4f5f46a8-c16d-426d-b7b1-66e6ec64ae36 fb4fbbde65e645c096833860181a272a 21a8249888154714873d480d425d2128 - - default default] Unable to schedule network e25686a8-2858-4b3c-ac45-25ab6429bed2: no agents available; will retry on subsequent port and subnet creation events.
2026-03-02 22:36:00.385 7 INFO neutron.plugins.ml2.drivers.ovn.mech_driver.mech_driver [None req-f7462121-7f25-4cb3-b2fa-a4b2ac9d0c61 - - - - - -] OVN reports status down for port: c9d78d55-5274-478f-bf35-f3ffa62e1fd8 [pid: 7|app: 0|req: 1235/2517] 10.0.0.42 () {34 vars in 693 bytes} [Mon Mar 2 22:35:59 2026] POST /v2.0/security-group-rules => generated 597 bytes in 593 msecs (HTTP/1.1 201) 4 headers in 162 bytes (1 switches on core 0)
2026-03-02 22:36:00.478 8 INFO neutron.db.ovn_revision_numbers_db [None req-4f5f46a8-c16d-426d-b7b1-66e6ec64ae36 fb4fbbde65e645c096833860181a272a 21a8249888154714873d480d425d2128 - - default default] Successfully bumped revision number for resource 12644337-8e79-4d49-a107-a9ec09a683f8 (type: ports) to 1
2026-03-02 22:36:00.647 7 INFO neutron.plugins.ml2.drivers.ovn.mech_driver.mech_driver [None req-f7462121-7f25-4cb3-b2fa-a4b2ac9d0c61 - - - - - -] OVN reports status down for port: 48ba3541-c3e0-4a62-b8c2-d7bf004daae0
2026-03-02 22:36:00.712 7 INFO neutron.db.ovn_revision_numbers_db [None req-a8b1f0f9-72c0-40ee-a168-e1e4f6b826ed - - - - - -] Successfully bumped revision number for resource 4cc82187-6735-4b43-838c-3a2f9a0d7624 (type: ports) to 4
2026-03-02 22:36:00.819 7 WARNING neutron.plugins.ml2.drivers.ovn.mech_driver.ovsdb.ovn_client [None req-f7462121-7f25-4cb3-b2fa-a4b2ac9d0c61 - - - - - -] Logical_Switch_Port 48ba3541-c3e0-4a62-b8c2-d7bf004daae0 host information not removed, the port state is up
2026-03-02 22:36:00.819 7 INFO neutron.plugins.ml2.drivers.ovn.mech_driver.mech_driver [None req-f7462121-7f25-4cb3-b2fa-a4b2ac9d0c61 - - - - - -] OVN reports status down for port: 4cc82187-6735-4b43-838c-3a2f9a0d7624 [pid: 7|app: 0|req: 1236/2518] 10.0.0.118 () {28 vars in 578 bytes} [Mon Mar 2 22:36:00 2026] GET /v2.0/ports => generated 17959 bytes in 508 msecs (HTTP/1.1 200) 4 headers in 159 bytes (1 switches on core 0)
2026-03-02 22:36:00.974 7 WARNING neutron.plugins.ml2.drivers.ovn.mech_driver.ovsdb.ovn_client [None req-f7462121-7f25-4cb3-b2fa-a4b2ac9d0c61 - - - - - -] Logical_Switch_Port 4cc82187-6735-4b43-838c-3a2f9a0d7624 host information not removed, the port state is up
2026-03-02 22:36:00.974 7 INFO neutron.plugins.ml2.drivers.ovn.mech_driver.mech_driver [None req-f7462121-7f25-4cb3-b2fa-a4b2ac9d0c61 - - - - - -] OVN reports status up for port: 48ba3541-c3e0-4a62-b8c2-d7bf004daae0
2026-03-02 22:36:01.027 7 INFO neutron.plugins.ml2.plugin [None req-f7462121-7f25-4cb3-b2fa-a4b2ac9d0c61 - - - - - -] Attempt 1 to provision port 48ba3541-c3e0-4a62-b8c2-d7bf004daae0
2026-03-02 22:36:01.254 7 INFO neutron.api.v2.resource [None req-a74f3720-cb09-4449-b810-a1aa6bc036dd 98dc57558b9643e095035005c11b6b36 c3ca1d5b431f4c418b56a1ce5579f9ab - - default default] show failed (client error): The resource could not be found. [pid: 7|app: 0|req: 1237/2519] 10.0.0.42 () {32 vars in 741 bytes} [Mon Mar 2 22:36:00 2026] GET /v2.0/routers/b431dace-f213-4d36-8172-afb84b0dc647/tags/green => generated 99 bytes in 323 msecs (HTTP/1.1 404) 4 headers in 163 bytes (1 switches on core 0)
2026-03-02 22:36:01.276 8 WARNING neutron.scheduler.dhcp_agent_scheduler [None req-4f5f46a8-c16d-426d-b7b1-66e6ec64ae36 fb4fbbde65e645c096833860181a272a 21a8249888154714873d480d425d2128 - - default default] No more DHCP agents
2026-03-02 22:36:01.277 8 WARNING neutron.api.rpc.agentnotifiers.dhcp_rpc_agent_api [None req-4f5f46a8-c16d-426d-b7b1-66e6ec64ae36 fb4fbbde65e645c096833860181a272a 21a8249888154714873d480d425d2128 - - default default] Unable to schedule network e25686a8-2858-4b3c-ac45-25ab6429bed2: no agents available; will retry on subsequent port and subnet creation events.
