Mar 25 20:02:02.532420 np0000160639 devstack@neutron-api.service[102898]: DEBUG neutron.plugins.ml2.drivers.ovn.mech_driver.ovsdb.ovsdb_monitor [None req-2e1e0749-f361-48b7-9cfd-547882c7a5a2 None None] Hash Ring: Node 61ad6382ce0358feafbbce6de3976ecd (host: np0000160639) handling event "create" for row 81f60e54-7229-4cc6-9d7b-5256b4a7b7cc (table: ACL) {{(pid=102898) notify /opt/stack/neutron/neutron/plugins/ml2/drivers/ovn/mech_driver/ovsdb/ovsdb_monitor.py:912}}
Mar 25 20:02:02.532592 np0000160639 devstack@neutron-api.service[102901]: DEBUG ovsdbapp.backend.ovs_idl [None req-e9cef09a-f9c7-4933-9b1a-aa59ec3f1925 None None] Created lookup_table index Chassis.name {{(pid=102901) autocreate_indices /opt/stack/data/venv/lib/python3.12/site-packages/ovsdbapp/backend/ovs_idl/__init__.py:87}}
Mar 25 20:02:02.532592 np0000160639 devstack@neutron-api.service[102901]: DEBUG ovsdbapp.backend.ovs_idl [None req-e9cef09a-f9c7-4933-9b1a-aa59ec3f1925 None None] Created lookup_table index Port_Binding.logical_port {{(pid=102901) autocreate_indices /opt/stack/data/venv/lib/python3.12/site-packages/ovsdbapp/backend/ovs_idl/__init__.py:87}}
Mar 25 20:02:02.532592 np0000160639 devstack@neutron-api.service[102901]: DEBUG ovsdbapp.backend.ovs_idl [None req-e9cef09a-f9c7-4933-9b1a-aa59ec3f1925 None None] Created schema index Chassis_Private.name {{(pid=102901) autocreate_indices /opt/stack/data/venv/lib/python3.12/site-packages/ovsdbapp/backend/ovs_idl/__init__.py:106}}
Mar 25 20:02:02.532762 np0000160639 devstack@neutron-api.service[102898]: DEBUG neutron.plugins.ml2.drivers.ovn.mech_driver.ovsdb.ovsdb_monitor [None req-2e1e0749-f361-48b7-9cfd-547882c7a5a2 None None] Hash Ring: Node 61ad6382ce0358feafbbce6de3976ecd (host: np0000160639) handling event "create" for row 91b25c7a-b9a8-4136-94d2-f0b95eb92dc6 (table: Connection) {{(pid=102898) notify /opt/stack/neutron/neutron/plugins/ml2/drivers/ovn/mech_driver/ovsdb/ovsdb_monitor.py:912}}
Mar 25 20:02:02.532825 np0000160639 devstack@neutron-api.service[102901]: DEBUG ovsdbapp.backend.ovs_idl [None req-e9cef09a-f9c7-4933-9b1a-aa59ec3f1925 None None] Created schema index Datapath_Binding.tunnel_key {{(pid=102901) autocreate_indices /opt/stack/data/venv/lib/python3.12/site-packages/ovsdbapp/backend/ovs_idl/__init__.py:106}}
Mar 25 20:02:02.532882 np0000160639 devstack@neutron-api.service[102898]: DEBUG neutron.plugins.ml2.drivers.ovn.mech_driver.ovsdb.ovsdb_monitor [None req-2e1e0749-f361-48b7-9cfd-547882c7a5a2 None None] Hash Ring: Node 61ad6382ce0358feafbbce6de3976ecd (host: np0000160639) handling event "create" for row 96da39e7-d523-4090-ba03-c22cb40f31e8 (table: NB_Global) {{(pid=102898) notify /opt/stack/neutron/neutron/plugins/ml2/drivers/ovn/mech_driver/ovsdb/ovsdb_monitor.py:912}}
Mar 25 20:02:02.534014 np0000160639 devstack@neutron-api.service[102898]: INFO neutron.plugins.ml2.drivers.ovn.mech_driver.ovsdb.impl_idl_ovn [None req-2e1e0749-f361-48b7-9cfd-547882c7a5a2 None None] Getting OvsdbSbOvnIdl for WorkerService with retry
Mar 25 20:02:02.534397 np0000160639 devstack@neutron-api.service[102901]: INFO ovsdbapp.backend.ovs_idl.vlog [None req-e9cef09a-f9c7-4933-9b1a-aa59ec3f1925 None None] ssl:199.19.213.241:6642: connecting...
Mar 25 20:02:02.538457 np0000160639 devstack@neutron-api.service[102899]: DEBUG neutron.common.ovn.hash_ring_manager [None req-1a550309-86bc-4791-9382-21cdd6c2bb6e None None] Allow caching, nodes 4>=4 {{(pid=102899) _wait_startup_before_caching /opt/stack/neutron/neutron/common/ovn/hash_ring_manager.py:65}}
Mar 25 20:02:02.538606 np0000160639 devstack@neutron-api.service[102901]: INFO ovsdbapp.backend.ovs_idl.vlog [None req-e9cef09a-f9c7-4933-9b1a-aa59ec3f1925 None None] ssl:199.19.213.241:6642: connected
Mar 25 20:02:02.542176 np0000160639 devstack@neutron-api.service[102899]: DEBUG neutron.common.ovn.hash_ring_manager [None req-1a550309-86bc-4791-9382-21cdd6c2bb6e None None] Hash Ring loaded. 4 active nodes. 0 offline nodes {{(pid=102899) _load_hash_ring /opt/stack/neutron/neutron/common/ovn/hash_ring_manager.py:102}}
Mar 25 20:02:02.542381 np0000160639 devstack@neutron-api.service[102899]: DEBUG neutron.plugins.ml2.drivers.ovn.mech_driver.ovsdb.ovsdb_monitor [None req-1a550309-86bc-4791-9382-21cdd6c2bb6e None None] ChassisOVNAgentWriteEvent : Matched Chassis_Private, create, None None {{(pid=102899) matches /opt/stack/neutron/neutron/plugins/ml2/drivers/ovn/mech_driver/ovsdb/ovsdb_monitor.py:64}}
Mar 25 20:02:02.542494 np0000160639 devstack@neutron-api.service[102899]: DEBUG neutron.plugins.ml2.drivers.ovn.mech_driver.ovsdb.ovsdb_monitor [None req-1a550309-86bc-4791-9382-21cdd6c2bb6e None None] ChassisAgentWriteEvent : Matched Chassis_Private, create, None None {{(pid=102899) matches /opt/stack/neutron/neutron/plugins/ml2/drivers/ovn/mech_driver/ovsdb/ovsdb_monitor.py:64}}
Mar 25 20:02:02.543033 np0000160639 devstack@neutron-api.service[102899]: DEBUG neutron.plugins.ml2.drivers.ovn.mech_driver.ovsdb.ovsdb_monitor [None req-1a550309-86bc-4791-9382-21cdd6c2bb6e None None] Hash Ring: Node 8b8fa197577d58ab8723963fe3902a8e (host: np0000160639) handling event "create" for row f3aed722-3142-4901-a803-2d1d81cc17fa (table: Encap) {{(pid=102899) notify /opt/stack/neutron/neutron/plugins/ml2/drivers/ovn/mech_driver/ovsdb/ovsdb_monitor.py:912}}
Mar 25 20:02:02.544476 np0000160639 devstack@neutron-api.service[102899]: INFO neutron.plugins.ml2.drivers.ovn.mech_driver.mech_driver [None req-1a550309-86bc-4791-9382-21cdd6c2bb6e None None] WorkerService process has finished the post initialization
Mar 25 20:02:02.545588 np0000160639 devstack@neutron-api.service[102899]: WSGI app 0 (mountpoint='') ready in 7 seconds on interpreter 0x7018d98a3668 pid: 102899 (default app)
Mar 25 20:02:02.559367 np0000160639 devstack@neutron-api.service[102898]: DEBUG ovsdbapp.backend.ovs_idl [None req-2e1e0749-f361-48b7-9cfd-547882c7a5a2 None None] Created lookup_table index Chassis.name {{(pid=102898) autocreate_indices /opt/stack/data/venv/lib/python3.12/site-packages/ovsdbapp/backend/ovs_idl/__init__.py:87}}
Mar 25 20:02:02.559489 np0000160639 devstack@neutron-api.service[102898]: DEBUG ovsdbapp.backend.ovs_idl [None req-2e1e0749-f361-48b7-9cfd-547882c7a5a2 None None] Created lookup_table index Port_Binding.logical_port {{(pid=102898) autocreate_indices /opt/stack/data/venv/lib/python3.12/site-packages/ovsdbapp/backend/ovs_idl/__init__.py:87}}
Mar 25 20:02:02.559578 np0000160639 devstack@neutron-api.service[102898]: DEBUG ovsdbapp.backend.ovs_idl [None req-2e1e0749-f361-48b7-9cfd-547882c7a5a2 None None] Created schema index Chassis_Private.name {{(pid=102898) autocreate_indices /opt/stack/data/venv/lib/python3.12/site-packages/ovsdbapp/backend/ovs_idl/__init__.py:106}}
Mar 25 20:02:02.559658 np0000160639 devstack@neutron-api.service[102898]: DEBUG ovsdbapp.backend.ovs_idl [None req-2e1e0749-f361-48b7-9cfd-547882c7a5a2 None None] Created schema index Datapath_Binding.tunnel_key {{(pid=102898) autocreate_indices /opt/stack/data/venv/lib/python3.12/site-packages/ovsdbapp/backend/ovs_idl/__init__.py:106}}
Mar 25 20:02:02.561596 np0000160639 devstack@neutron-api.service[102898]: INFO ovsdbapp.backend.ovs_idl.vlog [None req-2e1e0749-f361-48b7-9cfd-547882c7a5a2 None None] ssl:199.19.213.241:6642: connecting...
Mar 25 20:02:02.603139 np0000160639 devstack@neutron-api.service[102898]: INFO ovsdbapp.backend.ovs_idl.vlog [None req-2e1e0749-f361-48b7-9cfd-547882c7a5a2 None None] ssl:199.19.213.241:6642: connected
Mar 25 20:02:02.608647 np0000160639 devstack@neutron-api.service[102901]: DEBUG neutron.common.ovn.hash_ring_manager [None req-e9cef09a-f9c7-4933-9b1a-aa59ec3f1925 None None] Allow caching, nodes 4>=4 {{(pid=102901) _wait_startup_before_caching /opt/stack/neutron/neutron/common/ovn/hash_ring_manager.py:65}}
Mar 25 20:02:02.613568 np0000160639 devstack@neutron-api.service[102901]: DEBUG neutron.common.ovn.hash_ring_manager [None req-e9cef09a-f9c7-4933-9b1a-aa59ec3f1925 None None] Hash Ring loaded. 4 active nodes. 0 offline nodes {{(pid=102901) _load_hash_ring /opt/stack/neutron/neutron/common/ovn/hash_ring_manager.py:102}}
Mar 25 20:02:02.613831 np0000160639 devstack@neutron-api.service[102901]: DEBUG neutron.plugins.ml2.drivers.ovn.mech_driver.ovsdb.ovsdb_monitor [None req-e9cef09a-f9c7-4933-9b1a-aa59ec3f1925 None None] Hash Ring: Node 2899a275651a51d49da5946183f0b497 (host: np0000160639) handling event "create" for row c311c754-beed-43c1-898b-d07d8f2aebb1 (table: Chassis) {{(pid=102901) notify /opt/stack/neutron/neutron/plugins/ml2/drivers/ovn/mech_driver/ovsdb/ovsdb_monitor.py:912}}
Mar 25 20:02:02.614919 np0000160639 devstack@neutron-api.service[102901]: DEBUG ovsdbapp.backend.ovs_idl.event [None req-e9cef09a-f9c7-4933-9b1a-aa59ec3f1925 None None] Matched CREATE: ChassisBandwidthConfigEvent(events=('create', 'update'), table='Chassis', conditions=None, old_conditions=None), priority=20 to row=Chassis(uuid=c311c754-beed-43c1-898b-d07d8f2aebb1, encaps=[f3aed722-3142-4901-a803-2d1d81cc17fa], external_ids={}, hostname='np0000160639', name='dbcd568a-b777-4b42-bd53-17d660a3a715', nb_cfg=0, other_config={'ct-commit-nat-v2': 'true', 'ct-commit-to-zone': 'true', 'ct-next-zone': 'true', 'ct-no-masked-label': 'true', 'ct-state-save': 'true', 'datapath-type': 'system', 'fdb-timestamp': 'true', 'iface-types': 'afxdp,afxdp-nonpmd,bareudp,erspan,geneve,gre,gtpu,internal,ip6erspan,ip6gre,lisp,patch,srv6,stt,system,tap,vxlan', 'is-interconn': 'false', 'ls-dpg-column': 'true', 'mac-binding-timestamp': 'true', 'ovn-bridge-mappings': 'public:br-ex', 'ovn-chassis-mac-mappings': '', 'ovn-cms-options': 'enable-chassis-as-gw', 'ovn-ct-lb-related': 'true', 'ovn-enable-lflow-cache': 'true', 'ovn-limit-lflow-cache': '', 'ovn-memlimit-lflow-cache-kb': '', 'ovn-monitor-all': 'false', 'ovn-trim-limit-lflow-cache': '', 'ovn-trim-timeout-ms': '', 'ovn-trim-wmark-perc-lflow-cache': '', 'port-up-notif': 'true'}, transport_zones=[], vtep_logical_switches=[]) old= {{(pid=102901) matches /opt/stack/data/venv/lib/python3.12/site-packages/ovsdbapp/backend/ovs_idl/event.py:55}}
Mar 25 20:02:02.615621 np0000160639 devstack@neutron-api.service[102901]: DEBUG neutron.plugins.ml2.drivers.ovn.mech_driver.ovsdb.ovsdb_monitor [None req-e9cef09a-f9c7-4933-9b1a-aa59ec3f1925 None None] ChassisOVNAgentWriteEvent : Matched Chassis_Private, create, None None {{(pid=102901) matches /opt/stack/neutron/neutron/plugins/ml2/drivers/ovn/mech_driver/ovsdb/ovsdb_monitor.py:64}}
Mar 25 20:02:02.615788 np0000160639 devstack@neutron-api.service[102901]: DEBUG neutron.plugins.ml2.drivers.ovn.mech_driver.ovsdb.ovsdb_monitor [None req-e9cef09a-f9c7-4933-9b1a-aa59ec3f1925 None None] ChassisAgentWriteEvent : Matched Chassis_Private, create, None None {{(pid=102901) matches /opt/stack/neutron/neutron/plugins/ml2/drivers/ovn/mech_driver/ovsdb/ovsdb_monitor.py:64}}
Mar 25 20:02:02.616140 np0000160639 devstack@neutron-api.service[102901]: DEBUG neutron.plugins.ml2.drivers.ovn.mech_driver.ovsdb.ovsdb_monitor [None req-e9cef09a-f9c7-4933-9b1a-aa59ec3f1925 None None] Hash Ring: Node 2899a275651a51d49da5946183f0b497 (host: np0000160639) handling event "create" for row 220fa3b6-a81a-47fb-b412-aaef581243bd (table: Chassis_Private) {{(pid=102901) notify /opt/stack/neutron/neutron/plugins/ml2/drivers/ovn/mech_driver/ovsdb/ovsdb_monitor.py:912}}
Mar 25 20:02:02.617558 np0000160639 devstack@neutron-api.service[102901]: INFO neutron.plugins.ml2.drivers.ovn.mech_driver.mech_driver [None req-e9cef09a-f9c7-4933-9b1a-aa59ec3f1925 None None] WorkerService process has finished the post initialization
Mar 25 20:02:02.618555 np0000160639 devstack@neutron-api.service[102901]: INFO neutron.plugins.ml2.drivers.ovn.mech_driver.ovsdb.extensions.qos [-] Starting OVNClientQosExtension
Mar 25 20:02:02.618796 np0000160639 devstack@neutron-api.service[102901]: INFO neutron.plugins.ml2.drivers.ovn.mech_driver.ovsdb.extensions.placement [-] Starting OVNClientPlacementExtension
Mar 25 20:02:02.620646 np0000160639 devstack@neutron-api.service[102901]: WSGI app 0 (mountpoint='') ready in 7 seconds on interpreter 0x7018d98a3668 pid: 102901 (default app)
Mar 25 20:02:02.627541 np0000160639 devstack@neutron-api.service[102898]: DEBUG neutron.common.ovn.hash_ring_manager [None req-2e1e0749-f361-48b7-9cfd-547882c7a5a2 None None] Allow caching, nodes 4>=4 {{(pid=102898) _wait_startup_before_caching /opt/stack/neutron/neutron/common/ovn/hash_ring_manager.py:65}}
Mar 25 20:02:02.630617 np0000160639 devstack@neutron-api.service[102898]: DEBUG neutron.common.ovn.hash_ring_manager [None req-2e1e0749-f361-48b7-9cfd-547882c7a5a2 None None] Hash Ring loaded. 4 active nodes. 0 offline nodes {{(pid=102898) _load_hash_ring /opt/stack/neutron/neutron/common/ovn/hash_ring_manager.py:102}}
Mar 25 20:02:02.630764 np0000160639 devstack@neutron-api.service[102898]: DEBUG neutron.plugins.ml2.drivers.ovn.mech_driver.ovsdb.ovsdb_monitor [None req-2e1e0749-f361-48b7-9cfd-547882c7a5a2 None None] ChassisAgentWriteEvent : Matched Chassis_Private, create, None None {{(pid=102898) matches /opt/stack/neutron/neutron/plugins/ml2/drivers/ovn/mech_driver/ovsdb/ovsdb_monitor.py:64}}
Mar 25 20:02:02.630922 np0000160639 devstack@neutron-api.service[102898]: DEBUG neutron.plugins.ml2.drivers.ovn.mech_driver.ovsdb.ovsdb_monitor [None req-2e1e0749-f361-48b7-9cfd-547882c7a5a2 None None] ChassisOVNAgentWriteEvent : Matched Chassis_Private, create, None None {{(pid=102898) matches /opt/stack/neutron/neutron/plugins/ml2/drivers/ovn/mech_driver/ovsdb/ovsdb_monitor.py:64}}
Mar 25 20:02:02.633045 np0000160639 devstack@neutron-api.service[102898]: INFO neutron.plugins.ml2.drivers.ovn.mech_driver.mech_driver [None req-2e1e0749-f361-48b7-9cfd-547882c7a5a2 None None] WorkerService process has finished the post initialization
Mar 25 20:02:02.634233 np0000160639 devstack@neutron-api.service[102898]: WSGI app 0 (mountpoint='') ready in 7 seconds on interpreter 0x7018d98a3668 pid: 102898 (default app)
Mar 25 20:02:04.527563 np0000160639 devstack@neutron-api.service[102898]: DEBUG neutron.plugins.ml2.drivers.ovn.mech_driver.ovsdb.ovsdb_monitor [-] Hash Ring: Node 61ad6382ce0358feafbbce6de3976ecd (host: np0000160639) handling event "update" for row 91b25c7a-b9a8-4136-94d2-f0b95eb92dc6 (table: Connection) {{(pid=102898) notify /opt/stack/neutron/neutron/plugins/ml2/drivers/ovn/mech_driver/ovsdb/ovsdb_monitor.py:912}}
Mar 25 20:02:04.531221 np0000160639 devstack@neutron-api.service[102900]: DEBUG neutron.common.ovn.hash_ring_manager [-] Allow caching, nodes 4>=4 {{(pid=102900) _wait_startup_before_caching /opt/stack/neutron/neutron/common/ovn/hash_ring_manager.py:65}}
Mar 25 20:02:04.531773 np0000160639 devstack@neutron-api.service[102900]: DEBUG neutron.plugins.ml2.drivers.ovn.mech_driver.ovsdb.ovsdb_monitor [-] Hash Ring: Node 6872c9a0879e5e9ab8971838b0602352 (host: np0000160639) handling event "update" for row 91b25c7a-b9a8-4136-94d2-f0b95eb92dc6 (table: Connection) {{(pid=102900) notify /opt/stack/neutron/neutron/plugins/ml2/drivers/ovn/mech_driver/ovsdb/ovsdb_monitor.py:912}}
Mar 25 20:02:07.791267 np0000160639 devstack@neutron-api.service[102900]: DEBUG neutron.api.wsgi [None req-983ac25f-47ad-47da-80d3-5a9dc41563e7 admin admin] Missing Content-Type {{(pid=102900) get_content_type /opt/stack/neutron/neutron/api/wsgi.py:85}}
Mar 25 20:02:07.791813 np0000160639 devstack@neutron-api.service[102900]: DEBUG neutron.api.wsgi [None req-983ac25f-47ad-47da-80d3-5a9dc41563e7 admin admin] https://199.19.213.241/networking/v2.0/extensions returned with HTTP 200 {{(pid=102900) __call__ /opt/stack/neutron/neutron/api/wsgi.py:545}}
Mar 25 20:02:07.792048 np0000160639 devstack@neutron-api.service[102900]: [pid: 102900|app: 0|req: 2/2] 199.19.213.241 () {64 vars in 1323 bytes} [Wed Mar 25 20:02:07 2026] GET /networking/v2.0/extensions => generated 15208 bytes in 254 msecs (HTTP/1.1 200) 4 headers in 159 bytes (1 switches on core 0)
Mar 25 20:02:08.175608 np0000160639 devstack@neutron-api.service[102899]: DEBUG neutron.api.v2.base [None req-0bd87866-0ec8-4814-ae2b-5d1286b6dcfe admin admin] Request body: {'subnetpool': {'default_prefixlen': 26, 'is_default': True, 'prefixes': ['10.1.0.0/20'], 'name': 'shared-default-subnetpool-v4', 'shared': True}} {{(pid=102899) prepare_request_body /opt/stack/neutron/neutron/api/v2/base.py:729}}
Mar 25 20:02:08.370563 np0000160639 devstack@neutron-api.service[102899]: DEBUG neutron.policy [None req-0bd87866-0ec8-4814-ae2b-5d1286b6dcfe admin admin] Loaded default policies from ['neutron'] under neutron.policies entry points {{(pid=102899) register_rules /opt/stack/neutron/neutron/policy.py:65}}
Mar 25 20:02:08.512929 np0000160639 devstack@neutron-api.service[102899]: DEBUG neutron_lib.callbacks.manager [None req-0bd87866-0ec8-4814-ae2b-5d1286b6dcfe admin admin] Publish callbacks ['neutron.objects.securitygroup.RbacNeutronDbObjectMixin.validate_rbac_policy_change-1304247454471', 'neutron.objects.address_group.RbacNeutronDbObjectMixin.validate_rbac_policy_change-1304247477406', 'neutron.objects.network.RbacNeutronDbObjectMixin.validate_rbac_policy_change-1304247358390', 'neutron.objects.qos.policy.RbacNeutronDbObjectMixin.validate_rbac_policy_change-1304247375946', 'neutron.objects.subnetpool.RbacNeutronDbObjectMixin.validate_rbac_policy_change-1304247357085', 'neutron.objects.address_scope.RbacNeutronDbObjectMixin.validate_rbac_policy_change-1304247145624', 'neutron.plugins.ml2.plugin.External_net_db_mixin._process_ext_policy_create-6485140', 'neutron.plugins.ml2.plugin.NeutronDbPluginV2.validate_network_rbac_policy_change-6479348'] for rbac-policy (None), before_create {{(pid=102899) _notify_loop /opt/stack/data/venv/lib/python3.12/site-packages/neutron_lib/callbacks/manager.py:184}}
Mar 25 20:02:08.556745 np0000160639 devstack@neutron-api.service[102899]: DEBUG neutron_lib.callbacks.manager [None req-0bd87866-0ec8-4814-ae2b-5d1286b6dcfe admin admin] Publish callbacks [] for subnetpool (None), before_response {{(pid=102899) _notify_loop /opt/stack/data/venv/lib/python3.12/site-packages/neutron_lib/callbacks/manager.py:184}}
Mar 25 20:02:08.557258 np0000160639 devstack@neutron-api.service[102899]: [pid: 102899|app: 0|req: 1/3] 199.19.213.241 () {68 vars in 1367 bytes} [Wed Mar 25 20:02:08 2026] POST /networking/v2.0/subnetpools => generated 533 bytes in 497 msecs (HTTP/1.1 201) 4 headers in 162 bytes (1 switches on core 0)
Mar 25 20:02:08.878491 np0000160639 devstack@neutron-api.service[102901]: DEBUG neutron.api.v2.base [None req-3a79a8d9-a057-476f-835c-d64b166bd034 admin admin] Request body: {'subnetpool': {'default_prefixlen': 64, 'is_default': True, 'prefixes': ['fd26:ad0b:2542::/56'], 'name': 'shared-default-subnetpool-v6', 'shared': True}} {{(pid=102901) prepare_request_body /opt/stack/neutron/neutron/api/v2/base.py:729}}
Mar 25 20:02:09.049579 np0000160639 devstack@neutron-api.service[102901]: DEBUG neutron.policy [None req-3a79a8d9-a057-476f-835c-d64b166bd034 admin admin] Loaded default policies from ['neutron'] under neutron.policies entry points {{(pid=102901) register_rules /opt/stack/neutron/neutron/policy.py:65}}
Mar 25 20:02:09.184004 np0000160639 devstack@neutron-api.service[102901]: DEBUG neutron_lib.callbacks.manager [None req-3a79a8d9-a057-476f-835c-d64b166bd034 admin admin] Publish callbacks ['neutron.objects.securitygroup.RbacNeutronDbObjectMixin.validate_rbac_policy_change-1304247225339', 'neutron.objects.address_group.RbacNeutronDbObjectMixin.validate_rbac_policy_change-1304247216039', 'neutron.objects.network.RbacNeutronDbObjectMixin.validate_rbac_policy_change-1304247201564', 'neutron.objects.qos.policy.RbacNeutronDbObjectMixin.validate_rbac_policy_change-1304247197811', 'neutron.objects.subnetpool.RbacNeutronDbObjectMixin.validate_rbac_policy_change-1304247184246', 'neutron.objects.address_scope.RbacNeutronDbObjectMixin.validate_rbac_policy_change-1304247169048', 'neutron.plugins.ml2.plugin.External_net_db_mixin._process_ext_policy_create-6582708', 'neutron.plugins.ml2.plugin.NeutronDbPluginV2.validate_network_rbac_policy_change-6563092'] for rbac-policy (None), before_create {{(pid=102901) _notify_loop /opt/stack/data/venv/lib/python3.12/site-packages/neutron_lib/callbacks/manager.py:184}}
Mar 25 20:02:09.222231 np0000160639 devstack@neutron-api.service[102901]: DEBUG neutron_lib.callbacks.manager [None req-3a79a8d9-a057-476f-835c-d64b166bd034 admin admin] Publish callbacks [] for subnetpool (None), before_response {{(pid=102901) _notify_loop /opt/stack/data/venv/lib/python3.12/site-packages/neutron_lib/callbacks/manager.py:184}}
Mar 25 20:02:09.222709 np0000160639 devstack@neutron-api.service[102901]: [pid: 102901|app: 0|req: 1/4] 199.19.213.241 () {68 vars in 1367 bytes} [Wed Mar 25 20:02:08 2026] POST /networking/v2.0/subnetpools => generated 543 bytes in 452 msecs (HTTP/1.1 201) 4 headers in 162 bytes (1 switches on core 0)
Mar 25 20:02:09.632979 np0000160639 devstack@neutron-api.service[102898]: DEBUG neutron.api.v2.base [None req-e6fd7d44-d3ac-4dd5-9a9e-f532f003dcc8 admin admin] Request body: {'network': {'name': 'private', 'admin_state_up': True}} {{(pid=102898) prepare_request_body /opt/stack/neutron/neutron/api/v2/base.py:729}}
Mar 25 20:02:09.663504 np0000160639 devstack@neutron-api.service[102898]: DEBUG neutron.pecan_wsgi.hooks.quota_enforcement [None req-e6fd7d44-d3ac-4dd5-9a9e-f532f003dcc8 admin admin] Made reservation on behalf of cb9e0fad8c1948fcbe1f8e075ba9f5e6 for: {'network': 1} {{(pid=102898) before /opt/stack/neutron/neutron/pecan_wsgi/hooks/quota_enforcement.py:66}}
Mar 25 20:02:09.837387 np0000160639 devstack@neutron-api.service[102898]: DEBUG neutron.policy [None req-e6fd7d44-d3ac-4dd5-9a9e-f532f003dcc8 admin admin] Loaded default policies from ['neutron'] under neutron.policies entry points {{(pid=102898) register_rules /opt/stack/neutron/neutron/policy.py:65}}
Mar 25 20:02:09.937124 np0000160639 devstack@neutron-api.service[102898]: DEBUG neutron_lib.callbacks.manager [None req-e6fd7d44-d3ac-4dd5-9a9e-f532f003dcc8 admin admin] Publish callbacks ['neutron.plugins.ml2.plugin.SecurityGroupDbMixin._ensure_default_security_group_handler-1896026'] for network (None), before_create {{(pid=102898) _notify_loop /opt/stack/data/venv/lib/python3.12/site-packages/neutron_lib/callbacks/manager.py:184}}
Mar 25 20:02:09.956319 np0000160639 devstack@neutron-api.service[102898]: DEBUG neutron_lib.callbacks.manager [None req-e6fd7d44-d3ac-4dd5-9a9e-f532f003dcc8 admin admin] Publish callbacks [] for security_group (None), before_create {{(pid=102898) _notify_loop /opt/stack/data/venv/lib/python3.12/site-packages/neutron_lib/callbacks/manager.py:184}}
Mar 25 20:02:10.040734 np0000160639 devstack@neutron-api.service[102898]: DEBUG neutron_lib.callbacks.manager [None req-e6fd7d44-d3ac-4dd5-9a9e-f532f003dcc8 admin admin] Publish callbacks ['neutron.plugins.ml2.drivers.ovn.mech_driver.mech_driver.OVNMechanismDriver._create_security_group_precommit-375259'] for security_group (f3caee01-092d-4b67-bbb3-9cdb1c1719e2), precommit_create {{(pid=102898) _notify_loop /opt/stack/data/venv/lib/python3.12/site-packages/neutron_lib/callbacks/manager.py:184}}
Mar 25 20:02:10.040964 np0000160639 devstack@neutron-api.service[102898]: DEBUG neutron.db.ovn_revision_numbers_db [None req-e6fd7d44-d3ac-4dd5-9a9e-f532f003dcc8 admin admin] create_initial_revision uuid=f3caee01-092d-4b67-bbb3-9cdb1c1719e2, type=security_groups, rev=-1 {{(pid=102898) create_initial_revision /opt/stack/neutron/neutron/db/ovn_revision_numbers_db.py:98}}
Mar 25 20:02:10.043016 np0000160639 devstack@neutron-api.service[102898]: DEBUG neutron.db.ovn_revision_numbers_db [None req-e6fd7d44-d3ac-4dd5-9a9e-f532f003dcc8 admin admin] create_initial_revision uuid=0b1bf2d7-adf7-4b7d-89d8-d18d94627f48, type=security_group_rules, rev=-1 {{(pid=102898) create_initial_revision /opt/stack/neutron/neutron/db/ovn_revision_numbers_db.py:98}}
Mar 25 20:02:10.043978 np0000160639 devstack@neutron-api.service[102898]: DEBUG neutron.db.ovn_revision_numbers_db [None req-e6fd7d44-d3ac-4dd5-9a9e-f532f003dcc8 admin admin] create_initial_revision uuid=1c1bf1d1-83c4-4703-99d7-3c294addea29, type=security_group_rules, rev=-1 {{(pid=102898) create_initial_revision /opt/stack/neutron/neutron/db/ovn_revision_numbers_db.py:98}}
Mar 25 20:02:10.045302 np0000160639 devstack@neutron-api.service[102898]: DEBUG neutron.db.ovn_revision_numbers_db [None req-e6fd7d44-d3ac-4dd5-9a9e-f532f003dcc8 admin admin] create_initial_revision uuid=9142217e-af74-4af9-b350-fdecc6d78ef9, type=security_group_rules, rev=-1 {{(pid=102898) create_initial_revision /opt/stack/neutron/neutron/db/ovn_revision_numbers_db.py:98}}
Mar 25 20:02:10.046311 np0000160639 devstack@neutron-api.service[102898]: DEBUG neutron.db.ovn_revision_numbers_db [None req-e6fd7d44-d3ac-4dd5-9a9e-f532f003dcc8 admin admin] create_initial_revision uuid=ef79228b-a9e5-4c0a-8e4a-99e87ab8b73f, type=security_group_rules, rev=-1 {{(pid=102898) create_initial_revision /opt/stack/neutron/neutron/db/ovn_revision_numbers_db.py:98}}
Mar 25 20:02:10.054164 np0000160639 devstack@neutron-api.service[102898]: DEBUG neutron_lib.callbacks.manager [None req-e6fd7d44-d3ac-4dd5-9a9e-f532f003dcc8 admin admin] Publish callbacks ['neutron.plugins.ml2.drivers.ovn.mech_driver.mech_driver.OVNMechanismDriver._create_security_group-375237', 'neutron.plugins.ml2.ovo_rpc._ObjectChangeHandler.handle_event-4177088'] for security_group (f3caee01-092d-4b67-bbb3-9cdb1c1719e2), after_create {{(pid=102898) _notify_loop /opt/stack/data/venv/lib/python3.12/site-packages/neutron_lib/callbacks/manager.py:184}}
Mar 25 20:02:10.054412 np0000160639 devstack@neutron-api.service[102898]: INFO neutron.plugins.ml2.drivers.ovn.mech_driver.ovsdb.extensions.qos [None req-e6fd7d44-d3ac-4dd5-9a9e-f532f003dcc8 admin admin] Starting OVNClientQosExtension
Mar 25 20:02:10.054412 np0000160639 devstack@neutron-api.service[102898]: INFO neutron.plugins.ml2.drivers.ovn.mech_driver.ovsdb.extensions.placement [None req-e6fd7d44-d3ac-4dd5-9a9e-f532f003dcc8 admin admin] Starting OVNClientPlacementExtension
Mar 25 20:02:10.055687 np0000160639 devstack@neutron-api.service[102898]: DEBUG ovsdbapp.backend.ovs_idl.transaction [-] Running txn n=1 command(idx=0): PgAddCommand(_result=None, name=pg_f3caee01_092d_4b67_bbb3_9cdb1c1719e2, may_exist=False, columns={'acls': [], 'external_ids': {'neutron:security_group_id': 'f3caee01-092d-4b67-bbb3-9cdb1c1719e2'}}) {{(pid=102898) do_commit /opt/stack/data/venv/lib/python3.12/site-packages/ovsdbapp/backend/ovs_idl/transaction.py:89}}
Mar 25 20:02:10.057813 np0000160639 devstack@neutron-api.service[102898]: DEBUG ovsdbapp.backend.ovs_idl.transaction [-] Running txn n=1 command(idx=1): PgAclAddCommand(_result=None, entity=pg_f3caee01_092d_4b67_bbb3_9cdb1c1719e2, direction=from-lport, priority=1002, match=inport == @pg_f3caee01_092d_4b67_bbb3_9cdb1c1719e2 && ip4, action=allow-related, log=False, may_exist=True, severity=[], name=[], meter=[], external_ids={'neutron:security_group_rule_id': '0b1bf2d7-adf7-4b7d-89d8-d18d94627f48'}) {{(pid=102898) do_commit /opt/stack/data/venv/lib/python3.12/site-packages/ovsdbapp/backend/ovs_idl/transaction.py:89}}
Mar 25 20:02:10.058540 np0000160639 devstack@neutron-api.service[102898]: DEBUG ovsdbapp.backend.ovs_idl.transaction [-] Running txn n=1 command(idx=2): PgAclAddCommand(_result=None, entity=pg_f3caee01_092d_4b67_bbb3_9cdb1c1719e2, direction=from-lport, priority=1002, match=inport == @pg_f3caee01_092d_4b67_bbb3_9cdb1c1719e2 && ip6, action=allow-related, log=False, may_exist=True, severity=[], name=[], meter=[], external_ids={'neutron:security_group_rule_id': '1c1bf1d1-83c4-4703-99d7-3c294addea29'}) {{(pid=102898) do_commit /opt/stack/data/venv/lib/python3.12/site-packages/ovsdbapp/backend/ovs_idl/transaction.py:89}}
Mar 25 20:02:10.059012 np0000160639 devstack@neutron-api.service[102898]: DEBUG ovsdbapp.backend.ovs_idl.transaction [-] Running txn n=1 command(idx=3): PgAclAddCommand(_result=None, entity=pg_f3caee01_092d_4b67_bbb3_9cdb1c1719e2, direction=to-lport, priority=1002, match=outport == @pg_f3caee01_092d_4b67_bbb3_9cdb1c1719e2 && ip6 && ip6.src == $pg_f3caee01_092d_4b67_bbb3_9cdb1c1719e2_ip6, action=allow-related, log=False, may_exist=True, severity=[], name=[], meter=[], external_ids={'neutron:security_group_rule_id': '9142217e-af74-4af9-b350-fdecc6d78ef9'}) {{(pid=102898) do_commit /opt/stack/data/venv/lib/python3.12/site-packages/ovsdbapp/backend/ovs_idl/transaction.py:89}}
Mar 25 20:02:10.059425 np0000160639 devstack@neutron-api.service[102898]: DEBUG ovsdbapp.backend.ovs_idl.transaction [-] Running txn n=1 command(idx=4): PgAclAddCommand(_result=None, entity=pg_f3caee01_092d_4b67_bbb3_9cdb1c1719e2, direction=to-lport, priority=1002, match=outport == @pg_f3caee01_092d_4b67_bbb3_9cdb1c1719e2 && ip4 && ip4.src == $pg_f3caee01_092d_4b67_bbb3_9cdb1c1719e2_ip4, action=allow-related, log=False, may_exist=True, severity=[], name=[], meter=[], external_ids={'neutron:security_group_rule_id': 'ef79228b-a9e5-4c0a-8e4a-99e87ab8b73f'}) {{(pid=102898) do_commit /opt/stack/data/venv/lib/python3.12/site-packages/ovsdbapp/backend/ovs_idl/transaction.py:89}}
Mar 25 20:02:10.068397 np0000160639 devstack@neutron-api.service[102901]: DEBUG neutron.plugins.ml2.drivers.ovn.mech_driver.ovsdb.ovsdb_monitor [-] Hash Ring: Node 2899a275651a51d49da5946183f0b497 (host: np0000160639) handling event "create" for row 392fbed6-c122-407a-b398-a8b869bd4c76 (table: ACL) {{(pid=102901) notify /opt/stack/neutron/neutron/plugins/ml2/drivers/ovn/mech_driver/ovsdb/ovsdb_monitor.py:912}}
Mar 25 20:02:10.069011 np0000160639 devstack@neutron-api.service[102899]: DEBUG neutron.plugins.ml2.drivers.ovn.mech_driver.ovsdb.ovsdb_monitor [-] Hash Ring: Node 8b8fa197577d58ab8723963fe3902a8e (host: np0000160639) handling event "create" for row 7cb15466-6b59-4656-82ed-d6f7435f19d2 (table: ACL) {{(pid=102899) notify /opt/stack/neutron/neutron/plugins/ml2/drivers/ovn/mech_driver/ovsdb/ovsdb_monitor.py:912}}
Mar 25 20:02:10.070539 np0000160639 devstack@neutron-api.service[102900]: DEBUG neutron.plugins.ml2.drivers.ovn.mech_driver.ovsdb.ovsdb_monitor [-] Hash Ring: Node 6872c9a0879e5e9ab8971838b0602352 (host: np0000160639) handling event "create" for row 392fbed6-c122-407a-b398-a8b869bd4c76 (table: ACL) {{(pid=102900) notify /opt/stack/neutron/neutron/plugins/ml2/drivers/ovn/mech_driver/ovsdb/ovsdb_monitor.py:912}}
Mar 25 20:02:10.070802 np0000160639 devstack@neutron-api.service[102900]: DEBUG neutron.plugins.ml2.drivers.ovn.mech_driver.ovsdb.ovsdb_monitor [-] Hash Ring: Node 6872c9a0879e5e9ab8971838b0602352 (host: np0000160639) handling event "create" for row 7cb15466-6b59-4656-82ed-d6f7435f19d2 (table: ACL) {{(pid=102900) notify /opt/stack/neutron/neutron/plugins/ml2/drivers/ovn/mech_driver/ovsdb/ovsdb_monitor.py:912}}
Mar 25 20:02:10.070892 np0000160639 devstack@neutron-api.service[102900]: DEBUG neutron.plugins.ml2.drivers.ovn.mech_driver.ovsdb.ovsdb_monitor [-] Hash Ring: Node 6872c9a0879e5e9ab8971838b0602352 (host: np0000160639) handling event "create" for row 8a5a3c6d-b699-4fb7-bf8f-5f6ef7a52ee5 (table: ACL) {{(pid=102900) notify /opt/stack/neutron/neutron/plugins/ml2/drivers/ovn/mech_driver/ovsdb/ovsdb_monitor.py:912}}
Mar 25 20:02:10.071064 np0000160639 devstack@neutron-api.service[102900]: DEBUG neutron.plugins.ml2.drivers.ovn.mech_driver.ovsdb.ovsdb_monitor [-] Hash Ring: Node 6872c9a0879e5e9ab8971838b0602352 (host: np0000160639) handling event "create" for row be0218eb-726a-41c8-8153-8cea679e4f59 (table: ACL) {{(pid=102900) notify /opt/stack/neutron/neutron/plugins/ml2/drivers/ovn/mech_driver/ovsdb/ovsdb_monitor.py:912}}
Mar 25 20:02:10.071220 np0000160639 devstack@neutron-api.service[102900]: DEBUG neutron.plugins.ml2.drivers.ovn.mech_driver.ovsdb.ovsdb_monitor [-] Hash Ring: Node 6872c9a0879e5e9ab8971838b0602352 (host: np0000160639) handling event "create" for row 5487eb20-c454-4cf3-8fa8-0658de247b2e (table: Port_Group) {{(pid=102900) notify /opt/stack/neutron/neutron/plugins/ml2/drivers/ovn/mech_driver/ovsdb/ovsdb_monitor.py:912}}
Mar 25 20:02:10.104169 np0000160639 devstack@neutron-api.service[102898]: INFO neutron.db.ovn_revision_numbers_db [None req-e6fd7d44-d3ac-4dd5-9a9e-f532f003dcc8 admin admin] Successfully bumped revision number for resource f3caee01-092d-4b67-bbb3-9cdb1c1719e2 (type: security_groups) to 1
Mar 25 20:02:10.118691 np0000160639 devstack@neutron-api.service[102898]: INFO neutron.db.ovn_revision_numbers_db [None req-e6fd7d44-d3ac-4dd5-9a9e-f532f003dcc8 admin admin] Successfully bumped revision number for resource 0b1bf2d7-adf7-4b7d-89d8-d18d94627f48 (type: security_group_rules) to 0
Mar 25 20:02:10.129098 np0000160639 devstack@neutron-api.service[102898]: INFO neutron.db.ovn_revision_numbers_db [None req-e6fd7d44-d3ac-4dd5-9a9e-f532f003dcc8 admin admin] Successfully bumped revision number for resource 1c1bf1d1-83c4-4703-99d7-3c294addea29 (type: security_group_rules) to 0
Mar 25 20:02:10.141300 np0000160639 devstack@neutron-api.service[102898]: INFO neutron.db.ovn_revision_numbers_db [None req-e6fd7d44-d3ac-4dd5-9a9e-f532f003dcc8 admin admin] Successfully bumped revision number for resource 9142217e-af74-4af9-b350-fdecc6d78ef9 (type: security_group_rules) to 0
Mar 25 20:02:10.153568 np0000160639 devstack@neutron-api.service[102898]: INFO neutron.db.ovn_revision_numbers_db [None req-e6fd7d44-d3ac-4dd5-9a9e-f532f003dcc8 admin admin] Successfully bumped revision number for resource ef79228b-a9e5-4c0a-8e4a-99e87ab8b73f (type: security_group_rules) to 0
Mar 25 20:02:10.175873 np0000160639 devstack@neutron-api.service[102898]: DEBUG neutron.api.rpc.handlers.resources_rpc [None req-e6fd7d44-d3ac-4dd5-9a9e-f532f003dcc8 admin admin] Pushing event updated for resources: {'SecurityGroup': ['ID=f3caee01-092d-4b67-bbb3-9cdb1c1719e2,revision_number=1']} {{(pid=102898) push /opt/stack/neutron/neutron/api/rpc/handlers/resources_rpc.py:237}}
Mar 25 20:02:10.183804 np0000160639 devstack@neutron-api.service[102898]: DEBUG ovsdbapp.backend.ovs_idl.transaction [-] Running txn n=1 command(idx=0): CheckLivenessCommand(_result=None) {{(pid=102898) do_commit /opt/stack/data/venv/lib/python3.12/site-packages/ovsdbapp/backend/ovs_idl/transaction.py:89}}
Mar 25 20:02:10.186873 np0000160639 devstack@neutron-api.service[102898]: DEBUG neutron.plugins.ml2.drivers.ovn.mech_driver.ovsdb.ovsdb_monitor [-] Hash Ring: Node 61ad6382ce0358feafbbce6de3976ecd (host: np0000160639) handling event "update" for row 96da39e7-d523-4090-ba03-c22cb40f31e8 (table: NB_Global) {{(pid=102898) notify /opt/stack/neutron/neutron/plugins/ml2/drivers/ovn/mech_driver/ovsdb/ovsdb_monitor.py:912}}
Mar 25 20:02:10.187823 np0000160639 devstack@neutron-api.service[102900]: DEBUG neutron.plugins.ml2.drivers.ovn.mech_driver.ovsdb.ovsdb_monitor [-] Hash Ring: Node 6872c9a0879e5e9ab8971838b0602352 (host: np0000160639) handling event "update" for row 96da39e7-d523-4090-ba03-c22cb40f31e8 (table: NB_Global) {{(pid=102900) notify /opt/stack/neutron/neutron/plugins/ml2/drivers/ovn/mech_driver/ovsdb/ovsdb_monitor.py:912}}
Mar 25 20:02:10.190118 np0000160639 devstack@neutron-api.service[102900]: DEBUG neutron.plugins.ml2.drivers.ovn.mech_driver.ovsdb.ovsdb_monitor [-] Hash Ring: Node 6872c9a0879e5e9ab8971838b0602352 (host: np0000160639) handling event "update" for row 96da39e7-d523-4090-ba03-c22cb40f31e8 (table: NB_Global) {{(pid=102900) notify /opt/stack/neutron/neutron/plugins/ml2/drivers/ovn/mech_driver/ovsdb/ovsdb_monitor.py:912}}
Mar 25 20:02:10.191242 np0000160639 devstack@neutron-api.service[102901]: DEBUG neutron.plugins.ml2.drivers.ovn.mech_driver.ovsdb.ovsdb_monitor [-] ChassisAgentWriteEvent : Matched Chassis_Private, update, None None {{(pid=102901) matches /opt/stack/neutron/neutron/plugins/ml2/drivers/ovn/mech_driver/ovsdb/ovsdb_monitor.py:64}}
Mar 25 20:02:10.192670 np0000160639 devstack@neutron-api.service[102899]: DEBUG neutron.plugins.ml2.drivers.ovn.mech_driver.ovsdb.ovsdb_monitor [-] ChassisAgentWriteEvent : Matched Chassis_Private, update, None None {{(pid=102899) matches /opt/stack/neutron/neutron/plugins/ml2/drivers/ovn/mech_driver/ovsdb/ovsdb_monitor.py:64}}
Mar 25 20:02:10.193209 np0000160639 devstack@neutron-api.service[102898]: DEBUG neutron.api.rpc.callbacks.version_manager [None req-e6fd7d44-d3ac-4dd5-9a9e-f532f003dcc8 admin admin] Tracked resource versions report:
Mar 25 20:02:10.193209 np0000160639 devstack@neutron-api.service[102898]: pushed versions:
Mar 25 20:02:10.193209 np0000160639 devstack@neutron-api.service[102898]: { 'AddressGroup': {'1.2'},
Mar 25 20:02:10.193209 np0000160639 devstack@neutron-api.service[102898]: 'Agent': {'1.1'},
Mar 25 20:02:10.193209 np0000160639 devstack@neutron-api.service[102898]: 'ConntrackHelper': {'1.0'},
Mar 25 20:02:10.193209 np0000160639 devstack@neutron-api.service[102898]: 'LocalIPAssociation': {'1.0'},
Mar 25 20:02:10.193209 np0000160639 devstack@neutron-api.service[102898]: 'Log': {'1.0'},
Mar 25 20:02:10.193209 np0000160639 devstack@neutron-api.service[102898]: 'NDPProxy': {'1.0'},
Mar 25 20:02:10.193209 np0000160639 devstack@neutron-api.service[102898]: 'Network': {'1.2'},
Mar 25 20:02:10.193209 np0000160639 devstack@neutron-api.service[102898]: 'Port': {'1.10'},
Mar 25 20:02:10.193209 np0000160639 devstack@neutron-api.service[102898]: 'PortForwarding': {'1.3'},
Mar 25 20:02:10.193209 np0000160639 devstack@neutron-api.service[102898]: 'QosPolicy': {'1.10'},
Mar 25 20:02:10.193209 np0000160639 devstack@neutron-api.service[102898]: 'SecurityGroup': {'1.6'},
Mar 25 20:02:10.193209 np0000160639 devstack@neutron-api.service[102898]: 'SecurityGroupRule': {'1.3'},
Mar 25 20:02:10.193209 np0000160639 devstack@neutron-api.service[102898]: 'SubPort': {'1.0'},
Mar 25 20:02:10.193209 np0000160639 devstack@neutron-api.service[102898]: 'Subnet': {'1.2'},
Mar 25 20:02:10.193209 np0000160639 devstack@neutron-api.service[102898]: 'Trunk': {'1.1'}}
Mar 25 20:02:10.193209 np0000160639 devstack@neutron-api.service[102898]: consumer versions:
Mar 25 20:02:10.193209 np0000160639 devstack@neutron-api.service[102898]: {}
Mar 25 20:02:10.193209 np0000160639 devstack@neutron-api.service[102898]: {{(pid=102898) report /opt/stack/neutron/neutron/api/rpc/callbacks/version_manager.py:183}}
Mar 25 20:02:10.194332 np0000160639 devstack@neutron-api.service[102901]: DEBUG neutron.plugins.ml2.drivers.ovn.mech_driver.ovsdb.ovsdb_monitor [-] Hash Ring: Node 2899a275651a51d49da5946183f0b497 (host: np0000160639) handling event "update" for row 220fa3b6-a81a-47fb-b412-aaef581243bd (table: Chassis_Private) {{(pid=102901) notify /opt/stack/neutron/neutron/plugins/ml2/drivers/ovn/mech_driver/ovsdb/ovsdb_monitor.py:912}}
Mar 25 20:02:10.194468 np0000160639 devstack@neutron-api.service[102900]: DEBUG neutron.plugins.ml2.drivers.ovn.mech_driver.ovsdb.ovsdb_monitor [-] ChassisAgentWriteEvent : Matched Chassis_Private, update, None None {{(pid=102900) matches /opt/stack/neutron/neutron/plugins/ml2/drivers/ovn/mech_driver/ovsdb/ovsdb_monitor.py:64}}
Mar 25 20:02:10.195090 np0000160639 devstack@neutron-api.service[102898]: DEBUG neutron.plugins.ml2.drivers.ovn.mech_driver.ovsdb.ovsdb_monitor [-] Hash Ring: Node 61ad6382ce0358feafbbce6de3976ecd (host: np0000160639) handling event "update" for row 96da39e7-d523-4090-ba03-c22cb40f31e8 (table: NB_Global) {{(pid=102898) notify /opt/stack/neutron/neutron/plugins/ml2/drivers/ovn/mech_driver/ovsdb/ovsdb_monitor.py:912}}
Mar 25 20:02:10.196959 np0000160639 devstack@neutron-api.service[102900]: DEBUG neutron.plugins.ml2.drivers.ovn.mech_driver.ovsdb.ovsdb_monitor [-] Hash Ring: Node 6872c9a0879e5e9ab8971838b0602352 (host: np0000160639) handling event "update" for row 96da39e7-d523-4090-ba03-c22cb40f31e8 (table: NB_Global) {{(pid=102900) notify /opt/stack/neutron/neutron/plugins/ml2/drivers/ovn/mech_driver/ovsdb/ovsdb_monitor.py:912}}
Mar 25 20:02:10.197570 np0000160639 devstack@neutron-api.service[102898]: DEBUG neutron.plugins.ml2.drivers.ovn.mech_driver.ovsdb.ovsdb_monitor [-] ChassisAgentWriteEvent : Matched Chassis_Private, update, None None {{(pid=102898) matches /opt/stack/neutron/neutron/plugins/ml2/drivers/ovn/mech_driver/ovsdb/ovsdb_monitor.py:64}}
Mar 25 20:02:10.197973 np0000160639 devstack@neutron-api.service[102901]: DEBUG neutron.plugins.ml2.drivers.ovn.mech_driver.ovsdb.ovsdb_monitor [-] ChassisOVNAgentWriteEvent : Matched Chassis_Private, update, None None {{(pid=102901) matches /opt/stack/neutron/neutron/plugins/ml2/drivers/ovn/mech_driver/ovsdb/ovsdb_monitor.py:64}}
Mar 25 20:02:10.198094 np0000160639 devstack@neutron-api.service[102900]: DEBUG neutron.plugins.ml2.drivers.ovn.mech_driver.ovsdb.ovsdb_monitor [-] Hash Ring: Node 6872c9a0879e5e9ab8971838b0602352 (host: np0000160639) handling event "update" for row 96da39e7-d523-4090-ba03-c22cb40f31e8 (table: NB_Global) {{(pid=102900) notify /opt/stack/neutron/neutron/plugins/ml2/drivers/ovn/mech_driver/ovsdb/ovsdb_monitor.py:912}}
Mar 25 20:02:10.198186 np0000160639 devstack@neutron-api.service[102901]: DEBUG neutron.plugins.ml2.drivers.ovn.mech_driver.ovsdb.ovsdb_monitor [-] Hash Ring: Node 2899a275651a51d49da5946183f0b497 (host: np0000160639) handling event "update" for row 220fa3b6-a81a-47fb-b412-aaef581243bd (table: Chassis_Private) {{(pid=102901) notify /opt/stack/neutron/neutron/plugins/ml2/drivers/ovn/mech_driver/ovsdb/ovsdb_monitor.py:912}}
Mar 25 20:02:10.198400 np0000160639 devstack@neutron-api.service[102899]: DEBUG neutron.plugins.ml2.drivers.ovn.mech_driver.ovsdb.ovsdb_monitor [-] ChassisOVNAgentWriteEvent : Matched Chassis_Private, update, None None {{(pid=102899) matches /opt/stack/neutron/neutron/plugins/ml2/drivers/ovn/mech_driver/ovsdb/ovsdb_monitor.py:64}}
Mar 25 20:02:10.198724 np0000160639 devstack@neutron-api.service[102900]: DEBUG neutron.common.ovn.hash_ring_manager [-] Allow caching, nodes 4>=4 {{(pid=102900) _wait_startup_before_caching /opt/stack/neutron/neutron/common/ovn/hash_ring_manager.py:65}}
Mar 25 20:02:10.198724 np0000160639 devstack@neutron-api.service[102900]: DEBUG neutron.plugins.ml2.drivers.ovn.mech_driver.ovsdb.ovsdb_monitor [-] Hash Ring: Node 6872c9a0879e5e9ab8971838b0602352 (host: np0000160639) handling event "update" for row 220fa3b6-a81a-47fb-b412-aaef581243bd (table: Chassis_Private) {{(pid=102900) notify /opt/stack/neutron/neutron/plugins/ml2/drivers/ovn/mech_driver/ovsdb/ovsdb_monitor.py:912}}
Mar 25 20:02:10.199112 np0000160639 devstack@neutron-api.service[102898]: DEBUG neutron.plugins.ml2.drivers.ovn.mech_driver.ovsdb.ovsdb_monitor [-] Hash Ring: Node 61ad6382ce0358feafbbce6de3976ecd (host: np0000160639) handling event "update" for row 96da39e7-d523-4090-ba03-c22cb40f31e8 (table: NB_Global) {{(pid=102898) notify /opt/stack/neutron/neutron/plugins/ml2/drivers/ovn/mech_driver/ovsdb/ovsdb_monitor.py:912}}
Mar 25 20:02:10.199592 np0000160639 devstack@neutron-api.service[102900]: DEBUG neutron.plugins.ml2.drivers.ovn.mech_driver.ovsdb.ovsdb_monitor [-] ChassisOVNAgentWriteEvent : Matched Chassis_Private, update, None None {{(pid=102900) matches /opt/stack/neutron/neutron/plugins/ml2/drivers/ovn/mech_driver/ovsdb/ovsdb_monitor.py:64}}
Mar 25 20:02:10.199928 np0000160639 devstack@neutron-api.service[102900]: DEBUG neutron.plugins.ml2.drivers.ovn.mech_driver.ovsdb.ovsdb_monitor [-] Hash Ring: Node 6872c9a0879e5e9ab8971838b0602352 (host: np0000160639) handling event "update" for row 220fa3b6-a81a-47fb-b412-aaef581243bd (table: Chassis_Private) {{(pid=102900) notify /opt/stack/neutron/neutron/plugins/ml2/drivers/ovn/mech_driver/ovsdb/ovsdb_monitor.py:912}}
Mar 25 20:02:10.200859 np0000160639 devstack@neutron-api.service[102898]: DEBUG neutron.plugins.ml2.drivers.ovn.mech_driver.ovsdb.ovsdb_monitor [-] Hash Ring: Node 61ad6382ce0358feafbbce6de3976ecd (host: np0000160639) handling event "update" for row 96da39e7-d523-4090-ba03-c22cb40f31e8 (table: NB_Global) {{(pid=102898) notify /opt/stack/neutron/neutron/plugins/ml2/drivers/ovn/mech_driver/ovsdb/ovsdb_monitor.py:912}}
Mar 25 20:02:10.202792 np0000160639 devstack@neutron-api.service[102898]: DEBUG neutron.plugins.ml2.drivers.ovn.mech_driver.ovsdb.ovsdb_monitor [-] ChassisOVNAgentWriteEvent : Matched Chassis_Private, update, None None {{(pid=102898) matches /opt/stack/neutron/neutron/plugins/ml2/drivers/ovn/mech_driver/ovsdb/ovsdb_monitor.py:64}}
Mar 25 20:02:10.256117 np0000160639 devstack@neutron-api.service[102898]: DEBUG neutron.plugins.ml2.drivers.helpers [None req-e6fd7d44-d3ac-4dd5-9a9e-f532f003dcc8 admin admin] geneve segment allocate from pool success with {'geneve_vni': 9221} {{(pid=102898) allocate_partially_specified_segment /opt/stack/neutron/neutron/plugins/ml2/drivers/helpers.py:142}}
Mar 25 20:02:10.270677 np0000160639 devstack@neutron-api.service[102898]: DEBUG neutron_lib.callbacks.manager [None req-e6fd7d44-d3ac-4dd5-9a9e-f532f003dcc8 admin admin] Publish callbacks ['neutron.services.segments.db._add_segment_host_mapping_for_segment-7703245082274', 'neutron.plugins.ml2.plugin.Ml2Plugin._handle_segment_change-61796'] for segment (69b00cdb-3b50-435a-981c-3740881c87c0), precommit_create {{(pid=102898) _notify_loop /opt/stack/data/venv/lib/python3.12/site-packages/neutron_lib/callbacks/manager.py:184}}
Mar 25 20:02:10.271009 np0000160639 devstack@neutron-api.service[102898]: INFO neutron.db.segments_db [None req-e6fd7d44-d3ac-4dd5-9a9e-f532f003dcc8 admin admin] Added segment 69b00cdb-3b50-435a-981c-3740881c87c0 of type geneve for network 57eeb09c-bacf-49d5-b80e-fe39f867c2d0
Mar 25 20:02:10.312835 np0000160639 devstack@neutron-api.service[102898]: DEBUG neutron_lib.callbacks.manager [None req-e6fd7d44-d3ac-4dd5-9a9e-f532f003dcc8 admin admin] Publish callbacks ['neutron.services.auto_allocate.db._ensure_external_network_default_value_callback-7703243092592'] for network (57eeb09c-bacf-49d5-b80e-fe39f867c2d0), precommit_create {{(pid=102898) _notify_loop /opt/stack/data/venv/lib/python3.12/site-packages/neutron_lib/callbacks/manager.py:184}}
Mar 25 20:02:10.328805 np0000160639 devstack@neutron-api.service[102898]: DEBUG neutron.plugins.ml2.drivers.ovn.mech_driver.mech_driver [None req-e6fd7d44-d3ac-4dd5-9a9e-f532f003dcc8 admin admin] Validating network segment with type geneve, segmentation ID 9221, physical network None {{(pid=102898) _validate_network_segments /opt/stack/neutron/neutron/plugins/ml2/drivers/ovn/mech_driver/mech_driver.py:630}}
Mar 25 20:02:10.328938 np0000160639 devstack@neutron-api.service[102898]: DEBUG neutron.db.ovn_revision_numbers_db [None req-e6fd7d44-d3ac-4dd5-9a9e-f532f003dcc8 admin admin] create_initial_revision uuid=57eeb09c-bacf-49d5-b80e-fe39f867c2d0, type=networks, rev=-1 {{(pid=102898) create_initial_revision /opt/stack/neutron/neutron/db/ovn_revision_numbers_db.py:98}}
Mar 25 20:02:10.343948 np0000160639 devstack@neutron-api.service[102898]: DEBUG neutron_lib.callbacks.manager [None req-e6fd7d44-d3ac-4dd5-9a9e-f532f003dcc8 admin admin] Publish callbacks ['neutron.plugins.ml2.ovo_rpc._ObjectChangeHandler.handle_event-4177091'] for network (57eeb09c-bacf-49d5-b80e-fe39f867c2d0), after_create {{(pid=102898) _notify_loop /opt/stack/data/venv/lib/python3.12/site-packages/neutron_lib/callbacks/manager.py:184}}
Mar 25 20:02:10.386354 np0000160639 devstack@neutron-api.service[102898]: DEBUG neutron.api.rpc.handlers.resources_rpc [None req-e6fd7d44-d3ac-4dd5-9a9e-f532f003dcc8 admin admin] Pushing event updated for resources: {'Network': ['ID=57eeb09c-bacf-49d5-b80e-fe39f867c2d0,revision_number=1']} {{(pid=102898) push /opt/stack/neutron/neutron/api/rpc/handlers/resources_rpc.py:237}}
Mar 25 20:02:10.394063 np0000160639 devstack@neutron-api.service[102898]: DEBUG ovsdbapp.backend.ovs_idl.transaction [-] Running txn n=1 command(idx=0): AddNetworkCommand(_result=None, network_uuid=57eeb09c-bacf-49d5-b80e-fe39f867c2d0, may_exist=True, columns={'external_ids': {'neutron:network_name': 'private', 'neutron:mtu': '1372', 'neutron:revision_number': '1', 'neutron:availability_zone_hints': '', 'neutron:provnet-network-type': 'geneve'}, 'other_config': {'mcast_snoop': 'false', 'mcast_flood_unregistered': 'false', 'vlan-passthru': 'false'}}) {{(pid=102898) do_commit /opt/stack/data/venv/lib/python3.12/site-packages/ovsdbapp/backend/ovs_idl/transaction.py:89}}
Mar 25 20:02:10.394900 np0000160639 devstack@neutron-api.service[102898]: DEBUG neutron.common.ovn.utils [-] OVS persist_uuid supported=True {{(pid=102898) ovs_persist_uuid_supported /opt/stack/neutron/neutron/common/ovn/utils.py:1510}}
Mar 25 20:02:10.398101 np0000160639 devstack@neutron-api.service[102898]: DEBUG neutron.plugins.ml2.drivers.ovn.mech_driver.ovsdb.ovsdb_monitor [-] Hash Ring: Node 61ad6382ce0358feafbbce6de3976ecd (host: np0000160639) handling event "create" for row 57eeb09c-bacf-49d5-b80e-fe39f867c2d0 (table: Logical_Switch) {{(pid=102898) notify /opt/stack/neutron/neutron/plugins/ml2/drivers/ovn/mech_driver/ovsdb/ovsdb_monitor.py:912}}
Mar 25 20:02:10.400024 np0000160639 devstack@neutron-api.service[102900]: DEBUG neutron.plugins.ml2.drivers.ovn.mech_driver.ovsdb.ovsdb_monitor [-] Hash Ring: Node 6872c9a0879e5e9ab8971838b0602352 (host: np0000160639) handling event "create" for row 57eeb09c-bacf-49d5-b80e-fe39f867c2d0 (table: Logical_Switch) {{(pid=102900) notify /opt/stack/neutron/neutron/plugins/ml2/drivers/ovn/mech_driver/ovsdb/ovsdb_monitor.py:912}}
Mar 25 20:02:10.407717 np0000160639 devstack@neutron-api.service[102900]: DEBUG neutron.plugins.ml2.drivers.ovn.mech_driver.ovsdb.ovsdb_monitor [-] Hash Ring: Node 6872c9a0879e5e9ab8971838b0602352 (host: np0000160639) handling event "create" for row 74c27107-bdc2-46b8-b6a1-d53ed33e1117 (table: Datapath_Binding) {{(pid=102900) notify /opt/stack/neutron/neutron/plugins/ml2/drivers/ovn/mech_driver/ovsdb/ovsdb_monitor.py:912}}
Mar 25 20:02:10.433672 np0000160639 devstack@neutron-api.service[102898]: INFO neutron.db.ovn_revision_numbers_db [None req-e6fd7d44-d3ac-4dd5-9a9e-f532f003dcc8 admin admin] Successfully bumped revision number for resource 57eeb09c-bacf-49d5-b80e-fe39f867c2d0 (type: networks) to 1
