Mar 25 20:02:32.328955 np0000160639 nova-scheduler[108174]: DEBUG cotyledon.oslo_config_glue [-] vnc.novncproxy_host = 0.0.0.0 {{(pid=108174) log_opt_values /opt/stack/data/venv/lib/python3.12/site-packages/oslo_config/cfg.py:3006}}
Mar 25 20:02:32.328955 np0000160639 nova-scheduler[108174]: DEBUG cotyledon.oslo_config_glue [-] vnc.novncproxy_port = 6080 {{(pid=108174) log_opt_values /opt/stack/data/venv/lib/python3.12/site-packages/oslo_config/cfg.py:3006}}
Mar 25 20:02:32.328955 np0000160639 nova-scheduler[108174]: DEBUG cotyledon.oslo_config_glue [-] vnc.server_listen = 127.0.0.1 {{(pid=108174) log_opt_values /opt/stack/data/venv/lib/python3.12/site-packages/oslo_config/cfg.py:3006}}
Mar 25 20:02:32.328955 np0000160639 nova-scheduler[108174]: DEBUG cotyledon.oslo_config_glue [-] vnc.server_proxyclient_address = 127.0.0.1 {{(pid=108174) log_opt_values /opt/stack/data/venv/lib/python3.12/site-packages/oslo_config/cfg.py:3006}}
Mar 25 20:02:32.328955 np0000160639 nova-scheduler[108174]: DEBUG cotyledon.oslo_config_glue [-] vnc.vencrypt_ca_certs = None {{(pid=108174) log_opt_values /opt/stack/data/venv/lib/python3.12/site-packages/oslo_config/cfg.py:3006}}
Mar 25 20:02:32.328955 np0000160639 nova-scheduler[108174]: DEBUG cotyledon.oslo_config_glue [-] vnc.vencrypt_client_cert = None {{(pid=108174) log_opt_values /opt/stack/data/venv/lib/python3.12/site-packages/oslo_config/cfg.py:3006}}
Mar 25 20:02:32.329136 np0000160639 nova-scheduler[108174]: DEBUG cotyledon.oslo_config_glue [-] vnc.vencrypt_client_key = None {{(pid=108174) log_opt_values /opt/stack/data/venv/lib/python3.12/site-packages/oslo_config/cfg.py:3006}}
Mar 25 20:02:32.329136 np0000160639 nova-scheduler[108174]: DEBUG cotyledon.oslo_config_glue [-] workarounds.disable_compute_service_check_for_ffu = False {{(pid=108174) log_opt_values /opt/stack/data/venv/lib/python3.12/site-packages/oslo_config/cfg.py:3006}}
Mar 25 20:02:32.329136 np0000160639 nova-scheduler[108174]: DEBUG cotyledon.oslo_config_glue [-] workarounds.disable_deep_image_inspection = False {{(pid=108174) log_opt_values /opt/stack/data/venv/lib/python3.12/site-packages/oslo_config/cfg.py:3006}}
Mar 25 20:02:32.329136 np0000160639 nova-scheduler[108174]: DEBUG cotyledon.oslo_config_glue [-] workarounds.disable_fallback_pcpu_query = False {{(pid=108174) log_opt_values /opt/stack/data/venv/lib/python3.12/site-packages/oslo_config/cfg.py:3006}}
Mar 25 20:02:32.329136 np0000160639 nova-scheduler[108174]: DEBUG cotyledon.oslo_config_glue [-] workarounds.disable_group_policy_check_upcall = False {{(pid=108174) log_opt_values /opt/stack/data/venv/lib/python3.12/site-packages/oslo_config/cfg.py:3006}}
Mar 25 20:02:32.329136 np0000160639 nova-scheduler[108174]: DEBUG cotyledon.oslo_config_glue [-] workarounds.disable_libvirt_livesnapshot = False {{(pid=108174) log_opt_values /opt/stack/data/venv/lib/python3.12/site-packages/oslo_config/cfg.py:3006}}
Mar 25 20:02:32.329136 np0000160639 nova-scheduler[108174]: DEBUG cotyledon.oslo_config_glue [-] workarounds.disable_rootwrap = False {{(pid=108174) log_opt_values /opt/stack/data/venv/lib/python3.12/site-packages/oslo_config/cfg.py:3006}}
Mar 25 20:02:32.329136 np0000160639 nova-scheduler[108174]: DEBUG cotyledon.oslo_config_glue [-] workarounds.enable_numa_live_migration = False {{(pid=108174) log_opt_values /opt/stack/data/venv/lib/python3.12/site-packages/oslo_config/cfg.py:3006}}
Mar 25 20:02:32.329136 np0000160639 nova-scheduler[108174]: DEBUG cotyledon.oslo_config_glue [-] workarounds.enable_qemu_monitor_announce_self = False {{(pid=108174) log_opt_values /opt/stack/data/venv/lib/python3.12/site-packages/oslo_config/cfg.py:3006}}
Mar 25 20:02:32.329316 np0000160639 nova-scheduler[108174]: DEBUG cotyledon.oslo_config_glue [-] workarounds.ensure_libvirt_rbd_instance_dir_cleanup = False {{(pid=108174) log_opt_values /opt/stack/data/venv/lib/python3.12/site-packages/oslo_config/cfg.py:3006}}
Mar 25 20:02:32.329316 np0000160639 nova-scheduler[108174]: DEBUG cotyledon.oslo_config_glue [-] workarounds.handle_virt_lifecycle_events = True {{(pid=108174) log_opt_values /opt/stack/data/venv/lib/python3.12/site-packages/oslo_config/cfg.py:3006}}
Mar 25 20:02:32.329316 np0000160639 nova-scheduler[108174]: DEBUG cotyledon.oslo_config_glue [-] workarounds.libvirt_disable_apic = False {{(pid=108174) log_opt_values /opt/stack/data/venv/lib/python3.12/site-packages/oslo_config/cfg.py:3006}}
Mar 25 20:02:32.329316 np0000160639 nova-scheduler[108174]: DEBUG cotyledon.oslo_config_glue [-] workarounds.never_download_image_if_on_rbd = False {{(pid=108174) log_opt_values /opt/stack/data/venv/lib/python3.12/site-packages/oslo_config/cfg.py:3006}}
Mar 25 20:02:32.329316 np0000160639 nova-scheduler[108174]: DEBUG cotyledon.oslo_config_glue [-] workarounds.qemu_monitor_announce_self_count = 3 {{(pid=108174) log_opt_values /opt/stack/data/venv/lib/python3.12/site-packages/oslo_config/cfg.py:3006}}
Mar 25 20:02:32.329316 np0000160639 nova-scheduler[108174]: DEBUG cotyledon.oslo_config_glue [-] workarounds.qemu_monitor_announce_self_interval = 1 {{(pid=108174) log_opt_values /opt/stack/data/venv/lib/python3.12/site-packages/oslo_config/cfg.py:3006}}
Mar 25 20:02:32.329316 np0000160639 nova-scheduler[108174]: DEBUG cotyledon.oslo_config_glue [-] workarounds.reserve_disk_resource_for_image_cache = False {{(pid=108174) log_opt_values /opt/stack/data/venv/lib/python3.12/site-packages/oslo_config/cfg.py:3006}}
Mar 25 20:02:32.329316 np0000160639 nova-scheduler[108174]: DEBUG cotyledon.oslo_config_glue [-] workarounds.skip_cpu_compare_at_startup = False {{(pid=108174) log_opt_values /opt/stack/data/venv/lib/python3.12/site-packages/oslo_config/cfg.py:3006}}
Mar 25 20:02:32.329316 np0000160639 nova-scheduler[108174]: DEBUG cotyledon.oslo_config_glue [-] workarounds.skip_cpu_compare_on_dest = False {{(pid=108174) log_opt_values /opt/stack/data/venv/lib/python3.12/site-packages/oslo_config/cfg.py:3006}}
Mar 25 20:02:32.329529 np0000160639 nova-scheduler[108174]: DEBUG cotyledon.oslo_config_glue [-] workarounds.skip_hypervisor_version_check_on_lm = False {{(pid=108174) log_opt_values /opt/stack/data/venv/lib/python3.12/site-packages/oslo_config/cfg.py:3006}}
Mar 25 20:02:32.329529 np0000160639 nova-scheduler[108174]: DEBUG cotyledon.oslo_config_glue [-] workarounds.skip_reserve_in_use_ironic_nodes = False {{(pid=108174) log_opt_values /opt/stack/data/venv/lib/python3.12/site-packages/oslo_config/cfg.py:3006}}
Mar 25 20:02:32.329529 np0000160639 nova-scheduler[108174]: DEBUG cotyledon.oslo_config_glue [-] workarounds.unified_limits_count_pcpu_as_vcpu = False {{(pid=108174) log_opt_values /opt/stack/data/venv/lib/python3.12/site-packages/oslo_config/cfg.py:3006}}
Mar 25 20:02:32.329529 np0000160639 nova-scheduler[108174]: DEBUG cotyledon.oslo_config_glue [-] workarounds.wait_for_vif_plugged_event_during_hard_reboot = [] {{(pid=108174) log_opt_values /opt/stack/data/venv/lib/python3.12/site-packages/oslo_config/cfg.py:3006}}
Mar 25 20:02:32.329529 np0000160639 nova-scheduler[108174]: DEBUG cotyledon.oslo_config_glue [-] wsgi.api_paste_config = /etc/nova/api-paste.ini {{(pid=108174) log_opt_values /opt/stack/data/venv/lib/python3.12/site-packages/oslo_config/cfg.py:3006}}
Mar 25 20:02:32.329529 np0000160639 nova-scheduler[108174]: DEBUG cotyledon.oslo_config_glue [-] wsgi.secure_proxy_ssl_header = None {{(pid=108174) log_opt_values /opt/stack/data/venv/lib/python3.12/site-packages/oslo_config/cfg.py:3006}}
Mar 25 20:02:32.329529 np0000160639 nova-scheduler[108174]: DEBUG cotyledon.oslo_config_glue [-] zvm.ca_file = None {{(pid=108174) log_opt_values /opt/stack/data/venv/lib/python3.12/site-packages/oslo_config/cfg.py:3006}}
Mar 25 20:02:32.329529 np0000160639 nova-scheduler[108174]: DEBUG cotyledon.oslo_config_glue [-] zvm.cloud_connector_url = None {{(pid=108174) log_opt_values /opt/stack/data/venv/lib/python3.12/site-packages/oslo_config/cfg.py:3006}}
Mar 25 20:02:32.329529 np0000160639 nova-scheduler[108174]: DEBUG cotyledon.oslo_config_glue [-] zvm.image_tmp_path = /opt/stack/data/nova/images {{(pid=108174) log_opt_values /opt/stack/data/venv/lib/python3.12/site-packages/oslo_config/cfg.py:3006}}
Mar 25 20:02:32.329724 np0000160639 nova-scheduler[108174]: DEBUG cotyledon.oslo_config_glue [-] zvm.reachable_timeout = 300 {{(pid=108174) log_opt_values /opt/stack/data/venv/lib/python3.12/site-packages/oslo_config/cfg.py:3006}}
Mar 25 20:02:32.329724 np0000160639 nova-scheduler[108174]: DEBUG cotyledon.oslo_config_glue [-] oslo_versionedobjects.fatal_exception_format_errors = False {{(pid=108174) log_opt_values /opt/stack/data/venv/lib/python3.12/site-packages/oslo_config/cfg.py:3006}}
Mar 25 20:02:32.329724 np0000160639 nova-scheduler[108174]: DEBUG cotyledon.oslo_config_glue [-] oslo_middleware.http_basic_auth_user_file = /etc/htpasswd {{(pid=108174) log_opt_values /opt/stack/data/venv/lib/python3.12/site-packages/oslo_config/cfg.py:3006}}
Mar 25 20:02:32.329724 np0000160639 nova-scheduler[108174]: DEBUG cotyledon.oslo_config_glue [-] oslo_messaging_metrics.metrics_buffer_size = 1000 {{(pid=108174) log_opt_values /opt/stack/data/venv/lib/python3.12/site-packages/oslo_config/cfg.py:3006}}
Mar 25 20:02:32.329724 np0000160639 nova-scheduler[108174]: DEBUG cotyledon.oslo_config_glue [-] oslo_messaging_metrics.metrics_enabled = False {{(pid=108174) log_opt_values /opt/stack/data/venv/lib/python3.12/site-packages/oslo_config/cfg.py:3006}}
Mar 25 20:02:32.329724 np0000160639 nova-scheduler[108174]: DEBUG cotyledon.oslo_config_glue [-] oslo_messaging_metrics.metrics_process_name = {{(pid=108174) log_opt_values /opt/stack/data/venv/lib/python3.12/site-packages/oslo_config/cfg.py:3006}}
Mar 25 20:02:32.329724 np0000160639 nova-scheduler[108174]: DEBUG cotyledon.oslo_config_glue [-] oslo_messaging_metrics.metrics_socket_file = /var/tmp/metrics_collector.sock {{(pid=108174) log_opt_values /opt/stack/data/venv/lib/python3.12/site-packages/oslo_config/cfg.py:3006}}
Mar 25 20:02:32.329724 np0000160639 nova-scheduler[108174]: DEBUG cotyledon.oslo_config_glue [-] oslo_messaging_metrics.metrics_thread_stop_timeout = 10 {{(pid=108174) log_opt_values /opt/stack/data/venv/lib/python3.12/site-packages/oslo_config/cfg.py:3006}}
Mar 25 20:02:32.329919 np0000160639 nova-scheduler[108174]: DEBUG cotyledon.oslo_config_glue [-] profiler.connection_string = messaging:// {{(pid=108174) log_opt_values /opt/stack/data/venv/lib/python3.12/site-packages/oslo_config/cfg.py:3006}}
Mar 25 20:02:32.329919 np0000160639 nova-scheduler[108174]: DEBUG cotyledon.oslo_config_glue [-] profiler.enabled = False {{(pid=108174) log_opt_values /opt/stack/data/venv/lib/python3.12/site-packages/oslo_config/cfg.py:3006}}
Mar 25 20:02:32.329919 np0000160639 nova-scheduler[108174]: DEBUG cotyledon.oslo_config_glue [-] profiler.es_doc_type = notification {{(pid=108174) log_opt_values /opt/stack/data/venv/lib/python3.12/site-packages/oslo_config/cfg.py:3006}}
Mar 25 20:02:32.329919 np0000160639 nova-scheduler[108174]: DEBUG cotyledon.oslo_config_glue [-] profiler.es_scroll_size = 10000 {{(pid=108174) log_opt_values /opt/stack/data/venv/lib/python3.12/site-packages/oslo_config/cfg.py:3006}}
Mar 25 20:02:32.329919 np0000160639 nova-scheduler[108174]: DEBUG cotyledon.oslo_config_glue [-] profiler.es_scroll_time = 2m {{(pid=108174) log_opt_values /opt/stack/data/venv/lib/python3.12/site-packages/oslo_config/cfg.py:3006}}
Mar 25 20:02:32.329919 np0000160639 nova-scheduler[108174]: DEBUG cotyledon.oslo_config_glue [-] profiler.filter_error_trace = False {{(pid=108174) log_opt_values /opt/stack/data/venv/lib/python3.12/site-packages/oslo_config/cfg.py:3006}}
Mar 25 20:02:32.329919 np0000160639 nova-scheduler[108174]: DEBUG cotyledon.oslo_config_glue [-] profiler.hmac_keys = **** {{(pid=108174) log_opt_values /opt/stack/data/venv/lib/python3.12/site-packages/oslo_config/cfg.py:3006}}
Mar 25 20:02:32.329919 np0000160639 nova-scheduler[108174]: DEBUG cotyledon.oslo_config_glue [-] profiler.sentinel_service_name = mymaster {{(pid=108174) log_opt_values /opt/stack/data/venv/lib/python3.12/site-packages/oslo_config/cfg.py:3006}}
Mar 25 20:02:32.329919 np0000160639 nova-scheduler[108174]: DEBUG cotyledon.oslo_config_glue [-] profiler.socket_timeout = 0.1 {{(pid=108174) log_opt_values /opt/stack/data/venv/lib/python3.12/site-packages/oslo_config/cfg.py:3006}}
Mar 25 20:02:32.330131 np0000160639 nova-scheduler[108174]: DEBUG cotyledon.oslo_config_glue [-] profiler.trace_requests = False {{(pid=108174) log_opt_values /opt/stack/data/venv/lib/python3.12/site-packages/oslo_config/cfg.py:3006}}
Mar 25 20:02:32.330131 np0000160639 nova-scheduler[108174]: DEBUG cotyledon.oslo_config_glue [-] profiler.trace_sqlalchemy = False {{(pid=108174) log_opt_values /opt/stack/data/venv/lib/python3.12/site-packages/oslo_config/cfg.py:3006}}
Mar 25 20:02:32.330131 np0000160639 nova-scheduler[108174]: DEBUG cotyledon.oslo_config_glue [-] profiler_jaeger.process_tags = {} {{(pid=108174) log_opt_values /opt/stack/data/venv/lib/python3.12/site-packages/oslo_config/cfg.py:3006}}
Mar 25 20:02:32.330131 np0000160639 nova-scheduler[108174]: DEBUG cotyledon.oslo_config_glue [-] profiler_jaeger.service_name_prefix = None {{(pid=108174) log_opt_values /opt/stack/data/venv/lib/python3.12/site-packages/oslo_config/cfg.py:3006}}
Mar 25 20:02:32.330131 np0000160639 nova-scheduler[108174]: DEBUG cotyledon.oslo_config_glue [-] profiler_otlp.service_name_prefix = None {{(pid=108174) log_opt_values /opt/stack/data/venv/lib/python3.12/site-packages/oslo_config/cfg.py:3006}}
Mar 25 20:02:32.330131 np0000160639 nova-scheduler[108174]: DEBUG cotyledon.oslo_config_glue [-] oslo_messaging_rabbit.amqp_auto_delete = False {{(pid=108174) log_opt_values /opt/stack/data/venv/lib/python3.12/site-packages/oslo_config/cfg.py:3006}}
Mar 25 20:02:32.330131 np0000160639 nova-scheduler[108174]: DEBUG cotyledon.oslo_config_glue [-] oslo_messaging_rabbit.amqp_durable_queues = False {{(pid=108174) log_opt_values /opt/stack/data/venv/lib/python3.12/site-packages/oslo_config/cfg.py:3006}}
Mar 25 20:02:32.330131 np0000160639 nova-scheduler[108174]: DEBUG cotyledon.oslo_config_glue [-] oslo_messaging_rabbit.conn_pool_min_size = 2 {{(pid=108174) log_opt_values /opt/stack/data/venv/lib/python3.12/site-packages/oslo_config/cfg.py:3006}}
Mar 25 20:02:32.330131 np0000160639 nova-scheduler[108174]: DEBUG cotyledon.oslo_config_glue [-] oslo_messaging_rabbit.conn_pool_ttl = 1200 {{(pid=108174) log_opt_values /opt/stack/data/venv/lib/python3.12/site-packages/oslo_config/cfg.py:3006}}
Mar 25 20:02:32.330353 np0000160639 nova-scheduler[108174]: DEBUG cotyledon.oslo_config_glue [-] oslo_messaging_rabbit.direct_mandatory_flag = True {{(pid=108174) log_opt_values /opt/stack/data/venv/lib/python3.12/site-packages/oslo_config/cfg.py:3006}}
Mar 25 20:02:32.330353 np0000160639 nova-scheduler[108174]: DEBUG cotyledon.oslo_config_glue [-] oslo_messaging_rabbit.enable_cancel_on_failover = False {{(pid=108174) log_opt_values /opt/stack/data/venv/lib/python3.12/site-packages/oslo_config/cfg.py:3006}}
Mar 25 20:02:32.330353 np0000160639 nova-scheduler[108174]: DEBUG cotyledon.oslo_config_glue [-] oslo_messaging_rabbit.heartbeat_in_pthread = False {{(pid=108174) log_opt_values /opt/stack/data/venv/lib/python3.12/site-packages/oslo_config/cfg.py:3006}}
Mar 25 20:02:32.330353 np0000160639 nova-scheduler[108174]: DEBUG cotyledon.oslo_config_glue [-] oslo_messaging_rabbit.heartbeat_rate = 3 {{(pid=108174) log_opt_values /opt/stack/data/venv/lib/python3.12/site-packages/oslo_config/cfg.py:3006}}
Mar 25 20:02:32.330353 np0000160639 nova-scheduler[108174]: DEBUG cotyledon.oslo_config_glue [-] oslo_messaging_rabbit.heartbeat_timeout_threshold = 60 {{(pid=108174) log_opt_values /opt/stack/data/venv/lib/python3.12/site-packages/oslo_config/cfg.py:3006}}
Mar 25 20:02:32.330353 np0000160639 nova-scheduler[108174]: DEBUG cotyledon.oslo_config_glue [-] oslo_messaging_rabbit.hostname = np0000160639 {{(pid=108174) log_opt_values /opt/stack/data/venv/lib/python3.12/site-packages/oslo_config/cfg.py:3006}}
Mar 25 20:02:32.330353 np0000160639 nova-scheduler[108174]: DEBUG cotyledon.oslo_config_glue [-] oslo_messaging_rabbit.kombu_compression = None {{(pid=108174) log_opt_values /opt/stack/data/venv/lib/python3.12/site-packages/oslo_config/cfg.py:3006}}
Mar 25 20:02:32.330353 np0000160639 nova-scheduler[108174]: DEBUG cotyledon.oslo_config_glue [-] oslo_messaging_rabbit.kombu_failover_strategy = round-robin {{(pid=108174) log_opt_values /opt/stack/data/venv/lib/python3.12/site-packages/oslo_config/cfg.py:3006}}
Mar 25 20:02:32.330592 np0000160639 nova-scheduler[108174]: DEBUG cotyledon.oslo_config_glue [-] oslo_messaging_rabbit.kombu_missing_consumer_retry_timeout = 60 {{(pid=108174) log_opt_values /opt/stack/data/venv/lib/python3.12/site-packages/oslo_config/cfg.py:3006}}
Mar 25 20:02:32.330592 np0000160639 nova-scheduler[108174]: DEBUG cotyledon.oslo_config_glue [-] oslo_messaging_rabbit.kombu_reconnect_delay = 1.0 {{(pid=108174) log_opt_values /opt/stack/data/venv/lib/python3.12/site-packages/oslo_config/cfg.py:3006}}
Mar 25 20:02:32.330592 np0000160639 nova-scheduler[108174]: DEBUG cotyledon.oslo_config_glue [-] oslo_messaging_rabbit.kombu_reconnect_splay = 0.0 {{(pid=108174) log_opt_values /opt/stack/data/venv/lib/python3.12/site-packages/oslo_config/cfg.py:3006}}
Mar 25 20:02:32.330592 np0000160639 nova-scheduler[108174]: DEBUG cotyledon.oslo_config_glue [-] oslo_messaging_rabbit.processname = nova-scheduler {{(pid=108174) log_opt_values /opt/stack/data/venv/lib/python3.12/site-packages/oslo_config/cfg.py:3006}}
Mar 25 20:02:32.330592 np0000160639 nova-scheduler[108174]: DEBUG cotyledon.oslo_config_glue [-] oslo_messaging_rabbit.rabbit_ha_queues = False {{(pid=108174) log_opt_values /opt/stack/data/venv/lib/python3.12/site-packages/oslo_config/cfg.py:3006}}
Mar 25 20:02:32.330592 np0000160639 nova-scheduler[108174]: DEBUG cotyledon.oslo_config_glue [-] oslo_messaging_rabbit.rabbit_interval_max = 30 {{(pid=108174) log_opt_values /opt/stack/data/venv/lib/python3.12/site-packages/oslo_config/cfg.py:3006}}
Mar 25 20:02:32.330592 np0000160639 nova-scheduler[108174]: DEBUG cotyledon.oslo_config_glue [-] oslo_messaging_rabbit.rabbit_login_method = AMQPLAIN {{(pid=108174) log_opt_values /opt/stack/data/venv/lib/python3.12/site-packages/oslo_config/cfg.py:3006}}
Mar 25 20:02:32.330592 np0000160639 nova-scheduler[108174]: DEBUG cotyledon.oslo_config_glue [-] oslo_messaging_rabbit.rabbit_qos_prefetch_count = 0 {{(pid=108174) log_opt_values /opt/stack/data/venv/lib/python3.12/site-packages/oslo_config/cfg.py:3006}}
Mar 25 20:02:32.330777 np0000160639 nova-scheduler[108174]: DEBUG cotyledon.oslo_config_glue [-] oslo_messaging_rabbit.rabbit_quorum_delivery_limit = 0 {{(pid=108174) log_opt_values /opt/stack/data/venv/lib/python3.12/site-packages/oslo_config/cfg.py:3006}}
Mar 25 20:02:32.330777 np0000160639 nova-scheduler[108174]: DEBUG cotyledon.oslo_config_glue [-] oslo_messaging_rabbit.rabbit_quorum_max_memory_bytes = 0 {{(pid=108174) log_opt_values /opt/stack/data/venv/lib/python3.12/site-packages/oslo_config/cfg.py:3006}}
Mar 25 20:02:32.330777 np0000160639 nova-scheduler[108174]: DEBUG cotyledon.oslo_config_glue [-] oslo_messaging_rabbit.rabbit_quorum_max_memory_length = 0 {{(pid=108174) log_opt_values /opt/stack/data/venv/lib/python3.12/site-packages/oslo_config/cfg.py:3006}}
Mar 25 20:02:32.330777 np0000160639 nova-scheduler[108174]: DEBUG cotyledon.oslo_config_glue [-] oslo_messaging_rabbit.rabbit_quorum_queue = False {{(pid=108174) log_opt_values /opt/stack/data/venv/lib/python3.12/site-packages/oslo_config/cfg.py:3006}}
Mar 25 20:02:32.330777 np0000160639 nova-scheduler[108174]: DEBUG cotyledon.oslo_config_glue [-] oslo_messaging_rabbit.rabbit_retry_backoff = 2 {{(pid=108174) log_opt_values /opt/stack/data/venv/lib/python3.12/site-packages/oslo_config/cfg.py:3006}}
Mar 25 20:02:32.330777 np0000160639 nova-scheduler[108174]: DEBUG cotyledon.oslo_config_glue [-] oslo_messaging_rabbit.rabbit_retry_interval = 1 {{(pid=108174) log_opt_values /opt/stack/data/venv/lib/python3.12/site-packages/oslo_config/cfg.py:3006}}
Mar 25 20:02:32.330777 np0000160639 nova-scheduler[108174]: DEBUG cotyledon.oslo_config_glue [-] oslo_messaging_rabbit.rabbit_stream_fanout = False {{(pid=108174) log_opt_values /opt/stack/data/venv/lib/python3.12/site-packages/oslo_config/cfg.py:3006}}
Mar 25 20:02:32.330777 np0000160639 nova-scheduler[108174]: DEBUG cotyledon.oslo_config_glue [-] oslo_messaging_rabbit.rabbit_transient_queues_ttl = 1800 {{(pid=108174) log_opt_values /opt/stack/data/venv/lib/python3.12/site-packages/oslo_config/cfg.py:3006}}
Mar 25 20:02:32.330953 np0000160639 nova-scheduler[108174]: DEBUG cotyledon.oslo_config_glue [-] oslo_messaging_rabbit.rabbit_transient_quorum_queue = False {{(pid=108174) log_opt_values /opt/stack/data/venv/lib/python3.12/site-packages/oslo_config/cfg.py:3006}}
Mar 25 20:02:32.330953 np0000160639 nova-scheduler[108174]: DEBUG cotyledon.oslo_config_glue [-] oslo_messaging_rabbit.rpc_conn_pool_size = 30 {{(pid=108174) log_opt_values /opt/stack/data/venv/lib/python3.12/site-packages/oslo_config/cfg.py:3006}}
Mar 25 20:02:32.330953 np0000160639 nova-scheduler[108174]: DEBUG cotyledon.oslo_config_glue [-] oslo_messaging_rabbit.ssl = False {{(pid=108174) log_opt_values /opt/stack/data/venv/lib/python3.12/site-packages/oslo_config/cfg.py:3006}}
Mar 25 20:02:32.330953 np0000160639 nova-scheduler[108174]: DEBUG cotyledon.oslo_config_glue [-] oslo_messaging_rabbit.ssl_ca_file = {{(pid=108174) log_opt_values /opt/stack/data/venv/lib/python3.12/site-packages/oslo_config/cfg.py:3006}}
Mar 25 20:02:32.330953 np0000160639 nova-scheduler[108174]: DEBUG cotyledon.oslo_config_glue [-] oslo_messaging_rabbit.ssl_cert_file = {{(pid=108174) log_opt_values /opt/stack/data/venv/lib/python3.12/site-packages/oslo_config/cfg.py:3006}}
Mar 25 20:02:32.330953 np0000160639 nova-scheduler[108174]: DEBUG cotyledon.oslo_config_glue [-] oslo_messaging_rabbit.ssl_enforce_fips_mode = False {{(pid=108174) log_opt_values /opt/stack/data/venv/lib/python3.12/site-packages/oslo_config/cfg.py:3006}}
Mar 25 20:02:32.330953 np0000160639 nova-scheduler[108174]: DEBUG cotyledon.oslo_config_glue [-] oslo_messaging_rabbit.ssl_key_file = {{(pid=108174) log_opt_values /opt/stack/data/venv/lib/python3.12/site-packages/oslo_config/cfg.py:3006}}
Mar 25 20:02:32.330953 np0000160639 nova-scheduler[108174]: DEBUG cotyledon.oslo_config_glue [-] oslo_messaging_rabbit.ssl_version = {{(pid=108174) log_opt_values /opt/stack/data/venv/lib/python3.12/site-packages/oslo_config/cfg.py:3006}}
Mar 25 20:02:32.330953 np0000160639 nova-scheduler[108174]: DEBUG cotyledon.oslo_config_glue [-] oslo_messaging_rabbit.use_queue_manager = False {{(pid=108174) log_opt_values /opt/stack/data/venv/lib/python3.12/site-packages/oslo_config/cfg.py:3006}}
Mar 25 20:02:32.331141 np0000160639 nova-scheduler[108174]: DEBUG cotyledon.oslo_config_glue [-] oslo_messaging_notifications.driver = ['messagingv2'] {{(pid=108174) log_opt_values /opt/stack/data/venv/lib/python3.12/site-packages/oslo_config/cfg.py:3006}}
Mar 25 20:02:32.331141 np0000160639 nova-scheduler[108174]: DEBUG cotyledon.oslo_config_glue [-] oslo_messaging_notifications.retry = -1 {{(pid=108174) log_opt_values /opt/stack/data/venv/lib/python3.12/site-packages/oslo_config/cfg.py:3006}}
Mar 25 20:02:32.331141 np0000160639 nova-scheduler[108174]: DEBUG cotyledon.oslo_config_glue [-] oslo_messaging_notifications.topics = ['notifications'] {{(pid=108174) log_opt_values /opt/stack/data/venv/lib/python3.12/site-packages/oslo_config/cfg.py:3006}}
Mar 25 20:02:32.331141 np0000160639 nova-scheduler[108174]: DEBUG cotyledon.oslo_config_glue [-] oslo_messaging_notifications.transport_url = **** {{(pid=108174) log_opt_values /opt/stack/data/venv/lib/python3.12/site-packages/oslo_config/cfg.py:3006}}
Mar 25 20:02:32.331141 np0000160639 nova-scheduler[108174]: DEBUG cotyledon.oslo_config_glue [-] oslo_limit.auth_section = None {{(pid=108174) log_opt_values /opt/stack/data/venv/lib/python3.12/site-packages/oslo_config/cfg.py:3006}}
Mar 25 20:02:32.331141 np0000160639 nova-scheduler[108174]: DEBUG cotyledon.oslo_config_glue [-] oslo_limit.auth_type = None {{(pid=108174) log_opt_values /opt/stack/data/venv/lib/python3.12/site-packages/oslo_config/cfg.py:3006}}
Mar 25 20:02:32.331141 np0000160639 nova-scheduler[108174]: DEBUG cotyledon.oslo_config_glue [-] oslo_limit.cafile = None {{(pid=108174) log_opt_values /opt/stack/data/venv/lib/python3.12/site-packages/oslo_config/cfg.py:3006}}
Mar 25 20:02:32.331141 np0000160639 nova-scheduler[108174]: DEBUG cotyledon.oslo_config_glue [-] oslo_limit.certfile = None {{(pid=108174) log_opt_values /opt/stack/data/venv/lib/python3.12/site-packages/oslo_config/cfg.py:3006}}
Mar 25 20:02:32.331141 np0000160639 nova-scheduler[108174]: DEBUG cotyledon.oslo_config_glue [-] oslo_limit.collect_timing = False {{(pid=108174) log_opt_values /opt/stack/data/venv/lib/python3.12/site-packages/oslo_config/cfg.py:3006}}
Mar 25 20:02:32.331375 np0000160639 nova-scheduler[108174]: DEBUG cotyledon.oslo_config_glue [-] oslo_limit.connect_retries = None {{(pid=108174) log_opt_values /opt/stack/data/venv/lib/python3.12/site-packages/oslo_config/cfg.py:3006}}
Mar 25 20:02:32.331375 np0000160639 nova-scheduler[108174]: DEBUG cotyledon.oslo_config_glue [-] oslo_limit.connect_retry_delay = None {{(pid=108174) log_opt_values /opt/stack/data/venv/lib/python3.12/site-packages/oslo_config/cfg.py:3006}}
Mar 25 20:02:32.331375 np0000160639 nova-scheduler[108174]: DEBUG cotyledon.oslo_config_glue [-] oslo_limit.endpoint_id = None {{(pid=108174) log_opt_values /opt/stack/data/venv/lib/python3.12/site-packages/oslo_config/cfg.py:3006}}
Mar 25 20:02:32.331375 np0000160639 nova-scheduler[108174]: DEBUG cotyledon.oslo_config_glue [-] oslo_limit.endpoint_interface = public {{(pid=108174) log_opt_values /opt/stack/data/venv/lib/python3.12/site-packages/oslo_config/cfg.py:3006}}
Mar 25 20:02:32.331375 np0000160639 nova-scheduler[108174]: DEBUG cotyledon.oslo_config_glue [-] oslo_limit.endpoint_override = None {{(pid=108174) log_opt_values /opt/stack/data/venv/lib/python3.12/site-packages/oslo_config/cfg.py:3006}}
Mar 25 20:02:32.331375 np0000160639 nova-scheduler[108174]: DEBUG cotyledon.oslo_config_glue [-] oslo_limit.endpoint_region_name = None {{(pid=108174) log_opt_values /opt/stack/data/venv/lib/python3.12/site-packages/oslo_config/cfg.py:3006}}
Mar 25 20:02:32.331375 np0000160639 nova-scheduler[108174]: DEBUG cotyledon.oslo_config_glue [-] oslo_limit.endpoint_service_name = None {{(pid=108174) log_opt_values /opt/stack/data/venv/lib/python3.12/site-packages/oslo_config/cfg.py:3006}}
Mar 25 20:02:32.331375 np0000160639 nova-scheduler[108174]: DEBUG cotyledon.oslo_config_glue [-] oslo_limit.endpoint_service_type = None {{(pid=108174) log_opt_values /opt/stack/data/venv/lib/python3.12/site-packages/oslo_config/cfg.py:3006}}
Mar 25 20:02:32.331375 np0000160639 nova-scheduler[108174]: DEBUG cotyledon.oslo_config_glue [-] oslo_limit.insecure = False {{(pid=108174) log_opt_values /opt/stack/data/venv/lib/python3.12/site-packages/oslo_config/cfg.py:3006}}
Mar 25 20:02:32.331616 np0000160639 nova-scheduler[108174]: DEBUG cotyledon.oslo_config_glue [-] oslo_limit.keyfile = None {{(pid=108174) log_opt_values /opt/stack/data/venv/lib/python3.12/site-packages/oslo_config/cfg.py:3006}}
Mar 25 20:02:32.331616 np0000160639 nova-scheduler[108174]: DEBUG cotyledon.oslo_config_glue [-] oslo_limit.max_version = None {{(pid=108174) log_opt_values /opt/stack/data/venv/lib/python3.12/site-packages/oslo_config/cfg.py:3006}}
Mar 25 20:02:32.331616 np0000160639 nova-scheduler[108174]: DEBUG cotyledon.oslo_config_glue [-] oslo_limit.min_version = None {{(pid=108174) log_opt_values /opt/stack/data/venv/lib/python3.12/site-packages/oslo_config/cfg.py:3006}}
Mar 25 20:02:32.331616 np0000160639 nova-scheduler[108174]: DEBUG cotyledon.oslo_config_glue [-] oslo_limit.region_name = None {{(pid=108174) log_opt_values /opt/stack/data/venv/lib/python3.12/site-packages/oslo_config/cfg.py:3006}}
Mar 25 20:02:32.331616 np0000160639 nova-scheduler[108174]: DEBUG cotyledon.oslo_config_glue [-] oslo_limit.retriable_status_codes = None {{(pid=108174) log_opt_values /opt/stack/data/venv/lib/python3.12/site-packages/oslo_config/cfg.py:3006}}
Mar 25 20:02:32.331616 np0000160639 nova-scheduler[108174]: DEBUG cotyledon.oslo_config_glue [-] oslo_limit.service_name = None {{(pid=108174) log_opt_values /opt/stack/data/venv/lib/python3.12/site-packages/oslo_config/cfg.py:3006}}
Mar 25 20:02:32.331616 np0000160639 nova-scheduler[108174]: DEBUG cotyledon.oslo_config_glue [-] oslo_limit.service_type = None {{(pid=108174) log_opt_values /opt/stack/data/venv/lib/python3.12/site-packages/oslo_config/cfg.py:3006}}
Mar 25 20:02:32.331616 np0000160639 nova-scheduler[108174]: DEBUG cotyledon.oslo_config_glue [-] oslo_limit.split_loggers = False {{(pid=108174) log_opt_values /opt/stack/data/venv/lib/python3.12/site-packages/oslo_config/cfg.py:3006}}
Mar 25 20:02:32.331616 np0000160639 nova-scheduler[108174]: DEBUG cotyledon.oslo_config_glue [-] oslo_limit.status_code_retries = None {{(pid=108174) log_opt_values /opt/stack/data/venv/lib/python3.12/site-packages/oslo_config/cfg.py:3006}}
Mar 25 20:02:32.331814 np0000160639 nova-scheduler[108174]: DEBUG cotyledon.oslo_config_glue [-] oslo_limit.status_code_retry_delay = None {{(pid=108174) log_opt_values /opt/stack/data/venv/lib/python3.12/site-packages/oslo_config/cfg.py:3006}}
Mar 25 20:02:32.331814 np0000160639 nova-scheduler[108174]: DEBUG cotyledon.oslo_config_glue [-] oslo_limit.timeout = None {{(pid=108174) log_opt_values /opt/stack/data/venv/lib/python3.12/site-packages/oslo_config/cfg.py:3006}}
Mar 25 20:02:32.331814 np0000160639 nova-scheduler[108174]: DEBUG cotyledon.oslo_config_glue [-] oslo_limit.valid_interfaces = None {{(pid=108174) log_opt_values /opt/stack/data/venv/lib/python3.12/site-packages/oslo_config/cfg.py:3006}}
Mar 25 20:02:32.331814 np0000160639 nova-scheduler[108174]: DEBUG cotyledon.oslo_config_glue [-] oslo_limit.version = None {{(pid=108174) log_opt_values /opt/stack/data/venv/lib/python3.12/site-packages/oslo_config/cfg.py:3006}}
Mar 25 20:02:32.331814 np0000160639 nova-scheduler[108174]: DEBUG cotyledon.oslo_config_glue [-] oslo_reports.file_event_handler = None {{(pid=108174) log_opt_values /opt/stack/data/venv/lib/python3.12/site-packages/oslo_config/cfg.py:3006}}
Mar 25 20:02:32.331814 np0000160639 nova-scheduler[108174]: DEBUG cotyledon.oslo_config_glue [-] oslo_reports.file_event_handler_interval = 1 {{(pid=108174) log_opt_values /opt/stack/data/venv/lib/python3.12/site-packages/oslo_config/cfg.py:3006}}
Mar 25 20:02:32.331814 np0000160639 nova-scheduler[108174]: DEBUG cotyledon.oslo_config_glue [-] oslo_reports.log_dir = None {{(pid=108174) log_opt_values /opt/stack/data/venv/lib/python3.12/site-packages/oslo_config/cfg.py:3006}}
Mar 25 20:02:32.331814 np0000160639 nova-scheduler[108174]: DEBUG cotyledon.oslo_config_glue [-] ******************************************************************************** {{(pid=108174) log_opt_values /opt/stack/data/venv/lib/python3.12/site-packages/oslo_config/cfg.py:3013}}
Mar 25 20:02:32.331814 np0000160639 nova-scheduler[108174]: DEBUG cotyledon._service_worker [-] Run service ServiceWrapper(3) [108174] {{(pid=108174) wait_forever /opt/stack/data/venv/lib/python3.12/site-packages/cotyledon/_service_worker.py:218}}
Mar 25 20:02:32.332005 np0000160639 nova-scheduler[108153]: DEBUG nova.service [None req-502372b3-83d7-43cb-97aa-b58daecbc617 None None] Join ServiceGroup membership for this service scheduler {{(pid=108153) start /opt/stack/nova/nova/service.py:221}}
Mar 25 20:02:32.332005 np0000160639 nova-scheduler[108153]: DEBUG nova.servicegroup.drivers.db [None req-502372b3-83d7-43cb-97aa-b58daecbc617 None None] DB_Driver: join new ServiceGroup member np0000160639 to the scheduler group, service = {{(pid=108153) join /opt/stack/nova/nova/servicegroup/drivers/db.py:44}}
Mar 25 20:02:32.332051 np0000160639 nova-scheduler[108157]: DEBUG nova.service [None req-c1fa17c3-3fb7-452f-8c9d-7e8defab409d None None] Join ServiceGroup membership for this service scheduler {{(pid=108157) start /opt/stack/nova/nova/service.py:221}}
Mar 25 20:02:32.332076 np0000160639 nova-scheduler[108174]: INFO nova.service [-] Starting scheduler node (version 33.1.0)
Mar 25 20:02:32.332100 np0000160639 nova-scheduler[108166]: DEBUG dbcounter [-] [108166] Writer thread running {{(pid=108166) stat_writer /opt/stack/data/venv/lib/python3.12/site-packages/dbcounter.py:102}}
Mar 25 20:02:32.332130 np0000160639 nova-scheduler[108157]: DEBUG nova.servicegroup.drivers.db [None req-c1fa17c3-3fb7-452f-8c9d-7e8defab409d None None] DB_Driver: join new ServiceGroup member np0000160639 to the scheduler group, service = {{(pid=108157) join /opt/stack/nova/nova/servicegroup/drivers/db.py:44}}
Mar 25 20:02:32.332158 np0000160639 nova-scheduler[108166]: DEBUG nova.service [None req-668ab3f3-8f23-4e86-b901-669d7b7b8192 None None] Creating RPC server for service: nova-scheduler on topic: scheduler {{(pid=108166) start /opt/stack/nova/nova/service.py:195}}
Mar 25 20:02:32.332185 np0000160639 nova-scheduler[108174]: INFO dbcounter [None req-116e6c9c-45b6-4138-9095-173d22b57ee9 None None] Registered counter for database nova_cell0
Mar 25 20:02:32.338511 np0000160639 nova-scheduler[108174]: DEBUG oslo_db.sqlalchemy.engines [None req-116e6c9c-45b6-4138-9095-173d22b57ee9 None None] MySQL server mode set to STRICT_TRANS_TABLES,STRICT_ALL_TABLES,NO_ZERO_IN_DATE,NO_ZERO_DATE,ERROR_FOR_DIVISION_BY_ZERO,TRADITIONAL,NO_ENGINE_SUBSTITUTION {{(pid=108174) _check_effective_sql_mode /opt/stack/data/venv/lib/python3.12/site-packages/oslo_db/sqlalchemy/engines.py:325}}
Mar 25 20:02:32.347840 np0000160639 nova-scheduler[108166]: DEBUG nova.service [None req-668ab3f3-8f23-4e86-b901-669d7b7b8192 None None] Join ServiceGroup membership for this service scheduler {{(pid=108166) start /opt/stack/nova/nova/service.py:221}}
Mar 25 20:02:32.348170 np0000160639 nova-scheduler[108166]: DEBUG nova.servicegroup.drivers.db [None req-668ab3f3-8f23-4e86-b901-669d7b7b8192 None None] DB_Driver: join new ServiceGroup member np0000160639 to the scheduler group, service = {{(pid=108166) join /opt/stack/nova/nova/servicegroup/drivers/db.py:44}}
Mar 25 20:02:32.349920 np0000160639 nova-scheduler[108174]: DEBUG dbcounter [-] [108174] Writer thread running {{(pid=108174) stat_writer /opt/stack/data/venv/lib/python3.12/site-packages/dbcounter.py:102}}
Mar 25 20:02:32.353748 np0000160639 nova-scheduler[108174]: DEBUG nova.service [None req-116e6c9c-45b6-4138-9095-173d22b57ee9 None None] Creating RPC server for service: nova-scheduler on topic: scheduler {{(pid=108174) start /opt/stack/nova/nova/service.py:195}}
Mar 25 20:02:32.370582 np0000160639 nova-scheduler[108174]: DEBUG nova.service [None req-116e6c9c-45b6-4138-9095-173d22b57ee9 None None] Join ServiceGroup membership for this service scheduler {{(pid=108174) start /opt/stack/nova/nova/service.py:221}}
Mar 25 20:02:32.370967 np0000160639 nova-scheduler[108174]: DEBUG nova.servicegroup.drivers.db [None req-116e6c9c-45b6-4138-9095-173d22b57ee9 None None] DB_Driver: join new ServiceGroup member np0000160639 to the scheduler group, service = {{(pid=108174) join /opt/stack/nova/nova/servicegroup/drivers/db.py:44}}
Mar 25 20:02:37.344751 np0000160639 nova-scheduler[108157]: DEBUG oslo.service.backend._threading.loopingcall [-] Fixed interval looping call 'nova.servicegroup.drivers.db.DbDriver._report_state' sleeping for 119.98 seconds {{(pid=108157) _run_loop /opt/stack/data/venv/lib/python3.12/site-packages/oslo_service/backend/_threading/loopingcall.py:125}}
Mar 25 20:02:37.345346 np0000160639 nova-scheduler[108153]: DEBUG oslo.service.backend._threading.loopingcall [-] Fixed interval looping call 'nova.servicegroup.drivers.db.DbDriver._report_state' sleeping for 119.98 seconds {{(pid=108153) _run_loop /opt/stack/data/venv/lib/python3.12/site-packages/oslo_service/backend/_threading/loopingcall.py:125}}
Mar 25 20:02:37.364920 np0000160639 nova-scheduler[108166]: DEBUG oslo.service.backend._threading.loopingcall [-] Fixed interval looping call 'nova.servicegroup.drivers.db.DbDriver._report_state' sleeping for 119.99 seconds {{(pid=108166) _run_loop /opt/stack/data/venv/lib/python3.12/site-packages/oslo_service/backend/_threading/loopingcall.py:125}}
Mar 25 20:02:37.383487 np0000160639 nova-scheduler[108174]: DEBUG oslo.service.backend._threading.loopingcall [-] Fixed interval looping call 'nova.servicegroup.drivers.db.DbDriver._report_state' sleeping for 119.99 seconds {{(pid=108174) _run_loop /opt/stack/data/venv/lib/python3.12/site-packages/oslo_service/backend/_threading/loopingcall.py:125}}
Mar 25 20:02:40.929472 np0000160639 nova-scheduler[107386]: DEBUG dbcounter [-] [107386] Writing DB stats nova_api:SELECT=3 {{(pid=107386) stat_writer /opt/stack/data/venv/lib/python3.12/site-packages/dbcounter.py:115}}
Mar 25 20:02:41.034284 np0000160639 nova-scheduler[107386]: DEBUG dbcounter [-] [107386] Writing DB stats nova_cell0:SELECT=1 {{(pid=107386) stat_writer /opt/stack/data/venv/lib/python3.12/site-packages/dbcounter.py:115}}
Mar 25 20:02:41.039694 np0000160639 nova-scheduler[107386]: DEBUG dbcounter [-] [107386] Writing DB stats nova_cell1:SELECT=1 {{(pid=107386) stat_writer /opt/stack/data/venv/lib/python3.12/site-packages/dbcounter.py:115}}
Mar 25 20:02:47.339322 np0000160639 nova-scheduler[108157]: DEBUG dbcounter [-] [108157] Writing DB stats nova_cell0:SELECT=3,nova_cell0:UPDATE=1 {{(pid=108157) stat_writer /opt/stack/data/venv/lib/python3.12/site-packages/dbcounter.py:115}}
Mar 25 20:02:47.339887 np0000160639 nova-scheduler[108153]: DEBUG dbcounter [-] [108153] Writing DB stats nova_cell0:SELECT=4,nova_cell0:INSERT=1,nova_cell0:UPDATE=1 {{(pid=108153) stat_writer /opt/stack/data/venv/lib/python3.12/site-packages/dbcounter.py:115}}
Mar 25 20:02:47.361666 np0000160639 nova-scheduler[108166]: DEBUG dbcounter [-] [108166] Writing DB stats nova_cell0:SELECT=3 {{(pid=108166) stat_writer /opt/stack/data/venv/lib/python3.12/site-packages/dbcounter.py:115}}
Mar 25 20:02:47.380060 np0000160639 nova-scheduler[108174]: DEBUG dbcounter [-] [108174] Writing DB stats nova_cell0:SELECT=3 {{(pid=108174) stat_writer /opt/stack/data/venv/lib/python3.12/site-packages/dbcounter.py:115}}
Mar 25 20:02:56.373561 np0000160639 nova-scheduler[108174]: DEBUG oslo.service.backend._threading.loopingcall [None req-4661f936-ec26-4ba5-9e35-29baa58bb604 None None] Dynamic interval looping call 'nova.service.Service.periodic_tasks' sleeping for 60.00 seconds {{(pid=108174) _run_loop /opt/stack/data/venv/lib/python3.12/site-packages/oslo_service/backend/_threading/loopingcall.py:125}}
Mar 25 20:03:21.325143 np0000160639 nova-scheduler[108153]: DEBUG oslo.service.backend._threading.loopingcall [None req-cc68ba69-2e31-4bea-b799-eaf76f39bfb5 None None] Dynamic interval looping call 'nova.service.Service.periodic_tasks' sleeping for 60.00 seconds {{(pid=108153) _run_loop /opt/stack/data/venv/lib/python3.12/site-packages/oslo_service/backend/_threading/loopingcall.py:125}}
Mar 25 20:03:23.419347 np0000160639 nova-scheduler[108166]: DEBUG oslo.service.backend._threading.loopingcall [None req-ec680047-2fe3-4096-8df6-ccd748dc89a1 None None] Dynamic interval looping call 'nova.service.Service.periodic_tasks' sleeping for 60.00 seconds {{(pid=108166) _run_loop /opt/stack/data/venv/lib/python3.12/site-packages/oslo_service/backend/_threading/loopingcall.py:125}}
Mar 25 20:03:24.326739 np0000160639 nova-scheduler[108157]: DEBUG oslo.service.backend._threading.loopingcall [None req-54876634-43ac-4451-bdda-4a1cdf0b1343 None None] Dynamic interval looping call 'nova.service.Service.periodic_tasks' sleeping for 60.00 seconds {{(pid=108157) _run_loop /opt/stack/data/venv/lib/python3.12/site-packages/oslo_service/backend/_threading/loopingcall.py:125}}
Mar 25 20:03:56.374357 np0000160639 nova-scheduler[108174]: DEBUG oslo.service.backend._threading.loopingcall [None req-4661f936-ec26-4ba5-9e35-29baa58bb604 None None] Dynamic interval looping call 'nova.service.Service.periodic_tasks' sleeping for 60.00 seconds {{(pid=108174) _run_loop /opt/stack/data/venv/lib/python3.12/site-packages/oslo_service/backend/_threading/loopingcall.py:125}}
Mar 25 20:04:21.325971 np0000160639 nova-scheduler[108153]: DEBUG oslo.service.backend._threading.loopingcall [None req-cc68ba69-2e31-4bea-b799-eaf76f39bfb5 None None] Dynamic interval looping call 'nova.service.Service.periodic_tasks' sleeping for 60.00 seconds {{(pid=108153) _run_loop /opt/stack/data/venv/lib/python3.12/site-packages/oslo_service/backend/_threading/loopingcall.py:125}}
Mar 25 20:04:23.351961 np0000160639 nova-scheduler[108166]: DEBUG oslo.service.backend._threading.loopingcall [None req-ec680047-2fe3-4096-8df6-ccd748dc89a1 None None] Dynamic interval looping call 'nova.service.Service.periodic_tasks' sleeping for 60.00 seconds {{(pid=108166) _run_loop /opt/stack/data/venv/lib/python3.12/site-packages/oslo_service/backend/_threading/loopingcall.py:125}}
Mar 25 20:04:24.327510 np0000160639 nova-scheduler[108157]: DEBUG oslo.service.backend._threading.loopingcall [None req-54876634-43ac-4451-bdda-4a1cdf0b1343 None None] Dynamic interval looping call 'nova.service.Service.periodic_tasks' sleeping for 60.00 seconds {{(pid=108157) _run_loop /opt/stack/data/venv/lib/python3.12/site-packages/oslo_service/backend/_threading/loopingcall.py:125}}
Mar 25 20:04:37.335490 np0000160639 nova-scheduler[108153]: DEBUG oslo.service.backend._threading.loopingcall [-] Fixed interval looping call 'nova.servicegroup.drivers.db.DbDriver._report_state' sleeping for 119.99 seconds {{(pid=108153) _run_loop /opt/stack/data/venv/lib/python3.12/site-packages/oslo_service/backend/_threading/loopingcall.py:125}}
Mar 25 20:04:37.336175 np0000160639 nova-scheduler[108157]: DEBUG oslo.service.backend._threading.loopingcall [-] Fixed interval looping call 'nova.servicegroup.drivers.db.DbDriver._report_state' sleeping for 119.99 seconds {{(pid=108157) _run_loop /opt/stack/data/venv/lib/python3.12/site-packages/oslo_service/backend/_threading/loopingcall.py:125}}
Mar 25 20:04:37.361871 np0000160639 nova-scheduler[108166]: DEBUG oslo.service.backend._threading.loopingcall [-] Fixed interval looping call 'nova.servicegroup.drivers.db.DbDriver._report_state' sleeping for 119.99 seconds {{(pid=108166) _run_loop /opt/stack/data/venv/lib/python3.12/site-packages/oslo_service/backend/_threading/loopingcall.py:125}}
Mar 25 20:04:37.379791 np0000160639 nova-scheduler[108174]: DEBUG oslo.service.backend._threading.loopingcall [-] Fixed interval looping call 'nova.servicegroup.drivers.db.DbDriver._report_state' sleeping for 119.99 seconds {{(pid=108174) _run_loop /opt/stack/data/venv/lib/python3.12/site-packages/oslo_service/backend/_threading/loopingcall.py:125}}
Mar 25 20:04:47.330706 np0000160639 nova-scheduler[108157]: DEBUG dbcounter [-] [108157] Writing DB stats nova_cell0:SELECT=1,nova_cell0:UPDATE=1 {{(pid=108157) stat_writer /opt/stack/data/venv/lib/python3.12/site-packages/dbcounter.py:115}}
Mar 25 20:04:47.331067 np0000160639 nova-scheduler[108153]: DEBUG dbcounter [-] [108153] Writing DB stats nova_cell0:SELECT=1,nova_cell0:UPDATE=1 {{(pid=108153) stat_writer /opt/stack/data/venv/lib/python3.12/site-packages/dbcounter.py:115}}
Mar 25 20:04:47.358282 np0000160639 nova-scheduler[108166]: DEBUG dbcounter [-] [108166] Writing DB stats nova_cell0:SELECT=1 {{(pid=108166) stat_writer /opt/stack/data/venv/lib/python3.12/site-packages/dbcounter.py:115}}
Mar 25 20:04:47.377086 np0000160639 nova-scheduler[108174]: DEBUG dbcounter [-] [108174] Writing DB stats nova_cell0:SELECT=1 {{(pid=108174) stat_writer /opt/stack/data/venv/lib/python3.12/site-packages/dbcounter.py:115}}
Mar 25 20:04:56.375367 np0000160639 nova-scheduler[108174]: DEBUG oslo.service.backend._threading.loopingcall [None req-4661f936-ec26-4ba5-9e35-29baa58bb604 None None] Dynamic interval looping call 'nova.service.Service.periodic_tasks' sleeping for 60.00 seconds {{(pid=108174) _run_loop /opt/stack/data/venv/lib/python3.12/site-packages/oslo_service/backend/_threading/loopingcall.py:125}}
Mar 25 20:05:21.326806 np0000160639 nova-scheduler[108153]: DEBUG oslo.service.backend._threading.loopingcall [None req-cc68ba69-2e31-4bea-b799-eaf76f39bfb5 None None] Dynamic interval looping call 'nova.service.Service.periodic_tasks' sleeping for 60.00 seconds {{(pid=108153) _run_loop /opt/stack/data/venv/lib/python3.12/site-packages/oslo_service/backend/_threading/loopingcall.py:125}}
Mar 25 20:05:23.352763 np0000160639 nova-scheduler[108166]: DEBUG oslo.service.backend._threading.loopingcall [None req-ec680047-2fe3-4096-8df6-ccd748dc89a1 None None] Dynamic interval looping call 'nova.service.Service.periodic_tasks' sleeping for 60.00 seconds {{(pid=108166) _run_loop /opt/stack/data/venv/lib/python3.12/site-packages/oslo_service/backend/_threading/loopingcall.py:125}}
Mar 25 20:05:24.328276 np0000160639 nova-scheduler[108157]: DEBUG oslo.service.backend._threading.loopingcall [None req-54876634-43ac-4451-bdda-4a1cdf0b1343 None None] Dynamic interval looping call 'nova.service.Service.periodic_tasks' sleeping for 60.00 seconds {{(pid=108157) _run_loop /opt/stack/data/venv/lib/python3.12/site-packages/oslo_service/backend/_threading/loopingcall.py:125}}
Mar 25 20:05:56.376092 np0000160639 nova-scheduler[108174]: DEBUG oslo.service.backend._threading.loopingcall [None req-4661f936-ec26-4ba5-9e35-29baa58bb604 None None] Dynamic interval looping call 'nova.service.Service.periodic_tasks' sleeping for 60.00 seconds {{(pid=108174) _run_loop /opt/stack/data/venv/lib/python3.12/site-packages/oslo_service/backend/_threading/loopingcall.py:125}}
Mar 25 20:06:21.327608 np0000160639 nova-scheduler[108153]: DEBUG oslo.service.backend._threading.loopingcall [None req-cc68ba69-2e31-4bea-b799-eaf76f39bfb5 None None] Dynamic interval looping call 'nova.service.Service.periodic_tasks' sleeping for 60.00 seconds {{(pid=108153) _run_loop /opt/stack/data/venv/lib/python3.12/site-packages/oslo_service/backend/_threading/loopingcall.py:125}}
Mar 25 20:06:23.353382 np0000160639 nova-scheduler[108166]: DEBUG oslo.service.backend._threading.loopingcall [None req-ec680047-2fe3-4096-8df6-ccd748dc89a1 None None] Dynamic interval looping call 'nova.service.Service.periodic_tasks' sleeping for 60.00 seconds {{(pid=108166) _run_loop /opt/stack/data/venv/lib/python3.12/site-packages/oslo_service/backend/_threading/loopingcall.py:125}}
Mar 25 20:06:24.329198 np0000160639 nova-scheduler[108157]: DEBUG oslo.service.backend._threading.loopingcall [None req-54876634-43ac-4451-bdda-4a1cdf0b1343 None None] Dynamic interval looping call 'nova.service.Service.periodic_tasks' sleeping for 60.00 seconds {{(pid=108157) _run_loop /opt/stack/data/venv/lib/python3.12/site-packages/oslo_service/backend/_threading/loopingcall.py:125}}
Mar 25 20:06:37.454039 np0000160639 nova-scheduler[108157]: DEBUG oslo.service.backend._threading.loopingcall [-] Fixed interval looping call 'nova.servicegroup.drivers.db.DbDriver._report_state' sleeping for 119.87 seconds {{(pid=108157) _run_loop /opt/stack/data/venv/lib/python3.12/site-packages/oslo_service/backend/_threading/loopingcall.py:125}}
Mar 25 20:06:37.454757 np0000160639 nova-scheduler[108153]: DEBUG oslo.service.backend._threading.loopingcall [-] Fixed interval looping call 'nova.servicegroup.drivers.db.DbDriver._report_state' sleeping for 119.87 seconds {{(pid=108153) _run_loop /opt/stack/data/venv/lib/python3.12/site-packages/oslo_service/backend/_threading/loopingcall.py:125}}
Mar 25 20:06:37.455622 np0000160639 nova-scheduler[108166]: DEBUG oslo.service.backend._threading.loopingcall [-] Fixed interval looping call 'nova.servicegroup.drivers.db.DbDriver._report_state' sleeping for 119.90 seconds {{(pid=108166) _run_loop /opt/stack/data/venv/lib/python3.12/site-packages/oslo_service/backend/_threading/loopingcall.py:125}}
Mar 25 20:06:37.456279 np0000160639 nova-scheduler[108174]: DEBUG oslo.service.backend._threading.loopingcall [-] Fixed interval looping call 'nova.servicegroup.drivers.db.DbDriver._report_state' sleeping for 119.91 seconds {{(pid=108174) _run_loop /opt/stack/data/venv/lib/python3.12/site-packages/oslo_service/backend/_threading/loopingcall.py:125}}
Mar 25 20:06:47.331431 np0000160639 nova-scheduler[108157]: DEBUG dbcounter [-] [108157] Writing DB stats nova_cell0:SELECT=1,nova_cell0:UPDATE=1 {{(pid=108157) stat_writer /opt/stack/data/venv/lib/python3.12/site-packages/dbcounter.py:115}}
Mar 25 20:06:47.332194 np0000160639 nova-scheduler[108153]: DEBUG dbcounter [-] [108153] Writing DB stats nova_cell0:SELECT=1,nova_cell0:UPDATE=1 {{(pid=108153) stat_writer /opt/stack/data/venv/lib/python3.12/site-packages/dbcounter.py:115}}
Mar 25 20:06:47.359890 np0000160639 nova-scheduler[108166]: DEBUG dbcounter [-] [108166] Writing DB stats nova_cell0:SELECT=1,nova_cell0:UPDATE=1 {{(pid=108166) stat_writer /opt/stack/data/venv/lib/python3.12/site-packages/dbcounter.py:115}}
Mar 25 20:06:47.376741 np0000160639 nova-scheduler[108174]: DEBUG dbcounter [-] [108174] Writing DB stats nova_cell0:SELECT=1,nova_cell0:UPDATE=1 {{(pid=108174) stat_writer /opt/stack/data/venv/lib/python3.12/site-packages/dbcounter.py:115}}
Mar 25 20:06:56.376734 np0000160639 nova-scheduler[108174]: DEBUG oslo.service.backend._threading.loopingcall [None req-4661f936-ec26-4ba5-9e35-29baa58bb604 None None] Dynamic interval looping call 'nova.service.Service.periodic_tasks' sleeping for 60.00 seconds {{(pid=108174) _run_loop /opt/stack/data/venv/lib/python3.12/site-packages/oslo_service/backend/_threading/loopingcall.py:125}}
