Mar 25 20:02:33.969488 np0000160639 devstack@n-api-meta.service[107996]: DEBUG nova.api.openstack.wsgi_app [None req-8a102dfb-d074-47ff-9e93-06674e52f50f None None] oslo_limit.timeout = None {{(pid=107996) log_opt_values /opt/stack/data/venv/lib/python3.12/site-packages/oslo_config/cfg.py:3006}}
Mar 25 20:02:33.969612 np0000160639 devstack@n-api-meta.service[107996]: DEBUG nova.api.openstack.wsgi_app [None req-8a102dfb-d074-47ff-9e93-06674e52f50f None None] oslo_limit.valid_interfaces = None {{(pid=107996) log_opt_values /opt/stack/data/venv/lib/python3.12/site-packages/oslo_config/cfg.py:3006}}
Mar 25 20:02:33.969735 np0000160639 devstack@n-api-meta.service[107996]: DEBUG nova.api.openstack.wsgi_app [None req-8a102dfb-d074-47ff-9e93-06674e52f50f None None] oslo_limit.version = None {{(pid=107996) log_opt_values /opt/stack/data/venv/lib/python3.12/site-packages/oslo_config/cfg.py:3006}}
Mar 25 20:02:33.969870 np0000160639 devstack@n-api-meta.service[107996]: DEBUG nova.api.openstack.wsgi_app [None req-8a102dfb-d074-47ff-9e93-06674e52f50f None None] oslo_messaging_rabbit.amqp_auto_delete = False {{(pid=107996) log_opt_values /opt/stack/data/venv/lib/python3.12/site-packages/oslo_config/cfg.py:3006}}
Mar 25 20:02:33.969998 np0000160639 devstack@n-api-meta.service[107996]: DEBUG nova.api.openstack.wsgi_app [None req-8a102dfb-d074-47ff-9e93-06674e52f50f None None] oslo_messaging_rabbit.amqp_durable_queues = False {{(pid=107996) log_opt_values /opt/stack/data/venv/lib/python3.12/site-packages/oslo_config/cfg.py:3006}}
Mar 25 20:02:33.970123 np0000160639 devstack@n-api-meta.service[107996]: DEBUG nova.api.openstack.wsgi_app [None req-8a102dfb-d074-47ff-9e93-06674e52f50f None None] oslo_messaging_rabbit.conn_pool_min_size = 2 {{(pid=107996) log_opt_values /opt/stack/data/venv/lib/python3.12/site-packages/oslo_config/cfg.py:3006}}
Mar 25 20:02:33.970250 np0000160639 devstack@n-api-meta.service[107996]: DEBUG nova.api.openstack.wsgi_app [None req-8a102dfb-d074-47ff-9e93-06674e52f50f None None] oslo_messaging_rabbit.conn_pool_ttl = 1200 {{(pid=107996) log_opt_values /opt/stack/data/venv/lib/python3.12/site-packages/oslo_config/cfg.py:3006}}
Mar 25 20:02:33.970377 np0000160639 devstack@n-api-meta.service[107996]: DEBUG nova.api.openstack.wsgi_app [None req-8a102dfb-d074-47ff-9e93-06674e52f50f None None] oslo_messaging_rabbit.direct_mandatory_flag = True {{(pid=107996) log_opt_values /opt/stack/data/venv/lib/python3.12/site-packages/oslo_config/cfg.py:3006}}
Mar 25 20:02:33.970545 np0000160639 devstack@n-api-meta.service[107996]: DEBUG nova.api.openstack.wsgi_app [None req-8a102dfb-d074-47ff-9e93-06674e52f50f None None] oslo_messaging_rabbit.enable_cancel_on_failover = False {{(pid=107996) log_opt_values /opt/stack/data/venv/lib/python3.12/site-packages/oslo_config/cfg.py:3006}}
Mar 25 20:02:33.970677 np0000160639 devstack@n-api-meta.service[107996]: DEBUG nova.api.openstack.wsgi_app [None req-8a102dfb-d074-47ff-9e93-06674e52f50f None None] oslo_messaging_rabbit.heartbeat_in_pthread = False {{(pid=107996) log_opt_values /opt/stack/data/venv/lib/python3.12/site-packages/oslo_config/cfg.py:3006}}
Mar 25 20:02:33.970803 np0000160639 devstack@n-api-meta.service[107996]: DEBUG nova.api.openstack.wsgi_app [None req-8a102dfb-d074-47ff-9e93-06674e52f50f None None] oslo_messaging_rabbit.heartbeat_rate = 3 {{(pid=107996) log_opt_values /opt/stack/data/venv/lib/python3.12/site-packages/oslo_config/cfg.py:3006}}
Mar 25 20:02:33.970928 np0000160639 devstack@n-api-meta.service[107996]: DEBUG nova.api.openstack.wsgi_app [None req-8a102dfb-d074-47ff-9e93-06674e52f50f None None] oslo_messaging_rabbit.heartbeat_timeout_threshold = 60 {{(pid=107996) log_opt_values /opt/stack/data/venv/lib/python3.12/site-packages/oslo_config/cfg.py:3006}}
Mar 25 20:02:33.971057 np0000160639 devstack@n-api-meta.service[107996]: DEBUG nova.api.openstack.wsgi_app [None req-8a102dfb-d074-47ff-9e93-06674e52f50f None None] oslo_messaging_rabbit.hostname = np0000160639 {{(pid=107996) log_opt_values /opt/stack/data/venv/lib/python3.12/site-packages/oslo_config/cfg.py:3006}}
Mar 25 20:02:33.971181 np0000160639 devstack@n-api-meta.service[107996]: DEBUG nova.api.openstack.wsgi_app [None req-8a102dfb-d074-47ff-9e93-06674e52f50f None None] oslo_messaging_rabbit.kombu_compression = None {{(pid=107996) log_opt_values /opt/stack/data/venv/lib/python3.12/site-packages/oslo_config/cfg.py:3006}}
Mar 25 20:02:33.971312 np0000160639 devstack@n-api-meta.service[107996]: DEBUG nova.api.openstack.wsgi_app [None req-8a102dfb-d074-47ff-9e93-06674e52f50f None None] oslo_messaging_rabbit.kombu_failover_strategy = round-robin {{(pid=107996) log_opt_values /opt/stack/data/venv/lib/python3.12/site-packages/oslo_config/cfg.py:3006}}
Mar 25 20:02:33.971448 np0000160639 devstack@n-api-meta.service[107996]: DEBUG nova.api.openstack.wsgi_app [None req-8a102dfb-d074-47ff-9e93-06674e52f50f None None] oslo_messaging_rabbit.kombu_missing_consumer_retry_timeout = 60 {{(pid=107996) log_opt_values /opt/stack/data/venv/lib/python3.12/site-packages/oslo_config/cfg.py:3006}}
Mar 25 20:02:33.971591 np0000160639 devstack@n-api-meta.service[107996]: DEBUG nova.api.openstack.wsgi_app [None req-8a102dfb-d074-47ff-9e93-06674e52f50f None None] oslo_messaging_rabbit.kombu_reconnect_delay = 1.0 {{(pid=107996) log_opt_values /opt/stack/data/venv/lib/python3.12/site-packages/oslo_config/cfg.py:3006}}
Mar 25 20:02:33.971716 np0000160639 devstack@n-api-meta.service[107996]: DEBUG nova.api.openstack.wsgi_app [None req-8a102dfb-d074-47ff-9e93-06674e52f50f None None] oslo_messaging_rabbit.kombu_reconnect_splay = 0.0 {{(pid=107996) log_opt_values /opt/stack/data/venv/lib/python3.12/site-packages/oslo_config/cfg.py:3006}}
Mar 25 20:02:33.971846 np0000160639 devstack@n-api-meta.service[107996]: DEBUG nova.api.openstack.wsgi_app [None req-8a102dfb-d074-47ff-9e93-06674e52f50f None None] oslo_messaging_rabbit.processname = uwsgi {{(pid=107996) log_opt_values /opt/stack/data/venv/lib/python3.12/site-packages/oslo_config/cfg.py:3006}}
Mar 25 20:02:33.971972 np0000160639 devstack@n-api-meta.service[107996]: DEBUG nova.api.openstack.wsgi_app [None req-8a102dfb-d074-47ff-9e93-06674e52f50f None None] oslo_messaging_rabbit.rabbit_ha_queues = False {{(pid=107996) log_opt_values /opt/stack/data/venv/lib/python3.12/site-packages/oslo_config/cfg.py:3006}}
Mar 25 20:02:33.972097 np0000160639 devstack@n-api-meta.service[107996]: DEBUG nova.api.openstack.wsgi_app [None req-8a102dfb-d074-47ff-9e93-06674e52f50f None None] oslo_messaging_rabbit.rabbit_interval_max = 30 {{(pid=107996) log_opt_values /opt/stack/data/venv/lib/python3.12/site-packages/oslo_config/cfg.py:3006}}
Mar 25 20:02:33.972227 np0000160639 devstack@n-api-meta.service[107996]: DEBUG nova.api.openstack.wsgi_app [None req-8a102dfb-d074-47ff-9e93-06674e52f50f None None] oslo_messaging_rabbit.rabbit_login_method = AMQPLAIN {{(pid=107996) log_opt_values /opt/stack/data/venv/lib/python3.12/site-packages/oslo_config/cfg.py:3006}}
Mar 25 20:02:33.972351 np0000160639 devstack@n-api-meta.service[107996]: DEBUG nova.api.openstack.wsgi_app [None req-8a102dfb-d074-47ff-9e93-06674e52f50f None None] oslo_messaging_rabbit.rabbit_qos_prefetch_count = 0 {{(pid=107996) log_opt_values /opt/stack/data/venv/lib/python3.12/site-packages/oslo_config/cfg.py:3006}}
Mar 25 20:02:33.972494 np0000160639 devstack@n-api-meta.service[107996]: DEBUG nova.api.openstack.wsgi_app [None req-8a102dfb-d074-47ff-9e93-06674e52f50f None None] oslo_messaging_rabbit.rabbit_quorum_delivery_limit = 0 {{(pid=107996) log_opt_values /opt/stack/data/venv/lib/python3.12/site-packages/oslo_config/cfg.py:3006}}
Mar 25 20:02:33.972621 np0000160639 devstack@n-api-meta.service[107996]: DEBUG nova.api.openstack.wsgi_app [None req-8a102dfb-d074-47ff-9e93-06674e52f50f None None] oslo_messaging_rabbit.rabbit_quorum_max_memory_bytes = 0 {{(pid=107996) log_opt_values /opt/stack/data/venv/lib/python3.12/site-packages/oslo_config/cfg.py:3006}}
Mar 25 20:02:33.972744 np0000160639 devstack@n-api-meta.service[107996]: DEBUG nova.api.openstack.wsgi_app [None req-8a102dfb-d074-47ff-9e93-06674e52f50f None None] oslo_messaging_rabbit.rabbit_quorum_max_memory_length = 0 {{(pid=107996) log_opt_values /opt/stack/data/venv/lib/python3.12/site-packages/oslo_config/cfg.py:3006}}
Mar 25 20:02:33.972868 np0000160639 devstack@n-api-meta.service[107996]: DEBUG nova.api.openstack.wsgi_app [None req-8a102dfb-d074-47ff-9e93-06674e52f50f None None] oslo_messaging_rabbit.rabbit_quorum_queue = False {{(pid=107996) log_opt_values /opt/stack/data/venv/lib/python3.12/site-packages/oslo_config/cfg.py:3006}}
Mar 25 20:02:33.972993 np0000160639 devstack@n-api-meta.service[107996]: DEBUG nova.api.openstack.wsgi_app [None req-8a102dfb-d074-47ff-9e93-06674e52f50f None None] oslo_messaging_rabbit.rabbit_retry_backoff = 2 {{(pid=107996) log_opt_values /opt/stack/data/venv/lib/python3.12/site-packages/oslo_config/cfg.py:3006}}
Mar 25 20:02:33.973117 np0000160639 devstack@n-api-meta.service[107996]: DEBUG nova.api.openstack.wsgi_app [None req-8a102dfb-d074-47ff-9e93-06674e52f50f None None] oslo_messaging_rabbit.rabbit_retry_interval = 1 {{(pid=107996) log_opt_values /opt/stack/data/venv/lib/python3.12/site-packages/oslo_config/cfg.py:3006}}
Mar 25 20:02:33.973241 np0000160639 devstack@n-api-meta.service[107996]: DEBUG nova.api.openstack.wsgi_app [None req-8a102dfb-d074-47ff-9e93-06674e52f50f None None] oslo_messaging_rabbit.rabbit_stream_fanout = False {{(pid=107996) log_opt_values /opt/stack/data/venv/lib/python3.12/site-packages/oslo_config/cfg.py:3006}}
Mar 25 20:02:33.973365 np0000160639 devstack@n-api-meta.service[107996]: DEBUG nova.api.openstack.wsgi_app [None req-8a102dfb-d074-47ff-9e93-06674e52f50f None None] oslo_messaging_rabbit.rabbit_transient_queues_ttl = 1800 {{(pid=107996) log_opt_values /opt/stack/data/venv/lib/python3.12/site-packages/oslo_config/cfg.py:3006}}
Mar 25 20:02:33.973507 np0000160639 devstack@n-api-meta.service[107996]: DEBUG nova.api.openstack.wsgi_app [None req-8a102dfb-d074-47ff-9e93-06674e52f50f None None] oslo_messaging_rabbit.rabbit_transient_quorum_queue = False {{(pid=107996) log_opt_values /opt/stack/data/venv/lib/python3.12/site-packages/oslo_config/cfg.py:3006}}
Mar 25 20:02:33.973633 np0000160639 devstack@n-api-meta.service[107996]: DEBUG nova.api.openstack.wsgi_app [None req-8a102dfb-d074-47ff-9e93-06674e52f50f None None] oslo_messaging_rabbit.rpc_conn_pool_size = 30 {{(pid=107996) log_opt_values /opt/stack/data/venv/lib/python3.12/site-packages/oslo_config/cfg.py:3006}}
Mar 25 20:02:33.973759 np0000160639 devstack@n-api-meta.service[107996]: DEBUG nova.api.openstack.wsgi_app [None req-8a102dfb-d074-47ff-9e93-06674e52f50f None None] oslo_messaging_rabbit.ssl = False {{(pid=107996) log_opt_values /opt/stack/data/venv/lib/python3.12/site-packages/oslo_config/cfg.py:3006}}
Mar 25 20:02:33.973888 np0000160639 devstack@n-api-meta.service[107996]: DEBUG nova.api.openstack.wsgi_app [None req-8a102dfb-d074-47ff-9e93-06674e52f50f None None] oslo_messaging_rabbit.ssl_ca_file = {{(pid=107996) log_opt_values /opt/stack/data/venv/lib/python3.12/site-packages/oslo_config/cfg.py:3006}}
Mar 25 20:02:33.974016 np0000160639 devstack@n-api-meta.service[107996]: DEBUG nova.api.openstack.wsgi_app [None req-8a102dfb-d074-47ff-9e93-06674e52f50f None None] oslo_messaging_rabbit.ssl_cert_file = {{(pid=107996) log_opt_values /opt/stack/data/venv/lib/python3.12/site-packages/oslo_config/cfg.py:3006}}
Mar 25 20:02:33.974141 np0000160639 devstack@n-api-meta.service[107996]: DEBUG nova.api.openstack.wsgi_app [None req-8a102dfb-d074-47ff-9e93-06674e52f50f None None] oslo_messaging_rabbit.ssl_enforce_fips_mode = False {{(pid=107996) log_opt_values /opt/stack/data/venv/lib/python3.12/site-packages/oslo_config/cfg.py:3006}}
Mar 25 20:02:33.974270 np0000160639 devstack@n-api-meta.service[107996]: DEBUG nova.api.openstack.wsgi_app [None req-8a102dfb-d074-47ff-9e93-06674e52f50f None None] oslo_messaging_rabbit.ssl_key_file = {{(pid=107996) log_opt_values /opt/stack/data/venv/lib/python3.12/site-packages/oslo_config/cfg.py:3006}}
Mar 25 20:02:33.974398 np0000160639 devstack@n-api-meta.service[107996]: DEBUG nova.api.openstack.wsgi_app [None req-8a102dfb-d074-47ff-9e93-06674e52f50f None None] oslo_messaging_rabbit.ssl_version = {{(pid=107996) log_opt_values /opt/stack/data/venv/lib/python3.12/site-packages/oslo_config/cfg.py:3006}}
Mar 25 20:02:33.974557 np0000160639 devstack@n-api-meta.service[107996]: DEBUG nova.api.openstack.wsgi_app [None req-8a102dfb-d074-47ff-9e93-06674e52f50f None None] oslo_messaging_rabbit.use_queue_manager = False {{(pid=107996) log_opt_values /opt/stack/data/venv/lib/python3.12/site-packages/oslo_config/cfg.py:3006}}
Mar 25 20:02:33.974699 np0000160639 devstack@n-api-meta.service[107996]: DEBUG nova.api.openstack.wsgi_app [None req-8a102dfb-d074-47ff-9e93-06674e52f50f None None] oslo_messaging_notifications.driver = ['messagingv2'] {{(pid=107996) log_opt_values /opt/stack/data/venv/lib/python3.12/site-packages/oslo_config/cfg.py:3006}}
Mar 25 20:02:33.974825 np0000160639 devstack@n-api-meta.service[107996]: DEBUG nova.api.openstack.wsgi_app [None req-8a102dfb-d074-47ff-9e93-06674e52f50f None None] oslo_messaging_notifications.retry = -1 {{(pid=107996) log_opt_values /opt/stack/data/venv/lib/python3.12/site-packages/oslo_config/cfg.py:3006}}
Mar 25 20:02:33.975146 np0000160639 devstack@n-api-meta.service[107996]: DEBUG nova.api.openstack.wsgi_app [None req-8a102dfb-d074-47ff-9e93-06674e52f50f None None] oslo_messaging_notifications.topics = ['notifications'] {{(pid=107996) log_opt_values /opt/stack/data/venv/lib/python3.12/site-packages/oslo_config/cfg.py:3006}}
Mar 25 20:02:33.975275 np0000160639 devstack@n-api-meta.service[107996]: DEBUG nova.api.openstack.wsgi_app [None req-8a102dfb-d074-47ff-9e93-06674e52f50f None None] oslo_messaging_notifications.transport_url = **** {{(pid=107996) log_opt_values /opt/stack/data/venv/lib/python3.12/site-packages/oslo_config/cfg.py:3006}}
Mar 25 20:02:33.975402 np0000160639 devstack@n-api-meta.service[107996]: DEBUG nova.api.openstack.wsgi_app [None req-8a102dfb-d074-47ff-9e93-06674e52f50f None None] oslo_reports.file_event_handler = None {{(pid=107996) log_opt_values /opt/stack/data/venv/lib/python3.12/site-packages/oslo_config/cfg.py:3006}}
Mar 25 20:02:33.975545 np0000160639 devstack@n-api-meta.service[107996]: DEBUG nova.api.openstack.wsgi_app [None req-8a102dfb-d074-47ff-9e93-06674e52f50f None None] oslo_reports.file_event_handler_interval = 1 {{(pid=107996) log_opt_values /opt/stack/data/venv/lib/python3.12/site-packages/oslo_config/cfg.py:3006}}
Mar 25 20:02:33.975671 np0000160639 devstack@n-api-meta.service[107996]: DEBUG nova.api.openstack.wsgi_app [None req-8a102dfb-d074-47ff-9e93-06674e52f50f None None] oslo_reports.log_dir = None {{(pid=107996) log_opt_values /opt/stack/data/venv/lib/python3.12/site-packages/oslo_config/cfg.py:3006}}
Mar 25 20:02:33.975771 np0000160639 devstack@n-api-meta.service[107996]: DEBUG nova.api.openstack.wsgi_app [None req-8a102dfb-d074-47ff-9e93-06674e52f50f None None] ******************************************************************************** {{(pid=107996) log_opt_values /opt/stack/data/venv/lib/python3.12/site-packages/oslo_config/cfg.py:3013}}
Mar 25 20:02:33.975871 np0000160639 devstack@n-api-meta.service[107996]: WSGI app 0 (mountpoint='') ready in 2 seconds on interpreter 0x77b9794a3668 pid: 107996 (default app)
Mar 25 20:02:43.573795 np0000160639 devstack@n-api-meta.service[107994]: DEBUG dbcounter [-] [107994] Writing DB stats nova_api:SELECT=1 {{(pid=107994) stat_writer /opt/stack/data/venv/lib/python3.12/site-packages/dbcounter.py:115}}
Mar 25 20:02:43.597012 np0000160639 devstack@n-api-meta.service[107997]: DEBUG dbcounter [-] [107997] Writing DB stats nova_api:SELECT=1 {{(pid=107997) stat_writer /opt/stack/data/venv/lib/python3.12/site-packages/dbcounter.py:115}}
Mar 25 20:02:43.622720 np0000160639 devstack@n-api-meta.service[107995]: DEBUG dbcounter [-] [107995] Writing DB stats nova_api:SELECT=1 {{(pid=107995) stat_writer /opt/stack/data/venv/lib/python3.12/site-packages/dbcounter.py:115}}
Mar 25 20:02:43.664309 np0000160639 devstack@n-api-meta.service[107996]: DEBUG dbcounter [-] [107996] Writing DB stats nova_api:SELECT=1 {{(pid=107996) stat_writer /opt/stack/data/venv/lib/python3.12/site-packages/dbcounter.py:115}}
Mar 25 20:02:43.717430 np0000160639 devstack@n-api-meta.service[107997]: DEBUG dbcounter [-] [107997] Writing DB stats nova_cell0:SELECT=1 {{(pid=107997) stat_writer /opt/stack/data/venv/lib/python3.12/site-packages/dbcounter.py:115}}
Mar 25 20:02:43.722661 np0000160639 devstack@n-api-meta.service[107997]: DEBUG dbcounter [-] [107997] Writing DB stats nova_cell1:SELECT=1 {{(pid=107997) stat_writer /opt/stack/data/venv/lib/python3.12/site-packages/dbcounter.py:115}}
Mar 25 20:02:43.731801 np0000160639 devstack@n-api-meta.service[107994]: DEBUG dbcounter [-] [107994] Writing DB stats nova_cell1:SELECT=1 {{(pid=107994) stat_writer /opt/stack/data/venv/lib/python3.12/site-packages/dbcounter.py:115}}
Mar 25 20:02:43.732704 np0000160639 devstack@n-api-meta.service[107994]: DEBUG dbcounter [-] [107994] Writing DB stats nova_cell0:SELECT=1 {{(pid=107994) stat_writer /opt/stack/data/venv/lib/python3.12/site-packages/dbcounter.py:115}}
Mar 25 20:02:43.752310 np0000160639 devstack@n-api-meta.service[107997]: DEBUG dbcounter [-] [107997] Writing DB stats nova_cell0:SELECT=2,nova_cell0:INSERT=1 {{(pid=107997) stat_writer /opt/stack/data/venv/lib/python3.12/site-packages/dbcounter.py:115}}
Mar 25 20:02:43.753099 np0000160639 devstack@n-api-meta.service[107995]: DEBUG dbcounter [-] [107995] Writing DB stats nova_cell0:SELECT=1 {{(pid=107995) stat_writer /opt/stack/data/venv/lib/python3.12/site-packages/dbcounter.py:115}}
Mar 25 20:02:43.753319 np0000160639 devstack@n-api-meta.service[107995]: DEBUG dbcounter [-] [107995] Writing DB stats nova_cell1:SELECT=1 {{(pid=107995) stat_writer /opt/stack/data/venv/lib/python3.12/site-packages/dbcounter.py:115}}
Mar 25 20:02:43.762995 np0000160639 devstack@n-api-meta.service[107994]: DEBUG dbcounter [-] [107994] Writing DB stats nova_cell0:SELECT=2,nova_cell0:INSERT=1 {{(pid=107994) stat_writer /opt/stack/data/venv/lib/python3.12/site-packages/dbcounter.py:115}}
Mar 25 20:02:43.775951 np0000160639 devstack@n-api-meta.service[107995]: DEBUG dbcounter [-] [107995] Writing DB stats nova_cell0:SELECT=1 {{(pid=107995) stat_writer /opt/stack/data/venv/lib/python3.12/site-packages/dbcounter.py:115}}
Mar 25 20:02:43.813781 np0000160639 devstack@n-api-meta.service[107996]: DEBUG dbcounter [-] [107996] Writing DB stats nova_cell1:SELECT=1 {{(pid=107996) stat_writer /opt/stack/data/venv/lib/python3.12/site-packages/dbcounter.py:115}}
Mar 25 20:02:43.814359 np0000160639 devstack@n-api-meta.service[107996]: DEBUG dbcounter [-] [107996] Writing DB stats nova_cell0:SELECT=1 {{(pid=107996) stat_writer /opt/stack/data/venv/lib/python3.12/site-packages/dbcounter.py:115}}
Mar 25 20:02:43.835019 np0000160639 devstack@n-api-meta.service[107996]: DEBUG dbcounter [-] [107996] Writing DB stats nova_cell0:SELECT=1 {{(pid=107996) stat_writer /opt/stack/data/venv/lib/python3.12/site-packages/dbcounter.py:115}}
Mar 25 20:10:15.642548 np0000160639 devstack@n-api-meta.service[107997]: DEBUG nova.api.metadata.handler [None req-4c9f239e-bdfb-4b1e-ba5a-aaed70b5cb15 None None] Metadata request headers: {'Host': '199.19.213.241:8775', 'User-Agent': 'python-requests/2.32.5', 'Accept-Encoding': 'gzip, deflate', 'Accept': '*/*', 'Connection': 'keep-alive', 'X-Forwarded-For': '192.168.24.98', 'X-Instance-Id': '6a74dd9e-66d3-4764-8c1c-1746df2a528c', 'X-Tenant-Id': 'fd4f09419dab4e14875c9942c38c8cc7', 'X-Instance-Id-Signature': '79ea76ab95d18d955a45d98a499d691a6879d04a51b6eb340d9a4a32d4f1035a'} {{(pid=107997) __call__ /opt/stack/nova/nova/api/metadata/handler.py:109}}
Mar 25 20:10:15.658224 np0000160639 devstack@n-api-meta.service[107997]: DEBUG oslo_concurrency.lockutils [None req-b038e0a2-7456-4a59-8aef-53c351b64f2b None None] Acquiring lock "16acc385-e8a7-4f44-8d37-b0e79cf46d9b" by "nova.context.set_target_cell..get_or_set_cached_cell_and_set_connections" {{(pid=107997) inner /opt/stack/data/venv/lib/python3.12/site-packages/oslo_concurrency/lockutils.py:506}}
Mar 25 20:10:15.658427 np0000160639 devstack@n-api-meta.service[107997]: DEBUG oslo_concurrency.lockutils [None req-b038e0a2-7456-4a59-8aef-53c351b64f2b None None] Lock "16acc385-e8a7-4f44-8d37-b0e79cf46d9b" acquired by "nova.context.set_target_cell..get_or_set_cached_cell_and_set_connections" :: waited 0.000s {{(pid=107997) inner /opt/stack/data/venv/lib/python3.12/site-packages/oslo_concurrency/lockutils.py:519}}
Mar 25 20:10:15.658541 np0000160639 devstack@n-api-meta.service[107997]: DEBUG oslo_concurrency.lockutils [None req-b038e0a2-7456-4a59-8aef-53c351b64f2b None None] Lock "16acc385-e8a7-4f44-8d37-b0e79cf46d9b" "released" by "nova.context.set_target_cell..get_or_set_cached_cell_and_set_connections" :: held 0.000s {{(pid=107997) inner /opt/stack/data/venv/lib/python3.12/site-packages/oslo_concurrency/lockutils.py:538}}
Mar 25 20:10:15.708004 np0000160639 devstack@n-api-meta.service[107997]: WARNING neutronclient.v2_0.client [None req-b038e0a2-7456-4a59-8aef-53c351b64f2b None None] The python binding code in neutronclient is deprecated in favor of OpenstackSDK, please use that as this will be removed in a future release.
Mar 25 20:10:16.119404 np0000160639 devstack@n-api-meta.service[107997]: [pid: 107997|app: 0|req: 1/1] 199.19.213.241 () {40 vars in 642 bytes} [Wed Mar 25 20:10:15 2026] GET /openstack => generated 116 bytes in 478 msecs (HTTP/1.1 200) 3 headers in 100 bytes (1 switches on core 0)
Mar 25 20:10:16.132652 np0000160639 devstack@n-api-meta.service[107995]: DEBUG nova.api.metadata.handler [None req-caa3f085-6037-4abb-a247-433ff6f91a95 None None] Metadata request headers: {'Host': '199.19.213.241:8775', 'User-Agent': 'python-requests/2.32.5', 'Accept-Encoding': 'gzip, deflate', 'Accept': '*/*', 'Connection': 'keep-alive', 'X-Forwarded-For': '192.168.24.98', 'X-Instance-Id': '6a74dd9e-66d3-4764-8c1c-1746df2a528c', 'X-Tenant-Id': 'fd4f09419dab4e14875c9942c38c8cc7', 'X-Instance-Id-Signature': '79ea76ab95d18d955a45d98a499d691a6879d04a51b6eb340d9a4a32d4f1035a'} {{(pid=107995) __call__ /opt/stack/nova/nova/api/metadata/handler.py:109}}
Mar 25 20:10:16.137564 np0000160639 devstack@n-api-meta.service[107995]: DEBUG nova.api.metadata.handler [None req-caa3f085-6037-4abb-a247-433ff6f91a95 None None] Using cached metadata for instance 6a74dd9e-66d3-4764-8c1c-1746df2a528c {{(pid=107995) get_metadata_by_instance_id /opt/stack/nova/nova/api/metadata/handler.py:84}}
Mar 25 20:10:16.138027 np0000160639 devstack@n-api-meta.service[107995]: [pid: 107995|app: 0|req: 1/2] 199.19.213.241 () {40 vars in 642 bytes} [Wed Mar 25 20:10:16 2026] GET /openstack => generated 116 bytes in 6 msecs (HTTP/1.1 200) 3 headers in 100 bytes (1 switches on core 0)
Mar 25 20:10:16.147236 np0000160639 devstack@n-api-meta.service[107994]: DEBUG nova.api.metadata.handler [None req-ead75de7-1611-45e3-baab-df22983d257c None None] Metadata request headers: {'Host': '199.19.213.241:8775', 'User-Agent': 'python-requests/2.32.5', 'Accept-Encoding': 'gzip, deflate', 'Accept': '*/*', 'Connection': 'keep-alive', 'X-Forwarded-For': '192.168.24.98', 'X-Instance-Id': '6a74dd9e-66d3-4764-8c1c-1746df2a528c', 'X-Tenant-Id': 'fd4f09419dab4e14875c9942c38c8cc7', 'X-Instance-Id-Signature': '79ea76ab95d18d955a45d98a499d691a6879d04a51b6eb340d9a4a32d4f1035a'} {{(pid=107994) __call__ /opt/stack/nova/nova/api/metadata/handler.py:109}}
Mar 25 20:10:16.153401 np0000160639 devstack@n-api-meta.service[107994]: DEBUG nova.api.metadata.handler [None req-ead75de7-1611-45e3-baab-df22983d257c None None] Using cached metadata for instance 6a74dd9e-66d3-4764-8c1c-1746df2a528c {{(pid=107994) get_metadata_by_instance_id /opt/stack/nova/nova/api/metadata/handler.py:84}}
Mar 25 20:10:16.154483 np0000160639 devstack@n-api-meta.service[107994]: [pid: 107994|app: 0|req: 1/3] 199.19.213.241 () {40 vars in 694 bytes} [Wed Mar 25 20:10:16 2026] GET /openstack/2018-08-27/meta_data.json => generated 946 bytes in 8 msecs (HTTP/1.1 200) 3 headers in 91 bytes (1 switches on core 0)
Mar 25 20:10:16.163924 np0000160639 devstack@n-api-meta.service[107996]: DEBUG nova.api.metadata.handler [None req-8a102dfb-d074-47ff-9e93-06674e52f50f None None] Metadata request headers: {'Host': '199.19.213.241:8775', 'User-Agent': 'python-requests/2.32.5', 'Accept-Encoding': 'gzip, deflate', 'Accept': '*/*', 'Connection': 'keep-alive', 'X-Forwarded-For': '192.168.24.98', 'X-Instance-Id': '6a74dd9e-66d3-4764-8c1c-1746df2a528c', 'X-Tenant-Id': 'fd4f09419dab4e14875c9942c38c8cc7', 'X-Instance-Id-Signature': '79ea76ab95d18d955a45d98a499d691a6879d04a51b6eb340d9a4a32d4f1035a'} {{(pid=107996) __call__ /opt/stack/nova/nova/api/metadata/handler.py:109}}
Mar 25 20:10:16.168407 np0000160639 devstack@n-api-meta.service[107996]: DEBUG nova.api.metadata.handler [None req-8a102dfb-d074-47ff-9e93-06674e52f50f None None] Using cached metadata for instance 6a74dd9e-66d3-4764-8c1c-1746df2a528c {{(pid=107996) get_metadata_by_instance_id /opt/stack/nova/nova/api/metadata/handler.py:84}}
Mar 25 20:10:16.168861 np0000160639 devstack@n-api-meta.service[107996]: [pid: 107996|app: 0|req: 1/4] 199.19.213.241 () {40 vars in 684 bytes} [Wed Mar 25 20:10:16 2026] GET /openstack/2018-08-27/user_data => generated 26644 bytes in 5 msecs (HTTP/1.1 200) 3 headers in 102 bytes (1 switches on core 0)
Mar 25 20:10:16.177781 np0000160639 devstack@n-api-meta.service[107997]: DEBUG nova.api.metadata.handler [None req-b038e0a2-7456-4a59-8aef-53c351b64f2b None None] Metadata request headers: {'Host': '199.19.213.241:8775', 'User-Agent': 'python-requests/2.32.5', 'Accept-Encoding': 'gzip, deflate', 'Accept': '*/*', 'Connection': 'keep-alive', 'X-Forwarded-For': '192.168.24.98', 'X-Instance-Id': '6a74dd9e-66d3-4764-8c1c-1746df2a528c', 'X-Tenant-Id': 'fd4f09419dab4e14875c9942c38c8cc7', 'X-Instance-Id-Signature': '79ea76ab95d18d955a45d98a499d691a6879d04a51b6eb340d9a4a32d4f1035a'} {{(pid=107997) __call__ /opt/stack/nova/nova/api/metadata/handler.py:109}}
Mar 25 20:10:16.181481 np0000160639 devstack@n-api-meta.service[107997]: DEBUG nova.api.metadata.handler [None req-b038e0a2-7456-4a59-8aef-53c351b64f2b None None] Using cached metadata for instance 6a74dd9e-66d3-4764-8c1c-1746df2a528c {{(pid=107997) get_metadata_by_instance_id /opt/stack/nova/nova/api/metadata/handler.py:84}}
Mar 25 20:10:16.182283 np0000160639 devstack@n-api-meta.service[107997]: [pid: 107997|app: 0|req: 2/5] 199.19.213.241 () {40 vars in 698 bytes} [Wed Mar 25 20:10:16 2026] GET /openstack/2018-08-27/vendor_data.json => generated 2 bytes in 6 msecs (HTTP/1.1 200) 3 headers in 89 bytes (1 switches on core 0)
Mar 25 20:10:16.188941 np0000160639 devstack@n-api-meta.service[107995]: DEBUG nova.api.metadata.handler [None req-caa3f085-6037-4abb-a247-433ff6f91a95 None None] Metadata request headers: {'Host': '199.19.213.241:8775', 'User-Agent': 'python-requests/2.32.5', 'Accept-Encoding': 'gzip, deflate', 'Accept': '*/*', 'Connection': 'keep-alive', 'X-Forwarded-For': '192.168.24.98', 'X-Instance-Id': '6a74dd9e-66d3-4764-8c1c-1746df2a528c', 'X-Tenant-Id': 'fd4f09419dab4e14875c9942c38c8cc7', 'X-Instance-Id-Signature': '79ea76ab95d18d955a45d98a499d691a6879d04a51b6eb340d9a4a32d4f1035a'} {{(pid=107995) __call__ /opt/stack/nova/nova/api/metadata/handler.py:109}}
Mar 25 20:10:16.190843 np0000160639 devstack@n-api-meta.service[107995]: DEBUG nova.api.metadata.handler [None req-caa3f085-6037-4abb-a247-433ff6f91a95 None None] Using cached metadata for instance 6a74dd9e-66d3-4764-8c1c-1746df2a528c {{(pid=107995) get_metadata_by_instance_id /opt/stack/nova/nova/api/metadata/handler.py:84}}
Mar 25 20:10:16.191372 np0000160639 devstack@n-api-meta.service[107995]: [pid: 107995|app: 0|req: 2/6] 199.19.213.241 () {40 vars in 700 bytes} [Wed Mar 25 20:10:16 2026] GET /openstack/2018-08-27/vendor_data2.json => generated 14 bytes in 3 msecs (HTTP/1.1 200) 3 headers in 90 bytes (1 switches on core 0)
Mar 25 20:10:16.197678 np0000160639 devstack@n-api-meta.service[107994]: DEBUG nova.api.metadata.handler [None req-ead75de7-1611-45e3-baab-df22983d257c None None] Metadata request headers: {'Host': '199.19.213.241:8775', 'User-Agent': 'python-requests/2.32.5', 'Accept-Encoding': 'gzip, deflate', 'Accept': '*/*', 'Connection': 'keep-alive', 'X-Forwarded-For': '192.168.24.98', 'X-Instance-Id': '6a74dd9e-66d3-4764-8c1c-1746df2a528c', 'X-Tenant-Id': 'fd4f09419dab4e14875c9942c38c8cc7', 'X-Instance-Id-Signature': '79ea76ab95d18d955a45d98a499d691a6879d04a51b6eb340d9a4a32d4f1035a'} {{(pid=107994) __call__ /opt/stack/nova/nova/api/metadata/handler.py:109}}
Mar 25 20:10:16.200802 np0000160639 devstack@n-api-meta.service[107994]: DEBUG nova.api.metadata.handler [None req-ead75de7-1611-45e3-baab-df22983d257c None None] Using cached metadata for instance 6a74dd9e-66d3-4764-8c1c-1746df2a528c {{(pid=107994) get_metadata_by_instance_id /opt/stack/nova/nova/api/metadata/handler.py:84}}
Mar 25 20:10:16.201517 np0000160639 devstack@n-api-meta.service[107994]: [pid: 107994|app: 0|req: 2/7] 199.19.213.241 () {40 vars in 699 bytes} [Wed Mar 25 20:10:16 2026] GET /openstack/2018-08-27/network_data.json => generated 348 bytes in 4 msecs (HTTP/1.1 200) 3 headers in 100 bytes (1 switches on core 0)
Mar 25 20:10:16.209851 np0000160639 devstack@n-api-meta.service[107996]: DEBUG nova.api.metadata.handler [None req-8a102dfb-d074-47ff-9e93-06674e52f50f None None] Metadata request headers: {'Host': '199.19.213.241:8775', 'User-Agent': 'python-requests/2.32.5', 'Accept-Encoding': 'gzip, deflate', 'Accept': '*/*', 'Connection': 'keep-alive', 'X-Forwarded-For': '192.168.24.98', 'X-Instance-Id': '6a74dd9e-66d3-4764-8c1c-1746df2a528c', 'X-Tenant-Id': 'fd4f09419dab4e14875c9942c38c8cc7', 'X-Instance-Id-Signature': '79ea76ab95d18d955a45d98a499d691a6879d04a51b6eb340d9a4a32d4f1035a'} {{(pid=107996) __call__ /opt/stack/nova/nova/api/metadata/handler.py:109}}
Mar 25 20:10:16.212665 np0000160639 devstack@n-api-meta.service[107996]: DEBUG nova.api.metadata.handler [None req-8a102dfb-d074-47ff-9e93-06674e52f50f None None] Using cached metadata for instance 6a74dd9e-66d3-4764-8c1c-1746df2a528c {{(pid=107996) get_metadata_by_instance_id /opt/stack/nova/nova/api/metadata/handler.py:84}}
Mar 25 20:10:16.213470 np0000160639 devstack@n-api-meta.service[107996]: [pid: 107996|app: 0|req: 2/8] 199.19.213.241 () {40 vars in 657 bytes} [Wed Mar 25 20:10:16 2026] GET /latest/meta-data/ => generated 210 bytes in 4 msecs (HTTP/1.1 200) 3 headers in 100 bytes (1 switches on core 0)
Mar 25 20:10:16.219801 np0000160639 devstack@n-api-meta.service[107997]: DEBUG nova.api.metadata.handler [None req-b038e0a2-7456-4a59-8aef-53c351b64f2b None None] Metadata request headers: {'Host': '199.19.213.241:8775', 'User-Agent': 'python-requests/2.32.5', 'Accept-Encoding': 'gzip, deflate', 'Accept': '*/*', 'Connection': 'keep-alive', 'X-Forwarded-For': '192.168.24.98', 'X-Instance-Id': '6a74dd9e-66d3-4764-8c1c-1746df2a528c', 'X-Tenant-Id': 'fd4f09419dab4e14875c9942c38c8cc7', 'X-Instance-Id-Signature': '79ea76ab95d18d955a45d98a499d691a6879d04a51b6eb340d9a4a32d4f1035a'} {{(pid=107997) __call__ /opt/stack/nova/nova/api/metadata/handler.py:109}}
Mar 25 20:10:16.222381 np0000160639 devstack@n-api-meta.service[107997]: DEBUG nova.api.metadata.handler [None req-b038e0a2-7456-4a59-8aef-53c351b64f2b None None] Using cached metadata for instance 6a74dd9e-66d3-4764-8c1c-1746df2a528c {{(pid=107997) get_metadata_by_instance_id /opt/stack/nova/nova/api/metadata/handler.py:84}}
Mar 25 20:10:16.223353 np0000160639 devstack@n-api-meta.service[107997]: [pid: 107997|app: 0|req: 3/9] 199.19.213.241 () {40 vars in 699 bytes} [Wed Mar 25 20:10:16 2026] GET /latest/meta-data/block-device-mapping/ => generated 8 bytes in 4 msecs (HTTP/1.1 200) 3 headers in 98 bytes (1 switches on core 0)
Mar 25 20:10:16.230662 np0000160639 devstack@n-api-meta.service[107995]: DEBUG nova.api.metadata.handler [None req-caa3f085-6037-4abb-a247-433ff6f91a95 None None] Metadata request headers: {'Host': '199.19.213.241:8775', 'User-Agent': 'python-requests/2.32.5', 'Accept-Encoding': 'gzip, deflate', 'Accept': '*/*', 'Connection': 'keep-alive', 'X-Forwarded-For': '192.168.24.98', 'X-Instance-Id': '6a74dd9e-66d3-4764-8c1c-1746df2a528c', 'X-Tenant-Id': 'fd4f09419dab4e14875c9942c38c8cc7', 'X-Instance-Id-Signature': '79ea76ab95d18d955a45d98a499d691a6879d04a51b6eb340d9a4a32d4f1035a'} {{(pid=107995) __call__ /opt/stack/nova/nova/api/metadata/handler.py:109}}
Mar 25 20:10:16.232550 np0000160639 devstack@n-api-meta.service[107995]: DEBUG nova.api.metadata.handler [None req-caa3f085-6037-4abb-a247-433ff6f91a95 None None] Using cached metadata for instance 6a74dd9e-66d3-4764-8c1c-1746df2a528c {{(pid=107995) get_metadata_by_instance_id /opt/stack/nova/nova/api/metadata/handler.py:84}}
Mar 25 20:10:16.233070 np0000160639 devstack@n-api-meta.service[107995]: [pid: 107995|app: 0|req: 3/10] 199.19.213.241 () {40 vars in 705 bytes} [Wed Mar 25 20:10:16 2026] GET /latest/meta-data/block-device-mapping/ami => generated 3 bytes in 3 msecs (HTTP/1.1 200) 3 headers in 98 bytes (1 switches on core 0)
Mar 25 20:10:16.239660 np0000160639 devstack@n-api-meta.service[107994]: DEBUG nova.api.metadata.handler [None req-ead75de7-1611-45e3-baab-df22983d257c None None] Metadata request headers: {'Host': '199.19.213.241:8775', 'User-Agent': 'python-requests/2.32.5', 'Accept-Encoding': 'gzip, deflate', 'Accept': '*/*', 'Connection': 'keep-alive', 'X-Forwarded-For': '192.168.24.98', 'X-Instance-Id': '6a74dd9e-66d3-4764-8c1c-1746df2a528c', 'X-Tenant-Id': 'fd4f09419dab4e14875c9942c38c8cc7', 'X-Instance-Id-Signature': '79ea76ab95d18d955a45d98a499d691a6879d04a51b6eb340d9a4a32d4f1035a'} {{(pid=107994) __call__ /opt/stack/nova/nova/api/metadata/handler.py:109}}
Mar 25 20:10:16.241235 np0000160639 devstack@n-api-meta.service[107994]: DEBUG nova.api.metadata.handler [None req-ead75de7-1611-45e3-baab-df22983d257c None None] Using cached metadata for instance 6a74dd9e-66d3-4764-8c1c-1746df2a528c {{(pid=107994) get_metadata_by_instance_id /opt/stack/nova/nova/api/metadata/handler.py:84}}
Mar 25 20:10:16.241666 np0000160639 devstack@n-api-meta.service[107994]: [pid: 107994|app: 0|req: 3/11] 199.19.213.241 () {40 vars in 708 bytes} [Wed Mar 25 20:10:16 2026] GET /latest/meta-data/block-device-mapping/root => generated 8 bytes in 2 msecs (HTTP/1.1 200) 3 headers in 98 bytes (1 switches on core 0)
Mar 25 20:10:16.248297 np0000160639 devstack@n-api-meta.service[107996]: DEBUG nova.api.metadata.handler [None req-8a102dfb-d074-47ff-9e93-06674e52f50f None None] Metadata request headers: {'Host': '199.19.213.241:8775', 'User-Agent': 'python-requests/2.32.5', 'Accept-Encoding': 'gzip, deflate', 'Accept': '*/*', 'Connection': 'keep-alive', 'X-Forwarded-For': '192.168.24.98', 'X-Instance-Id': '6a74dd9e-66d3-4764-8c1c-1746df2a528c', 'X-Tenant-Id': 'fd4f09419dab4e14875c9942c38c8cc7', 'X-Instance-Id-Signature': '79ea76ab95d18d955a45d98a499d691a6879d04a51b6eb340d9a4a32d4f1035a'} {{(pid=107996) __call__ /opt/stack/nova/nova/api/metadata/handler.py:109}}
Mar 25 20:10:16.250820 np0000160639 devstack@n-api-meta.service[107996]: DEBUG nova.api.metadata.handler [None req-8a102dfb-d074-47ff-9e93-06674e52f50f None None] Using cached metadata for instance 6a74dd9e-66d3-4764-8c1c-1746df2a528c {{(pid=107996) get_metadata_by_instance_id /opt/stack/nova/nova/api/metadata/handler.py:84}}
Mar 25 20:10:16.251473 np0000160639 devstack@n-api-meta.service[107996]: [pid: 107996|app: 0|req: 3/12] 199.19.213.241 () {40 vars in 678 bytes} [Wed Mar 25 20:10:16 2026] GET /latest/meta-data/placement/ => generated 17 bytes in 4 msecs (HTTP/1.1 200) 3 headers in 99 bytes (1 switches on core 0)
Mar 25 20:10:16.257311 np0000160639 devstack@n-api-meta.service[107997]: DEBUG nova.api.metadata.handler [None req-b038e0a2-7456-4a59-8aef-53c351b64f2b None None] Metadata request headers: {'Host': '199.19.213.241:8775', 'User-Agent': 'python-requests/2.32.5', 'Accept-Encoding': 'gzip, deflate', 'Accept': '*/*', 'Connection': 'keep-alive', 'X-Forwarded-For': '192.168.24.98', 'X-Instance-Id': '6a74dd9e-66d3-4764-8c1c-1746df2a528c', 'X-Tenant-Id': 'fd4f09419dab4e14875c9942c38c8cc7', 'X-Instance-Id-Signature': '79ea76ab95d18d955a45d98a499d691a6879d04a51b6eb340d9a4a32d4f1035a'} {{(pid=107997) __call__ /opt/stack/nova/nova/api/metadata/handler.py:109}}
Mar 25 20:10:16.260009 np0000160639 devstack@n-api-meta.service[107997]: DEBUG nova.api.metadata.handler [None req-b038e0a2-7456-4a59-8aef-53c351b64f2b None None] Using cached metadata for instance 6a74dd9e-66d3-4764-8c1c-1746df2a528c {{(pid=107997) get_metadata_by_instance_id /opt/stack/nova/nova/api/metadata/handler.py:84}}
Mar 25 20:10:16.260659 np0000160639 devstack@n-api-meta.service[107997]: [pid: 107997|app: 0|req: 4/13] 199.19.213.241 () {40 vars in 712 bytes} [Wed Mar 25 20:10:16 2026] GET /latest/meta-data/placement/availability-zone => generated 4 bytes in 4 msecs (HTTP/1.1 200) 3 headers in 98 bytes (1 switches on core 0)
Mar 25 20:10:16.267677 np0000160639 devstack@n-api-meta.service[107995]: DEBUG nova.api.metadata.handler [None req-caa3f085-6037-4abb-a247-433ff6f91a95 None None] Metadata request headers: {'Host': '199.19.213.241:8775', 'User-Agent': 'python-requests/2.32.5', 'Accept-Encoding': 'gzip, deflate', 'Accept': '*/*', 'Connection': 'keep-alive', 'X-Forwarded-For': '192.168.24.98', 'X-Instance-Id': '6a74dd9e-66d3-4764-8c1c-1746df2a528c', 'X-Tenant-Id': 'fd4f09419dab4e14875c9942c38c8cc7', 'X-Instance-Id-Signature': '79ea76ab95d18d955a45d98a499d691a6879d04a51b6eb340d9a4a32d4f1035a'} {{(pid=107995) __call__ /opt/stack/nova/nova/api/metadata/handler.py:109}}
Mar 25 20:10:16.270305 np0000160639 devstack@n-api-meta.service[107995]: DEBUG nova.api.metadata.handler [None req-caa3f085-6037-4abb-a247-433ff6f91a95 None None] Using cached metadata for instance 6a74dd9e-66d3-4764-8c1c-1746df2a528c {{(pid=107995) get_metadata_by_instance_id /opt/stack/nova/nova/api/metadata/handler.py:84}}
Mar 25 20:10:16.270917 np0000160639 devstack@n-api-meta.service[107995]: [pid: 107995|app: 0|req: 4/14] 199.19.213.241 () {40 vars in 670 bytes} [Wed Mar 25 20:10:16 2026] GET /latest/meta-data/ami-id => generated 12 bytes in 4 msecs (HTTP/1.1 200) 3 headers in 99 bytes (1 switches on core 0)
Mar 25 20:10:16.280013 np0000160639 devstack@n-api-meta.service[107994]: DEBUG nova.api.metadata.handler [None req-ead75de7-1611-45e3-baab-df22983d257c None None] Metadata request headers: {'Host': '199.19.213.241:8775', 'User-Agent': 'python-requests/2.32.5', 'Accept-Encoding': 'gzip, deflate', 'Accept': '*/*', 'Connection': 'keep-alive', 'X-Forwarded-For': '192.168.24.98', 'X-Instance-Id': '6a74dd9e-66d3-4764-8c1c-1746df2a528c', 'X-Tenant-Id': 'fd4f09419dab4e14875c9942c38c8cc7', 'X-Instance-Id-Signature': '79ea76ab95d18d955a45d98a499d691a6879d04a51b6eb340d9a4a32d4f1035a'} {{(pid=107994) __call__ /opt/stack/nova/nova/api/metadata/handler.py:109}}
Mar 25 20:10:16.283116 np0000160639 devstack@n-api-meta.service[107994]: DEBUG nova.api.metadata.handler [None req-ead75de7-1611-45e3-baab-df22983d257c None None] Using cached metadata for instance 6a74dd9e-66d3-4764-8c1c-1746df2a528c {{(pid=107994) get_metadata_by_instance_id /opt/stack/nova/nova/api/metadata/handler.py:84}}
Mar 25 20:10:16.283862 np0000160639 devstack@n-api-meta.service[107994]: [pid: 107994|app: 0|req: 4/15] 199.19.213.241 () {40 vars in 690 bytes} [Wed Mar 25 20:10:16 2026] GET /latest/meta-data/ami-launch-index => generated 1 bytes in 4 msecs (HTTP/1.1 200) 3 headers in 98 bytes (1 switches on core 0)
Mar 25 20:10:16.289690 np0000160639 devstack@n-api-meta.service[107996]: DEBUG nova.api.metadata.handler [None req-8a102dfb-d074-47ff-9e93-06674e52f50f None None] Metadata request headers: {'Host': '199.19.213.241:8775', 'User-Agent': 'python-requests/2.32.5', 'Accept-Encoding': 'gzip, deflate', 'Accept': '*/*', 'Connection': 'keep-alive', 'X-Forwarded-For': '192.168.24.98', 'X-Instance-Id': '6a74dd9e-66d3-4764-8c1c-1746df2a528c', 'X-Tenant-Id': 'fd4f09419dab4e14875c9942c38c8cc7', 'X-Instance-Id-Signature': '79ea76ab95d18d955a45d98a499d691a6879d04a51b6eb340d9a4a32d4f1035a'} {{(pid=107996) __call__ /opt/stack/nova/nova/api/metadata/handler.py:109}}
Mar 25 20:10:16.292088 np0000160639 devstack@n-api-meta.service[107996]: DEBUG nova.api.metadata.handler [None req-8a102dfb-d074-47ff-9e93-06674e52f50f None None] Using cached metadata for instance 6a74dd9e-66d3-4764-8c1c-1746df2a528c {{(pid=107996) get_metadata_by_instance_id /opt/stack/nova/nova/api/metadata/handler.py:84}}
Mar 25 20:10:16.292660 np0000160639 devstack@n-api-meta.service[107996]: [pid: 107996|app: 0|req: 4/16] 199.19.213.241 () {40 vars in 692 bytes} [Wed Mar 25 20:10:16 2026] GET /latest/meta-data/ami-manifest-path => generated 5 bytes in 3 msecs (HTTP/1.1 200) 3 headers in 98 bytes (1 switches on core 0)
Mar 25 20:10:16.300467 np0000160639 devstack@n-api-meta.service[107997]: DEBUG nova.api.metadata.handler [None req-b038e0a2-7456-4a59-8aef-53c351b64f2b None None] Metadata request headers: {'Host': '199.19.213.241:8775', 'User-Agent': 'python-requests/2.32.5', 'Accept-Encoding': 'gzip, deflate', 'Accept': '*/*', 'Connection': 'keep-alive', 'X-Forwarded-For': '192.168.24.98', 'X-Instance-Id': '6a74dd9e-66d3-4764-8c1c-1746df2a528c', 'X-Tenant-Id': 'fd4f09419dab4e14875c9942c38c8cc7', 'X-Instance-Id-Signature': '79ea76ab95d18d955a45d98a499d691a6879d04a51b6eb340d9a4a32d4f1035a'} {{(pid=107997) __call__ /opt/stack/nova/nova/api/metadata/handler.py:109}}
Mar 25 20:10:16.303157 np0000160639 devstack@n-api-meta.service[107997]: DEBUG nova.api.metadata.handler [None req-b038e0a2-7456-4a59-8aef-53c351b64f2b None None] Using cached metadata for instance 6a74dd9e-66d3-4764-8c1c-1746df2a528c {{(pid=107997) get_metadata_by_instance_id /opt/stack/nova/nova/api/metadata/handler.py:84}}
Mar 25 20:10:16.303784 np0000160639 devstack@n-api-meta.service[107997]: [pid: 107997|app: 0|req: 5/17] 199.19.213.241 () {40 vars in 674 bytes} [Wed Mar 25 20:10:16 2026] GET /latest/meta-data/hostname => generated 32 bytes in 4 msecs (HTTP/1.1 200) 3 headers in 99 bytes (1 switches on core 0)
Mar 25 20:10:16.309742 np0000160639 devstack@n-api-meta.service[107995]: DEBUG nova.api.metadata.handler [None req-caa3f085-6037-4abb-a247-433ff6f91a95 None None] Metadata request headers: {'Host': '199.19.213.241:8775', 'User-Agent': 'python-requests/2.32.5', 'Accept-Encoding': 'gzip, deflate', 'Accept': '*/*', 'Connection': 'keep-alive', 'X-Forwarded-For': '192.168.24.98', 'X-Instance-Id': '6a74dd9e-66d3-4764-8c1c-1746df2a528c', 'X-Tenant-Id': 'fd4f09419dab4e14875c9942c38c8cc7', 'X-Instance-Id-Signature': '79ea76ab95d18d955a45d98a499d691a6879d04a51b6eb340d9a4a32d4f1035a'} {{(pid=107995) __call__ /opt/stack/nova/nova/api/metadata/handler.py:109}}
Mar 25 20:10:16.312398 np0000160639 devstack@n-api-meta.service[107995]: DEBUG nova.api.metadata.handler [None req-caa3f085-6037-4abb-a247-433ff6f91a95 None None] Using cached metadata for instance 6a74dd9e-66d3-4764-8c1c-1746df2a528c {{(pid=107995) get_metadata_by_instance_id /opt/stack/nova/nova/api/metadata/handler.py:84}}
Mar 25 20:10:16.313108 np0000160639 devstack@n-api-meta.service[107995]: [pid: 107995|app: 0|req: 5/18] 199.19.213.241 () {40 vars in 688 bytes} [Wed Mar 25 20:10:16 2026] GET /latest/meta-data/instance-action => generated 4 bytes in 4 msecs (HTTP/1.1 200) 3 headers in 98 bytes (1 switches on core 0)
Mar 25 20:10:16.321817 np0000160639 devstack@n-api-meta.service[107994]: DEBUG nova.api.metadata.handler [None req-ead75de7-1611-45e3-baab-df22983d257c None None] Metadata request headers: {'Host': '199.19.213.241:8775', 'User-Agent': 'python-requests/2.32.5', 'Accept-Encoding': 'gzip, deflate', 'Accept': '*/*', 'Connection': 'keep-alive', 'X-Forwarded-For': '192.168.24.98', 'X-Instance-Id': '6a74dd9e-66d3-4764-8c1c-1746df2a528c', 'X-Tenant-Id': 'fd4f09419dab4e14875c9942c38c8cc7', 'X-Instance-Id-Signature': '79ea76ab95d18d955a45d98a499d691a6879d04a51b6eb340d9a4a32d4f1035a'} {{(pid=107994) __call__ /opt/stack/nova/nova/api/metadata/handler.py:109}}
Mar 25 20:10:16.324601 np0000160639 devstack@n-api-meta.service[107994]: DEBUG nova.api.metadata.handler [None req-ead75de7-1611-45e3-baab-df22983d257c None None] Using cached metadata for instance 6a74dd9e-66d3-4764-8c1c-1746df2a528c {{(pid=107994) get_metadata_by_instance_id /opt/stack/nova/nova/api/metadata/handler.py:84}}
Mar 25 20:10:16.325219 np0000160639 devstack@n-api-meta.service[107994]: [pid: 107994|app: 0|req: 5/19] 199.19.213.241 () {40 vars in 680 bytes} [Wed Mar 25 20:10:16 2026] GET /latest/meta-data/instance-id => generated 10 bytes in 4 msecs (HTTP/1.1 200) 3 headers in 99 bytes (1 switches on core 0)
Mar 25 20:10:16.332130 np0000160639 devstack@n-api-meta.service[107996]: DEBUG nova.api.metadata.handler [None req-8a102dfb-d074-47ff-9e93-06674e52f50f None None] Metadata request headers: {'Host': '199.19.213.241:8775', 'User-Agent': 'python-requests/2.32.5', 'Accept-Encoding': 'gzip, deflate', 'Accept': '*/*', 'Connection': 'keep-alive', 'X-Forwarded-For': '192.168.24.98', 'X-Instance-Id': '6a74dd9e-66d3-4764-8c1c-1746df2a528c', 'X-Tenant-Id': 'fd4f09419dab4e14875c9942c38c8cc7', 'X-Instance-Id-Signature': '79ea76ab95d18d955a45d98a499d691a6879d04a51b6eb340d9a4a32d4f1035a'} {{(pid=107996) __call__ /opt/stack/nova/nova/api/metadata/handler.py:109}}
Mar 25 20:10:16.334524 np0000160639 devstack@n-api-meta.service[107996]: DEBUG nova.api.metadata.handler [None req-8a102dfb-d074-47ff-9e93-06674e52f50f None None] Using cached metadata for instance 6a74dd9e-66d3-4764-8c1c-1746df2a528c {{(pid=107996) get_metadata_by_instance_id /opt/stack/nova/nova/api/metadata/handler.py:84}}
Mar 25 20:10:16.335110 np0000160639 devstack@n-api-meta.service[107996]: [pid: 107996|app: 0|req: 5/20] 199.19.213.241 () {40 vars in 684 bytes} [Wed Mar 25 20:10:16 2026] GET /latest/meta-data/instance-type => generated 8 bytes in 3 msecs (HTTP/1.1 200) 3 headers in 98 bytes (1 switches on core 0)
Mar 25 20:10:16.343023 np0000160639 devstack@n-api-meta.service[107997]: DEBUG nova.api.metadata.handler [None req-b038e0a2-7456-4a59-8aef-53c351b64f2b None None] Metadata request headers: {'Host': '199.19.213.241:8775', 'User-Agent': 'python-requests/2.32.5', 'Accept-Encoding': 'gzip, deflate', 'Accept': '*/*', 'Connection': 'keep-alive', 'X-Forwarded-For': '192.168.24.98', 'X-Instance-Id': '6a74dd9e-66d3-4764-8c1c-1746df2a528c', 'X-Tenant-Id': 'fd4f09419dab4e14875c9942c38c8cc7', 'X-Instance-Id-Signature': '79ea76ab95d18d955a45d98a499d691a6879d04a51b6eb340d9a4a32d4f1035a'} {{(pid=107997) __call__ /opt/stack/nova/nova/api/metadata/handler.py:109}}
Mar 25 20:10:16.345725 np0000160639 devstack@n-api-meta.service[107997]: DEBUG nova.api.metadata.handler [None req-b038e0a2-7456-4a59-8aef-53c351b64f2b None None] Using cached metadata for instance 6a74dd9e-66d3-4764-8c1c-1746df2a528c {{(pid=107997) get_metadata_by_instance_id /opt/stack/nova/nova/api/metadata/handler.py:84}}
Mar 25 20:10:16.346362 np0000160639 devstack@n-api-meta.service[107997]: [pid: 107997|app: 0|req: 6/21] 199.19.213.241 () {40 vars in 686 bytes} [Wed Mar 25 20:10:16 2026] GET /latest/meta-data/local-hostname => generated 32 bytes in 4 msecs (HTTP/1.1 200) 3 headers in 99 bytes (1 switches on core 0)
Mar 25 20:10:16.352112 np0000160639 devstack@n-api-meta.service[107995]: DEBUG nova.api.metadata.handler [None req-caa3f085-6037-4abb-a247-433ff6f91a95 None None] Metadata request headers: {'Host': '199.19.213.241:8775', 'User-Agent': 'python-requests/2.32.5', 'Accept-Encoding': 'gzip, deflate', 'Accept': '*/*', 'Connection': 'keep-alive', 'X-Forwarded-For': '192.168.24.98', 'X-Instance-Id': '6a74dd9e-66d3-4764-8c1c-1746df2a528c', 'X-Tenant-Id': 'fd4f09419dab4e14875c9942c38c8cc7', 'X-Instance-Id-Signature': '79ea76ab95d18d955a45d98a499d691a6879d04a51b6eb340d9a4a32d4f1035a'} {{(pid=107995) __call__ /opt/stack/nova/nova/api/metadata/handler.py:109}}
Mar 25 20:10:16.354799 np0000160639 devstack@n-api-meta.service[107995]: DEBUG nova.api.metadata.handler [None req-caa3f085-6037-4abb-a247-433ff6f91a95 None None] Using cached metadata for instance 6a74dd9e-66d3-4764-8c1c-1746df2a528c {{(pid=107995) get_metadata_by_instance_id /opt/stack/nova/nova/api/metadata/handler.py:84}}
Mar 25 20:10:16.355469 np0000160639 devstack@n-api-meta.service[107995]: [pid: 107995|app: 0|req: 6/22] 199.19.213.241 () {40 vars in 678 bytes} [Wed Mar 25 20:10:16 2026] GET /latest/meta-data/local-ipv4 => generated 13 bytes in 4 msecs (HTTP/1.1 200) 3 headers in 99 bytes (1 switches on core 0)
Mar 25 20:10:16.364790 np0000160639 devstack@n-api-meta.service[107994]: DEBUG nova.api.metadata.handler [None req-ead75de7-1611-45e3-baab-df22983d257c None None] Metadata request headers: {'Host': '199.19.213.241:8775', 'User-Agent': 'python-requests/2.32.5', 'Accept-Encoding': 'gzip, deflate', 'Accept': '*/*', 'Connection': 'keep-alive', 'X-Forwarded-For': '192.168.24.98', 'X-Instance-Id': '6a74dd9e-66d3-4764-8c1c-1746df2a528c', 'X-Tenant-Id': 'fd4f09419dab4e14875c9942c38c8cc7', 'X-Instance-Id-Signature': '79ea76ab95d18d955a45d98a499d691a6879d04a51b6eb340d9a4a32d4f1035a'} {{(pid=107994) __call__ /opt/stack/nova/nova/api/metadata/handler.py:109}}
Mar 25 20:10:16.367629 np0000160639 devstack@n-api-meta.service[107994]: DEBUG nova.api.metadata.handler [None req-ead75de7-1611-45e3-baab-df22983d257c None None] Using cached metadata for instance 6a74dd9e-66d3-4764-8c1c-1746df2a528c {{(pid=107994) get_metadata_by_instance_id /opt/stack/nova/nova/api/metadata/handler.py:84}}
