+ COMMAND=start + start + for KEYSTONE_WSGI_SCRIPT in keystone-wsgi-public ++ type -p keystone-wsgi-public + cp -a /var/lib/openstack/bin/keystone-wsgi-public /var/www/cgi-bin/keystone/ + '[' -f /etc/apache2/envvars ']' + source /etc/apache2/envvars ++ unset HOME ++ '[' '' '!=' '' ']' ++ SUFFIX= ++ export APACHE_RUN_USER=www-data ++ APACHE_RUN_USER=www-data ++ export APACHE_RUN_GROUP=www-data ++ APACHE_RUN_GROUP=www-data ++ export APACHE_PID_FILE=/var/run/apache2/apache2.pid ++ APACHE_PID_FILE=/var/run/apache2/apache2.pid ++ export APACHE_RUN_DIR=/var/run/apache2 ++ APACHE_RUN_DIR=/var/run/apache2 ++ export APACHE_LOCK_DIR=/var/lock/apache2 ++ APACHE_LOCK_DIR=/var/lock/apache2 ++ export APACHE_LOG_DIR=/var/log/apache2 ++ APACHE_LOG_DIR=/var/log/apache2 ++ export LANG=C ++ LANG=C ++ export LANG + '[' -f /var/run/apache2/apache2.pid ']' + exec apache2 -DFOREGROUND AH00558: apache2: Could not reliably determine the server's fully qualified domain name, using 10.0.0.25. Set the 'ServerName' directive globally to suppress this message AH00558: apache2: Could not reliably determine the server's fully qualified domain name, using 10.0.0.25. Set the 'ServerName' directive globally to suppress this message
[Mon Sep 07 08:41:36.274125 2026] [mpm_event:notice] [pid 1:tid 139856261633920] AH00489: Apache/2.4.58 (Ubuntu) mod_wsgi/5.0.0 Python/3.12 configured -- resuming normal operations
[Mon Sep 07 08:41:36.274285 2026] [core:notice] [pid 1:tid 139856261633920] AH00094: Command line: 'apache2 -D FOREGROUND'
[Mon Sep 07 08:42:33.850107 2026] [wsgi:error] [pid 11:tid 139855623812800] /var/lib/openstack/lib/python3.12/site-packages/oslo_utils/importutils.py:77: EventletDeprecationWarning:
[Mon Sep 07 08:42:33.850151 2026] [wsgi:error] [pid 11:tid 139855623812800] Eventlet is deprecated. It is currently being maintained in bugfix mode, and
[Mon Sep 07 08:42:33.850153 2026] [wsgi:error] [pid 11:tid 139855623812800] we strongly recommend against using it for new projects.
[Mon Sep 07 08:42:33.850154 2026] [wsgi:error] [pid 11:tid 139855623812800]
[Mon Sep 07 08:42:33.850155 2026] [wsgi:error] [pid 11:tid 139855623812800] If you are already using Eventlet, we recommend migrating to a different
[Mon Sep 07 08:42:33.850157 2026] [wsgi:error] [pid 11:tid 139855623812800] framework. For more detail see
[Mon Sep 07 08:42:33.850158 2026] [wsgi:error] [pid 11:tid 139855623812800] https://eventlet.readthedocs.io/en/latest/asyncio/migration.html
[Mon Sep 07 08:42:33.850159 2026] [wsgi:error] [pid 11:tid 139855623812800]
[Mon Sep 07 08:42:33.850160 2026] [wsgi:error] [pid 11:tid 139855623812800] __import__(import_str)
[Mon Sep 07 08:42:33.962183 2026] [wsgi:error] [pid 12:tid 139855623812800] /var/lib/openstack/lib/python3.12/site-packages/oslo_utils/importutils.py:77: EventletDeprecationWarning:
[Mon Sep 07 08:42:33.962251 2026] [wsgi:error] [pid 12:tid 139855623812800] Eventlet is deprecated. It is currently being maintained in bugfix mode, and
[Mon Sep 07 08:42:33.962254 2026] [wsgi:error] [pid 12:tid 139855623812800] we strongly recommend against using it for new projects.
[Mon Sep 07 08:42:33.962255 2026] [wsgi:error] [pid 12:tid 139855623812800]
[Mon Sep 07 08:42:33.962257 2026] [wsgi:error] [pid 12:tid 139855623812800] If you are already using Eventlet, we recommend migrating to a different
[Mon Sep 07 08:42:33.962258 2026] [wsgi:error] [pid 12:tid 139855623812800] framework. For more detail see
[Mon Sep 07 08:42:33.962260 2026] [wsgi:error] [pid 12:tid 139855623812800] https://eventlet.readthedocs.io/en/latest/asyncio/migration.html
[Mon Sep 07 08:42:33.962261 2026] [wsgi:error] [pid 12:tid 139855623812800]
[Mon Sep 07 08:42:33.962263 2026] [wsgi:error] [pid 12:tid 139855623812800] __import__(import_str) 10.0.0.97 - - [07/Sep/2026:08:42:32 +0000] "GET /v3/ HTTP/1.1" 200 249 10.0.0.97 - - [07/Sep/2026:08:42:32 +0000] "GET /v3/ HTTP/1.1" 200 249
[Mon Sep 07 08:42:47.571689 2026] [wsgi:error] [pid 10:tid 139855623812800] /var/lib/openstack/lib/python3.12/site-packages/oslo_utils/importutils.py:77: EventletDeprecationWarning:
[Mon Sep 07 08:42:47.571729 2026] [wsgi:error] [pid 10:tid 139855623812800] Eventlet is deprecated. It is currently being maintained in bugfix mode, and
[Mon Sep 07 08:42:47.571731 2026] [wsgi:error] [pid 10:tid 139855623812800] we strongly recommend against using it for new projects.
[Mon Sep 07 08:42:47.571733 2026] [wsgi:error] [pid 10:tid 139855623812800]
[Mon Sep 07 08:42:47.571734 2026] [wsgi:error] [pid 10:tid 139855623812800] If you are already using Eventlet, we recommend migrating to a different
[Mon Sep 07 08:42:47.571735 2026] [wsgi:error] [pid 10:tid 139855623812800] framework. For more detail see
[Mon Sep 07 08:42:47.571736 2026] [wsgi:error] [pid 10:tid 139855623812800] https://eventlet.readthedocs.io/en/latest/asyncio/migration.html
[Mon Sep 07 08:42:47.571737 2026] [wsgi:error] [pid 10:tid 139855623812800]
[Mon Sep 07 08:42:47.571738 2026] [wsgi:error] [pid 10:tid 139855623812800] __import__(import_str) 10.0.0.192 - - [07/Sep/2026:08:42:46 +0000] "GET / HTTP/1.1" 300 295
[Mon Sep 07 08:42:53.506554 2026] [wsgi:error] [pid 9:tid 139855623812800] /var/lib/openstack/lib/python3.12/site-packages/oslo_utils/importutils.py:77: EventletDeprecationWarning:
[Mon Sep 07 08:42:53.506619 2026] [wsgi:error] [pid 9:tid 139855623812800] Eventlet is deprecated. It is currently being maintained in bugfix mode, and
[Mon Sep 07 08:42:53.506622 2026] [wsgi:error] [pid 9:tid 139855623812800] we strongly recommend against using it for new projects.
[Mon Sep 07 08:42:53.506623 2026] [wsgi:error] [pid 9:tid 139855623812800]
[Mon Sep 07 08:42:53.506624 2026] [wsgi:error] [pid 9:tid 139855623812800] If you are already using Eventlet, we recommend migrating to a different
[Mon Sep 07 08:42:53.506626 2026] [wsgi:error] [pid 9:tid 139855623812800] framework. For more detail see
[Mon Sep 07 08:42:53.506627 2026] [wsgi:error] [pid 9:tid 139855623812800] https://eventlet.readthedocs.io/en/latest/asyncio/migration.html
[Mon Sep 07 08:42:53.506628 2026] [wsgi:error] [pid 9:tid 139855623812800]
[Mon Sep 07 08:42:53.506629 2026] [wsgi:error] [pid 9:tid 139855623812800] __import__(import_str)
[Mon Sep 07 08:42:58.369841 2026] [wsgi:error] [pid 9:tid 139855623812800] [remote 10.0.0.192:45438] 2026-09-07 08:42:58.366 9 WARNING keystone.identity.core [None req-56c8c1b8-3e5d-41ca-8fba-6dd562066a0c - - - - - -] Invalid domain name (atmosphere) found in config file name: keystone.exception.DomainNotFound: Could not find domain: atmosphere.
[Mon Sep 07 08:42:58.424265 2026] [wsgi:error] [pid 9:tid 139855623812800] [remote 10.0.0.192:45438] 2026-09-07 08:42:58.423 9 WARNING keystone.common.password_hashing [None req-56c8c1b8-3e5d-41ca-8fba-6dd562066a0c - - - - - -] Truncating password to algorithm specific maximum length 72 characters.
[Mon Sep 07 08:42:58.712397 2026] [wsgi:error] [pid 9:tid 139855623812800] [remote 10.0.0.192:45438] 2026-09-07 08:42:58.712 9 WARNING keystone.common.fernet_utils [None req-56c8c1b8-3e5d-41ca-8fba-6dd562066a0c - - - - - -] key_repository is world readable: /etc/keystone/fernet-keys/ 10.0.0.192 - - [07/Sep/2026:08:42:52 +0000] "POST /v3/auth/tokens HTTP/1.1" 201 1359
[Mon Sep 07 08:42:59.205401 2026] [wsgi:error] [pid 11:tid 139855623812800] [remote 10.0.0.192:45438] 2026-09-07 08:42:59.202 11 WARNING keystone.identity.core [None req-ab708aa4-cb3d-4efb-a0ad-83fee5127243 - - - - - -] Invalid domain name (atmosphere) found in config file name: keystone.exception.DomainNotFound: Could not find domain: atmosphere. 10.0.0.192 - - [07/Sep/2026:08:42:58 +0000] "POST /v3/domains HTTP/1.1" 201 261 10.0.0.247 - - [07/Sep/2026:08:43:12 +0000] "GET / HTTP/1.1" 300 295
[Mon Sep 07 08:43:12.516026 2026] [wsgi:error] [pid 10:tid 139855623812800] [remote 10.0.0.247:46306] 2026-09-07 08:43:12.515 10 WARNING keystone.common.password_hashing [None req-aa79992a-2449-480b-a76e-da376650fded - - - - - -] Truncating password to algorithm specific maximum length 72 characters.
[Mon Sep 07 08:43:12.814616 2026] [wsgi:error] [pid 10:tid 139855623812800] [remote 10.0.0.247:46306] 2026-09-07 08:43:12.814 10 WARNING keystone.common.fernet_utils [None req-aa79992a-2449-480b-a76e-da376650fded - - - - - -] key_repository is world readable: /etc/keystone/fernet-keys/ 10.0.0.247 - - [07/Sep/2026:08:43:12 +0000] "POST /v3/auth/tokens HTTP/1.1" 201 1359 10.0.0.247 - - [07/Sep/2026:08:43:12 +0000] "GET /v3/roles/admin HTTP/1.1" 404 83
[Mon Sep 07 08:43:13.117252 2026] [wsgi:error] [pid 11:tid 139855623812800] [remote 10.0.0.247:46306] 2026-09-07 08:43:13.116 11 WARNING keystone.common.rbac_enforcer.enforcer [None req-1c8e2cd1-8611-4a00-b007-4713a99127b0 c6110c941fd54514b509148903faaa8c 700095dafdda4a678291ecc2103af94d - - default default] Deprecated policy rules found. Use oslopolicy-policy-generator and oslopolicy-policy-upgrade to detect and resolve deprecated policies in your configuration. 10.0.0.247 - - [07/Sep/2026:08:43:13 +0000] "GET /v3/roles?name=admin HTTP/1.1" 200 389
[Mon Sep 07 08:43:13.696970 2026] [wsgi:error] [pid 12:tid 139855623812800] [remote 10.0.0.247:46306] 2026-09-07 08:43:13.696 12 WARNING keystone.common.rbac_enforcer.enforcer [None req-e88fab40-4f2d-47f7-8a15-142c396f0a44 c6110c941fd54514b509148903faaa8c 700095dafdda4a678291ecc2103af94d - - default default] Deprecated policy rules found. Use oslopolicy-policy-generator and oslopolicy-policy-upgrade to detect and resolve deprecated policies in your configuration. 10.0.0.247 - - [07/Sep/2026:08:43:13 +0000] "GET /v3/users/admin-RegionOne HTTP/1.1" 404 93
[Mon Sep 07 08:43:13.909024 2026] [wsgi:error] [pid 10:tid 139855623812800] [remote 10.0.0.247:46306] 2026-09-07 08:43:13.908 10 WARNING keystone.common.rbac_enforcer.enforcer [None req-1dc2fa74-4634-4abf-8792-b2e5ca90f321 c6110c941fd54514b509148903faaa8c 700095dafdda4a678291ecc2103af94d - - default default] Deprecated policy rules found. Use oslopolicy-policy-generator and oslopolicy-policy-upgrade to detect and resolve deprecated policies in your configuration. 10.0.0.247 - - [07/Sep/2026:08:43:13 +0000] "GET /v3/users?name=admin-RegionOne HTTP/1.1" 200 422
[Mon Sep 07 08:43:14.196117 2026] [wsgi:error] [pid 9:tid 139855623812800] [remote 10.0.0.247:46306] 2026-09-07 08:43:14.195 9 WARNING keystone.common.rbac_enforcer.enforcer [None req-559257e1-3394-44d4-afb4-85c93e732225 c6110c941fd54514b509148903faaa8c 700095dafdda4a678291ecc2103af94d - - default default] Deprecated policy rules found. Use oslopolicy-policy-generator and oslopolicy-policy-upgrade to detect and resolve deprecated policies in your configuration. 10.0.0.247 - - [07/Sep/2026:08:43:13 +0000] "GET /v3/domains/default HTTP/1.1" 200 224 10.0.0.247 - - [07/Sep/2026:08:43:14 +0000] "PUT /v3/domains/default/users/c6110c941fd54514b509148903faaa8c/roles/291d2f11fbea40a9abbd27d92bfd7a70 HTTP/1.1" 204 - 10.0.0.97 - - [07/Sep/2026:08:43:23 +0000] "GET / HTTP/1.1" 300 280 10.0.0.97 - - [07/Sep/2026:08:43:24 +0000] "GET /v3 HTTP/1.1" 200 265
[Mon Sep 07 08:43:24.827211 2026] [wsgi:error] [pid 9:tid 139855623812800] [remote 10.0.0.97:37986] 2026-09-07 08:43:24.826 9 WARNING keystone.common.password_hashing [None req-6eb81645-4842-4387-a090-6f1a1f95e2b3 - - - - - -] Truncating password to algorithm specific maximum length 72 characters.
[Mon Sep 07 08:43:25.144376 2026] [wsgi:error] [pid 9:tid 139855623812800] [remote 10.0.0.97:37986] 2026-09-07 08:43:25.144 9 WARNING keystone.common.fernet_utils [None req-6eb81645-4842-4387-a090-6f1a1f95e2b3 - - - - - -] key_repository is world readable: /etc/keystone/fernet-keys/ 10.0.0.97 - - [07/Sep/2026:08:43:24 +0000] "POST /v3/auth/tokens HTTP/1.1" 201 1359 10.0.0.97 - - [07/Sep/2026:08:43:25 +0000] "GET / HTTP/1.1" 300 280 10.0.0.97 - - [07/Sep/2026:08:43:25 +0000] "GET /v3/domains/atmosphere HTTP/1.1" 404 90 10.0.0.97 - - [07/Sep/2026:08:43:25 +0000] "GET /v3/domains?name=atmosphere HTTP/1.1" 200 368 10.0.0.97 - - [07/Sep/2026:08:43:25 +0000] "GET /v3/domains/ef6abbfb749441be89fff0981644dd8e HTTP/1.1" 200 246 10.0.0.97 - - [07/Sep/2026:08:43:26 +0000] "GET /v3 HTTP/1.1" 200 265
[Mon Sep 07 08:43:26.455341 2026] [wsgi:error] [pid 12:tid 139855623812800] [remote 10.0.0.97:33700] 2026-09-07 08:43:26.454 12 WARNING keystone.common.password_hashing [None req-e002a320-7d1b-47b6-94ce-008900317eba - - - - - -] Truncating password to algorithm specific maximum length 72 characters.
[Mon Sep 07 08:43:26.795753 2026] [wsgi:error] [pid 12:tid 139855623812800] [remote 10.0.0.97:33700] 2026-09-07 08:43:26.795 12 WARNING keystone.common.fernet_utils [None req-e002a320-7d1b-47b6-94ce-008900317eba - - - - - -] key_repository is world readable: /etc/keystone/fernet-keys/ 10.0.0.97 - - [07/Sep/2026:08:43:26 +0000] "POST /v3/auth/tokens HTTP/1.1" 201 1359 10.0.0.97 - - [07/Sep/2026:08:43:26 +0000] "GET / HTTP/1.1" 300 280 10.0.0.97 - - [07/Sep/2026:08:43:26 +0000] "GET /v3/OS-FEDERATION/identity_providers/atmosphere HTTP/1.1" 404 101 10.0.0.97 - - [07/Sep/2026:08:43:26 +0000] "GET /v3/OS-FEDERATION/identity_providers HTTP/1.1" 200 155 10.0.0.97 - - [07/Sep/2026:08:43:26 +0000] "PUT /v3/OS-FEDERATION/identity_providers/atmosphere HTTP/1.1" 201 340 10.0.0.97 - - [07/Sep/2026:08:43:27 +0000] "GET /v3 HTTP/1.1" 200 265
[Mon Sep 07 08:43:27.740507 2026] [wsgi:error] [pid 9:tid 139855623812800] [remote 10.0.0.97:37986] 2026-09-07 08:43:27.740 9 WARNING keystone.common.password_hashing [None req-8d5d32b8-3f4a-4f5f-a18c-8d8ce6569e55 - - - - - -] Truncating password to algorithm specific maximum length 72 characters.
[Mon Sep 07 08:43:28.029775 2026] [wsgi:error] [pid 9:tid 139855623812800] [remote 10.0.0.97:37986] 2026-09-07 08:43:28.029 9 WARNING keystone.common.fernet_utils [None req-8d5d32b8-3f4a-4f5f-a18c-8d8ce6569e55 - - - - - -] key_repository is world readable: /etc/keystone/fernet-keys/ 10.0.0.97 - - [07/Sep/2026:08:43:27 +0000] "POST /v3/auth/tokens HTTP/1.1" 201 1359 10.0.0.97 - - [07/Sep/2026:08:43:28 +0000] "GET / HTTP/1.1" 300 280 10.0.0.97 - - [07/Sep/2026:08:43:28 +0000] "GET /v3/OS-FEDERATION/mappings/atmosphere-openid HTTP/1.1" 404 98 10.0.0.97 - - [07/Sep/2026:08:43:28 +0000] "GET /v3/OS-FEDERATION/mappings HTTP/1.1" 200 135 10.0.0.97 - - [07/Sep/2026:08:43:28 +0000] "PUT /v3/OS-FEDERATION/mappings/atmosphere-openid HTTP/1.1" 201 356 10.0.0.97 - - [07/Sep/2026:08:43:29 +0000] "GET /v3 HTTP/1.1" 200 265
[Mon Sep 07 08:43:29.105122 2026] [wsgi:error] [pid 12:tid 139855623812800] [remote 10.0.0.97:37986] 2026-09-07 08:43:29.104 12 WARNING keystone.common.password_hashing [None req-60e93bac-d07a-4062-8a16-05f71d3d2a93 - - - - - -] Truncating password to algorithm specific maximum length 72 characters.
[Mon Sep 07 08:43:29.396774 2026] [wsgi:error] [pid 12:tid 139855623812800] [remote 10.0.0.97:37986] 2026-09-07 08:43:29.396 12 WARNING keystone.common.fernet_utils [None req-60e93bac-d07a-4062-8a16-05f71d3d2a93 - - - - - -] key_repository is world readable: /etc/keystone/fernet-keys/ 10.0.0.97 - - [07/Sep/2026:08:43:29 +0000] "POST /v3/auth/tokens HTTP/1.1" 201 1359 10.0.0.97 - - [07/Sep/2026:08:43:29 +0000] "GET / HTTP/1.1" 300 280 10.0.0.97 - - [07/Sep/2026:08:43:29 +0000] "GET /v3/OS-FEDERATION/identity_providers/atmosphere/protocols/openid?idp_id=atmosphere HTTP/1.1" 404 131 10.0.0.97 - - [07/Sep/2026:08:43:29 +0000] "GET /v3/OS-FEDERATION/identity_providers/atmosphere/protocols HTTP/1.1" 200 167 10.0.0.97 - - [07/Sep/2026:08:43:29 +0000] "PUT /v3/OS-FEDERATION/identity_providers/atmosphere/protocols/openid HTTP/1.1" 201 222 10.0.0.97 - - [07/Sep/2026:08:43:32 +0000] "GET /v3/ HTTP/1.1" 200 249 10.0.0.97 - - [07/Sep/2026:08:43:32 +0000] "GET /v3/ HTTP/1.1" 200 249 10.0.0.97 - - [07/Sep/2026:08:44:32 +0000] "GET /v3/ HTTP/1.1" 200 249 10.0.0.97 - - [07/Sep/2026:08:44:32 +0000] "GET /v3/ HTTP/1.1" 200 249 10.0.0.52 - - [07/Sep/2026:08:44:58 +0000] "GET / HTTP/1.1" 300 295
[Mon Sep 07 08:44:58.263266 2026] [wsgi:error] [pid 9:tid 139855623812800] [remote 10.0.0.52:33374] 2026-09-07 08:44:58.262 9 WARNING keystone.common.password_hashing [None req-a6bd8d7d-80bd-4f46-a544-61e3f293acda - - - - - -] Truncating password to algorithm specific maximum length 72 characters.
[Mon Sep 07 08:44:58.561187 2026] [wsgi:error] [pid 9:tid 139855623812800] [remote 10.0.0.52:33374] 2026-09-07 08:44:58.561 9 WARNING keystone.common.fernet_utils [None req-a6bd8d7d-80bd-4f46-a544-61e3f293acda - - - - - -] key_repository is world readable: /etc/keystone/fernet-keys/ 10.0.0.52 - - [07/Sep/2026:08:44:58 +0000] "POST /v3/auth/tokens HTTP/1.1" 201 1359 10.0.0.52 - - [07/Sep/2026:08:44:58 +0000] "GET /v3/services HTTP/1.1" 200 355 10.0.0.52 - - [07/Sep/2026:08:45:02 +0000] "GET / HTTP/1.1" 300 295
[Mon Sep 07 08:45:02.468217 2026] [wsgi:error] [pid 10:tid 139855623812800] [remote 10.0.0.52:33386] 2026-09-07 08:45:02.467 10 WARNING keystone.common.password_hashing [None req-45e4ac94-6f1c-4ed5-892c-825538485fb9 - - - - - -] Truncating password to algorithm specific maximum length 72 characters.
[Mon Sep 07 08:45:02.772350 2026] [wsgi:error] [pid 10:tid 139855623812800] [remote 10.0.0.52:33386] 2026-09-07 08:45:02.772 10 WARNING keystone.common.fernet_utils [None req-45e4ac94-6f1c-4ed5-892c-825538485fb9 - - - - - -] key_repository is world readable: /etc/keystone/fernet-keys/ 10.0.0.52 - - [07/Sep/2026:08:45:02 +0000] "POST /v3/auth/tokens HTTP/1.1" 201 1359 10.0.0.52 - - [07/Sep/2026:08:45:02 +0000] "GET /v3/services HTTP/1.1" 200 355 10.0.0.52 - - [07/Sep/2026:08:45:06 +0000] "GET / HTTP/1.1" 300 295
[Mon Sep 07 08:45:06.556859 2026] [wsgi:error] [pid 11:tid 139855623812800] [remote 10.0.0.52:58186] 2026-09-07 08:45:06.556 11 WARNING keystone.common.password_hashing [None req-f36c4a20-d935-41b2-b409-9fab65ce91c4 - - - - - -] Truncating password to algorithm specific maximum length 72 characters.
[Mon Sep 07 08:45:06.877694 2026] [wsgi:error] [pid 11:tid 139855623812800] [remote 10.0.0.52:58186] 2026-09-07 08:45:06.877 11 WARNING keystone.common.fernet_utils [None req-f36c4a20-d935-41b2-b409-9fab65ce91c4 - - - - - -] key_repository is world readable: /etc/keystone/fernet-keys/ 10.0.0.52 - - [07/Sep/2026:08:45:06 +0000] "POST /v3/auth/tokens HTTP/1.1" 201 1359 10.0.0.52 - - [07/Sep/2026:08:45:07 +0000] "GET /v3/services HTTP/1.1" 200 355 10.0.0.52 - - [07/Sep/2026:08:45:10 +0000] "GET / HTTP/1.1" 300 295
[Mon Sep 07 08:45:10.614676 2026] [wsgi:error] [pid 12:tid 139855623812800] [remote 10.0.0.52:58188] 2026-09-07 08:45:10.614 12 WARNING keystone.common.password_hashing [None req-8431cb8e-fe4b-49cf-8711-adca2923632b - - - - - -] Truncating password to algorithm specific maximum length 72 characters.
[Mon Sep 07 08:45:10.891312 2026] [wsgi:error] [pid 12:tid 139855623812800] [remote 10.0.0.52:58188] 2026-09-07 08:45:10.891 12 WARNING keystone.common.fernet_utils [None req-8431cb8e-fe4b-49cf-8711-adca2923632b - - - - - -] key_repository is world readable: /etc/keystone/fernet-keys/ 10.0.0.52 - - [07/Sep/2026:08:45:10 +0000] "POST /v3/auth/tokens HTTP/1.1" 201 1359 10.0.0.52 - - [07/Sep/2026:08:45:10 +0000] "POST /v3/services HTTP/1.1" 201 296 10.0.0.171 - - [07/Sep/2026:08:45:22 +0000] "GET / HTTP/1.1" 300 295
[Mon Sep 07 08:45:22.329592 2026] [wsgi:error] [pid 9:tid 139855623812800] [remote 10.0.0.171:48616] 2026-09-07 08:45:22.329 9 WARNING keystone.common.password_hashing [None req-f8a81287-a91f-48db-ad06-968dc96b818b - - - - - -] Truncating password to algorithm specific maximum length 72 characters. 10.0.0.171 - - [07/Sep/2026:08:45:22 +0000] "GET / HTTP/1.1" 300 295
[Mon Sep 07 08:45:22.357534 2026] [wsgi:error] [pid 11:tid 139855623812800] [remote 10.0.0.171:48628] 2026-09-07 08:45:22.357 11 WARNING keystone.common.password_hashing [None req-f7ffa167-79cc-432b-b350-763865f7aa46 - - - - - -] Truncating password to algorithm specific maximum length 72 characters. 10.0.0.171 - - [07/Sep/2026:08:45:22 +0000] "GET / HTTP/1.1" 300 295
[Mon Sep 07 08:45:22.414174 2026] [wsgi:error] [pid 12:tid 139855623812800] [remote 10.0.0.171:48642] 2026-09-07 08:45:22.413 12 WARNING keystone.common.password_hashing [None req-6d788db8-874a-42c6-a9d3-edd4b18f0cdc - - - - - -] Truncating password to algorithm specific maximum length 72 characters.
[Mon Sep 07 08:45:22.620992 2026] [wsgi:error] [pid 9:tid 139855623812800] [remote 10.0.0.171:48616] 2026-09-07 08:45:22.620 9 WARNING keystone.common.fernet_utils [None req-f8a81287-a91f-48db-ad06-968dc96b818b - - - - - -] key_repository is world readable: /etc/keystone/fernet-keys/ 10.0.0.171 - - [07/Sep/2026:08:45:22 +0000] "POST /v3/auth/tokens HTTP/1.1" 201 1463
[Mon Sep 07 08:45:22.640009 2026] [wsgi:error] [pid 11:tid 139855623812800] [remote 10.0.0.171:48628] 2026-09-07 08:45:22.639 11 WARNING keystone.common.fernet_utils [None req-f7ffa167-79cc-432b-b350-763865f7aa46 - - - - - -] key_repository is world readable: /etc/keystone/fernet-keys/ 10.0.0.171 - - [07/Sep/2026:08:45:22 +0000] "POST /v3/auth/tokens HTTP/1.1" 201 1463
[Mon Sep 07 08:45:22.698387 2026] [wsgi:error] [pid 12:tid 139855623812800] [remote 10.0.0.171:48642] 2026-09-07 08:45:22.698 12 WARNING keystone.common.fernet_utils [None req-6d788db8-874a-42c6-a9d3-edd4b18f0cdc - - - - - -] key_repository is world readable: /etc/keystone/fernet-keys/ 10.0.0.171 - - [07/Sep/2026:08:45:22 +0000] "POST /v3/auth/tokens HTTP/1.1" 201 1463 10.0.0.171 - - [07/Sep/2026:08:45:22 +0000] "GET /v3/services HTTP/1.1" 200 639 10.0.0.171 - - [07/Sep/2026:08:45:22 +0000] "GET /v3/services HTTP/1.1" 200 639 10.0.0.171 - - [07/Sep/2026:08:45:22 +0000] "GET /v3/services HTTP/1.1" 200 639 10.0.0.171 - - [07/Sep/2026:08:45:24 +0000] "GET / HTTP/1.1" 300 295
[Mon Sep 07 08:45:24.394743 2026] [wsgi:error] [pid 10:tid 139855623812800] [remote 10.0.0.171:48654] 2026-09-07 08:45:24.394 10 WARNING keystone.common.password_hashing [None req-7c681c64-4ec8-4058-888d-a130611dd3d3 - - - - - -] Truncating password to algorithm specific maximum length 72 characters. 10.0.0.171 - - [07/Sep/2026:08:45:24 +0000] "GET / HTTP/1.1" 300 295
[Mon Sep 07 08:45:24.440726 2026] [wsgi:error] [pid 11:tid 139855623812800] [remote 10.0.0.171:48670] 2026-09-07 08:45:24.440 11 WARNING keystone.common.password_hashing [None req-194d94c8-2697-4778-8dca-b8f95739749d - - - - - -] Truncating password to algorithm specific maximum length 72 characters. 10.0.0.171 - - [07/Sep/2026:08:45:24 +0000] "GET / HTTP/1.1" 300 295
[Mon Sep 07 08:45:24.595759 2026] [wsgi:error] [pid 9:tid 139855623812800] [remote 10.0.0.171:48676] 2026-09-07 08:45:24.595 9 WARNING keystone.common.password_hashing [None req-c2e73cfa-44bb-49bc-9a6c-8ad339338846 - - - - - -] Truncating password to algorithm specific maximum length 72 characters.
[Mon Sep 07 08:45:24.734586 2026] [wsgi:error] [pid 10:tid 139855623812800] [remote 10.0.0.171:48654] 2026-09-07 08:45:24.734 10 WARNING keystone.common.fernet_utils [None req-7c681c64-4ec8-4058-888d-a130611dd3d3 - - - - - -] key_repository is world readable: /etc/keystone/fernet-keys/ 10.0.0.171 - - [07/Sep/2026:08:45:24 +0000] "POST /v3/auth/tokens HTTP/1.1" 201 1463
[Mon Sep 07 08:45:24.766660 2026] [wsgi:error] [pid 11:tid 139855623812800] [remote 10.0.0.171:48670] 2026-09-07 08:45:24.766 11 WARNING keystone.common.fernet_utils [None req-194d94c8-2697-4778-8dca-b8f95739749d - - - - - -] key_repository is world readable: /etc/keystone/fernet-keys/ 10.0.0.171 - - [07/Sep/2026:08:45:24 +0000] "POST /v3/auth/tokens HTTP/1.1" 201 1463 10.0.0.171 - - [07/Sep/2026:08:45:24 +0000] "GET /v3/endpoints HTTP/1.1" 200 1226
[Mon Sep 07 08:45:24.913589 2026] [wsgi:error] [pid 9:tid 139855623812800] [remote 10.0.0.171:48676] 2026-09-07 08:45:24.913 9 WARNING keystone.common.fernet_utils [None req-c2e73cfa-44bb-49bc-9a6c-8ad339338846 - - - - - -] key_repository is world readable: /etc/keystone/fernet-keys/ 10.0.0.171 - - [07/Sep/2026:08:45:24 +0000] "POST /v3/auth/tokens HTTP/1.1" 201 1463 10.0.0.171 - - [07/Sep/2026:08:45:24 +0000] "GET /v3/services/525dd2bbb4cf48319ce05b82881f61cf HTTP/1.1" 200 233 10.0.0.171 - - [07/Sep/2026:08:45:24 +0000] "GET /v3/endpoints HTTP/1.1" 200 1226 10.0.0.171 - - [07/Sep/2026:08:45:24 +0000] "GET /v3/services/525dd2bbb4cf48319ce05b82881f61cf HTTP/1.1" 200 233 10.0.0.171 - - [07/Sep/2026:08:45:24 +0000] "GET /v3/services/525dd2bbb4cf48319ce05b82881f61cf HTTP/1.1" 200 233 10.0.0.171 - - [07/Sep/2026:08:45:24 +0000] "GET /v3/services/525dd2bbb4cf48319ce05b82881f61cf HTTP/1.1" 200 233 10.0.0.171 - - [07/Sep/2026:08:45:24 +0000] "GET /v3/services/525dd2bbb4cf48319ce05b82881f61cf HTTP/1.1" 200 233 10.0.0.171 - - [07/Sep/2026:08:45:24 +0000] "GET /v3/services/525dd2bbb4cf48319ce05b82881f61cf HTTP/1.1" 200 233 10.0.0.171 - - [07/Sep/2026:08:45:25 +0000] "GET /v3/endpoints HTTP/1.1" 200 1226 10.0.0.171 - - [07/Sep/2026:08:45:25 +0000] "GET /v3/services/525dd2bbb4cf48319ce05b82881f61cf HTTP/1.1" 200 233 10.0.0.171 - - [07/Sep/2026:08:45:25 +0000] "GET /v3/services/525dd2bbb4cf48319ce05b82881f61cf HTTP/1.1" 200 233 10.0.0.171 - - [07/Sep/2026:08:45:25 +0000] "GET /v3/services/525dd2bbb4cf48319ce05b82881f61cf HTTP/1.1" 200 233 10.0.0.171 - - [07/Sep/2026:08:45:26 +0000] "GET / HTTP/1.1" 300 295
[Mon Sep 07 08:45:26.623307 2026] [wsgi:error] [pid 11:tid 139855623812800] [remote 10.0.0.171:40500] 2026-09-07 08:45:26.623 11 WARNING keystone.common.password_hashing [None req-b999333c-7c60-47eb-9209-0db470b005df - - - - - -] Truncating password to algorithm specific maximum length 72 characters.
[Mon Sep 07 08:45:26.909481 2026] [wsgi:error] [pid 11:tid 139855623812800] [remote 10.0.0.171:40500] 2026-09-07 08:45:26.909 11 WARNING keystone.common.fernet_utils [None req-b999333c-7c60-47eb-9209-0db470b005df - - - - - -] key_repository is world readable: /etc/keystone/fernet-keys/ 10.0.0.171 - - [07/Sep/2026:08:45:26 +0000] "POST /v3/auth/tokens HTTP/1.1" 201 1463 10.0.0.171 - - [07/Sep/2026:08:45:27 +0000] "GET / HTTP/1.1" 300 295
[Mon Sep 07 08:45:27.029655 2026] [wsgi:error] [pid 12:tid 139855623812800] [remote 10.0.0.171:40506] 2026-09-07 08:45:27.029 12 WARNING keystone.common.password_hashing [None req-f920c6bd-6191-4f55-b722-ae487a35c914 - - - - - -] Truncating password to algorithm specific maximum length 72 characters. 10.0.0.171 - - [07/Sep/2026:08:45:27 +0000] "GET /v3/services/a1411b1c692a4774ac90366600946230 HTTP/1.1" 200 296 10.0.0.171 - - [07/Sep/2026:08:45:27 +0000] "GET /v3/regions/RegionOne HTTP/1.1" 200 173 10.0.0.171 - - [07/Sep/2026:08:45:27 +0000] "GET / HTTP/1.1" 300 295
[Mon Sep 07 08:45:27.133275 2026] [wsgi:error] [pid 11:tid 139855623812800] [remote 10.0.0.171:40508] 2026-09-07 08:45:27.133 11 WARNING keystone.common.password_hashing [None req-eea67583-df58-4ca3-94b9-753d700d51c8 - - - - - -] Truncating password to algorithm specific maximum length 72 characters. 10.0.0.171 - - [07/Sep/2026:08:45:27 +0000] "POST /v3/endpoints HTTP/1.1" 201 380
[Mon Sep 07 08:45:27.320562 2026] [wsgi:error] [pid 12:tid 139855623812800] [remote 10.0.0.171:40506] 2026-09-07 08:45:27.320 12 WARNING keystone.common.fernet_utils [None req-f920c6bd-6191-4f55-b722-ae487a35c914 - - - - - -] key_repository is world readable: /etc/keystone/fernet-keys/ 10.0.0.171 - - [07/Sep/2026:08:45:27 +0000] "POST /v3/auth/tokens HTTP/1.1" 201 1640
[Mon Sep 07 08:45:27.409314 2026] [wsgi:error] [pid 11:tid 139855623812800] [remote 10.0.0.171:40508] 2026-09-07 08:45:27.409 11 WARNING keystone.common.fernet_utils [None req-eea67583-df58-4ca3-94b9-753d700d51c8 - - - - - -] key_repository is world readable: /etc/keystone/fernet-keys/ 10.0.0.171 - - [07/Sep/2026:08:45:27 +0000] "POST /v3/auth/tokens HTTP/1.1" 201 1640 10.0.0.171 - - [07/Sep/2026:08:45:27 +0000] "GET /v3/services/a1411b1c692a4774ac90366600946230 HTTP/1.1" 200 296 10.0.0.171 - - [07/Sep/2026:08:45:27 +0000] "GET /v3/regions/RegionOne HTTP/1.1" 200 173 10.0.0.171 - - [07/Sep/2026:08:45:27 +0000] "GET /v3/services/a1411b1c692a4774ac90366600946230 HTTP/1.1" 200 296 10.0.0.171 - - [07/Sep/2026:08:45:27 +0000] "GET /v3/regions/RegionOne HTTP/1.1" 200 173 10.0.0.171 - - [07/Sep/2026:08:45:27 +0000] "POST /v3/endpoints HTTP/1.1" 201 369 10.0.0.171 - - [07/Sep/2026:08:45:27 +0000] "POST /v3/endpoints HTTP/1.1" 201 383 10.0.0.171 - - [07/Sep/2026:08:45:28 +0000] "GET / HTTP/1.1" 300 295
[Mon Sep 07 08:45:28.812624 2026] [wsgi:error] [pid 9:tid 139855623812800] [remote 10.0.0.171:40512] 2026-09-07 08:45:28.812 9 WARNING keystone.common.password_hashing [None req-36a10fdd-ee77-4d25-97e8-4a9dbe7b6625 - - - - - -] Truncating password to algorithm specific maximum length 72 characters.
[Mon Sep 07 08:45:29.106471 2026] [wsgi:error] [pid 9:tid 139855623812800] [remote 10.0.0.171:40512] 2026-09-07 08:45:29.106 9 WARNING keystone.common.fernet_utils [None req-36a10fdd-ee77-4d25-97e8-4a9dbe7b6625 - - - - - -] key_repository is world readable: /etc/keystone/fernet-keys/ 10.0.0.171 - - [07/Sep/2026:08:45:28 +0000] "POST /v3/auth/tokens HTTP/1.1" 201 1990 10.0.0.171 - - [07/Sep/2026:08:45:29 +0000] "GET /v3/endpoints/dac7b49f39ca4952b76fefd8948f16a3 HTTP/1.1" 200 380 10.0.0.171 - - [07/Sep/2026:08:45:29 +0000] "GET /v3/services/a1411b1c692a4774ac90366600946230 HTTP/1.1" 200 296 10.0.0.171 - - [07/Sep/2026:08:45:29 +0000] "GET / HTTP/1.1" 300 295
[Mon Sep 07 08:45:29.487008 2026] [wsgi:error] [pid 9:tid 139855623812800] [remote 10.0.0.171:40524] 2026-09-07 08:45:29.486 9 WARNING keystone.common.password_hashing [None req-2f4d8fa9-dd60-4d40-905a-e770f95d2026 - - - - - -] Truncating password to algorithm specific maximum length 72 characters. 10.0.0.171 - - [07/Sep/2026:08:45:29 +0000] "GET / HTTP/1.1" 300 295
[Mon Sep 07 08:45:29.583557 2026] [wsgi:error] [pid 12:tid 139855623812800] [remote 10.0.0.171:40534] 2026-09-07 08:45:29.583 12 WARNING keystone.common.password_hashing [None req-9ca8e94a-760c-4b06-8ee9-33b07f3ba75a - - - - - -] Truncating password to algorithm specific maximum length 72 characters.
[Mon Sep 07 08:45:29.800926 2026] [wsgi:error] [pid 9:tid 139855623812800] [remote 10.0.0.171:40524] 2026-09-07 08:45:29.800 9 WARNING keystone.common.fernet_utils [None req-2f4d8fa9-dd60-4d40-905a-e770f95d2026 - - - - - -] key_repository is world readable: /etc/keystone/fernet-keys/ 10.0.0.171 - - [07/Sep/2026:08:45:29 +0000] "POST /v3/auth/tokens HTTP/1.1" 201 1990
[Mon Sep 07 08:45:29.876341 2026] [wsgi:error] [pid 12:tid 139855623812800] [remote 10.0.0.171:40534] 2026-09-07 08:45:29.876 12 WARNING keystone.common.fernet_utils [None req-9ca8e94a-760c-4b06-8ee9-33b07f3ba75a - - - - - -] key_repository is world readable: /etc/keystone/fernet-keys/ 10.0.0.171 - - [07/Sep/2026:08:45:29 +0000] "POST /v3/auth/tokens HTTP/1.1" 201 1990 10.0.0.171 - - [07/Sep/2026:08:45:29 +0000] "GET /v3/endpoints/00ca38ed012345e180dd5d53923a362e HTTP/1.1" 200 369 10.0.0.171 - - [07/Sep/2026:08:45:29 +0000] "GET /v3/services/a1411b1c692a4774ac90366600946230 HTTP/1.1" 200 296 10.0.0.171 - - [07/Sep/2026:08:45:29 +0000] "GET /v3/endpoints/516644b13dc2422f90c4bd3221741626 HTTP/1.1" 200 383 10.0.0.171 - - [07/Sep/2026:08:45:30 +0000] "GET /v3/services/a1411b1c692a4774ac90366600946230 HTTP/1.1" 200 296 10.0.0.97 - - [07/Sep/2026:08:45:32 +0000] "GET /v3/ HTTP/1.1" 200 249 10.0.0.97 - - [07/Sep/2026:08:45:32 +0000] "GET /v3/ HTTP/1.1" 200 249 10.0.0.122 - - [07/Sep/2026:08:45:42 +0000] "GET / HTTP/1.1" 300 295
[Mon Sep 07 08:45:42.537912 2026] [wsgi:error] [pid 12:tid 139855623812800] [remote 10.0.0.122:48142] 2026-09-07 08:45:42.537 12 WARNING keystone.common.password_hashing [None req-f3f29a4a-7e1e-4e1f-b747-b7ba6d338a12 - - - - - -] Truncating password to algorithm specific maximum length 72 characters.
[Mon Sep 07 08:45:42.856315 2026] [wsgi:error] [pid 12:tid 139855623812800] [remote 10.0.0.122:48142] 2026-09-07 08:45:42.856 12 WARNING keystone.common.fernet_utils [None req-f3f29a4a-7e1e-4e1f-b747-b7ba6d338a12 - - - - - -] key_repository is world readable: /etc/keystone/fernet-keys/ 10.0.0.122 - - [07/Sep/2026:08:45:42 +0000] "POST /v3/auth/tokens HTTP/1.1" 201 1990 10.0.0.122 - - [07/Sep/2026:08:45:42 +0000] "POST /v3/domains HTTP/1.1" 201 284 10.0.0.122 - - [07/Sep/2026:08:45:44 +0000] "GET / HTTP/1.1" 300 295
[Mon Sep 07 08:45:44.953642 2026] [wsgi:error] [pid 9:tid 139855623812800] [remote 10.0.0.122:35078] 2026-09-07 08:45:44.953 9 WARNING keystone.common.password_hashing [None req-4829b202-e9f3-4a4c-8c3e-060bdc0f5832 - - - - - -] Truncating password to algorithm specific maximum length 72 characters.
[Mon Sep 07 08:45:45.256613 2026] [wsgi:error] [pid 9:tid 139855623812800] [remote 10.0.0.122:35078] 2026-09-07 08:45:45.256 9 WARNING keystone.common.fernet_utils [None req-4829b202-e9f3-4a4c-8c3e-060bdc0f5832 - - - - - -] key_repository is world readable: /etc/keystone/fernet-keys/ 10.0.0.122 - - [07/Sep/2026:08:45:44 +0000] "POST /v3/auth/tokens HTTP/1.1" 201 1990
[Mon Sep 07 08:45:45.511693 2026] [wsgi:error] [pid 12:tid 139855623812800] [remote 10.0.0.122:35078] 2026-09-07 08:45:45.487 12 ERROR keystone.server.flask.application [None req-30b6d70a-c522-494f-ae39-7aefa2cffd4f c6110c941fd54514b509148903faaa8c 700095dafdda4a678291ecc2103af94d - - default default] Conflict occurred attempting to store project - it is not permitted to have two projects acting as domains with the same name: service.: keystone.exception.Conflict: Conflict occurred attempting to store project - it is not permitted to have two projects acting as domains with the same name: service.
[Mon Sep 07 08:45:45.511723 2026] [wsgi:error] [pid 12:tid 139855623812800] [remote 10.0.0.122:35078] 2026-09-07 08:45:45.487 12 ERROR keystone.server.flask.application
Traceback (most recent call last):
[Mon Sep 07 08:45:45.511726 2026] [wsgi:error] [pid 12:tid 139855623812800] [remote 10.0.0.122:35078] 2026-09-07 08:45:45.487 12 ERROR keystone.server.flask.application
File "/var/lib/openstack/lib/python3.12/site-packages/sqlalchemy/engine/base.py", line 1969, in _exec_single_context
[Mon Sep 07 08:45:45.511728 2026] [wsgi:error] [pid 12:tid 139855623812800] [remote 10.0.0.122:35078] 2026-09-07 08:45:45.487 12 ERROR keystone.server.flask.application self.dialect.do_execute(
[Mon Sep 07 08:45:45.511730 2026] [wsgi:error] [pid 12:tid 139855623812800] [remote 10.0.0.122:35078] 2026-09-07 08:45:45.487 12 ERROR keystone.server.flask.application
File "/var/lib/openstack/lib/python3.12/site-packages/sqlalchemy/engine/default.py", line 952, in do_execute
[Mon Sep 07 08:45:45.511733 2026] [wsgi:error] [pid 12:tid 139855623812800] [remote 10.0.0.122:35078] 2026-09-07 08:45:45.487 12 ERROR keystone.server.flask.application cursor.execute(statement, parameters)
[Mon Sep 07 08:45:45.511735 2026] [wsgi:error] [pid 12:tid 139855623812800] [remote 10.0.0.122:35078] 2026-09-07 08:45:45.487 12 ERROR keystone.server.flask.application
File "/var/lib/openstack/lib/python3.12/site-packages/pymysql/cursors.py", line 159, in execute
[Mon Sep 07 08:45:45.511737 2026] [wsgi:error] [pid 12:tid 139855623812800] [remote 10.0.0.122:35078] 2026-09-07 08:45:45.487 12 ERROR keystone.server.flask.application result = self._query(query)
[Mon Sep 07 08:45:45.511739 2026] [wsgi:error] [pid 12:tid 139855623812800] [remote 10.0.0.122:35078] 2026-09-07 08:45:45.487 12 ERROR keystone.server.flask.application ^^^^^^^^^^^^^^^^^^
[Mon Sep 07 08:45:45.511741 2026] [wsgi:error] [pid 12:tid 139855623812800] [remote 10.0.0.122:35078] 2026-09-07 08:45:45.487 12 ERROR keystone.server.flask.application
File "/var/lib/openstack/lib/python3.12/site-packages/pymysql/cursors.py", line 330, in _query
[Mon Sep 07 08:45:45.511743 2026] [wsgi:error] [pid 12:tid 139855623812800] [remote 10.0.0.122:35078] 2026-09-07 08:45:45.487 12 ERROR keystone.server.flask.application conn.query(q)
[Mon Sep 07 08:45:45.511745 2026] [wsgi:error] [pid 12:tid 139855623812800] [remote 10.0.0.122:35078] 2026-09-07 08:45:45.487 12 ERROR keystone.server.flask.application
File "/var/lib/openstack/lib/python3.12/site-packages/pymysql/connections.py", line 582, in query
[Mon Sep 07 08:45:45.511747 2026] [wsgi:error] [pid 12:tid 139855623812800] [remote 10.0.0.122:35078] 2026-09-07 08:45:45.487 12 ERROR keystone.server.flask.application self._affected_rows = self._read_query_result(unbuffered=unbuffered)
[Mon Sep 07 08:45:45.511749 2026] [wsgi:error] [pid 12:tid 139855623812800] [remote 10.0.0.122:35078] 2026-09-07 08:45:45.487 12 ERROR keystone.server.flask.application ^^^^^^^^^^^^^^^^^^^^^^^^^^^^^^^^^^^^^^^^^^^^^^
[Mon Sep 07 08:45:45.511751 2026] [wsgi:error] [pid 12:tid 139855623812800] [remote 10.0.0.122:35078] 2026-09-07 08:45:45.487 12 ERROR keystone.server.flask.application
File "/var/lib/openstack/lib/python3.12/site-packages/pymysql/connections.py", line 847, in _read_query_result
[Mon Sep 07 08:45:45.511753 2026] [wsgi:error] [pid 12:tid 139855623812800] [remote 10.0.0.122:35078] 2026-09-07 08:45:45.487 12 ERROR keystone.server.flask.application result.read()
[Mon Sep 07 08:45:45.511758 2026] [wsgi:error] [pid 12:tid 139855623812800] [remote 10.0.0.122:35078] 2026-09-07 08:45:45.487 12 ERROR keystone.server.flask.application
File "/var/lib/openstack/lib/python3.12/site-packages/pymysql/connections.py", line 1245, in read
[Mon Sep 07 08:45:45.511760 2026] [wsgi:error] [pid 12:tid 139855623812800] [remote 10.0.0.122:35078] 2026-09-07 08:45:45.487 12 ERROR keystone.server.flask.application first_packet = self.connection._read_packet()
[Mon Sep 07 08:45:45.511762 2026] [wsgi:error] [pid 12:tid 139855623812800] [remote 10.0.0.122:35078] 2026-09-07 08:45:45.487 12 ERROR keystone.server.flask.application ^^^^^^^^^^^^^^^^^^^^^^^^^^^^^^
[Mon Sep 07 08:45:45.511763 2026] [wsgi:error] [pid 12:tid 139855623812800] [remote 10.0.0.122:35078] 2026-09-07 08:45:45.487 12 ERROR keystone.server.flask.application
File "/var/lib/openstack/lib/python3.12/site-packages/pymysql/connections.py", line 803, in _read_packet
[Mon Sep 07 08:45:45.511765 2026] [wsgi:error] [pid 12:tid 139855623812800] [remote 10.0.0.122:35078] 2026-09-07 08:45:45.487 12 ERROR keystone.server.flask.application packet.raise_for_error()
[Mon Sep 07 08:45:45.511767 2026] [wsgi:error] [pid 12:tid 139855623812800] [remote 10.0.0.122:35078] 2026-09-07 08:45:45.487 12 ERROR keystone.server.flask.application
File "/var/lib/openstack/lib/python3.12/site-packages/pymysql/protocol.py", line 219, in raise_for_error
[Mon Sep 07 08:45:45.511769 2026] [wsgi:error] [pid 12:tid 139855623812800] [remote 10.0.0.122:35078] 2026-09-07 08:45:45.487 12 ERROR keystone.server.flask.application err.raise_mysql_exception(self._data)
[Mon Sep 07 08:45:45.511771 2026] [wsgi:error] [pid 12:tid 139855623812800] [remote 10.0.0.122:35078] 2026-09-07 08:45:45.487 12 ERROR keystone.server.flask.application
File "/var/lib/openstack/lib/python3.12/site-packages/pymysql/err.py", line 154, in raise_mysql_exception
[Mon Sep 07 08:45:45.511773 2026] [wsgi:error] [pid 12:tid 139855623812800] [remote 10.0.0.122:35078] 2026-09-07 08:45:45.487 12 ERROR keystone.server.flask.application raise errorclass(errno, errval, sqlstate=sqlstate)
[Mon Sep 07 08:45:45.511776 2026] [wsgi:error] [pid 12:tid 139855623812800] [remote 10.0.0.122:35078] 2026-09-07 08:45:45.487 12 ERROR keystone.server.flask.application pymysql.err.IntegrityError: (1062, "Duplicate entry '<>-service' for key 'project.ixu_project_name_domain_id'")
[Mon Sep 07 08:45:45.511778 2026] [wsgi:error] [pid 12:tid 139855623812800] [remote 10.0.0.122:35078] 2026-09-07 08:45:45.487 12 ERROR keystone.server.flask.application
[Mon Sep 07 08:45:45.511780 2026] [wsgi:error] [pid 12:tid 139855623812800] [remote 10.0.0.122:35078] 2026-09-07 08:45:45.487 12 ERROR keystone.server.flask.application The above exception was the direct cause of the following exception:
[Mon Sep 07 08:45:45.511782 2026] [wsgi:error] [pid 12:tid 139855623812800] [remote 10.0.0.122:35078] 2026-09-07 08:45:45.487 12 ERROR keystone.server.flask.application
[Mon Sep 07 08:45:45.511783 2026] [wsgi:error] [pid 12:tid 139855623812800] [remote 10.0.0.122:35078] 2026-09-07 08:45:45.487 12 ERROR keystone.server.flask.application
Traceback (most recent call last):
[Mon Sep 07 08:45:45.511785 2026] [wsgi:error] [pid 12:tid 139855623812800] [remote 10.0.0.122:35078] 2026-09-07 08:45:45.487 12 ERROR keystone.server.flask.application
File "/var/lib/openstack/lib/python3.12/site-packages/keystone/common/sql/core.py", line 575, in wrapper
[Mon Sep 07 08:45:45.511787 2026] [wsgi:error] [pid 12:tid 139855623812800] [remote 10.0.0.122:35078] 2026-09-07 08:45:45.487 12 ERROR keystone.server.flask.application return method(*args, **kwargs)
[Mon Sep 07 08:45:45.511789 2026] [wsgi:error] [pid 12:tid 139855623812800] [remote 10.0.0.122:35078] 2026-09-07 08:45:45.487 12 ERROR keystone.server.flask.application ^^^^^^^^^^^^^^^^^^^^^^^
[Mon Sep 07 08:45:45.511792 2026] [wsgi:error] [pid 12:tid 139855623812800] [remote 10.0.0.122:35078] 2026-09-07 08:45:45.487 12 ERROR keystone.server.flask.application
File "/var/lib/openstack/lib/python3.12/site-packages/keystone/resource/backends/sql.py", line 278, in create_project
[Mon Sep 07 08:45:45.511794 2026] [wsgi:error] [pid 12:tid 139855623812800] [remote 10.0.0.122:35078] 2026-09-07 08:45:45.487 12 ERROR keystone.server.flask.application with sql.session_for_write() as session:
[Mon Sep 07 08:45:45.511796 2026] [wsgi:error] [pid 12:tid 139855623812800] [remote 10.0.0.122:35078] 2026-09-07 08:45:45.487 12 ERROR keystone.server.flask.application
File "/usr/lib/python3.12/contextlib.py", line 144, in __exit__
[Mon Sep 07 08:45:45.511798 2026] [wsgi:error] [pid 12:tid 139855623812800] [remote 10.0.0.122:35078] 2026-09-07 08:45:45.487 12 ERROR keystone.server.flask.application next(self.gen)
[Mon Sep 07 08:45:45.511799 2026] [wsgi:error] [pid 12:tid 139855623812800] [remote 10.0.0.122:35078] 2026-09-07 08:45:45.487 12 ERROR keystone.server.flask.application
File "/var/lib/openstack/lib/python3.12/site-packages/oslo_db/sqlalchemy/enginefacade.py", line 1175, in _transaction_scope
[Mon Sep 07 08:45:45.511802 2026] [wsgi:error] [pid 12:tid 139855623812800] [remote 10.0.0.122:35078] 2026-09-07 08:45:45.487 12 ERROR keystone.server.flask.application with current._produce_block(
[Mon Sep 07 08:45:45.511804 2026] [wsgi:error] [pid 12:tid 139855623812800] [remote 10.0.0.122:35078] 2026-09-07 08:45:45.487 12 ERROR keystone.server.flask.application
File "/usr/lib/python3.12/contextlib.py", line 144, in __exit__
[Mon Sep 07 08:45:45.511806 2026] [wsgi:error] [pid 12:tid 139855623812800] [remote 10.0.0.122:35078] 2026-09-07 08:45:45.487 12 ERROR keystone.server.flask.application next(self.gen)
[Mon Sep 07 08:45:45.511808 2026] [wsgi:error] [pid 12:tid 139855623812800] [remote 10.0.0.122:35078] 2026-09-07 08:45:45.487 12 ERROR keystone.server.flask.application
File "/var/lib/openstack/lib/python3.12/site-packages/oslo_db/sqlalchemy/enginefacade.py", line 837, in _session
[Mon Sep 07 08:45:45.511810 2026] [wsgi:error] [pid 12:tid 139855623812800] [remote 10.0.0.122:35078] 2026-09-07 08:45:45.487 12 ERROR keystone.server.flask.application with excutils.save_and_reraise_exception():
[Mon Sep 07 08:45:45.511812 2026] [wsgi:error] [pid 12:tid 139855623812800] [remote 10.0.0.122:35078] 2026-09-07 08:45:45.487 12 ERROR keystone.server.flask.application
File "/var/lib/openstack/lib/python3.12/site-packages/oslo_utils/excutils.py", line 266, in __exit__
[Mon Sep 07 08:45:45.511814 2026] [wsgi:error] [pid 12:tid 139855623812800] [remote 10.0.0.122:35078] 2026-09-07 08:45:45.487 12 ERROR keystone.server.flask.application self.force_reraise()
[Mon Sep 07 08:45:45.511816 2026] [wsgi:error] [pid 12:tid 139855623812800] [remote 10.0.0.122:35078] 2026-09-07 08:45:45.487 12 ERROR keystone.server.flask.application
File "/var/lib/openstack/lib/python3.12/site-packages/oslo_utils/excutils.py", line 232, in force_reraise
[Mon Sep 07 08:45:45.511818 2026] [wsgi:error] [pid 12:tid 139855623812800] [remote 10.0.0.122:35078] 2026-09-07 08:45:45.487 12 ERROR keystone.server.flask.application raise self.value
[Mon Sep 07 08:45:45.511820 2026] [wsgi:error] [pid 12:tid 139855623812800] [remote 10.0.0.122:35078] 2026-09-07 08:45:45.487 12 ERROR keystone.server.flask.application
File "/var/lib/openstack/lib/python3.12/site-packages/oslo_db/sqlalchemy/enginefacade.py", line 835, in _session
[Mon Sep 07 08:45:45.511822 2026] [wsgi:error] [pid 12:tid 139855623812800] [remote 10.0.0.122:35078] 2026-09-07 08:45:45.487 12 ERROR keystone.server.flask.application self._end_session_transaction(self.session)
[Mon Sep 07 08:45:45.511824 2026] [wsgi:error] [pid 12:tid 139855623812800] [remote 10.0.0.122:35078] 2026-09-07 08:45:45.487 12 ERROR keystone.server.flask.application
File "/var/lib/openstack/lib/python3.12/site-packages/oslo_db/sqlalchemy/enginefacade.py", line 748, in _end_session_transaction
[Mon Sep 07 08:45:45.511827 2026] [wsgi:error] [pid 12:tid 139855623812800] [remote 10.0.0.122:35078] 2026-09-07 08:45:45.487 12 ERROR keystone.server.flask.application session.commit()
[Mon Sep 07 08:45:45.511829 2026] [wsgi:error] [pid 12:tid 139855623812800] [remote 10.0.0.122:35078] 2026-09-07 08:45:45.487 12 ERROR keystone.server.flask.application
File "/var/lib/openstack/lib/python3.12/site-packages/sqlalchemy/orm/session.py", line 2034, in commit
[Mon Sep 07 08:45:45.511831 2026] [wsgi:error] [pid 12:tid 139855623812800] [remote 10.0.0.122:35078] 2026-09-07 08:45:45.487 12 ERROR keystone.server.flask.application trans.commit(_to_root=True)
[Mon Sep 07 08:45:45.511845 2026] [wsgi:error] [pid 12:tid 139855623812800] [remote 10.0.0.122:35078] 2026-09-07 08:45:45.487 12 ERROR keystone.server.flask.application File "", line 2, in commit
[Mon Sep 07 08:45:45.511848 2026] [wsgi:error] [pid 12:tid 139855623812800] [remote 10.0.0.122:35078] 2026-09-07 08:45:45.487 12 ERROR keystone.server.flask.application
File "/var/lib/openstack/lib/python3.12/site-packages/sqlalchemy/orm/state_changes.py", line 137, in _go
[Mon Sep 07 08:45:45.511850 2026] [wsgi:error] [pid 12:tid 139855623812800] [remote 10.0.0.122:35078] 2026-09-07 08:45:45.487 12 ERROR keystone.server.flask.application ret_value = fn(self, *arg, **kw)
[Mon Sep 07 08:45:45.511852 2026] [wsgi:error] [pid 12:tid 139855623812800] [remote 10.0.0.122:35078] 2026-09-07 08:45:45.487 12 ERROR keystone.server.flask.application ^^^^^^^^^^^^^^^^^^^^
[Mon Sep 07 08:45:45.511854 2026] [wsgi:error] [pid 12:tid 139855623812800] [remote 10.0.0.122:35078] 2026-09-07 08:45:45.487 12 ERROR keystone.server.flask.application
File "/var/lib/openstack/lib/python3.12/site-packages/sqlalchemy/orm/session.py", line 1315, in commit
[Mon Sep 07 08:45:45.511856 2026] [wsgi:error] [pid 12:tid 139855623812800] [remote 10.0.0.122:35078] 2026-09-07 08:45:45.487 12 ERROR keystone.server.flask.application self._prepare_impl()
[Mon Sep 07 08:45:45.511858 2026] [wsgi:error] [pid 12:tid 139855623812800] [remote 10.0.0.122:35078] 2026-09-07 08:45:45.487 12 ERROR keystone.server.flask.application File "", line 2, in _prepare_impl
[Mon Sep 07 08:45:45.511860 2026] [wsgi:error] [pid 12:tid 139855623812800] [remote 10.0.0.122:35078] 2026-09-07 08:45:45.487 12 ERROR keystone.server.flask.application
File "/var/lib/openstack/lib/python3.12/site-packages/sqlalchemy/orm/state_changes.py", line 137, in _go
[Mon Sep 07 08:45:45.511862 2026] [wsgi:error] [pid 12:tid 139855623812800] [remote 10.0.0.122:35078] 2026-09-07 08:45:45.487 12 ERROR keystone.server.flask.application ret_value = fn(self, *arg, **kw)
[Mon Sep 07 08:45:45.511864 2026] [wsgi:error] [pid 12:tid 139855623812800] [remote 10.0.0.122:35078] 2026-09-07 08:45:45.487 12 ERROR keystone.server.flask.application ^^^^^^^^^^^^^^^^^^^^
[Mon Sep 07 08:45:45.511866 2026] [wsgi:error] [pid 12:tid 139855623812800] [remote 10.0.0.122:35078] 2026-09-07 08:45:45.487 12 ERROR keystone.server.flask.application
File "/var/lib/openstack/lib/python3.12/site-packages/sqlalchemy/orm/session.py", line 1290, in _prepare_impl
[Mon Sep 07 08:45:45.511868 2026] [wsgi:error] [pid 12:tid 139855623812800] [remote 10.0.0.122:35078] 2026-09-07 08:45:45.487 12 ERROR keystone.server.flask.application self.session.flush()
[Mon Sep 07 08:45:45.511870 2026] [wsgi:error] [pid 12:tid 139855623812800] [remote 10.0.0.122:35078] 2026-09-07 08:45:45.487 12 ERROR keystone.server.flask.application
File "/var/lib/openstack/lib/python3.12/site-packages/sqlalchemy/orm/session.py", line 4352, in flush
[Mon Sep 07 08:45:45.511873 2026] [wsgi:error] [pid 12:tid 139855623812800] [remote 10.0.0.122:35078] 2026-09-07 08:45:45.487 12 ERROR keystone.server.flask.application self._flush(objects)
[Mon Sep 07 08:45:45.511875 2026] [wsgi:error] [pid 12:tid 139855623812800] [remote 10.0.0.122:35078] 2026-09-07 08:45:45.487 12 ERROR keystone.server.flask.application
File "/var/lib/openstack/lib/python3.12/site-packages/sqlalchemy/orm/session.py", line 4487, in _flush
[Mon Sep 07 08:45:45.511877 2026] [wsgi:error] [pid 12:tid 139855623812800] [remote 10.0.0.122:35078] 2026-09-07 08:45:45.487 12 ERROR keystone.server.flask.application with util.safe_reraise():
[Mon Sep 07 08:45:45.511879 2026] [wsgi:error] [pid 12:tid 139855623812800] [remote 10.0.0.122:35078] 2026-09-07 08:45:45.487 12 ERROR keystone.server.flask.application
File "/var/lib/openstack/lib/python3.12/site-packages/sqlalchemy/util/langhelpers.py", line 122, in __exit__
[Mon Sep 07 08:45:45.511881 2026] [wsgi:error] [pid 12:tid 139855623812800] [remote 10.0.0.122:35078] 2026-09-07 08:45:45.487 12 ERROR keystone.server.flask.application raise exc_value.with_traceback(exc_tb)
[Mon Sep 07 08:45:45.511884 2026] [wsgi:error] [pid 12:tid 139855623812800] [remote 10.0.0.122:35078] 2026-09-07 08:45:45.487 12 ERROR keystone.server.flask.application
File "/var/lib/openstack/lib/python3.12/site-packages/sqlalchemy/orm/session.py", line 4448, in _flush
[Mon Sep 07 08:45:45.511886 2026] [wsgi:error] [pid 12:tid 139855623812800] [remote 10.0.0.122:35078] 2026-09-07 08:45:45.487 12 ERROR keystone.server.flask.application flush_context.execute()
[Mon Sep 07 08:45:45.511890 2026] [wsgi:error] [pid 12:tid 139855623812800] [remote 10.0.0.122:35078] 2026-09-07 08:45:45.487 12 ERROR keystone.server.flask.application
