Apr 02 05:54:16.316039 np0000162742 devstack@neutron-api.service[102515]: DEBUG neutron.db.provisioning_blocks [None req-5c09c985-38ac-4e81-a3fe-cfeb835b8ed7 None None] Transition to ACTIVE for port object 0c34dd79-2473-49cd-8f17-946c8a37f752 will not be triggered until provisioned by entity L2. {{(pid=102515) add_provisioning_component /opt/stack/neutron/neutron/db/provisioning_blocks.py:74}}
Apr 02 05:54:16.316381 np0000162742 devstack@neutron-api.service[102512]: DEBUG neutron.pecan_wsgi.hooks.policy_enforcement [None req-d98d85d0-4e30-45c8-8774-5208acfe29fb admin admin] Attributes excluded by policy engine: ['standard_attr_id'] {{(pid=102512) _exclude_attributes_by_policy /opt/stack/neutron/neutron/pecan_wsgi/hooks/policy_enforcement.py:258}}
Apr 02 05:54:16.316805 np0000162742 devstack@neutron-api.service[102512]: DEBUG neutron_lib.callbacks.manager [None req-d98d85d0-4e30-45c8-8774-5208acfe29fb admin admin] Publish callbacks [] for network (None), before_response {{(pid=102512) _notify_loop /opt/stack/data/venv/lib/python3.12/site-packages/neutron_lib/callbacks/manager.py:184}}
Apr 02 05:54:16.328737 np0000162742 devstack@neutron-api.service[102512]: [pid: 102512|app: 0|req: 23/93] 199.19.213.17 () {68 vars in 1351 bytes} [Thu Apr 2 05:54:15 2026] POST /networking/v2.0/networks => generated 682 bytes in 587 msecs (HTTP/1.1 201) 4 headers in 162 bytes (1 switches on core 0)
Apr 02 05:54:16.342655 np0000162742 devstack@neutron-api.service[102515]: DEBUG neutron.plugins.ml2.plugin [None req-5c09c985-38ac-4e81-a3fe-cfeb835b8ed7 None None] Current status of the port 0c34dd79-2473-49cd-8f17-946c8a37f752 is: DOWN; New status is: DOWN {{(pid=102515) _update_individual_port_db_status /opt/stack/neutron/neutron/plugins/ml2/plugin.py:2468}}
Apr 02 05:54:16.344426 np0000162742 devstack@neutron-api.service[102515]: DEBUG ovsdbapp.backend.ovs_idl.transaction [None req-501141f4-aa57-486e-8e3f-03210e720e76 None None] Running txn n=1 command(idx=0): DbRemoveCommand(_result=None, table=Logical_Switch_Port, record=0c34dd79-2473-49cd-8f17-946c8a37f752, column=external_ids, values=('neutron:host_id',), keyvalues={}, if_exists=True) {{(pid=102515) do_commit /opt/stack/data/venv/lib/python3.12/site-packages/ovsdbapp/backend/ovs_idl/transaction.py:89}}
Apr 02 05:54:16.541053 np0000162742 devstack@neutron-api.service[102513]: INFO neutron.pecan_wsgi.hooks.translation [None req-1592f4d4-f883-4e82-8772-16fcb3c4c724 admin admin] GET failed (client error): The resource could not be found.
Apr 02 05:54:16.541632 np0000162742 devstack@neutron-api.service[102513]: [pid: 102513|app: 0|req: 25/94] 199.19.213.17 () {64 vars in 1327 bytes} [Thu Apr 2 05:54:16 2026] GET /networking/v2.0/networks/admin_net => generated 111 bytes in 12 msecs (HTTP/1.1 404) 4 headers in 164 bytes (1 switches on core 0)
Apr 02 05:54:16.585974 np0000162742 devstack@neutron-api.service[102514]: DEBUG neutron.pecan_wsgi.hooks.policy_enforcement [None req-bf4a254e-f6ab-40b9-8132-de806f62b98b admin admin] Attributes excluded by policy engine: ['standard_attr_id'] {{(pid=102514) _exclude_attributes_by_policy /opt/stack/neutron/neutron/pecan_wsgi/hooks/policy_enforcement.py:258}}
Apr 02 05:54:16.586587 np0000162742 devstack@neutron-api.service[102514]: [pid: 102514|app: 0|req: 24/95] 199.19.213.17 () {64 vars in 1339 bytes} [Thu Apr 2 05:54:16 2026] GET /networking/v2.0/networks?name=admin_net => generated 666 bytes in 33 msecs (HTTP/1.1 200) 4 headers in 157 bytes (1 switches on core 0)
Apr 02 05:54:16.802925 np0000162742 devstack@neutron-api.service[102515]: INFO neutron.pecan_wsgi.hooks.translation [None req-a0e7548c-4b34-4e53-86bd-bae0f1b90da8 admin admin] GET failed (client error): The resource could not be found.
Apr 02 05:54:16.803514 np0000162742 devstack@neutron-api.service[102515]: [pid: 102515|app: 0|req: 24/96] 199.19.213.17 () {64 vars in 1333 bytes} [Thu Apr 2 05:54:16 2026] GET /networking/v2.0/subnets/admin_subnet => generated 112 bytes in 10 msecs (HTTP/1.1 404) 4 headers in 164 bytes (1 switches on core 0)
Apr 02 05:54:16.831148 np0000162742 devstack@neutron-api.service[102512]: [pid: 102512|app: 0|req: 24/97] 199.19.213.17 () {64 vars in 1342 bytes} [Thu Apr 2 05:54:16 2026] GET /networking/v2.0/subnets?name=admin_subnet => generated 14 bytes in 18 msecs (HTTP/1.1 200) 4 headers in 156 bytes (1 switches on core 0)
Apr 02 05:54:17.099152 np0000162742 devstack@neutron-api.service[102513]: DEBUG neutron.pecan_wsgi.hooks.policy_enforcement [None req-0e29539a-5aa1-48fc-9518-bb63dc34f132 admin admin] Attributes excluded by policy engine: ['standard_attr_id'] {{(pid=102513) _exclude_attributes_by_policy /opt/stack/neutron/neutron/pecan_wsgi/hooks/policy_enforcement.py:258}}
Apr 02 05:54:17.099926 np0000162742 devstack@neutron-api.service[102513]: [pid: 102513|app: 0|req: 26/98] 199.19.213.17 () {64 vars in 1408 bytes} [Thu Apr 2 05:54:17 2026] GET /networking/v2.0/networks/0568422e-3f3b-4a30-b59d-ff258d7ca270 => generated 663 bytes in 26 msecs (HTTP/1.1 200) 4 headers in 157 bytes (1 switches on core 0)
Apr 02 05:54:17.117145 np0000162742 devstack@neutron-api.service[102514]: DEBUG neutron.api.v2.base [None req-caa32e8f-092e-4f0a-9ac1-e340d4cdc7cd admin admin] Request body: {'subnet': {'ip_version': 4, 'project_id': 'b6179fa4f507406094040db4345474b9', 'gateway_ip': None, 'cidr': '10.2.5.0/24', 'network_id': '0568422e-3f3b-4a30-b59d-ff258d7ca270', 'name': 'admin_subnet'}} {{(pid=102514) prepare_request_body /opt/stack/neutron/neutron/api/v2/base.py:729}}
Apr 02 05:54:17.133920 np0000162742 devstack@neutron-api.service[102514]: DEBUG neutron.pecan_wsgi.hooks.quota_enforcement [None req-caa32e8f-092e-4f0a-9ac1-e340d4cdc7cd admin admin] Made reservation on behalf of b6179fa4f507406094040db4345474b9 for: {'subnet': 1} {{(pid=102514) before /opt/stack/neutron/neutron/pecan_wsgi/hooks/quota_enforcement.py:66}}
Apr 02 05:54:17.136912 np0000162742 devstack@neutron-api.service[102514]: DEBUG neutron_lib.callbacks.manager [None req-caa32e8f-092e-4f0a-9ac1-e340d4cdc7cd admin admin] Publish callbacks [] for subnet (None), before_create {{(pid=102514) _notify_loop /opt/stack/data/venv/lib/python3.12/site-packages/neutron_lib/callbacks/manager.py:184}}
Apr 02 05:54:17.199439 np0000162742 devstack@neutron-api.service[102514]: DEBUG neutron.db.ovn_revision_numbers_db [None req-caa32e8f-092e-4f0a-9ac1-e340d4cdc7cd admin admin] create_initial_revision uuid=366a01f9-843f-4675-92ca-cad018067515, type=subnets, rev=-1 {{(pid=102514) create_initial_revision /opt/stack/neutron/neutron/db/ovn_revision_numbers_db.py:98}}
Apr 02 05:54:17.205741 np0000162742 devstack@neutron-api.service[102514]: DEBUG neutron_lib.callbacks.manager [None req-caa32e8f-092e-4f0a-9ac1-e340d4cdc7cd admin admin] Publish callbacks ['neutron.plugins.ml2.ovo_rpc._ObjectChangeHandler.handle_event-15216892'] for subnet (366a01f9-843f-4675-92ca-cad018067515), after_create {{(pid=102514) _notify_loop /opt/stack/data/venv/lib/python3.12/site-packages/neutron_lib/callbacks/manager.py:184}}
Apr 02 05:54:17.218875 np0000162742 devstack@neutron-api.service[102514]: DEBUG neutron.api.rpc.handlers.resources_rpc [None req-caa32e8f-092e-4f0a-9ac1-e340d4cdc7cd admin admin] Pushing event updated for resources: {'Subnet': ['ID=366a01f9-843f-4675-92ca-cad018067515,revision_number=0']} {{(pid=102514) push /opt/stack/neutron/neutron/api/rpc/handlers/resources_rpc.py:237}}
Apr 02 05:54:17.224052 np0000162742 devstack@neutron-api.service[102514]: DEBUG neutron.api.rpc.callbacks.version_manager [None req-caa32e8f-092e-4f0a-9ac1-e340d4cdc7cd admin admin] Tracked resource versions report:
Apr 02 05:54:17.224052 np0000162742 devstack@neutron-api.service[102514]: pushed versions:
Apr 02 05:54:17.224052 np0000162742 devstack@neutron-api.service[102514]: { 'AddressGroup': {'1.2'},
Apr 02 05:54:17.224052 np0000162742 devstack@neutron-api.service[102514]: 'Agent': {'1.1'},
Apr 02 05:54:17.224052 np0000162742 devstack@neutron-api.service[102514]: 'ConntrackHelper': {'1.0'},
Apr 02 05:54:17.224052 np0000162742 devstack@neutron-api.service[102514]: 'LocalIPAssociation': {'1.0'},
Apr 02 05:54:17.224052 np0000162742 devstack@neutron-api.service[102514]: 'Log': {'1.0'},
Apr 02 05:54:17.224052 np0000162742 devstack@neutron-api.service[102514]: 'NDPProxy': {'1.0'},
Apr 02 05:54:17.224052 np0000162742 devstack@neutron-api.service[102514]: 'Network': {'1.2'},
Apr 02 05:54:17.224052 np0000162742 devstack@neutron-api.service[102514]: 'Port': {'1.10'},
Apr 02 05:54:17.224052 np0000162742 devstack@neutron-api.service[102514]: 'PortForwarding': {'1.3'},
Apr 02 05:54:17.224052 np0000162742 devstack@neutron-api.service[102514]: 'QosPolicy': {'1.10'},
Apr 02 05:54:17.224052 np0000162742 devstack@neutron-api.service[102514]: 'SecurityGroup': {'1.6'},
Apr 02 05:54:17.224052 np0000162742 devstack@neutron-api.service[102514]: 'SecurityGroupRule': {'1.3'},
Apr 02 05:54:17.224052 np0000162742 devstack@neutron-api.service[102514]: 'SubPort': {'1.0'},
Apr 02 05:54:17.224052 np0000162742 devstack@neutron-api.service[102514]: 'Subnet': {'1.2'},
Apr 02 05:54:17.224052 np0000162742 devstack@neutron-api.service[102514]: 'Trunk': {'1.1'}}
Apr 02 05:54:17.224052 np0000162742 devstack@neutron-api.service[102514]: consumer versions:
Apr 02 05:54:17.224052 np0000162742 devstack@neutron-api.service[102514]: { OVN Neutron agent@np0000162742: {},
Apr 02 05:54:17.224052 np0000162742 devstack@neutron-api.service[102514]: OVN Controller Gateway agent@np0000162742: {}}
Apr 02 05:54:17.224052 np0000162742 devstack@neutron-api.service[102514]: {{(pid=102514) report /opt/stack/neutron/neutron/api/rpc/callbacks/version_manager.py:183}}
Apr 02 05:54:17.266655 np0000162742 devstack@neutron-api.service[102514]: DEBUG neutron_lib.callbacks.manager [None req-caa32e8f-092e-4f0a-9ac1-e340d4cdc7cd admin admin] Publish callbacks ['neutron.plugins.ml2.plugin.SecurityGroupDbMixin._ensure_default_security_group_handler-1343711', 'neutron.services.ovn_l3.plugin.OVNL3RouterPlugin._port_update-7911504436398', 'neutron.db.l3_db.L3_NAT_dbonly_mixin._prevent_internal_ip_change_for_fip-7911505959836'] for port (0c34dd79-2473-49cd-8f17-946c8a37f752), before_update {{(pid=102514) _notify_loop /opt/stack/data/venv/lib/python3.12/site-packages/neutron_lib/callbacks/manager.py:184}}
Apr 02 05:54:17.346472 np0000162742 devstack@neutron-api.service[102514]: DEBUG neutron.db.db_base_plugin_common [None req-caa32e8f-092e-4f0a-9ac1-e340d4cdc7cd admin admin] Allocated IP 10.2.5.1 (0568422e-3f3b-4a30-b59d-ff258d7ca270/366a01f9-843f-4675-92ca-cad018067515/0c34dd79-2473-49cd-8f17-946c8a37f752) {{(pid=102514) _store_ip_allocation /opt/stack/neutron/neutron/db/db_base_plugin_common.py:131}}
Apr 02 05:54:17.410542 np0000162742 devstack@neutron-api.service[102514]: DEBUG neutron_lib.callbacks.manager [None req-caa32e8f-092e-4f0a-9ac1-e340d4cdc7cd admin admin] Publish callbacks [] for port (0c34dd79-2473-49cd-8f17-946c8a37f752), precommit_update {{(pid=102514) _notify_loop /opt/stack/data/venv/lib/python3.12/site-packages/neutron_lib/callbacks/manager.py:184}}
Apr 02 05:54:17.410769 np0000162742 devstack@neutron-api.service[102514]: DEBUG neutron.plugins.ml2.drivers.ovn.mech_driver.mech_driver [None req-caa32e8f-092e-4f0a-9ac1-e340d4cdc7cd admin admin] No provisioning block for port 0c34dd79-2473-49cd-8f17-946c8a37f752 since it does not have a host {{(pid=102514) _is_port_provisioning_required /opt/stack/neutron/neutron/plugins/ml2/drivers/ovn/mech_driver/mech_driver.py:884}}
Apr 02 05:54:17.429826 np0000162742 devstack@neutron-api.service[102514]: DEBUG neutron_lib.callbacks.manager [None req-caa32e8f-092e-4f0a-9ac1-e340d4cdc7cd admin admin] Publish callbacks ['neutron.plugins.ml2.ovo_rpc._ObjectChangeHandler.handle_event-15216885', 'neutron.db.l3_db.L3RpcNotifierMixin._notify_gateway_port_ip_changed-7911505835912', 'neutron.services.ovn_l3.plugin.OVNL3RouterPlugin._port_update-7911504436398'] for port (0c34dd79-2473-49cd-8f17-946c8a37f752), after_update {{(pid=102514) _notify_loop /opt/stack/data/venv/lib/python3.12/site-packages/neutron_lib/callbacks/manager.py:184}}
Apr 02 05:54:17.471644 np0000162742 devstack@neutron-api.service[102514]: DEBUG neutron.api.rpc.handlers.resources_rpc [None req-caa32e8f-092e-4f0a-9ac1-e340d4cdc7cd admin admin] Pushing event updated for resources: {'Port': ['ID=0c34dd79-2473-49cd-8f17-946c8a37f752,revision_number=2']} {{(pid=102514) push /opt/stack/neutron/neutron/api/rpc/handlers/resources_rpc.py:237}}
Apr 02 05:54:17.564092 np0000162742 devstack@neutron-api.service[102514]: DEBUG ovsdbapp.backend.ovs_idl.transaction [None req-b332d5fc-4d3c-4aa5-aa8f-41a61ad900ce None None] Running txn n=1 command(idx=0): CheckRevisionNumberCommand(_result=None, name=0c34dd79-2473-49cd-8f17-946c8a37f752, resource={'id': '0c34dd79-2473-49cd-8f17-946c8a37f752', 'name': '', 'network_id': '0568422e-3f3b-4a30-b59d-ff258d7ca270', 'project_id': 'b6179fa4f507406094040db4345474b9', 'mac_address': 'fa:16:3e:e6:49:50', 'admin_state_up': True, 'status': 'DOWN', 'device_id': 'ovnmeta-0568422e-3f3b-4a30-b59d-ff258d7ca270', 'device_owner': 'network:distributed', 'standard_attr_id': 44, 'fixed_ips': [{'subnet_id': '366a01f9-843f-4675-92ca-cad018067515', 'ip_address': '10.2.5.1'}], 'allowed_address_pairs': [], 'extra_dhcp_opts': [], 'security_groups': [], 'description': '', 'binding:vnic_type': 'normal', 'binding:profile': {}, 'binding:host_id': '', 'binding:vif_type': 'unbound', 'binding:vif_details': {}, 'port_security_enabled': False, 'tags': [], 'created_at': '2026-04-02T05:54:16Z', 'updated_at': '2026-04-02T05:54:17Z', 'revision_number': 2, 'tenant_id': 'b6179fa4f507406094040db4345474b9', 'network': {'id': '0568422e-3f3b-4a30-b59d-ff258d7ca270', 'name': 'admin_net', 'tenant_id': 'b6179fa4f507406094040db4345474b9', 'project_id': 'b6179fa4f507406094040db4345474b9', 'admin_state_up': True, 'mtu': 1372, 'status': 'ACTIVE', 'subnets': ['366a01f9-843f-4675-92ca-cad018067515'], 'standard_attr_id': 42, 'shared': False, 'availability_zone_hints': [], 'availability_zones': [], 'ipv4_address_scope': None, 'ipv6_address_scope': None, 'router:external': False, 'qinq': False, 'vlan_transparent': False, 'description': '', 'port_security_enabled': True, 'tags': [], 'created_at': '2026-04-02T05:54:15Z', 'updated_at': '2026-04-02T05:54:17Z', 'revision_number': 2, 'provider:network_type': 'geneve', 'provider:physical_network': None, 'provider:segmentation_id': 8337}}, resource_type=ports, if_exists=True) {{(pid=102514) do_commit /opt/stack/data/venv/lib/python3.12/site-packages/ovsdbapp/backend/ovs_idl/transaction.py:89}}
Apr 02 05:54:17.564915 np0000162742 devstack@neutron-api.service[102514]: DEBUG ovsdbapp.backend.ovs_idl.transaction [None req-b332d5fc-4d3c-4aa5-aa8f-41a61ad900ce None None] Running txn n=1 command(idx=1): AddDHCPOptionsCommand(_result=None, columns={'cidr': '10.2.5.0/24', 'options': {'server_id': '10.2.5.1', 'lease_time': '43200', 'mtu': '1372', 'server_mac': 'fa:16:3e:8d:a5:7f', 'dns_server': '{127.0.0.53}', 'classless_static_route': '{169.254.169.254/32,10.2.5.1}'}, 'external_ids': {'subnet_id': '366a01f9-843f-4675-92ca-cad018067515', 'neutron:network_id': '0568422e-3f3b-4a30-b59d-ff258d7ca270', 'neutron:revision_number': '0'}}, may_exist=True, subnet_id=366a01f9-843f-4675-92ca-cad018067515, port_id=None, new_insert=False) {{(pid=102514) do_commit /opt/stack/data/venv/lib/python3.12/site-packages/ovsdbapp/backend/ovs_idl/transaction.py:89}}
Apr 02 05:54:17.565651 np0000162742 devstack@neutron-api.service[102514]: DEBUG ovsdbapp.backend.ovs_idl.transaction [None req-b332d5fc-4d3c-4aa5-aa8f-41a61ad900ce None None] Running txn n=1 command(idx=2): SetLSwitchPortCommand(_result=None, lport=0c34dd79-2473-49cd-8f17-946c8a37f752, external_ids_update=None, columns={'external_ids': {'neutron:port_name': '', 'neutron:device_id': 'ovnmeta-0568422e-3f3b-4a30-b59d-ff258d7ca270', 'neutron:project_id': 'b6179fa4f507406094040db4345474b9', 'neutron:cidrs': '10.2.5.1/24', 'neutron:device_owner': 'network:distributed', 'neutron:subnet_pool_addr_scope4': '', 'neutron:subnet_pool_addr_scope6': '', 'neutron:network_name': 'neutron-0568422e-3f3b-4a30-b59d-ff258d7ca270', 'neutron:security_group_ids': '', 'neutron:revision_number': '2', 'neutron:vnic_type': 'normal', 'neutron:port_capabilities': '', 'neutron:mtu': ''}, 'parent_name': [], 'tag': [], 'options': {}, 'enabled': True, 'port_security': [], 'dhcpv4_options': [], 'dhcpv6_options': [], 'type': 'localport', 'addresses': ['fa:16:3e:e6:49:50 10.2.5.1'], 'ha_chassis_group': []}, if_exists=False) {{(pid=102514) do_commit /opt/stack/data/venv/lib/python3.12/site-packages/ovsdbapp/backend/ovs_idl/transaction.py:89}}
Apr 02 05:54:17.567389 np0000162742 devstack@neutron-api.service[102514]: DEBUG ovsdbapp.backend.ovs_idl.transaction [None req-b332d5fc-4d3c-4aa5-aa8f-41a61ad900ce None None] Running txn n=1 command(idx=3): PgDelPortCommand(_result=None, port_group=neutron_pg_drop, lsp=['0c34dd79-2473-49cd-8f17-946c8a37f752'], if_exists=False) {{(pid=102514) do_commit /opt/stack/data/venv/lib/python3.12/site-packages/ovsdbapp/backend/ovs_idl/transaction.py:89}}
Apr 02 05:54:17.575859 np0000162742 devstack@neutron-api.service[102515]: DEBUG neutron.plugins.ml2.drivers.ovn.mech_driver.ovsdb.ovsdb_monitor [None req-501141f4-aa57-486e-8e3f-03210e720e76 None None] Touching Hash Ring node "57553441edc15d988537bfd0b9d19361" from IDL notify handler {{(pid=102515) notify /opt/stack/neutron/neutron/plugins/ml2/drivers/ovn/mech_driver/ovsdb/ovsdb_monitor.py:904}}
Apr 02 05:54:17.576046 np0000162742 devstack@neutron-api.service[102512]: DEBUG neutron.plugins.ml2.drivers.ovn.mech_driver.ovsdb.ovsdb_monitor [None req-8e2b91ff-0b15-4b5b-bb74-a4f763d8c800 None None] Touching Hash Ring node "39f07928773653d989658fe1c5e2bbf5" from IDL notify handler {{(pid=102512) notify /opt/stack/neutron/neutron/plugins/ml2/drivers/ovn/mech_driver/ovsdb/ovsdb_monitor.py:904}}
Apr 02 05:54:17.577880 np0000162742 devstack@neutron-api.service[102513]: DEBUG neutron.plugins.ml2.drivers.ovn.mech_driver.ovsdb.ovsdb_monitor [None req-6af51402-3a5a-4e45-b74a-c45df2d08077 None None] Hash Ring: Node 5a993c6132ec5ce08321974fce2dfefb (host: np0000162742) handling event "update" for row d60cacc8-398a-4624-a32f-27af8db87012 (table: Port_Binding) {{(pid=102513) notify /opt/stack/neutron/neutron/plugins/ml2/drivers/ovn/mech_driver/ovsdb/ovsdb_monitor.py:912}}
Apr 02 05:54:17.585975 np0000162742 devstack@neutron-api.service[102512]: DEBUG neutron.plugins.ml2.drivers.ovn.mech_driver.ovsdb.ovsdb_monitor [None req-8e2b91ff-0b15-4b5b-bb74-a4f763d8c800 None None] Hash Ring: Node 39f07928773653d989658fe1c5e2bbf5 (host: np0000162742) handling event "create" for row 591dbf18-6931-4ae6-9f11-a66f535535fd (table: DHCP_Options) {{(pid=102512) notify /opt/stack/neutron/neutron/plugins/ml2/drivers/ovn/mech_driver/ovsdb/ovsdb_monitor.py:912}}
Apr 02 05:54:17.587953 np0000162742 devstack@neutron-api.service[102515]: DEBUG neutron.plugins.ml2.drivers.ovn.mech_driver.ovsdb.ovsdb_monitor [None req-501141f4-aa57-486e-8e3f-03210e720e76 None None] Hash Ring: Node 57553441edc15d988537bfd0b9d19361 (host: np0000162742) handling event "update" for row d3cedf28-fa5a-425f-adb6-bf75eeae75f3 (table: Logical_Switch_Port) {{(pid=102515) notify /opt/stack/neutron/neutron/plugins/ml2/drivers/ovn/mech_driver/ovsdb/ovsdb_monitor.py:912}}
Apr 02 05:54:17.605505 np0000162742 devstack@neutron-api.service[102514]: INFO neutron.db.ovn_revision_numbers_db [None req-caa32e8f-092e-4f0a-9ac1-e340d4cdc7cd admin admin] Successfully bumped revision number for resource 0c34dd79-2473-49cd-8f17-946c8a37f752 (type: ports) to 2
Apr 02 05:54:17.617164 np0000162742 devstack@neutron-api.service[102514]: DEBUG neutron.plugins.ml2.plugin [None req-caa32e8f-092e-4f0a-9ac1-e340d4cdc7cd admin admin] In _notify_port_updated(), no bound segment for port 0c34dd79-2473-49cd-8f17-946c8a37f752 on network 0568422e-3f3b-4a30-b59d-ff258d7ca270 {{(pid=102514) _notify_port_updated /opt/stack/neutron/neutron/plugins/ml2/plugin.py:1036}}
Apr 02 05:54:17.634654 np0000162742 devstack@neutron-api.service[102514]: INFO neutron.db.ovn_revision_numbers_db [None req-caa32e8f-092e-4f0a-9ac1-e340d4cdc7cd admin admin] Successfully bumped revision number for resource 366a01f9-843f-4675-92ca-cad018067515 (type: subnets) to 0
Apr 02 05:54:17.636145 np0000162742 devstack@neutron-api.service[102514]: DEBUG neutron.pecan_wsgi.hooks.policy_enforcement [None req-caa32e8f-092e-4f0a-9ac1-e340d4cdc7cd admin admin] Attributes excluded by policy engine: ['standard_attr_id', 'shared', 'network'] {{(pid=102514) _exclude_attributes_by_policy /opt/stack/neutron/neutron/pecan_wsgi/hooks/policy_enforcement.py:258}}
Apr 02 05:54:17.636420 np0000162742 devstack@neutron-api.service[102514]: DEBUG neutron_lib.callbacks.manager [None req-caa32e8f-092e-4f0a-9ac1-e340d4cdc7cd admin admin] Publish callbacks [] for subnet (None), before_response {{(pid=102514) _notify_loop /opt/stack/data/venv/lib/python3.12/site-packages/neutron_lib/callbacks/manager.py:184}}
Apr 02 05:54:17.647890 np0000162742 devstack@neutron-api.service[102514]: [pid: 102514|app: 0|req: 25/99] 199.19.213.17 () {68 vars in 1348 bytes} [Thu Apr 2 05:54:17 2026] POST /networking/v2.0/subnets => generated 625 bytes in 535 msecs (HTTP/1.1 201) 4 headers in 162 bytes (1 switches on core 0)
Apr 02 05:54:17.867436 np0000162742 devstack@neutron-api.service[102515]: INFO neutron.pecan_wsgi.hooks.translation [None req-70c330eb-bd68-49f6-b5de-043b27118b0c admin admin] GET failed (client error): The resource could not be found.
Apr 02 05:54:17.867998 np0000162742 devstack@neutron-api.service[102515]: [pid: 102515|app: 0|req: 25/100] 199.19.213.17 () {64 vars in 1333 bytes} [Thu Apr 2 05:54:17 2026] GET /networking/v2.0/subnets/admin_subnet => generated 112 bytes in 11 msecs (HTTP/1.1 404) 4 headers in 164 bytes (1 switches on core 0)
Apr 02 05:54:17.903281 np0000162742 devstack@neutron-api.service[102512]: DEBUG neutron.pecan_wsgi.hooks.policy_enforcement [None req-718c1549-9f22-4ca0-bcc0-257bd3ce2246 admin admin] Attributes excluded by policy engine: ['standard_attr_id', 'shared'] {{(pid=102512) _exclude_attributes_by_policy /opt/stack/neutron/neutron/pecan_wsgi/hooks/policy_enforcement.py:258}}
Apr 02 05:54:17.904009 np0000162742 devstack@neutron-api.service[102512]: [pid: 102512|app: 0|req: 25/101] 199.19.213.17 () {64 vars in 1342 bytes} [Thu Apr 2 05:54:17 2026] GET /networking/v2.0/subnets?name=admin_subnet => generated 628 bytes in 24 msecs (HTTP/1.1 200) 4 headers in 157 bytes (1 switches on core 0)
Apr 02 05:54:22.464692 np0000162742 devstack@neutron-api.service[102513]: DEBUG futurist.periodics [-] Submitting periodic callback 'neutron.plugins.ml2.drivers.ovn.mech_driver.ovsdb.maintenance.HashRingHealthCheckPeriodics.touch_hash_ring_node' {{(pid=102513) _process_scheduled /opt/stack/data/venv/lib/python3.12/site-packages/futurist/periodics.py:638}}
Apr 02 05:54:22.465982 np0000162742 devstack@neutron-api.service[102513]: DEBUG neutron.plugins.ml2.drivers.ovn.mech_driver.ovsdb.maintenance [-] Touching Hash Ring node "5a993c6132ec5ce08321974fce2dfefb" from periodic health check thread {{(pid=102513) touch_hash_ring_node /opt/stack/neutron/neutron/plugins/ml2/drivers/ovn/mech_driver/ovsdb/maintenance.py:1232}}
Apr 02 05:54:22.667619 np0000162742 devstack@neutron-api.service[102513]: [pid: 102513|app: 0|req: 27/102] 199.19.213.17 () {64 vars in 1362 bytes} [Thu Apr 2 05:54:22 2026] GET /networking/v2.0/ports?device_id=manila-admin-share&binding%3Ahost_id=np0000162742 => generated 12 bytes in 71 msecs (HTTP/1.1 200) 4 headers in 156 bytes (1 switches on core 0)
Apr 02 05:54:22.714892 np0000162742 devstack@neutron-api.service[102514]: DEBUG neutron.api.wsgi [None req-df1498f5-28e8-43c4-aeda-02136b3574a4 service neutron] Missing Content-Type {{(pid=102514) get_content_type /opt/stack/neutron/neutron/api/wsgi.py:85}}
Apr 02 05:54:22.715844 np0000162742 devstack@neutron-api.service[102514]: DEBUG neutron.api.wsgi [None req-df1498f5-28e8-43c4-aeda-02136b3574a4 service neutron] https://199.19.213.17/networking/v2.0/extensions returned with HTTP 200 {{(pid=102514) __call__ /opt/stack/neutron/neutron/api/wsgi.py:545}}
Apr 02 05:54:22.716399 np0000162742 devstack@neutron-api.service[102514]: [pid: 102514|app: 0|req: 26/103] 199.19.213.17 () {64 vars in 1258 bytes} [Thu Apr 2 05:54:22 2026] GET /networking/v2.0/extensions => generated 15208 bytes in 7 msecs (HTTP/1.1 200) 4 headers in 159 bytes (1 switches on core 0)
Apr 02 05:54:22.762315 np0000162742 devstack@neutron-api.service[102515]: DEBUG neutron.api.v2.base [None req-433b4735-f7b9-4723-a9ea-a618021c8636 service neutron] Request body: {'port': {'network_id': '0568422e-3f3b-4a30-b59d-ff258d7ca270', 'admin_state_up': True, 'tenant_id': 'b6179fa4f507406094040db4345474b9', 'port_security_enabled': False, 'binding:host_id': 'np0000162742', 'fixed_ips': [{'subnet_id': '366a01f9-843f-4675-92ca-cad018067515'}], 'device_owner': 'manila:share', 'device_id': 'manila-admin-share'}} {{(pid=102515) prepare_request_body /opt/stack/neutron/neutron/api/v2/base.py:729}}
Apr 02 05:54:22.777210 np0000162742 devstack@neutron-api.service[102515]: DEBUG neutron.pecan_wsgi.hooks.quota_enforcement [None req-433b4735-f7b9-4723-a9ea-a618021c8636 service neutron] Made reservation on behalf of b6179fa4f507406094040db4345474b9 for: {'port': 1} {{(pid=102515) before /opt/stack/neutron/neutron/pecan_wsgi/hooks/quota_enforcement.py:66}}
Apr 02 05:54:22.781332 np0000162742 devstack@neutron-api.service[102515]: DEBUG neutron_lib.callbacks.manager [None req-433b4735-f7b9-4723-a9ea-a618021c8636 service neutron] Publish callbacks ['neutron.plugins.ml2.plugin.SecurityGroupDbMixin._ensure_default_security_group_handler-1488451'] for port (None), before_create {{(pid=102515) _notify_loop /opt/stack/data/venv/lib/python3.12/site-packages/neutron_lib/callbacks/manager.py:184}}
Apr 02 05:54:22.843242 np0000162742 devstack@neutron-api.service[102515]: DEBUG neutron.db.db_base_plugin_common [None req-433b4735-f7b9-4723-a9ea-a618021c8636 service neutron] Allocated IP 10.2.5.212 (0568422e-3f3b-4a30-b59d-ff258d7ca270/366a01f9-843f-4675-92ca-cad018067515/a47a63d8-2c33-4ca0-940e-458ee7c3c696) {{(pid=102515) _store_ip_allocation /opt/stack/neutron/neutron/db/db_base_plugin_common.py:131}}
Apr 02 05:54:22.895857 np0000162742 devstack@neutron-api.service[102515]: DEBUG neutron_lib.callbacks.manager [None req-433b4735-f7b9-4723-a9ea-a618021c8636 service neutron] Publish callbacks ['neutron.plugins.ml2.drivers.ovn.mech_driver.mech_driver.OVNMechanismDriver._validate_allowed_address_pairs-270792'] for allowed_address_pair (a47a63d8-2c33-4ca0-940e-458ee7c3c696), before_create {{(pid=102515) _notify_loop /opt/stack/data/venv/lib/python3.12/site-packages/neutron_lib/callbacks/manager.py:184}}
Apr 02 05:54:22.897262 np0000162742 devstack@neutron-api.service[102515]: DEBUG neutron_lib.callbacks.manager [None req-433b4735-f7b9-4723-a9ea-a618021c8636 service neutron] Publish callbacks [] for port (a47a63d8-2c33-4ca0-940e-458ee7c3c696), precommit_create {{(pid=102515) _notify_loop /opt/stack/data/venv/lib/python3.12/site-packages/neutron_lib/callbacks/manager.py:184}}
Apr 02 05:54:22.900286 np0000162742 devstack@neutron-api.service[102515]: DEBUG neutron.db.provisioning_blocks [None req-433b4735-f7b9-4723-a9ea-a618021c8636 service neutron] Transition to ACTIVE for port object a47a63d8-2c33-4ca0-940e-458ee7c3c696 will not be triggered until provisioned by entity L2. {{(pid=102515) add_provisioning_component /opt/stack/neutron/neutron/db/provisioning_blocks.py:74}}
Apr 02 05:54:22.900415 np0000162742 devstack@neutron-api.service[102515]: DEBUG neutron.db.ovn_revision_numbers_db [None req-433b4735-f7b9-4723-a9ea-a618021c8636 service neutron] create_initial_revision uuid=a47a63d8-2c33-4ca0-940e-458ee7c3c696, type=ports, rev=-1 {{(pid=102515) create_initial_revision /opt/stack/neutron/neutron/db/ovn_revision_numbers_db.py:98}}
Apr 02 05:54:22.910826 np0000162742 devstack@neutron-api.service[102515]: DEBUG neutron_lib.callbacks.manager [None req-433b4735-f7b9-4723-a9ea-a618021c8636 service neutron] Publish callbacks ['neutron.plugins.ml2.ovo_rpc._ObjectChangeHandler.handle_event-15218377'] for port (a47a63d8-2c33-4ca0-940e-458ee7c3c696), after_create {{(pid=102515) _notify_loop /opt/stack/data/venv/lib/python3.12/site-packages/neutron_lib/callbacks/manager.py:184}}
Apr 02 05:54:22.927471 np0000162742 devstack@neutron-api.service[102515]: DEBUG neutron.api.rpc.handlers.resources_rpc [None req-433b4735-f7b9-4723-a9ea-a618021c8636 service neutron] Pushing event updated for resources: {'Port': ['ID=a47a63d8-2c33-4ca0-940e-458ee7c3c696,revision_number=1']} {{(pid=102515) push /opt/stack/neutron/neutron/api/rpc/handlers/resources_rpc.py:237}}
Apr 02 05:54:22.962403 np0000162742 devstack@neutron-api.service[102515]: DEBUG ovsdbapp.backend.ovs_idl.transaction [None req-501141f4-aa57-486e-8e3f-03210e720e76 None None] Running txn n=1 command(idx=0): AddLSwitchPortCommand(_result=None, lport=a47a63d8-2c33-4ca0-940e-458ee7c3c696, lswitch=neutron-0568422e-3f3b-4a30-b59d-ff258d7ca270, may_exist=True, network_uuid=0568422e-3f3b-4a30-b59d-ff258d7ca270, columns={'addresses': ['fa:16:3e:4d:be:f9 10.2.5.212', 'unknown'], 'external_ids': {'neutron:port_name': '', 'neutron:device_id': 'manila-admin-share', 'neutron:project_id': 'b6179fa4f507406094040db4345474b9', 'neutron:cidrs': '10.2.5.212/24', 'neutron:device_owner': 'manila:share', 'neutron:subnet_pool_addr_scope4': '', 'neutron:subnet_pool_addr_scope6': '', 'neutron:network_name': 'neutron-0568422e-3f3b-4a30-b59d-ff258d7ca270', 'neutron:security_group_ids': '', 'neutron:revision_number': '1', 'neutron:vnic_type': 'normal', 'neutron:port_capabilities': '', 'neutron:mtu': ''}, 'parent_name': [], 'tag': [], 'enabled': True, 'options': {'requested-chassis': 'np0000162742'}, 'type': '', 'port_security': [], 'dhcpv4_options': [UUID('591dbf18-6931-4ae6-9f11-a66f535535fd')], 'dhcpv6_options': []}) {{(pid=102515) do_commit /opt/stack/data/venv/lib/python3.12/site-packages/ovsdbapp/backend/ovs_idl/transaction.py:89}}
Apr 02 05:54:22.963915 np0000162742 devstack@neutron-api.service[102515]: DEBUG ovsdbapp.backend.ovs_idl.transaction [None req-501141f4-aa57-486e-8e3f-03210e720e76 None None] Running txn n=1 command(idx=1): QoSDelCommand(_result=None, switch=neutron-0568422e-3f3b-4a30-b59d-ff258d7ca270, conditions=[('direction', '=', 'to-lport'), ('priority', '=', 2002), ('match', '=', 'outport == "a47a63d8-2c33-4ca0-940e-458ee7c3c696"')], if_exists=True) {{(pid=102515) do_commit /opt/stack/data/venv/lib/python3.12/site-packages/ovsdbapp/backend/ovs_idl/transaction.py:89}}
Apr 02 05:54:22.964409 np0000162742 devstack@neutron-api.service[102515]: DEBUG ovsdbapp.backend.ovs_idl.transaction [None req-501141f4-aa57-486e-8e3f-03210e720e76 None None] Running txn n=1 command(idx=2): QoSDelCommand(_result=None, switch=neutron-0568422e-3f3b-4a30-b59d-ff258d7ca270, conditions=[('direction', '=', 'from-lport'), ('priority', '=', 2002), ('match', '=', 'inport == "a47a63d8-2c33-4ca0-940e-458ee7c3c696"')], if_exists=True) {{(pid=102515) do_commit /opt/stack/data/venv/lib/python3.12/site-packages/ovsdbapp/backend/ovs_idl/transaction.py:89}}
Apr 02 05:54:22.970745 np0000162742 devstack@neutron-api.service[102515]: DEBUG neutron.plugins.ml2.drivers.ovn.mech_driver.ovsdb.ovsdb_monitor [None req-501141f4-aa57-486e-8e3f-03210e720e76 None None] Touching Hash Ring node "57553441edc15d988537bfd0b9d19361" from IDL notify handler {{(pid=102515) notify /opt/stack/neutron/neutron/plugins/ml2/drivers/ovn/mech_driver/ovsdb/ovsdb_monitor.py:904}}
Apr 02 05:54:22.975720 np0000162742 devstack@neutron-api.service[102514]: DEBUG neutron.plugins.ml2.drivers.ovn.mech_driver.ovsdb.ovsdb_monitor [None req-b332d5fc-4d3c-4aa5-aa8f-41a61ad900ce None None] Touching Hash Ring node "df8dc8bc0bad56c4bb02c60af9591cd5" from IDL notify handler {{(pid=102514) notify /opt/stack/neutron/neutron/plugins/ml2/drivers/ovn/mech_driver/ovsdb/ovsdb_monitor.py:904}}
Apr 02 05:54:22.975867 np0000162742 devstack@neutron-api.service[102515]: DEBUG neutron.plugins.ml2.drivers.ovn.mech_driver.ovsdb.ovsdb_monitor [None req-c4b267c0-eaae-418d-9b9a-12518d2e86b6 None None] Hash Ring: Node 57553441edc15d988537bfd0b9d19361 (host: np0000162742) handling event "create" for row 78e3d37f-8a6f-4989-bfd4-ddd6d7cbd9b5 (table: Port_Binding) {{(pid=102515) notify /opt/stack/neutron/neutron/plugins/ml2/drivers/ovn/mech_driver/ovsdb/ovsdb_monitor.py:912}}
Apr 02 05:54:22.981510 np0000162742 devstack@neutron-api.service[102515]: DEBUG neutron.plugins.ml2.drivers.ovn.mech_driver.ovsdb.ovsdb_monitor [None req-501141f4-aa57-486e-8e3f-03210e720e76 None None] Hash Ring: Node 57553441edc15d988537bfd0b9d19361 (host: np0000162742) handling event "update" for row 0568422e-3f3b-4a30-b59d-ff258d7ca270 (table: Logical_Switch) {{(pid=102515) notify /opt/stack/neutron/neutron/plugins/ml2/drivers/ovn/mech_driver/ovsdb/ovsdb_monitor.py:912}}
Apr 02 05:54:22.984407 np0000162742 devstack@neutron-api.service[102514]: DEBUG neutron.plugins.ml2.drivers.ovn.mech_driver.ovsdb.ovsdb_monitor [None req-b332d5fc-4d3c-4aa5-aa8f-41a61ad900ce None None] Hash Ring: Node df8dc8bc0bad56c4bb02c60af9591cd5 (host: np0000162742) handling event "create" for row 2deceea2-1b47-4f4b-8c4c-00ccd0d9c840 (table: Logical_Switch_Port) {{(pid=102514) notify /opt/stack/neutron/neutron/plugins/ml2/drivers/ovn/mech_driver/ovsdb/ovsdb_monitor.py:912}}
Apr 02 05:54:22.985873 np0000162742 devstack@neutron-api.service[102514]: DEBUG ovsdbapp.backend.ovs_idl.event [None req-b332d5fc-4d3c-4aa5-aa8f-41a61ad900ce None None] Matched CREATE: LogicalSwitchPortCreateEvent(events=('create',), table='Logical_Switch_Port', conditions=[], old_conditions=None), priority=20 to row=Logical_Switch_Port(uuid=2deceea2-1b47-4f4b-8c4c-00ccd0d9c840, addresses=['fa:16:3e:4d:be:f9 10.2.5.212', 'unknown'], dhcpv4_options=591dbf18-6931-4ae6-9f11-a66f535535fd, dhcpv6_options=[], dynamic_addresses=[], enabled=True, external_ids={'neutron:cidrs': '10.2.5.212/24', 'neutron:device_id': 'manila-admin-share', 'neutron:device_owner': 'manila:share', 'neutron:mtu': '', 'neutron:network_name': 'neutron-0568422e-3f3b-4a30-b59d-ff258d7ca270', 'neutron:port_capabilities': '', 'neutron:port_name': '', 'neutron:project_id': 'b6179fa4f507406094040db4345474b9', 'neutron:revision_number': '1', 'neutron:security_group_ids': '', 'neutron:subnet_pool_addr_scope4': '', 'neutron:subnet_pool_addr_scope6': '', 'neutron:vnic_type': 'normal'}, ha_chassis_group=[], mirror_rules=[], name='a47a63d8-2c33-4ca0-940e-458ee7c3c696', options={'requested-chassis': 'np0000162742'}, parent_name=[], port_security=[], tag=[], tag_request=[], type='', up=[]) old= {{(pid=102514) matches /opt/stack/data/venv/lib/python3.12/site-packages/ovsdbapp/backend/ovs_idl/event.py:55}}
Apr 02 05:54:22.986979 np0000162742 devstack@neutron-api.service[102514]: INFO neutron.plugins.ml2.drivers.ovn.mech_driver.mech_driver [-] OVN reports status down for port: a47a63d8-2c33-4ca0-940e-458ee7c3c696
Apr 02 05:54:22.988767 np0000162742 devstack@neutron-api.service[102514]: DEBUG neutron.plugins.ml2.drivers.ovn.mech_driver.ovsdb.ovsdb_monitor [None req-b332d5fc-4d3c-4aa5-aa8f-41a61ad900ce None None] Touching Hash Ring node "df8dc8bc0bad56c4bb02c60af9591cd5" from IDL notify handler {{(pid=102514) notify /opt/stack/neutron/neutron/plugins/ml2/drivers/ovn/mech_driver/ovsdb/ovsdb_monitor.py:904}}
Apr 02 05:54:22.991398 np0000162742 devstack@neutron-api.service[102514]: DEBUG neutron.plugins.ml2.drivers.ovn.mech_driver.ovsdb.ovsdb_monitor [None req-b332d5fc-4d3c-4aa5-aa8f-41a61ad900ce None None] Hash Ring: Node df8dc8bc0bad56c4bb02c60af9591cd5 (host: np0000162742) handling event "update" for row 2deceea2-1b47-4f4b-8c4c-00ccd0d9c840 (table: Logical_Switch_Port) {{(pid=102514) notify /opt/stack/neutron/neutron/plugins/ml2/drivers/ovn/mech_driver/ovsdb/ovsdb_monitor.py:912}}
Apr 02 05:54:23.011069 np0000162742 devstack@neutron-api.service[102515]: INFO neutron.db.ovn_revision_numbers_db [None req-433b4735-f7b9-4723-a9ea-a618021c8636 service neutron] Successfully bumped revision number for resource a47a63d8-2c33-4ca0-940e-458ee7c3c696 (type: ports) to 1
Apr 02 05:54:23.026842 np0000162742 devstack@neutron-api.service[102515]: DEBUG neutron.plugins.ml2.managers [None req-433b4735-f7b9-4723-a9ea-a618021c8636 service neutron] Attempting to bind port a47a63d8-2c33-4ca0-940e-458ee7c3c696 on host np0000162742 for vnic_type normal with profile {{(pid=102515) bind_port /opt/stack/neutron/neutron/plugins/ml2/managers.py:814}}
Apr 02 05:54:23.026842 np0000162742 devstack@neutron-api.service[102515]: DEBUG neutron.plugins.ml2.managers [None req-433b4735-f7b9-4723-a9ea-a618021c8636 service neutron] Attempting to bind port a47a63d8-2c33-4ca0-940e-458ee7c3c696 by drivers ovn on host np0000162742 at level 0 using segments [{'id': '8f47f6b9-db3a-40a9-861a-82a91f017d04', 'network_type': 'geneve', 'physical_network': None, 'segmentation_id': 8337, 'network_id': '0568422e-3f3b-4a30-b59d-ff258d7ca270'}] {{(pid=102515) _bind_port_level /opt/stack/neutron/neutron/plugins/ml2/managers.py:839}}
Apr 02 05:54:23.028006 np0000162742 devstack@neutron-api.service[102515]: DEBUG neutron.plugins.ml2.drivers.ovn.mech_driver.mech_driver [None req-433b4735-f7b9-4723-a9ea-a618021c8636 service neutron] Attempting to bind port a47a63d8-2c33-4ca0-940e-458ee7c3c696 on host np0000162742 for network segment with type geneve, segmentation ID 8337, physical network None {{(pid=102515) bind_port /opt/stack/neutron/neutron/plugins/ml2/drivers/ovn/mech_driver/mech_driver.py:1194}}
Apr 02 05:54:23.028517 np0000162742 devstack@neutron-api.service[102515]: DEBUG neutron.plugins.ml2.managers [None req-433b4735-f7b9-4723-a9ea-a618021c8636 service neutron] Bound port: a47a63d8-2c33-4ca0-940e-458ee7c3c696, host: np0000162742, vif_type: ovs, vif_details: {"port_filter": true, "connectivity": "l2", "ovs_create_tap": false, "bridge_name": "br-int", "datapath_type": "system"}, binding_levels: [{'bound_driver': 'ovn', 'bound_segment': {'id': '8f47f6b9-db3a-40a9-861a-82a91f017d04', 'network_type': 'geneve', 'physical_network': None, 'segmentation_id': 8337, 'network_id': '0568422e-3f3b-4a30-b59d-ff258d7ca270'}}] {{(pid=102515) _bind_port_level /opt/stack/neutron/neutron/plugins/ml2/managers.py:950}}
Apr 02 05:54:23.028733 np0000162742 devstack@neutron-api.service[102515]: DEBUG neutron_lib.callbacks.manager [None req-433b4735-f7b9-4723-a9ea-a618021c8636 service neutron] Publish callbacks ['neutron.plugins.ml2.plugin.SecurityGroupDbMixin._ensure_default_security_group_handler-1488451', 'neutron.services.ovn_l3.plugin.OVNL3RouterPlugin._port_update-7911504428036', 'neutron.db.l3_db.L3_NAT_dbonly_mixin._prevent_internal_ip_change_for_fip-7911505954566'] for port (a47a63d8-2c33-4ca0-940e-458ee7c3c696), before_update {{(pid=102515) _notify_loop /opt/stack/data/venv/lib/python3.12/site-packages/neutron_lib/callbacks/manager.py:184}}
Apr 02 05:54:23.034398 np0000162742 devstack@neutron-api.service[102514]: DEBUG neutron.db.provisioning_blocks [None req-f93979ac-26aa-494a-8fd2-d248f44d1f45 None None] Ignored duplicate provisioning block setup for port a47a63d8-2c33-4ca0-940e-458ee7c3c696 by entity L2. {{(pid=102514) add_provisioning_component /opt/stack/neutron/neutron/db/provisioning_blocks.py:69}}
Apr 02 05:54:23.065476 np0000162742 devstack@neutron-api.service[102515]: DEBUG neutron.plugins.ml2.db [None req-433b4735-f7b9-4723-a9ea-a618021c8636 service neutron] For port a47a63d8-2c33-4ca0-940e-458ee7c3c696, host np0000162742, cleared binding levels {{(pid=102515) clear_binding_levels /opt/stack/neutron/neutron/plugins/ml2/db.py:87}}
Apr 02 05:54:23.067884 np0000162742 devstack@neutron-api.service[102515]: DEBUG neutron.plugins.ml2.db [None req-433b4735-f7b9-4723-a9ea-a618021c8636 service neutron] For port a47a63d8-2c33-4ca0-940e-458ee7c3c696, host np0000162742, set binding levels [PortBindingLevel(driver='ovn',host='np0000162742',level=0,port_id=a47a63d8-2c33-4ca0-940e-458ee7c3c696,segment=NetworkSegment(8f47f6b9-db3a-40a9-861a-82a91f017d04),segment_id=8f47f6b9-db3a-40a9-861a-82a91f017d04)] {{(pid=102515) set_binding_levels /opt/stack/neutron/neutron/plugins/ml2/db.py:59}}
Apr 02 05:54:23.069257 np0000162742 devstack@neutron-api.service[102515]: DEBUG neutron.plugins.ml2.drivers.ovn.mech_driver.mech_driver [None req-433b4735-f7b9-4723-a9ea-a618021c8636 service neutron] No provisioning block for port a47a63d8-2c33-4ca0-940e-458ee7c3c696 since host unchanged {{(pid=102515) _is_port_provisioning_required /opt/stack/neutron/neutron/plugins/ml2/drivers/ovn/mech_driver/mech_driver.py:889}}
Apr 02 05:54:23.077078 np0000162742 devstack@neutron-api.service[102515]: DEBUG neutron_lib.callbacks.manager [None req-433b4735-f7b9-4723-a9ea-a618021c8636 service neutron] Publish callbacks ['neutron.plugins.ml2.ovo_rpc._ObjectChangeHandler.handle_event-15218377', 'neutron.db.l3_db.L3RpcNotifierMixin._notify_gateway_port_ip_changed-7911505830732', 'neutron.services.ovn_l3.plugin.OVNL3RouterPlugin._port_update-7911504428036'] for port (a47a63d8-2c33-4ca0-940e-458ee7c3c696), after_update {{(pid=102515) _notify_loop /opt/stack/data/venv/lib/python3.12/site-packages/neutron_lib/callbacks/manager.py:184}}
Apr 02 05:54:23.077593 np0000162742 devstack@neutron-api.service[102514]: DEBUG neutron.plugins.ml2.plugin [None req-f93979ac-26aa-494a-8fd2-d248f44d1f45 None None] Current status of the port a47a63d8-2c33-4ca0-940e-458ee7c3c696 is: DOWN; New status is: DOWN {{(pid=102514) _update_individual_port_db_status /opt/stack/neutron/neutron/plugins/ml2/plugin.py:2468}}
Apr 02 05:54:23.080556 np0000162742 devstack@neutron-api.service[102514]: DEBUG ovsdbapp.backend.ovs_idl.transaction [None req-b332d5fc-4d3c-4aa5-aa8f-41a61ad900ce None None] Running txn n=1 command(idx=0): DbRemoveCommand(_result=None, table=Logical_Switch_Port, record=a47a63d8-2c33-4ca0-940e-458ee7c3c696, column=external_ids, values=('neutron:host_id',), keyvalues={}, if_exists=True) {{(pid=102514) do_commit /opt/stack/data/venv/lib/python3.12/site-packages/ovsdbapp/backend/ovs_idl/transaction.py:89}}
Apr 02 05:54:23.108796 np0000162742 devstack@neutron-api.service[102515]: DEBUG neutron.api.rpc.handlers.resources_rpc [None req-433b4735-f7b9-4723-a9ea-a618021c8636 service neutron] Pushing event updated for resources: {'Port': ['ID=a47a63d8-2c33-4ca0-940e-458ee7c3c696,revision_number=3']} {{(pid=102515) push /opt/stack/neutron/neutron/api/rpc/handlers/resources_rpc.py:237}}
Apr 02 05:54:23.142242 np0000162742 devstack@neutron-api.service[102515]: DEBUG ovsdbapp.backend.ovs_idl.transaction [None req-501141f4-aa57-486e-8e3f-03210e720e76 None None] Running txn n=1 command(idx=0): CheckRevisionNumberCommand(_result=None, name=a47a63d8-2c33-4ca0-940e-458ee7c3c696, resource={'id': 'a47a63d8-2c33-4ca0-940e-458ee7c3c696', 'name': '', 'network_id': '0568422e-3f3b-4a30-b59d-ff258d7ca270', 'project_id': 'b6179fa4f507406094040db4345474b9', 'mac_address': 'fa:16:3e:4d:be:f9', 'admin_state_up': True, 'status': 'DOWN', 'device_id': 'manila-admin-share', 'device_owner': 'manila:share', 'standard_attr_id': 46, 'fixed_ips': [{'subnet_id': '366a01f9-843f-4675-92ca-cad018067515', 'ip_address': '10.2.5.212'}], 'allowed_address_pairs': [], 'extra_dhcp_opts': [], 'security_groups': [], 'description': '', 'binding:vnic_type': 'normal', 'binding:profile': {}, 'binding:host_id': 'np0000162742', 'binding:vif_type': 'ovs', 'binding:vif_details': {'port_filter': True, 'connectivity': 'l2', 'ovs_create_tap': False, 'bridge_name': 'br-int', 'datapath_type': 'system', 'bound_drivers': {'0': 'ovn'}}, 'port_security_enabled': False, 'tags': [], 'created_at': '2026-04-02T05:54:22Z', 'updated_at': '2026-04-02T05:54:23Z', 'revision_number': 3, 'tenant_id': 'b6179fa4f507406094040db4345474b9', 'network': {'id': '0568422e-3f3b-4a30-b59d-ff258d7ca270', 'name': 'admin_net', 'tenant_id': 'b6179fa4f507406094040db4345474b9', 'project_id': 'b6179fa4f507406094040db4345474b9', 'admin_state_up': True, 'mtu': 1372, 'status': 'ACTIVE', 'subnets': ['366a01f9-843f-4675-92ca-cad018067515'], 'standard_attr_id': 42, 'shared': False, 'availability_zone_hints': [], 'availability_zones': [], 'ipv4_address_scope': None, 'ipv6_address_scope': None, 'router:external': False, 'qinq': False, 'vlan_transparent': False, 'description': '', 'port_security_enabled': True, 'tags': [], 'created_at': '2026-04-02T05:54:15Z', 'updated_at': '2026-04-02T05:54:17Z', 'revision_number': 2, 'provider:network_type': 'geneve', 'provider:physical_network': None, 'provider:segmentation_id': 8337}}, resource_type=ports, if_exists=True) {{(pid=102515) do_commit /opt/stack/data/venv/lib/python3.12/site-packages/ovsdbapp/backend/ovs_idl/transaction.py:89}}
Apr 02 05:54:23.142971 np0000162742 devstack@neutron-api.service[102515]: DEBUG ovsdbapp.backend.ovs_idl.transaction [None req-501141f4-aa57-486e-8e3f-03210e720e76 None None] Running txn n=1 command(idx=1): SetLSwitchPortCommand(_result=None, lport=a47a63d8-2c33-4ca0-940e-458ee7c3c696, external_ids_update=None, columns={'external_ids': {'neutron:port_name': '', 'neutron:device_id': 'manila-admin-share', 'neutron:project_id': 'b6179fa4f507406094040db4345474b9', 'neutron:cidrs': '10.2.5.212/24', 'neutron:device_owner': 'manila:share', 'neutron:subnet_pool_addr_scope4': '', 'neutron:subnet_pool_addr_scope6': '', 'neutron:network_name': 'neutron-0568422e-3f3b-4a30-b59d-ff258d7ca270', 'neutron:security_group_ids': '', 'neutron:revision_number': '3', 'neutron:vnic_type': 'normal', 'neutron:port_capabilities': '', 'neutron:mtu': ''}, 'parent_name': [], 'tag': [], 'options': {'requested-chassis': 'np0000162742'}, 'enabled': True, 'port_security': [], 'dhcpv4_options': [UUID('591dbf18-6931-4ae6-9f11-a66f535535fd')], 'dhcpv6_options': [], 'type': '', 'addresses': ['fa:16:3e:4d:be:f9 10.2.5.212', 'unknown'], 'ha_chassis_group': []}, if_exists=False) {{(pid=102515) do_commit /opt/stack/data/venv/lib/python3.12/site-packages/ovsdbapp/backend/ovs_idl/transaction.py:89}}
Apr 02 05:54:23.144537 np0000162742 devstack@neutron-api.service[102515]: DEBUG ovsdbapp.backend.ovs_idl.transaction [None req-501141f4-aa57-486e-8e3f-03210e720e76 None None] Running txn n=1 command(idx=2): PgDelPortCommand(_result=None, port_group=neutron_pg_drop, lsp=['a47a63d8-2c33-4ca0-940e-458ee7c3c696'], if_exists=False) {{(pid=102515) do_commit /opt/stack/data/venv/lib/python3.12/site-packages/ovsdbapp/backend/ovs_idl/transaction.py:89}}
Apr 02 05:54:23.229558 np0000162742 devstack@neutron-api.service[102514]: DEBUG neutron.plugins.ml2.drivers.ovn.mech_driver.ovsdb.ovsdb_monitor [None req-b332d5fc-4d3c-4aa5-aa8f-41a61ad900ce None None] Touching Hash Ring node "df8dc8bc0bad56c4bb02c60af9591cd5" from IDL notify handler {{(pid=102514) notify /opt/stack/neutron/neutron/plugins/ml2/drivers/ovn/mech_driver/ovsdb/ovsdb_monitor.py:904}}
Apr 02 05:54:23.234055 np0000162742 devstack@neutron-api.service[102514]: DEBUG neutron.plugins.ml2.drivers.ovn.mech_driver.ovsdb.ovsdb_monitor [None req-b332d5fc-4d3c-4aa5-aa8f-41a61ad900ce None None] Hash Ring: Node df8dc8bc0bad56c4bb02c60af9591cd5 (host: np0000162742) handling event "update" for row 2deceea2-1b47-4f4b-8c4c-00ccd0d9c840 (table: Logical_Switch_Port) {{(pid=102514) notify /opt/stack/neutron/neutron/plugins/ml2/drivers/ovn/mech_driver/ovsdb/ovsdb_monitor.py:912}}
Apr 02 05:54:23.234187 np0000162742 devstack@neutron-api.service[102515]: DEBUG neutron.plugins.ml2.drivers.ovn.mech_driver.ovsdb.ovsdb_monitor [None req-c4b267c0-eaae-418d-9b9a-12518d2e86b6 None None] Hash Ring: Node 57553441edc15d988537bfd0b9d19361 (host: np0000162742) handling event "update" for row 78e3d37f-8a6f-4989-bfd4-ddd6d7cbd9b5 (table: Port_Binding) {{(pid=102515) notify /opt/stack/neutron/neutron/plugins/ml2/drivers/ovn/mech_driver/ovsdb/ovsdb_monitor.py:912}}
Apr 02 05:54:23.278189 np0000162742 devstack@neutron-api.service[102515]: INFO neutron.db.ovn_revision_numbers_db [None req-433b4735-f7b9-4723-a9ea-a618021c8636 service neutron] Successfully bumped revision number for resource a47a63d8-2c33-4ca0-940e-458ee7c3c696 (type: ports) to 3
Apr 02 05:54:23.294221 np0000162742 devstack@neutron-api.service[102515]: DEBUG neutron.pecan_wsgi.hooks.policy_enforcement [None req-433b4735-f7b9-4723-a9ea-a618021c8636 service neutron] Attributes excluded by policy engine: ['standard_attr_id'] {{(pid=102515) _exclude_attributes_by_policy /opt/stack/neutron/neutron/pecan_wsgi/hooks/policy_enforcement.py:258}}
Apr 02 05:54:23.294632 np0000162742 devstack@neutron-api.service[102515]: DEBUG neutron_lib.callbacks.manager [None req-433b4735-f7b9-4723-a9ea-a618021c8636 service neutron] Publish callbacks ['neutron.notifiers.nova.Notifier._send_nova_notification-296413'] for port (None), before_response {{(pid=102515) _notify_loop /opt/stack/data/venv/lib/python3.12/site-packages/neutron_lib/callbacks/manager.py:184}}
Apr 02 05:54:23.309069 np0000162742 devstack@neutron-api.service[102515]: [pid: 102515|app: 0|req: 26/104] 199.19.213.17 () {68 vars in 1297 bytes} [Thu Apr 2 05:54:22 2026] POST /networking/v2.0/ports => generated 927 bytes in 552 msecs (HTTP/1.1 201) 4 headers in 162 bytes (1 switches on core 0)
Apr 02 05:54:23.317269 np0000162742 devstack@neutron-api.service[102514]: DEBUG futurist.periodics [-] Submitting periodic callback 'neutron.plugins.ml2.drivers.ovn.mech_driver.ovsdb.maintenance.HashRingHealthCheckPeriodics.touch_hash_ring_node' {{(pid=102514) _process_scheduled /opt/stack/data/venv/lib/python3.12/site-packages/futurist/periodics.py:638}}
Apr 02 05:54:23.318428 np0000162742 devstack@neutron-api.service[102514]: DEBUG neutron.plugins.ml2.drivers.ovn.mech_driver.ovsdb.maintenance [-] Touching Hash Ring node "df8dc8bc0bad56c4bb02c60af9591cd5" from periodic health check thread {{(pid=102514) touch_hash_ring_node /opt/stack/neutron/neutron/plugins/ml2/drivers/ovn/mech_driver/ovsdb/maintenance.py:1232}}
