Apr 02 05:50:53.042450 np0000162742 devstack@neutron-api.service[102515]: DEBUG neutron.api.extensions [None req-610bfe90-b5fa-491e-a985-e49bdaf7a1dc None None] Loading extension file: agent.py {{(pid=102515) _load_all_extensions_from_path /opt/stack/neutron/neutron/api/extensions.py:449}}
Apr 02 05:50:53.042554 np0000162742 devstack@neutron-api.service[102512]: DEBUG neutron_lib.callbacks.manager [None req-968c3bab-9f66-4a2f-8323-a93201b27b3b None None] Subscribe: > router before_delete 55550000, False {{(pid=102512) subscribe /opt/stack/data/venv/lib/python3.12/site-packages/neutron_lib/callbacks/manager.py:52}}
Apr 02 05:50:53.042639 np0000162742 devstack@neutron-api.service[102514]: DEBUG neutron.api.extensions [None req-f2478b25-103c-407d-b13c-dbe9956c889f None None] Ext name="If-Match constraints based on revision_number" alias="revision-if-match" description="Extension indicating that If-Match based on revision_number is supported." updated="2016-12-11T00:00:00-00:00" {{(pid=102514) _check_extension /opt/stack/neutron/neutron/api/extensions.py:415}}
Apr 02 05:50:53.042716 np0000162742 devstack@neutron-api.service[102512]: DEBUG neutron_lib.callbacks.manager [None req-968c3bab-9f66-4a2f-8323-a93201b27b3b None None] Subscribe: port after_update 55550000, False {{(pid=102512) subscribe /opt/stack/data/venv/lib/python3.12/site-packages/neutron_lib/callbacks/manager.py:52}}
Apr 02 05:50:53.042760 np0000162742 devstack@neutron-api.service[102515]: DEBUG neutron.api.extensions [None req-610bfe90-b5fa-491e-a985-e49bdaf7a1dc None None] Ext name="agent" alias="agent" description="The agent management extension." updated="2013-02-03T10:00:00-00:00" {{(pid=102515) _check_extension /opt/stack/neutron/neutron/api/extensions.py:415}}
Apr 02 05:50:53.042823 np0000162742 devstack@neutron-api.service[102514]: INFO neutron.api.extensions [None req-f2478b25-103c-407d-b13c-dbe9956c889f None None] Loaded extension: revision-if-match
Apr 02 05:50:53.042868 np0000162742 devstack@neutron-api.service[102512]: DEBUG neutron_lib.callbacks.manager [None req-968c3bab-9f66-4a2f-8323-a93201b27b3b None None] Subscribe: port after_delete 55550000, False {{(pid=102512) subscribe /opt/stack/data/venv/lib/python3.12/site-packages/neutron_lib/callbacks/manager.py:52}}
Apr 02 05:50:53.042906 np0000162742 devstack@neutron-api.service[102515]: INFO neutron.api.extensions [None req-610bfe90-b5fa-491e-a985-e49bdaf7a1dc None None] Loaded extension: agent
Apr 02 05:50:53.042944 np0000162742 devstack@neutron-api.service[102514]: DEBUG neutron.api.extensions [None req-f2478b25-103c-407d-b13c-dbe9956c889f None None] Loading extension file: revisions.py {{(pid=102514) _load_all_extensions_from_path /opt/stack/neutron/neutron/api/extensions.py:449}}
Apr 02 05:50:53.042984 np0000162742 devstack@neutron-api.service[102512]: DEBUG neutron_lib.callbacks.manager [None req-968c3bab-9f66-4a2f-8323-a93201b27b3b None None] Subscribe: subnet after_update 55550000, False {{(pid=102512) subscribe /opt/stack/data/venv/lib/python3.12/site-packages/neutron_lib/callbacks/manager.py:52}}
Apr 02 05:50:53.043034 np0000162742 devstack@neutron-api.service[102515]: DEBUG neutron.api.extensions [None req-610bfe90-b5fa-491e-a985-e49bdaf7a1dc None None] Loading extension file: agent_resources_synced.py {{(pid=102515) _load_all_extensions_from_path /opt/stack/neutron/neutron/api/extensions.py:449}}
Apr 02 05:50:53.043079 np0000162742 devstack@neutron-api.service[102512]: DEBUG neutron_lib.callbacks.manager [None req-968c3bab-9f66-4a2f-8323-a93201b27b3b None None] Subscribe: subnetpool_address_scope after_update 55550000, False {{(pid=102512) subscribe /opt/stack/data/venv/lib/python3.12/site-packages/neutron_lib/callbacks/manager.py:52}}
Apr 02 05:50:53.043120 np0000162742 devstack@neutron-api.service[102512]: DEBUG neutron_lib.callbacks.manager [None req-968c3bab-9f66-4a2f-8323-a93201b27b3b None None] Subscribe: port before_update 55550000, False {{(pid=102512) subscribe /opt/stack/data/venv/lib/python3.12/site-packages/neutron_lib/callbacks/manager.py:52}}
Apr 02 05:50:53.043158 np0000162742 devstack@neutron-api.service[102514]: DEBUG neutron.api.extensions [None req-f2478b25-103c-407d-b13c-dbe9956c889f None None] Ext name="Resource revision numbers" alias="standard-attr-revisions" description="This extension will display the revision number of neutron resources." updated="2016-04-11T10:00:00-00:00" {{(pid=102514) _check_extension /opt/stack/neutron/neutron/api/extensions.py:415}}
Apr 02 05:50:53.043198 np0000162742 devstack@neutron-api.service[102515]: DEBUG neutron.api.extensions [None req-610bfe90-b5fa-491e-a985-e49bdaf7a1dc None None] Ext name="Agent's Resource View Synced to Placement" alias="agent-resources-synced" description="Stores success/failure of last sync to Placement" updated="2018-12-19T00:00:00-00:00" {{(pid=102515) _check_extension /opt/stack/neutron/neutron/api/extensions.py:415}}
Apr 02 05:50:53.043238 np0000162742 devstack@neutron-api.service[102512]: DEBUG neutron_lib.callbacks.manager [None req-968c3bab-9f66-4a2f-8323-a93201b27b3b None None] Subscribe: port after_update 55550000, False {{(pid=102512) subscribe /opt/stack/data/venv/lib/python3.12/site-packages/neutron_lib/callbacks/manager.py:52}}
Apr 02 05:50:53.043318 np0000162742 devstack@neutron-api.service[102514]: INFO neutron.api.extensions [None req-f2478b25-103c-407d-b13c-dbe9956c889f None None] Loaded extension: standard-attr-revisions
Apr 02 05:50:53.043368 np0000162742 devstack@neutron-api.service[102512]: DEBUG neutron_lib.callbacks.manager [None req-968c3bab-9f66-4a2f-8323-a93201b27b3b None None] Subscribe: > port precommit_delete 55550000, False {{(pid=102512) subscribe /opt/stack/data/venv/lib/python3.12/site-packages/neutron_lib/callbacks/manager.py:52}}
Apr 02 05:50:53.043409 np0000162742 devstack@neutron-api.service[102515]: INFO neutron.api.extensions [None req-610bfe90-b5fa-491e-a985-e49bdaf7a1dc None None] Extension agent-resources-synced not supported by any of loaded plugins
Apr 02 05:50:53.043454 np0000162742 devstack@neutron-api.service[102514]: DEBUG neutron.api.extensions [None req-f2478b25-103c-407d-b13c-dbe9956c889f None None] Loading extension file: router_availability_zone.py {{(pid=102514) _load_all_extensions_from_path /opt/stack/neutron/neutron/api/extensions.py:449}}
Apr 02 05:50:53.043494 np0000162742 devstack@neutron-api.service[102512]: DEBUG neutron_lib.callbacks.manager [None req-968c3bab-9f66-4a2f-8323-a93201b27b3b None None] Subscribe: port before_update 55550000, False {{(pid=102512) subscribe /opt/stack/data/venv/lib/python3.12/site-packages/neutron_lib/callbacks/manager.py:52}}
Apr 02 05:50:53.043533 np0000162742 devstack@neutron-api.service[102515]: DEBUG neutron.api.extensions [None req-610bfe90-b5fa-491e-a985-e49bdaf7a1dc None None] Loading extension file: allowedaddresspairs.py {{(pid=102515) _load_all_extensions_from_path /opt/stack/neutron/neutron/api/extensions.py:449}}
Apr 02 05:50:53.043572 np0000162742 devstack@neutron-api.service[102512]: DEBUG neutron_lib.callbacks.manager [None req-968c3bab-9f66-4a2f-8323-a93201b27b3b None None] Subscribe: port before_delete 55550000, False {{(pid=102512) subscribe /opt/stack/data/venv/lib/python3.12/site-packages/neutron_lib/callbacks/manager.py:52}}
Apr 02 05:50:53.043611 np0000162742 devstack@neutron-api.service[102512]: DEBUG neutron_lib.callbacks.manager [None req-968c3bab-9f66-4a2f-8323-a93201b27b3b None None] Subscribe: > router precommit_create 55550000, False {{(pid=102512) subscribe /opt/stack/data/venv/lib/python3.12/site-packages/neutron_lib/callbacks/manager.py:52}}
Apr 02 05:50:53.043658 np0000162742 devstack@neutron-api.service[102514]: DEBUG neutron.api.extensions [None req-f2478b25-103c-407d-b13c-dbe9956c889f None None] Ext name="Router Availability Zone" alias="router_availability_zone" description="Availability zone support for router." updated="2015-01-01T10:00:00-00:00" {{(pid=102514) _check_extension /opt/stack/neutron/neutron/api/extensions.py:415}}
Apr 02 05:50:53.043714 np0000162742 devstack@neutron-api.service[102512]: DEBUG neutron_lib.callbacks.manager [None req-968c3bab-9f66-4a2f-8323-a93201b27b3b None None] Subscribe: > router precommit_create 55550000, False {{(pid=102512) subscribe /opt/stack/data/venv/lib/python3.12/site-packages/neutron_lib/callbacks/manager.py:52}}
Apr 02 05:50:53.043825 np0000162742 devstack@neutron-api.service[102514]: INFO neutron.api.extensions [None req-f2478b25-103c-407d-b13c-dbe9956c889f None None] Loaded extension: router_availability_zone
Apr 02 05:50:53.043877 np0000162742 devstack@neutron-api.service[102512]: DEBUG neutron_lib.callbacks.manager [None req-968c3bab-9f66-4a2f-8323-a93201b27b3b None None] Subscribe: > router precommit_update 55550000, False {{(pid=102512) subscribe /opt/stack/data/venv/lib/python3.12/site-packages/neutron_lib/callbacks/manager.py:52}}
Apr 02 05:50:53.043918 np0000162742 devstack@neutron-api.service[102514]: DEBUG neutron.api.extensions [None req-f2478b25-103c-407d-b13c-dbe9956c889f None None] Loading extension file: router_enable_snat.py {{(pid=102514) _load_all_extensions_from_path /opt/stack/neutron/neutron/api/extensions.py:449}}
Apr 02 05:50:53.043959 np0000162742 devstack@neutron-api.service[102512]: DEBUG neutron_lib.callbacks.manager [None req-968c3bab-9f66-4a2f-8323-a93201b27b3b None None] Subscribe: subnet after_update 55550000, False {{(pid=102512) subscribe /opt/stack/data/venv/lib/python3.12/site-packages/neutron_lib/callbacks/manager.py:52}}
Apr 02 05:50:53.044089 np0000162742 devstack@neutron-api.service[102515]: DEBUG neutron.api.extensions [None req-610bfe90-b5fa-491e-a985-e49bdaf7a1dc None None] Ext name="Allowed Address Pairs" alias="allowed-address-pairs" description="Provides allowed address pairs" updated="2013-07-23T10:00:00-00:00" {{(pid=102515) _check_extension /opt/stack/neutron/neutron/api/extensions.py:415}}
Apr 02 05:50:53.044140 np0000162742 devstack@neutron-api.service[102514]: DEBUG neutron.api.extensions [None req-f2478b25-103c-407d-b13c-dbe9956c889f None None] Ext name="Exposes the router "enable_snat" read-only configuration flag" alias="router-enable-snat" description="Exposes the router "enable_snat" read-only configuration flag" updated="2025-09-18T18:00:00-00:00" {{(pid=102514) _check_extension /opt/stack/neutron/neutron/api/extensions.py:415}}
Apr 02 05:50:53.044269 np0000162742 devstack@neutron-api.service[102515]: INFO neutron.api.extensions [None req-610bfe90-b5fa-491e-a985-e49bdaf7a1dc None None] Loaded extension: allowed-address-pairs
Apr 02 05:50:53.044309 np0000162742 devstack@neutron-api.service[102514]: INFO neutron.api.extensions [None req-f2478b25-103c-407d-b13c-dbe9956c889f None None] Loaded extension: router-enable-snat
Apr 02 05:50:53.044356 np0000162742 devstack@neutron-api.service[102515]: DEBUG neutron.api.extensions [None req-610bfe90-b5fa-491e-a985-e49bdaf7a1dc None None] Loading extension file: auto_allocated_topology.py {{(pid=102515) _load_all_extensions_from_path /opt/stack/neutron/neutron/api/extensions.py:449}}
Apr 02 05:50:53.044398 np0000162742 devstack@neutron-api.service[102514]: DEBUG neutron.api.extensions [None req-f2478b25-103c-407d-b13c-dbe9956c889f None None] Loading extension file: routerservicetype.py {{(pid=102514) _load_all_extensions_from_path /opt/stack/neutron/neutron/api/extensions.py:449}}
Apr 02 05:50:53.044594 np0000162742 devstack@neutron-api.service[102515]: DEBUG neutron.api.extensions [None req-610bfe90-b5fa-491e-a985-e49bdaf7a1dc None None] Ext name="Auto Allocated Topology Services" alias="auto-allocated-topology" description="Auto Allocated Topology Services." updated="2016-01-01T00:00:00-00:00" {{(pid=102515) _check_extension /opt/stack/neutron/neutron/api/extensions.py:415}}
Apr 02 05:50:53.044637 np0000162742 devstack@neutron-api.service[102512]: DEBUG neutron.quota.resource_registry [None req-968c3bab-9f66-4a2f-8323-a93201b27b3b None None] Tracking information for resource: router configured {{(pid=102512) set_tracked_resource /opt/stack/neutron/neutron/quota/resource_registry.py:203}}
Apr 02 05:50:53.044687 np0000162742 devstack@neutron-api.service[102514]: DEBUG neutron.api.extensions [None req-f2478b25-103c-407d-b13c-dbe9956c889f None None] Ext name="Router Service Type" alias="router-service-type" description="Provides router service type" updated="2013-01-29T00:00:00-00:00" {{(pid=102514) _check_extension /opt/stack/neutron/neutron/api/extensions.py:415}}
Apr 02 05:50:53.044739 np0000162742 devstack@neutron-api.service[102512]: DEBUG neutron.quota.resource_registry [None req-968c3bab-9f66-4a2f-8323-a93201b27b3b None None] Tracking information for resource: floatingip configured {{(pid=102512) set_tracked_resource /opt/stack/neutron/neutron/quota/resource_registry.py:203}}
Apr 02 05:50:53.044782 np0000162742 devstack@neutron-api.service[102515]: INFO neutron.api.extensions [None req-610bfe90-b5fa-491e-a985-e49bdaf7a1dc None None] Loaded extension: auto-allocated-topology
Apr 02 05:50:53.044825 np0000162742 devstack@neutron-api.service[102512]: INFO neutron.services.ovn_l3.plugin [None req-968c3bab-9f66-4a2f-8323-a93201b27b3b None None] Starting OVNL3RouterPlugin
Apr 02 05:50:53.044864 np0000162742 devstack@neutron-api.service[102514]: INFO neutron.api.extensions [None req-f2478b25-103c-407d-b13c-dbe9956c889f None None] Extension router-service-type not supported by any of loaded plugins
Apr 02 05:50:53.044901 np0000162742 devstack@neutron-api.service[102515]: DEBUG neutron.api.extensions [None req-610bfe90-b5fa-491e-a985-e49bdaf7a1dc None None] Loading extension file: availability_zone.py {{(pid=102515) _load_all_extensions_from_path /opt/stack/neutron/neutron/api/extensions.py:449}}
Apr 02 05:50:53.044941 np0000162742 devstack@neutron-api.service[102514]: DEBUG neutron.api.extensions [None req-f2478b25-103c-407d-b13c-dbe9956c889f None None] Loading extension file: security_groups_default_rules.py {{(pid=102514) _load_all_extensions_from_path /opt/stack/neutron/neutron/api/extensions.py:449}}
Apr 02 05:50:53.045023 np0000162742 devstack@neutron-api.service[102512]: DEBUG neutron_lib.callbacks.manager [None req-968c3bab-9f66-4a2f-8323-a93201b27b3b None None] Subscribe: > port_forwarding_plugin after_init 55550000, False {{(pid=102512) subscribe /opt/stack/data/venv/lib/python3.12/site-packages/neutron_lib/callbacks/manager.py:52}}
Apr 02 05:50:53.045139 np0000162742 devstack@neutron-api.service[102515]: DEBUG neutron.api.extensions [None req-610bfe90-b5fa-491e-a985-e49bdaf7a1dc None None] Ext name="Availability Zone" alias="availability_zone" description="The availability zone extension." updated="2015-01-01T10:00:00-00:00" {{(pid=102515) _check_extension /opt/stack/neutron/neutron/api/extensions.py:415}}
Apr 02 05:50:53.045221 np0000162742 devstack@neutron-api.service[102512]: DEBUG neutron_lib.callbacks.manager [None req-968c3bab-9f66-4a2f-8323-a93201b27b3b None None] Subscribe: > router before_create 55550100, False {{(pid=102512) subscribe /opt/stack/data/venv/lib/python3.12/site-packages/neutron_lib/callbacks/manager.py:52}}
Apr 02 05:50:53.045310 np0000162742 devstack@neutron-api.service[102515]: INFO neutron.api.extensions [None req-610bfe90-b5fa-491e-a985-e49bdaf7a1dc None None] Loaded extension: availability_zone
Apr 02 05:50:53.045351 np0000162742 devstack@neutron-api.service[102512]: DEBUG neutron_lib.callbacks.manager [None req-968c3bab-9f66-4a2f-8323-a93201b27b3b None None] Subscribe: > router precommit_delete 55550100, False {{(pid=102512) subscribe /opt/stack/data/venv/lib/python3.12/site-packages/neutron_lib/callbacks/manager.py:52}}
Apr 02 05:50:53.045397 np0000162742 devstack@neutron-api.service[102514]: DEBUG neutron.api.extensions [None req-f2478b25-103c-407d-b13c-dbe9956c889f None None] Ext name="Default rules for security groups" alias="security-groups-default-rules" description="Configure set of security group rules used as default rules for every new security group" updated="2022-12-19T10:00:00-00:00" {{(pid=102514) _check_extension /opt/stack/neutron/neutron/api/extensions.py:415}}
Apr 02 05:50:53.045437 np0000162742 devstack@neutron-api.service[102515]: DEBUG neutron.api.extensions [None req-610bfe90-b5fa-491e-a985-e49bdaf7a1dc None None] Loading extension file: availability_zone_filter.py {{(pid=102515) _load_all_extensions_from_path /opt/stack/neutron/neutron/api/extensions.py:449}}
Apr 02 05:50:53.045474 np0000162742 devstack@neutron-api.service[102512]: DEBUG neutron_lib.callbacks.manager [None req-968c3bab-9f66-4a2f-8323-a93201b27b3b None None] Subscribe: > router precommit_create 55550100, False {{(pid=102512) subscribe /opt/stack/data/venv/lib/python3.12/site-packages/neutron_lib/callbacks/manager.py:52}}
Apr 02 05:50:53.045515 np0000162742 devstack@neutron-api.service[102514]: INFO neutron.api.extensions [None req-f2478b25-103c-407d-b13c-dbe9956c889f None None] Loaded extension: security-groups-default-rules
Apr 02 05:50:53.045564 np0000162742 devstack@neutron-api.service[102512]: DEBUG neutron_lib.callbacks.manager [None req-968c3bab-9f66-4a2f-8323-a93201b27b3b None None] Subscribe: > router precommit_update 55550100, False {{(pid=102512) subscribe /opt/stack/data/venv/lib/python3.12/site-packages/neutron_lib/callbacks/manager.py:52}}
Apr 02 05:50:53.045606 np0000162742 devstack@neutron-api.service[102514]: DEBUG neutron.api.extensions [None req-f2478b25-103c-407d-b13c-dbe9956c889f None None] Loading extension file: security_groups_normalized_cidr.py {{(pid=102514) _load_all_extensions_from_path /opt/stack/neutron/neutron/api/extensions.py:449}}
Apr 02 05:50:53.045684 np0000162742 devstack@neutron-api.service[102515]: DEBUG neutron.api.extensions [None req-610bfe90-b5fa-491e-a985-e49bdaf7a1dc None None] Ext name="Availability Zone Filter Extension" alias="availability_zone_filter" description="Add filter parameters to AvailabilityZone resource" updated="2018-06-22T10:00:00-00:00" {{(pid=102515) _check_extension /opt/stack/neutron/neutron/api/extensions.py:415}}
Apr 02 05:50:53.045825 np0000162742 devstack@neutron-api.service[102515]: INFO neutron.api.extensions [None req-610bfe90-b5fa-491e-a985-e49bdaf7a1dc None None] Extension availability_zone_filter not supported by any of loaded plugins
Apr 02 05:50:53.045866 np0000162742 devstack@neutron-api.service[102514]: DEBUG neutron.api.extensions [None req-f2478b25-103c-407d-b13c-dbe9956c889f None None] Ext name="Normalized CIDR field for security group rules" alias="security-groups-normalized-cidr" description="Add new field with normalized remote_ip_prefix cidr in SG rule" updated="2020-07-28T10:00:00-00:00" {{(pid=102514) _check_extension /opt/stack/neutron/neutron/api/extensions.py:415}}
Apr 02 05:50:53.045901 np0000162742 devstack@neutron-api.service[102515]: DEBUG neutron.api.extensions [None req-610bfe90-b5fa-491e-a985-e49bdaf7a1dc None None] Loading extension file: data_plane_status.py {{(pid=102515) _load_all_extensions_from_path /opt/stack/neutron/neutron/api/extensions.py:449}}
Apr 02 05:50:53.046024 np0000162742 devstack@neutron-api.service[102514]: INFO neutron.api.extensions [None req-f2478b25-103c-407d-b13c-dbe9956c889f None None] Loaded extension: security-groups-normalized-cidr
Apr 02 05:50:53.046113 np0000162742 devstack@neutron-api.service[102514]: DEBUG neutron.api.extensions [None req-f2478b25-103c-407d-b13c-dbe9956c889f None None] Loading extension file: security_groups_port_filtering.py {{(pid=102514) _load_all_extensions_from_path /opt/stack/neutron/neutron/api/extensions.py:449}}
Apr 02 05:50:53.046163 np0000162742 devstack@neutron-api.service[102515]: DEBUG neutron.api.extensions [None req-610bfe90-b5fa-491e-a985-e49bdaf7a1dc None None] Ext name="Port data plane status extension" alias="data-plane-status" description="Expose status of underlying data plane" updated="2017-01-24T10:00:00-00:00" {{(pid=102515) _check_extension /opt/stack/neutron/neutron/api/extensions.py:415}}
Apr 02 05:50:53.046292 np0000162742 devstack@neutron-api.service[102515]: INFO neutron.api.extensions [None req-610bfe90-b5fa-491e-a985-e49bdaf7a1dc None None] Extension data-plane-status not supported by any of loaded plugins
Apr 02 05:50:53.046334 np0000162742 devstack@neutron-api.service[102514]: DEBUG neutron.api.extensions [None req-f2478b25-103c-407d-b13c-dbe9956c889f None None] Ext name="Port filtering on security groups" alias="port-security-groups-filtering" description="Provides security groups filtering when listing ports" updated="2018-01-09T09:00:00-00:00" {{(pid=102514) _check_extension /opt/stack/neutron/neutron/api/extensions.py:415}}
Apr 02 05:50:53.046373 np0000162742 devstack@neutron-api.service[102515]: DEBUG neutron.api.extensions [None req-610bfe90-b5fa-491e-a985-e49bdaf7a1dc None None] Loading extension file: default_subnetpools.py {{(pid=102515) _load_all_extensions_from_path /opt/stack/neutron/neutron/api/extensions.py:449}}
Apr 02 05:50:53.046499 np0000162742 devstack@neutron-api.service[102514]: INFO neutron.api.extensions [None req-f2478b25-103c-407d-b13c-dbe9956c889f None None] Extension port-security-groups-filtering not supported by any of loaded plugins
Apr 02 05:50:53.046588 np0000162742 devstack@neutron-api.service[102514]: DEBUG neutron.api.extensions [None req-f2478b25-103c-407d-b13c-dbe9956c889f None None] Loading extension file: security_groups_remote_address_group.py {{(pid=102514) _load_all_extensions_from_path /opt/stack/neutron/neutron/api/extensions.py:449}}
Apr 02 05:50:53.046630 np0000162742 devstack@neutron-api.service[102515]: DEBUG neutron.api.extensions [None req-610bfe90-b5fa-491e-a985-e49bdaf7a1dc None None] Ext name="Default Subnetpools" alias="default-subnetpools" description="Provides ability to mark and use a subnetpool as the default." updated="2016-02-18T18:00:00-00:00" {{(pid=102515) _check_extension /opt/stack/neutron/neutron/api/extensions.py:415}}
Apr 02 05:50:53.046788 np0000162742 devstack@neutron-api.service[102515]: INFO neutron.api.extensions [None req-610bfe90-b5fa-491e-a985-e49bdaf7a1dc None None] Loaded extension: default-subnetpools
Apr 02 05:50:53.046843 np0000162742 devstack@neutron-api.service[102514]: DEBUG neutron.api.extensions [None req-f2478b25-103c-407d-b13c-dbe9956c889f None None] Ext name="Remote address group id field for security group rules" alias="security-groups-remote-address-group" description="Add new field of remote address group id in SG rules" updated="2020-08-25T10:00:00-00:00" {{(pid=102514) _check_extension /opt/stack/neutron/neutron/api/extensions.py:415}}
Apr 02 05:50:53.046886 np0000162742 devstack@neutron-api.service[102515]: DEBUG neutron.api.extensions [None req-610bfe90-b5fa-491e-a985-e49bdaf7a1dc None None] Loading extension file: dhcpagentscheduler.py {{(pid=102515) _load_all_extensions_from_path /opt/stack/neutron/neutron/api/extensions.py:449}}
Apr 02 05:50:53.046993 np0000162742 devstack@neutron-api.service[102514]: INFO neutron.api.extensions [None req-f2478b25-103c-407d-b13c-dbe9956c889f None None] Loaded extension: security-groups-remote-address-group
Apr 02 05:50:53.047082 np0000162742 devstack@neutron-api.service[102514]: DEBUG neutron.api.extensions [None req-f2478b25-103c-407d-b13c-dbe9956c889f None None] Loading extension file: security_groups_rules_belongs_to_default_sg.py {{(pid=102514) _load_all_extensions_from_path /opt/stack/neutron/neutron/api/extensions.py:449}}
Apr 02 05:50:53.047222 np0000162742 devstack@neutron-api.service[102515]: DEBUG neutron.api.extensions [None req-610bfe90-b5fa-491e-a985-e49bdaf7a1dc None None] Ext name="DHCP Agent Scheduler" alias="dhcp_agent_scheduler" description="Schedule networks among dhcp agents" updated="2013-02-07T10:00:00-00:00" {{(pid=102515) _check_extension /opt/stack/neutron/neutron/api/extensions.py:415}}
Apr 02 05:50:53.047302 np0000162742 devstack@neutron-api.service[102514]: DEBUG neutron.api.extensions [None req-f2478b25-103c-407d-b13c-dbe9956c889f None None] Ext name="Security group rule belongs to the project's default security group" alias="security-groups-rules-belongs-to-default-sg" description="Flag to determine if the security group rule belongs to the project's default security group" updated="2023-05-23T10:00:00-00:00" {{(pid=102514) _check_extension /opt/stack/neutron/neutron/api/extensions.py:415}}
Apr 02 05:50:53.047394 np0000162742 devstack@neutron-api.service[102515]: INFO neutron.api.extensions [None req-610bfe90-b5fa-491e-a985-e49bdaf7a1dc None None] Loaded extension: dhcp_agent_scheduler
Apr 02 05:50:53.047470 np0000162742 devstack@neutron-api.service[102514]: INFO neutron.api.extensions [None req-f2478b25-103c-407d-b13c-dbe9956c889f None None] Loaded extension: security-groups-rules-belongs-to-default-sg
Apr 02 05:50:53.047517 np0000162742 devstack@neutron-api.service[102515]: DEBUG neutron.api.extensions [None req-610bfe90-b5fa-491e-a985-e49bdaf7a1dc None None] Loading extension file: dns.py {{(pid=102515) _load_all_extensions_from_path /opt/stack/neutron/neutron/api/extensions.py:449}}
Apr 02 05:50:53.047556 np0000162742 devstack@neutron-api.service[102514]: DEBUG neutron.api.extensions [None req-f2478b25-103c-407d-b13c-dbe9956c889f None None] Loading extension file: security_groups_shared_filtering.py {{(pid=102514) _load_all_extensions_from_path /opt/stack/neutron/neutron/api/extensions.py:449}}
Apr 02 05:50:53.047725 np0000162742 devstack@neutron-api.service[102515]: DEBUG neutron.api.extensions [None req-610bfe90-b5fa-491e-a985-e49bdaf7a1dc None None] Ext name="DNS Integration" alias="dns-integration" description="Provides integration with DNS." updated="2015-08-15T18:00:00-00:00" {{(pid=102515) _check_extension /opt/stack/neutron/neutron/api/extensions.py:415}}
Apr 02 05:50:53.047794 np0000162742 devstack@neutron-api.service[102514]: DEBUG neutron.api.extensions [None req-f2478b25-103c-407d-b13c-dbe9956c889f None None] Ext name="Security group filtering on the shared field" alias="security-groups-shared-filtering" description="Support filtering security groups on the shared field" updated="2021-10-05T09:00:00-00:00" {{(pid=102514) _check_extension /opt/stack/neutron/neutron/api/extensions.py:415}}
Apr 02 05:50:53.047892 np0000162742 devstack@neutron-api.service[102515]: INFO neutron.api.extensions [None req-610bfe90-b5fa-491e-a985-e49bdaf7a1dc None None] Loaded extension: dns-integration
Apr 02 05:50:53.047959 np0000162742 devstack@neutron-api.service[102514]: INFO neutron.api.extensions [None req-f2478b25-103c-407d-b13c-dbe9956c889f None None] Loaded extension: security-groups-shared-filtering
Apr 02 05:50:53.048000 np0000162742 devstack@neutron-api.service[102515]: DEBUG neutron.api.extensions [None req-610bfe90-b5fa-491e-a985-e49bdaf7a1dc None None] Loading extension file: dns_domain_ports.py {{(pid=102515) _load_all_extensions_from_path /opt/stack/neutron/neutron/api/extensions.py:449}}
Apr 02 05:50:53.048036 np0000162742 devstack@neutron-api.service[102514]: DEBUG neutron.api.extensions [None req-f2478b25-103c-407d-b13c-dbe9956c889f None None] Loading extension file: securitygroup.py {{(pid=102514) _load_all_extensions_from_path /opt/stack/neutron/neutron/api/extensions.py:449}}
Apr 02 05:50:53.048200 np0000162742 devstack@neutron-api.service[102515]: DEBUG neutron.api.extensions [None req-610bfe90-b5fa-491e-a985-e49bdaf7a1dc None None] Ext name="dns_domain for ports" alias="dns-domain-ports" description="Allows the DNS domain to be specified for a network port." updated="2017-04-24T10:00:00-00:00" {{(pid=102515) _check_extension /opt/stack/neutron/neutron/api/extensions.py:415}}
Apr 02 05:50:53.048365 np0000162742 devstack@neutron-api.service[102515]: INFO neutron.api.extensions [None req-610bfe90-b5fa-491e-a985-e49bdaf7a1dc None None] Loaded extension: dns-domain-ports
Apr 02 05:50:53.048451 np0000162742 devstack@neutron-api.service[102515]: DEBUG neutron.api.extensions [None req-610bfe90-b5fa-491e-a985-e49bdaf7a1dc None None] Loading extension file: dns_integration_domain_keywords.py {{(pid=102515) _load_all_extensions_from_path /opt/stack/neutron/neutron/api/extensions.py:449}}
Apr 02 05:50:53.048700 np0000162742 devstack@neutron-api.service[102515]: DEBUG neutron.api.extensions [None req-610bfe90-b5fa-491e-a985-e49bdaf7a1dc None None] Ext name="DNS domain names with keywords allowed" alias="dns-integration-domain-keywords" description="Allows to use keywords like , , and as DNS domain name" updated="2020-06-15T18:00:00-00:00" {{(pid=102515) _check_extension /opt/stack/neutron/neutron/api/extensions.py:415}}
Apr 02 05:50:53.048860 np0000162742 devstack@neutron-api.service[102515]: INFO neutron.api.extensions [None req-610bfe90-b5fa-491e-a985-e49bdaf7a1dc None None] Loaded extension: dns-integration-domain-keywords
Apr 02 05:50:53.048950 np0000162742 devstack@neutron-api.service[102515]: DEBUG neutron.api.extensions [None req-610bfe90-b5fa-491e-a985-e49bdaf7a1dc None None] Loading extension file: dvr.py {{(pid=102515) _load_all_extensions_from_path /opt/stack/neutron/neutron/api/extensions.py:449}}
Apr 02 05:50:53.048988 np0000162742 devstack@neutron-api.service[102512]: DEBUG neutron.services.provider_configuration [None req-968c3bab-9f66-4a2f-8323-a93201b27b3b None None] Service providers = [] {{(pid=102512) parse_service_provider_opt /opt/stack/neutron/neutron/services/provider_configuration.py:170}}
Apr 02 05:50:53.049069 np0000162742 devstack@neutron-api.service[102512]: DEBUG neutron.db.servicetype_db [None req-968c3bab-9f66-4a2f-8323-a93201b27b3b None None] Adding provider configuration for service L3_ROUTER_NAT {{(pid=102512) add_provider_configuration /opt/stack/neutron/neutron/db/servicetype_db.py:42}}
Apr 02 05:50:53.049202 np0000162742 devstack@neutron-api.service[102515]: DEBUG neutron.api.extensions [None req-610bfe90-b5fa-491e-a985-e49bdaf7a1dc None None] Ext name="Distributed Virtual Router" alias="dvr" description="Enables configuration of Distributed Virtual Routers." updated="2014-06-1T10:00:00-00:00" {{(pid=102515) _check_extension /opt/stack/neutron/neutron/api/extensions.py:415}}
Apr 02 05:50:53.049371 np0000162742 devstack@neutron-api.service[102515]: INFO neutron.api.extensions [None req-610bfe90-b5fa-491e-a985-e49bdaf7a1dc None None] Extension dvr not supported by any of loaded plugins
Apr 02 05:50:53.049458 np0000162742 devstack@neutron-api.service[102515]: DEBUG neutron.api.extensions [None req-610bfe90-b5fa-491e-a985-e49bdaf7a1dc None None] Loading extension file: ecmp_routes.py {{(pid=102515) _load_all_extensions_from_path /opt/stack/neutron/neutron/api/extensions.py:449}}
Apr 02 05:50:53.049723 np0000162742 devstack@neutron-api.service[102515]: DEBUG neutron.api.extensions [None req-610bfe90-b5fa-491e-a985-e49bdaf7a1dc None None] Ext name="Equal Cost Multipath Routing" alias="ecmp_routes" description="Allows traffic to reach thesame destination via multiple different links " updated="2020-11-26T18:00:00-00:00" {{(pid=102515) _check_extension /opt/stack/neutron/neutron/api/extensions.py:415}}
Apr 02 05:50:53.049764 np0000162742 devstack@neutron-api.service[102514]: DEBUG neutron.api.extensions [None req-f2478b25-103c-407d-b13c-dbe9956c889f None None] Ext name="security-group" alias="security-group" description="The security groups extension." updated="2012-10-05T10:00:00-00:00" {{(pid=102514) _check_extension /opt/stack/neutron/neutron/api/extensions.py:415}}
Apr 02 05:50:53.049890 np0000162742 devstack@neutron-api.service[102515]: INFO neutron.api.extensions [None req-610bfe90-b5fa-491e-a985-e49bdaf7a1dc None None] Extension ecmp_routes not supported by any of loaded plugins
Apr 02 05:50:53.049930 np0000162742 devstack@neutron-api.service[102514]: INFO neutron.api.extensions [None req-f2478b25-103c-407d-b13c-dbe9956c889f None None] Loaded extension: security-group
Apr 02 05:50:53.049979 np0000162742 devstack@neutron-api.service[102515]: DEBUG neutron.api.extensions [None req-610bfe90-b5fa-491e-a985-e49bdaf7a1dc None None] Loading extension file: empty_string_filtering.py {{(pid=102515) _load_all_extensions_from_path /opt/stack/neutron/neutron/api/extensions.py:449}}
Apr 02 05:50:53.050024 np0000162742 devstack@neutron-api.service[102514]: DEBUG neutron.api.extensions [None req-f2478b25-103c-407d-b13c-dbe9956c889f None None] Loading extension file: segment.py {{(pid=102514) _load_all_extensions_from_path /opt/stack/neutron/neutron/api/extensions.py:449}}
Apr 02 05:50:53.050201 np0000162742 devstack@neutron-api.service[102515]: DEBUG neutron.api.extensions [None req-610bfe90-b5fa-491e-a985-e49bdaf7a1dc None None] Ext name="Empty String Filtering Extension" alias="empty-string-filtering" description="Allow filtering by attributes with empty string value" updated="2018-05-01T10:00:00-00:00" {{(pid=102515) _check_extension /opt/stack/neutron/neutron/api/extensions.py:415}}
Apr 02 05:50:53.050313 np0000162742 devstack@neutron-api.service[102514]: DEBUG neutron.api.extensions [None req-f2478b25-103c-407d-b13c-dbe9956c889f None None] Ext name="Segment" alias="segment" description="Segments extension." updated="2016-02-24T17:00:00-00:00" {{(pid=102514) _check_extension /opt/stack/neutron/neutron/api/extensions.py:415}}
Apr 02 05:50:53.050360 np0000162742 devstack@neutron-api.service[102512]: DEBUG neutron_lib.callbacks.manager [None req-968c3bab-9f66-4a2f-8323-a93201b27b3b None None] Subscribe: > router precommit_create 55549900, False {{(pid=102512) subscribe /opt/stack/data/venv/lib/python3.12/site-packages/neutron_lib/callbacks/manager.py:52}}
Apr 02 05:50:53.050393 np0000162742 devstack@neutron-api.service[102515]: INFO neutron.api.extensions [None req-610bfe90-b5fa-491e-a985-e49bdaf7a1dc None None] Loaded extension: empty-string-filtering
Apr 02 05:50:53.050433 np0000162742 devstack@neutron-api.service[102512]: DEBUG neutron_lib.callbacks.manager [None req-968c3bab-9f66-4a2f-8323-a93201b27b3b None None] Subscribe: > router_interface after_create 55550000, False {{(pid=102512) subscribe /opt/stack/data/venv/lib/python3.12/site-packages/neutron_lib/callbacks/manager.py:52}}
Apr 02 05:50:53.050472 np0000162742 devstack@neutron-api.service[102515]: DEBUG neutron.api.extensions [None req-610bfe90-b5fa-491e-a985-e49bdaf7a1dc None None] Loading extension file: expose_l3_conntrack_helper.py {{(pid=102515) _load_all_extensions_from_path /opt/stack/neutron/neutron/api/extensions.py:449}}
Apr 02 05:50:53.050516 np0000162742 devstack@neutron-api.service[102514]: INFO neutron.api.extensions [None req-f2478b25-103c-407d-b13c-dbe9956c889f None None] Extension segment not supported by any of loaded plugins
Apr 02 05:50:53.050558 np0000162742 devstack@neutron-api.service[102512]: DEBUG neutron_lib.callbacks.manager [None req-968c3bab-9f66-4a2f-8323-a93201b27b3b None None] Subscribe: > floatingip after_create 55550000, False {{(pid=102512) subscribe /opt/stack/data/venv/lib/python3.12/site-packages/neutron_lib/callbacks/manager.py:52}}
Apr 02 05:50:53.050604 np0000162742 devstack@neutron-api.service[102514]: DEBUG neutron.api.extensions [None req-f2478b25-103c-407d-b13c-dbe9956c889f None None] Loading extension file: segments_peer_subnet_host_routes.py {{(pid=102514) _load_all_extensions_from_path /opt/stack/neutron/neutron/api/extensions.py:449}}
Apr 02 05:50:53.050649 np0000162742 devstack@neutron-api.service[102512]: DEBUG neutron_lib.callbacks.manager [None req-968c3bab-9f66-4a2f-8323-a93201b27b3b None None] Subscribe: > floatingip precommit_create 55550000, False {{(pid=102512) subscribe /opt/stack/data/venv/lib/python3.12/site-packages/neutron_lib/callbacks/manager.py:52}}
Apr 02 05:50:53.050705 np0000162742 devstack@neutron-api.service[102515]: DEBUG neutron.api.extensions [None req-610bfe90-b5fa-491e-a985-e49bdaf7a1dc None None] Ext name="Expose CT target rules for conntrack helper" alias="expose-l3-conntrack-helper" description="Expose allow adding CT target rules for conntrack helper" updated="2019-04-04T10:00:00-00:00" {{(pid=102515) _check_extension /opt/stack/neutron/neutron/api/extensions.py:415}}
Apr 02 05:50:53.050783 np0000162742 devstack@neutron-api.service[102512]: DEBUG neutron_lib.callbacks.manager [None req-968c3bab-9f66-4a2f-8323-a93201b27b3b None None] Subscribe: > floatingip precommit_update 55550000, False {{(pid=102512) subscribe /opt/stack/data/venv/lib/python3.12/site-packages/neutron_lib/callbacks/manager.py:52}}
Apr 02 05:50:53.050828 np0000162742 devstack@neutron-api.service[102514]: DEBUG neutron.api.extensions [None req-f2478b25-103c-407d-b13c-dbe9956c889f None None] Ext name="Segments peer-subnet host routes" alias="segments-peer-subnet-host-routes" description="Add host routes to subnets on a routed network (segments)" updated="2018-06-12T10:00:00-00:00" {{(pid=102514) _check_extension /opt/stack/neutron/neutron/api/extensions.py:415}}
Apr 02 05:50:53.050877 np0000162742 devstack@neutron-api.service[102515]: INFO neutron.api.extensions [None req-610bfe90-b5fa-491e-a985-e49bdaf7a1dc None None] Extension expose-l3-conntrack-helper not supported by any of loaded plugins
Apr 02 05:50:53.050918 np0000162742 devstack@neutron-api.service[102512]: DEBUG neutron_lib.callbacks.manager [None req-968c3bab-9f66-4a2f-8323-a93201b27b3b None None] Subscribe: > floatingip after_delete 55550000, False {{(pid=102512) subscribe /opt/stack/data/venv/lib/python3.12/site-packages/neutron_lib/callbacks/manager.py:52}}
Apr 02 05:50:53.050958 np0000162742 devstack@neutron-api.service[102515]: DEBUG neutron.api.extensions [None req-610bfe90-b5fa-491e-a985-e49bdaf7a1dc None None] Loading extension file: expose_port_forwarding_in_fip.py {{(pid=102515) _load_all_extensions_from_path /opt/stack/neutron/neutron/api/extensions.py:449}}
Apr 02 05:50:53.050996 np0000162742 devstack@neutron-api.service[102514]: INFO neutron.api.extensions [None req-f2478b25-103c-407d-b13c-dbe9956c889f None None] Extension segments-peer-subnet-host-routes not supported by any of loaded plugins
Apr 02 05:50:53.051034 np0000162742 devstack@neutron-api.service[102512]: DEBUG neutron_lib.callbacks.manager [None req-968c3bab-9f66-4a2f-8323-a93201b27b3b None None] Subscribe: > floatingip after_status_update 55550000, False {{(pid=102512) subscribe /opt/stack/data/venv/lib/python3.12/site-packages/neutron_lib/callbacks/manager.py:52}}
Apr 02 05:50:53.051081 np0000162742 devstack@neutron-api.service[102514]: DEBUG neutron.api.extensions [None req-f2478b25-103c-407d-b13c-dbe9956c889f None None] Loading extension file: servicetype.py {{(pid=102514) _load_all_extensions_from_path /opt/stack/neutron/neutron/api/extensions.py:449}}
Apr 02 05:50:53.051120 np0000162742 devstack@neutron-api.service[102512]: DEBUG neutron_lib.callbacks.manager [None req-968c3bab-9f66-4a2f-8323-a93201b27b3b None None] Subscribe: > floatingip after_update 55550000, False {{(pid=102512) subscribe /opt/stack/data/venv/lib/python3.12/site-packages/neutron_lib/callbacks/manager.py:52}}
Apr 02 05:50:53.051242 np0000162742 devstack@neutron-api.service[102515]: DEBUG neutron.api.extensions [None req-610bfe90-b5fa-491e-a985-e49bdaf7a1dc None None] Ext name="Expose Floating IP port forwardings" alias="expose-port-forwarding-in-fip" description="Expose port forwarding fields in floating IP response" updated="2018-06-28T16:00:00-00:00" {{(pid=102515) _check_extension /opt/stack/neutron/neutron/api/extensions.py:415}}
Apr 02 05:50:53.051284 np0000162742 devstack@neutron-api.service[102512]: DEBUG neutron_lib.callbacks.manager [None req-968c3bab-9f66-4a2f-8323-a93201b27b3b None None] Subscribe: > port_forwarding after_create 55550000, False {{(pid=102512) subscribe /opt/stack/data/venv/lib/python3.12/site-packages/neutron_lib/callbacks/manager.py:52}}
Apr 02 05:50:53.051284 np0000162742 devstack@neutron-api.service[102512]: DEBUG neutron_lib.callbacks.manager [None req-968c3bab-9f66-4a2f-8323-a93201b27b3b None None] Subscribe: > router_interface after_delete 55550000, False {{(pid=102512) subscribe /opt/stack/data/venv/lib/python3.12/site-packages/neutron_lib/callbacks/manager.py:52}}
Apr 02 05:50:53.051360 np0000162742 devstack@neutron-api.service[102514]: DEBUG neutron.api.extensions [None req-f2478b25-103c-407d-b13c-dbe9956c889f None None] Ext name="Neutron Service Type Management" alias="service-type" description="API for retrieving service providers for Neutron advanced services" updated="2013-01-20T00:00:00-00:00" {{(pid=102514) _check_extension /opt/stack/neutron/neutron/api/extensions.py:415}}
Apr 02 05:50:53.051403 np0000162742 devstack@neutron-api.service[102515]: INFO neutron.api.extensions [None req-610bfe90-b5fa-491e-a985-e49bdaf7a1dc None None] Extension expose-port-forwarding-in-fip not supported by any of loaded plugins
Apr 02 05:50:53.051454 np0000162742 devstack@neutron-api.service[102512]: DEBUG neutron_lib.callbacks.manager [None req-968c3bab-9f66-4a2f-8323-a93201b27b3b None None] Subscribe: > router after_create 55550000, False {{(pid=102512) subscribe /opt/stack/data/venv/lib/python3.12/site-packages/neutron_lib/callbacks/manager.py:52}}
Apr 02 05:50:53.051502 np0000162742 devstack@neutron-api.service[102515]: DEBUG neutron.api.extensions [None req-610bfe90-b5fa-491e-a985-e49bdaf7a1dc None None] Loading extension file: external_net.py {{(pid=102515) _load_all_extensions_from_path /opt/stack/neutron/neutron/api/extensions.py:449}}
Apr 02 05:50:53.051547 np0000162742 devstack@neutron-api.service[102514]: INFO neutron.api.extensions [None req-f2478b25-103c-407d-b13c-dbe9956c889f None None] Loaded extension: service-type
Apr 02 05:50:53.051590 np0000162742 devstack@neutron-api.service[102512]: DEBUG neutron_lib.callbacks.manager [None req-968c3bab-9f66-4a2f-8323-a93201b27b3b None None] Subscribe: > router precommit_create 55550000, False {{(pid=102512) subscribe /opt/stack/data/venv/lib/python3.12/site-packages/neutron_lib/callbacks/manager.py:52}}
Apr 02 05:50:53.051630 np0000162742 devstack@neutron-api.service[102514]: DEBUG neutron.api.extensions [None req-f2478b25-103c-407d-b13c-dbe9956c889f None None] Loading extension file: sorting.py {{(pid=102514) _load_all_extensions_from_path /opt/stack/neutron/neutron/api/extensions.py:449}}
Apr 02 05:50:53.051693 np0000162742 devstack@neutron-api.service[102512]: DEBUG neutron_lib.callbacks.manager [None req-968c3bab-9f66-4a2f-8323-a93201b27b3b None None] Subscribe: > router after_delete 55550000, False {{(pid=102512) subscribe /opt/stack/data/venv/lib/python3.12/site-packages/neutron_lib/callbacks/manager.py:52}}
Apr 02 05:50:53.051738 np0000162742 devstack@neutron-api.service[102515]: DEBUG neutron.api.extensions [None req-610bfe90-b5fa-491e-a985-e49bdaf7a1dc None None] Ext name="Neutron external network" alias="external-net" description="Adds external network attribute to network resource." updated="2013-01-14T10:00:00-00:00" {{(pid=102515) _check_extension /opt/stack/neutron/neutron/api/extensions.py:415}}
Apr 02 05:50:53.051775 np0000162742 devstack@neutron-api.service[102512]: DEBUG neutron_lib.callbacks.manager [None req-968c3bab-9f66-4a2f-8323-a93201b27b3b None None] Subscribe: > router after_update 55550000, False {{(pid=102512) subscribe /opt/stack/data/venv/lib/python3.12/site-packages/neutron_lib/callbacks/manager.py:52}}
Apr 02 05:50:53.051815 np0000162742 devstack@neutron-api.service[102514]: DEBUG neutron.api.extensions [None req-f2478b25-103c-407d-b13c-dbe9956c889f None None] Ext name="Sorting support" alias="sorting" description="Extension that indicates that sorting is enabled." updated="2016-06-12T00:00:00-00:00" {{(pid=102514) _check_extension /opt/stack/neutron/neutron/api/extensions.py:415}}
Apr 02 05:50:53.051870 np0000162742 devstack@neutron-api.service[102512]: DEBUG neutron.services.service_base [None req-968c3bab-9f66-4a2f-8323-a93201b27b3b None None] Loaded 'neutron.services.ovn_l3.service_providers.ovn.OvnDriver' provider for service L3_ROUTER_NAT {{(pid=102512) load_drivers /opt/stack/neutron/neutron/services/service_base.py:49}}
Apr 02 05:50:53.051916 np0000162742 devstack@neutron-api.service[102515]: INFO neutron.api.extensions [None req-610bfe90-b5fa-491e-a985-e49bdaf7a1dc None None] Loaded extension: external-net
Apr 02 05:50:53.051953 np0000162742 devstack@neutron-api.service[102514]: INFO neutron.api.extensions [None req-f2478b25-103c-407d-b13c-dbe9956c889f None None] Loaded extension: sorting
Apr 02 05:50:53.051990 np0000162742 devstack@neutron-api.service[102515]: DEBUG neutron.api.extensions [None req-610bfe90-b5fa-491e-a985-e49bdaf7a1dc None None] Loading extension file: extra_dhcp_opt.py {{(pid=102515) _load_all_extensions_from_path /opt/stack/neutron/neutron/api/extensions.py:449}}
Apr 02 05:50:53.052036 np0000162742 devstack@neutron-api.service[102512]: DEBUG neutron_lib.callbacks.manager [None req-968c3bab-9f66-4a2f-8323-a93201b27b3b None None] Subscribe: > process after_init 55550001, True {{(pid=102512) subscribe /opt/stack/data/venv/lib/python3.12/site-packages/neutron_lib/callbacks/manager.py:52}}
Apr 02 05:50:53.052076 np0000162742 devstack@neutron-api.service[102514]: DEBUG neutron.api.extensions [None req-f2478b25-103c-407d-b13c-dbe9956c889f None None] Loading extension file: standard_attr_segment.py {{(pid=102514) _load_all_extensions_from_path /opt/stack/neutron/neutron/api/extensions.py:449}}
Apr 02 05:50:53.052114 np0000162742 devstack@neutron-api.service[102512]: DEBUG neutron.manager [None req-968c3bab-9f66-4a2f-8323-a93201b27b3b None None] Successfully loaded L3_ROUTER_NAT plugin. Description: L3 Router Service Plugin for basic L3 forwarding using OVN {{(pid=102512) _create_and_add_service_plugin /opt/stack/neutron/neutron/manager.py:239}}
Apr 02 05:50:53.052114 np0000162742 devstack@neutron-api.service[102512]: INFO neutron.manager [None req-968c3bab-9f66-4a2f-8323-a93201b27b3b None None] Loading Plugin: auto_allocate
Apr 02 05:50:53.052195 np0000162742 devstack@neutron-api.service[102515]: DEBUG neutron.api.extensions [None req-610bfe90-b5fa-491e-a985-e49bdaf7a1dc None None] Ext name="Neutron Extra DHCP options" alias="extra_dhcp_opt" description="Extra options configuration for DHCP. For example PXE boot options to DHCP clients can be specified (e.g. tftp-server, server-ip-address, bootfile-name)" updated="2013-03-17T12:00:00-00:00" {{(pid=102515) _check_extension /opt/stack/neutron/neutron/api/extensions.py:415}}
Apr 02 05:50:53.052596 np0000162742 devstack@neutron-api.service[102514]: DEBUG neutron.api.extensions [None req-f2478b25-103c-407d-b13c-dbe9956c889f None None] Ext name="Standard Attribute Segment Extension" alias="standard-attr-segment" description="Add standard attributes to Segment resource" updated="2018-04-09T10:00:00-00:00" {{(pid=102514) _check_extension /opt/stack/neutron/neutron/api/extensions.py:415}}
Apr 02 05:50:53.052835 np0000162742 devstack@neutron-api.service[102515]: INFO neutron.api.extensions [None req-610bfe90-b5fa-491e-a985-e49bdaf7a1dc None None] Loaded extension: extra_dhcp_opt
Apr 02 05:50:53.052917 np0000162742 devstack@neutron-api.service[102514]: INFO neutron.api.extensions [None req-f2478b25-103c-407d-b13c-dbe9956c889f None None] Extension standard-attr-segment not supported by any of loaded plugins
Apr 02 05:50:53.052958 np0000162742 devstack@neutron-api.service[102515]: DEBUG neutron.api.extensions [None req-610bfe90-b5fa-491e-a985-e49bdaf7a1dc None None] Loading extension file: extraroute.py {{(pid=102515) _load_all_extensions_from_path /opt/stack/neutron/neutron/api/extensions.py:449}}
Apr 02 05:50:53.053036 np0000162742 devstack@neutron-api.service[102514]: DEBUG neutron.api.extensions [None req-f2478b25-103c-407d-b13c-dbe9956c889f None None] Loading extension file: standardattrdescription.py {{(pid=102514) _load_all_extensions_from_path /opt/stack/neutron/neutron/api/extensions.py:449}}
Apr 02 05:50:53.053078 np0000162742 devstack@neutron-api.service[102515]: DEBUG neutron.api.extensions [None req-610bfe90-b5fa-491e-a985-e49bdaf7a1dc None None] Ext name="Neutron Extra Route" alias="extraroute" description="Extra routes configuration for L3 router" updated="2013-02-01T10:00:00-00:00" {{(pid=102515) _check_extension /opt/stack/neutron/neutron/api/extensions.py:415}}
Apr 02 05:50:53.053163 np0000162742 devstack@neutron-api.service[102514]: DEBUG neutron.api.extensions [None req-f2478b25-103c-407d-b13c-dbe9956c889f None None] Ext name="standard-attr-description" alias="standard-attr-description" description="Extension to add descriptions to standard attributes" updated="2016-02-10T10:00:00-00:00" {{(pid=102514) _check_extension /opt/stack/neutron/neutron/api/extensions.py:415}}
Apr 02 05:50:53.053205 np0000162742 devstack@neutron-api.service[102515]: INFO neutron.api.extensions [None req-610bfe90-b5fa-491e-a985-e49bdaf7a1dc None None] Loaded extension: extraroute
Apr 02 05:50:53.053205 np0000162742 devstack@neutron-api.service[102515]: DEBUG neutron.api.extensions [None req-610bfe90-b5fa-491e-a985-e49bdaf7a1dc None None] Loading extension file: extraroute_atomic.py {{(pid=102515) _load_all_extensions_from_path /opt/stack/neutron/neutron/api/extensions.py:449}}
Apr 02 05:50:53.053285 np0000162742 devstack@neutron-api.service[102514]: INFO neutron.api.extensions [None req-f2478b25-103c-407d-b13c-dbe9956c889f None None] Loaded extension: standard-attr-description
Apr 02 05:50:53.053285 np0000162742 devstack@neutron-api.service[102514]: DEBUG neutron.api.extensions [None req-f2478b25-103c-407d-b13c-dbe9956c889f None None] Loading extension file: stateful_security_group.py {{(pid=102514) _load_all_extensions_from_path /opt/stack/neutron/neutron/api/extensions.py:449}}
Apr 02 05:50:53.053355 np0000162742 devstack@neutron-api.service[102512]: DEBUG neutron_lib.callbacks.manager [None req-968c3bab-9f66-4a2f-8323-a93201b27b3b None None] Subscribe: network precommit_update 55550000, False {{(pid=102512) subscribe /opt/stack/data/venv/lib/python3.12/site-packages/neutron_lib/callbacks/manager.py:52}}
