Apr 10 18:47:55.927414 np0000164922 devstack@neutron-api.service[104843]: DEBUG neutron_lib.callbacks.manager [None req-0ec75eb0-ac71-4be9-be57-1950c2b4106b None None] Subscribe: port after_update 55550000, False {{(pid=104843) subscribe /opt/stack/data/venv/lib/python3.12/site-packages/neutron_lib/callbacks/manager.py:52}}
Apr 10 18:47:55.927414 np0000164922 devstack@neutron-api.service[104843]: DEBUG neutron_lib.callbacks.manager [None req-0ec75eb0-ac71-4be9-be57-1950c2b4106b None None] Subscribe: > port precommit_delete 55550000, False {{(pid=104843) subscribe /opt/stack/data/venv/lib/python3.12/site-packages/neutron_lib/callbacks/manager.py:52}}
Apr 10 18:47:55.927479 np0000164922 devstack@neutron-api.service[104846]: INFO neutron.api.extensions [None req-fa195c18-958b-4d41-ae91-642dd95d8019 None None] Extension qos-fip-network-policy not supported by any of loaded plugins
Apr 10 18:47:55.927479 np0000164922 devstack@neutron-api.service[104846]: DEBUG neutron.api.extensions [None req-fa195c18-958b-4d41-ae91-642dd95d8019 None None] Loading extension file: qos_gateway_ip.py {{(pid=104846) _load_all_extensions_from_path /opt/stack/neutron/neutron/api/extensions.py:449}}
Apr 10 18:47:55.927569 np0000164922 devstack@neutron-api.service[104843]: DEBUG neutron_lib.callbacks.manager [None req-0ec75eb0-ac71-4be9-be57-1950c2b4106b None None] Subscribe: port before_update 55550000, False {{(pid=104843) subscribe /opt/stack/data/venv/lib/python3.12/site-packages/neutron_lib/callbacks/manager.py:52}}
Apr 10 18:47:55.927569 np0000164922 devstack@neutron-api.service[104843]: DEBUG neutron_lib.callbacks.manager [None req-0ec75eb0-ac71-4be9-be57-1950c2b4106b None None] Subscribe: port before_delete 55550000, False {{(pid=104843) subscribe /opt/stack/data/venv/lib/python3.12/site-packages/neutron_lib/callbacks/manager.py:52}}
Apr 10 18:47:55.927569 np0000164922 devstack@neutron-api.service[104843]: DEBUG neutron_lib.callbacks.manager [None req-0ec75eb0-ac71-4be9-be57-1950c2b4106b None None] Subscribe: > router precommit_create 55550000, False {{(pid=104843) subscribe /opt/stack/data/venv/lib/python3.12/site-packages/neutron_lib/callbacks/manager.py:52}}
Apr 10 18:47:55.927673 np0000164922 devstack@neutron-api.service[104846]: DEBUG neutron.api.extensions [None req-fa195c18-958b-4d41-ae91-642dd95d8019 None None] Ext name="Router gateway IP QoS" alias="qos-gateway-ip" description="The Router gateway IP Quality of Service extension" updated="2018-02-24T00:00:00-00:00" {{(pid=104846) _check_extension /opt/stack/neutron/neutron/api/extensions.py:415}}
Apr 10 18:47:55.927699 np0000164922 devstack@neutron-api.service[104843]: DEBUG neutron_lib.callbacks.manager [None req-0ec75eb0-ac71-4be9-be57-1950c2b4106b None None] Subscribe: > router precommit_create 55550000, False {{(pid=104843) subscribe /opt/stack/data/venv/lib/python3.12/site-packages/neutron_lib/callbacks/manager.py:52}}
Apr 10 18:47:55.927734 np0000164922 devstack@neutron-api.service[104846]: INFO neutron.api.extensions [None req-fa195c18-958b-4d41-ae91-642dd95d8019 None None] Extension qos-gateway-ip not supported by any of loaded plugins
Apr 10 18:47:55.927762 np0000164922 devstack@neutron-api.service[104843]: DEBUG neutron_lib.callbacks.manager [None req-0ec75eb0-ac71-4be9-be57-1950c2b4106b None None] Subscribe: > router precommit_update 55550000, False {{(pid=104843) subscribe /opt/stack/data/venv/lib/python3.12/site-packages/neutron_lib/callbacks/manager.py:52}}
Apr 10 18:47:55.927791 np0000164922 devstack@neutron-api.service[104846]: DEBUG neutron.api.extensions [None req-fa195c18-958b-4d41-ae91-642dd95d8019 None None] Loading extension file: qos_port_network_policy.py {{(pid=104846) _load_all_extensions_from_path /opt/stack/neutron/neutron/api/extensions.py:449}}
Apr 10 18:47:55.927816 np0000164922 devstack@neutron-api.service[104843]: DEBUG neutron_lib.callbacks.manager [None req-0ec75eb0-ac71-4be9-be57-1950c2b4106b None None] Subscribe: subnet after_update 55550000, False {{(pid=104843) subscribe /opt/stack/data/venv/lib/python3.12/site-packages/neutron_lib/callbacks/manager.py:52}}
Apr 10 18:47:55.927901 np0000164922 devstack@neutron-api.service[104846]: DEBUG neutron.api.extensions [None req-fa195c18-958b-4d41-ae91-642dd95d8019 None None] Ext name="QoS port network policy ID" alias="qos-port-network-policy" description="Adds a the QoS network ID to the port definition" updated="2019-11-01T10:00:00-00:00" {{(pid=104846) _check_extension /opt/stack/neutron/neutron/api/extensions.py:415}}
Apr 10 18:47:55.928482 np0000164922 devstack@neutron-api.service[104846]: INFO neutron.api.extensions [None req-fa195c18-958b-4d41-ae91-642dd95d8019 None None] Extension qos-port-network-policy not supported by any of loaded plugins
Apr 10 18:47:55.928482 np0000164922 devstack@neutron-api.service[104846]: DEBUG neutron.api.extensions [None req-fa195c18-958b-4d41-ae91-642dd95d8019 None None] Loading extension file: qos_pps_minimum_rule.py {{(pid=104846) _load_all_extensions_from_path /opt/stack/neutron/neutron/api/extensions.py:449}}
Apr 10 18:47:55.928482 np0000164922 devstack@neutron-api.service[104846]: DEBUG neutron.api.extensions [None req-fa195c18-958b-4d41-ae91-642dd95d8019 None None] Ext name="QoS minimum packet rate rule" alias="qos-pps-minimum" description="Allow to configure QoS minimum packet rate rule." updated="2021-07-14T10:00:00-00:00" {{(pid=104846) _check_extension /opt/stack/neutron/neutron/api/extensions.py:415}}
Apr 10 18:47:55.928907 np0000164922 devstack@neutron-api.service[104843]: DEBUG neutron.quota.resource_registry [None req-0ec75eb0-ac71-4be9-be57-1950c2b4106b None None] Tracking information for resource: router configured {{(pid=104843) set_tracked_resource /opt/stack/neutron/neutron/quota/resource_registry.py:203}}
Apr 10 18:47:55.928907 np0000164922 devstack@neutron-api.service[104843]: DEBUG neutron.quota.resource_registry [None req-0ec75eb0-ac71-4be9-be57-1950c2b4106b None None] Tracking information for resource: floatingip configured {{(pid=104843) set_tracked_resource /opt/stack/neutron/neutron/quota/resource_registry.py:203}}
Apr 10 18:47:55.929175 np0000164922 devstack@neutron-api.service[104846]: INFO neutron.api.extensions [None req-fa195c18-958b-4d41-ae91-642dd95d8019 None None] Extension qos-pps-minimum not supported by any of loaded plugins
Apr 10 18:47:55.929245 np0000164922 devstack@neutron-api.service[104843]: INFO neutron.services.ovn_l3.plugin [None req-0ec75eb0-ac71-4be9-be57-1950c2b4106b None None] Starting OVNL3RouterPlugin
Apr 10 18:47:55.929273 np0000164922 devstack@neutron-api.service[104846]: DEBUG neutron.api.extensions [None req-fa195c18-958b-4d41-ae91-642dd95d8019 None None] Loading extension file: qos_pps_minimum_rule_alias.py {{(pid=104846) _load_all_extensions_from_path /opt/stack/neutron/neutron/api/extensions.py:449}}
Apr 10 18:47:55.929340 np0000164922 devstack@neutron-api.service[104843]: DEBUG neutron_lib.callbacks.manager [None req-0ec75eb0-ac71-4be9-be57-1950c2b4106b None None] Subscribe: > port_forwarding_plugin after_init 55550000, False {{(pid=104843) subscribe /opt/stack/data/venv/lib/python3.12/site-packages/neutron_lib/callbacks/manager.py:52}}
Apr 10 18:47:55.929428 np0000164922 devstack@neutron-api.service[104846]: DEBUG neutron.api.extensions [None req-fa195c18-958b-4d41-ae91-642dd95d8019 None None] Ext name="QoS minimum packet rate rule alias" alias="qos-pps-minimum-rule-alias" description="API to enable GET, PUT and DELETE operations on QoS minimum packet rate rule without specifying policy ID" updated="2021-10-22T10:00:00-00:00" {{(pid=104846) _check_extension /opt/stack/neutron/neutron/api/extensions.py:415}}
Apr 10 18:47:55.929479 np0000164922 devstack@neutron-api.service[104843]: DEBUG neutron_lib.callbacks.manager [None req-0ec75eb0-ac71-4be9-be57-1950c2b4106b None None] Subscribe: > router before_create 55550100, False {{(pid=104843) subscribe /opt/stack/data/venv/lib/python3.12/site-packages/neutron_lib/callbacks/manager.py:52}}
Apr 10 18:47:55.929506 np0000164922 devstack@neutron-api.service[104846]: INFO neutron.api.extensions [None req-fa195c18-958b-4d41-ae91-642dd95d8019 None None] Extension qos-pps-minimum-rule-alias not supported by any of loaded plugins
Apr 10 18:47:55.929528 np0000164922 devstack@neutron-api.service[104843]: DEBUG neutron_lib.callbacks.manager [None req-0ec75eb0-ac71-4be9-be57-1950c2b4106b None None] Subscribe: > router precommit_delete 55550100, False {{(pid=104843) subscribe /opt/stack/data/venv/lib/python3.12/site-packages/neutron_lib/callbacks/manager.py:52}}
Apr 10 18:47:55.929555 np0000164922 devstack@neutron-api.service[104846]: DEBUG neutron.api.extensions [None req-fa195c18-958b-4d41-ae91-642dd95d8019 None None] Loading extension file: qos_pps_rule.py {{(pid=104846) _load_all_extensions_from_path /opt/stack/neutron/neutron/api/extensions.py:449}}
Apr 10 18:47:55.929611 np0000164922 devstack@neutron-api.service[104843]: DEBUG neutron_lib.callbacks.manager [None req-0ec75eb0-ac71-4be9-be57-1950c2b4106b None None] Subscribe: > router precommit_create 55550100, False {{(pid=104843) subscribe /opt/stack/data/venv/lib/python3.12/site-packages/neutron_lib/callbacks/manager.py:52}}
Apr 10 18:47:55.929611 np0000164922 devstack@neutron-api.service[104843]: DEBUG neutron_lib.callbacks.manager [None req-0ec75eb0-ac71-4be9-be57-1950c2b4106b None None] Subscribe: > router precommit_update 55550100, False {{(pid=104843) subscribe /opt/stack/data/venv/lib/python3.12/site-packages/neutron_lib/callbacks/manager.py:52}}
Apr 10 18:47:55.929691 np0000164922 devstack@neutron-api.service[104846]: DEBUG neutron.api.extensions [None req-fa195c18-958b-4d41-ae91-642dd95d8019 None None] Ext name="QoS Rule Type Packet per Second Extension" alias="qos-pps" description="Add QoS Rule Type Packet per Second" updated="2021-05-12T10:00:00-00:00" {{(pid=104846) _check_extension /opt/stack/neutron/neutron/api/extensions.py:415}}
Apr 10 18:47:55.929691 np0000164922 devstack@neutron-api.service[104846]: INFO neutron.api.extensions [None req-fa195c18-958b-4d41-ae91-642dd95d8019 None None] Extension qos-pps not supported by any of loaded plugins
Apr 10 18:47:55.929691 np0000164922 devstack@neutron-api.service[104846]: DEBUG neutron.api.extensions [None req-fa195c18-958b-4d41-ae91-642dd95d8019 None None] Loading extension file: qos_rule_type_details.py {{(pid=104846) _load_all_extensions_from_path /opt/stack/neutron/neutron/api/extensions.py:449}}
Apr 10 18:47:55.929856 np0000164922 devstack@neutron-api.service[104846]: DEBUG neutron.api.extensions [None req-fa195c18-958b-4d41-ae91-642dd95d8019 None None] Ext name="Details of QoS rule types" alias="qos-rule-type-details" description="Expose details about QoS rule types supported by loaded backend drivers" updated="2017-06-22T10:00:00-00:00" {{(pid=104846) _check_extension /opt/stack/neutron/neutron/api/extensions.py:415}}
Apr 10 18:47:55.930644 np0000164922 devstack@neutron-api.service[104846]: INFO neutron.api.extensions [None req-fa195c18-958b-4d41-ae91-642dd95d8019 None None] Extension qos-rule-type-details not supported by any of loaded plugins
Apr 10 18:47:55.930644 np0000164922 devstack@neutron-api.service[104846]: DEBUG neutron.api.extensions [None req-fa195c18-958b-4d41-ae91-642dd95d8019 None None] Loading extension file: qos_rule_type_filter.py {{(pid=104846) _load_all_extensions_from_path /opt/stack/neutron/neutron/api/extensions.py:449}}
Apr 10 18:47:55.930644 np0000164922 devstack@neutron-api.service[104846]: DEBUG neutron.api.extensions [None req-fa195c18-958b-4d41-ae91-642dd95d8019 None None] Ext name="Allow to filter the list of QoS rule types" alias="qos-rule-type-filter" description="Allows to filter the QoS rule type list adding two new flags. "all_rules" prints all implemented QoS rule types."all_supported" prints all supported QoS rule types by the loaded mechanism drivers" updated="2022-02-02T10:00:00-00:00" {{(pid=104846) _check_extension /opt/stack/neutron/neutron/api/extensions.py:415}}
Apr 10 18:47:55.930644 np0000164922 devstack@neutron-api.service[104846]: INFO neutron.api.extensions [None req-fa195c18-958b-4d41-ae91-642dd95d8019 None None] Extension qos-rule-type-filter not supported by any of loaded plugins
Apr 10 18:47:55.930644 np0000164922 devstack@neutron-api.service[104846]: DEBUG neutron.api.extensions [None req-fa195c18-958b-4d41-ae91-642dd95d8019 None None] Loading extension file: qos_rules_alias.py {{(pid=104846) _load_all_extensions_from_path /opt/stack/neutron/neutron/api/extensions.py:449}}
Apr 10 18:47:55.931241 np0000164922 devstack@neutron-api.service[104846]: DEBUG neutron.api.extensions [None req-fa195c18-958b-4d41-ae91-642dd95d8019 None None] Ext name="Quality of Service rules alias API" alias="qos-rules-alias" description="API to enable GET, PUT and DELETE operations on QoS policy rules without specifying policy ID" updated="2018-10-07T10:00:00-00:00" {{(pid=104846) _check_extension /opt/stack/neutron/neutron/api/extensions.py:415}}
Apr 10 18:47:55.931241 np0000164922 devstack@neutron-api.service[104846]: INFO neutron.api.extensions [None req-fa195c18-958b-4d41-ae91-642dd95d8019 None None] Extension qos-rules-alias not supported by any of loaded plugins
Apr 10 18:47:55.931241 np0000164922 devstack@neutron-api.service[104846]: DEBUG neutron.api.extensions [None req-fa195c18-958b-4d41-ae91-642dd95d8019 None None] Loading extension file: quota_check_limit.py {{(pid=104846) _load_all_extensions_from_path /opt/stack/neutron/neutron/api/extensions.py:449}}
Apr 10 18:47:55.931508 np0000164922 devstack@neutron-api.service[104846]: DEBUG neutron.api.extensions [None req-fa195c18-958b-4d41-ae91-642dd95d8019 None None] Ext name="Quota engine limit check" alias="quota-check-limit" description="Support for checking the resource usage before applying a new quota limit" updated="2021-09-08T16:00:00-00:00" {{(pid=104846) _check_extension /opt/stack/neutron/neutron/api/extensions.py:415}}
Apr 10 18:47:55.931508 np0000164922 devstack@neutron-api.service[104846]: INFO neutron.api.extensions [None req-fa195c18-958b-4d41-ae91-642dd95d8019 None None] Loaded extension: quota-check-limit
Apr 10 18:47:55.931628 np0000164922 devstack@neutron-api.service[104846]: DEBUG neutron.api.extensions [None req-fa195c18-958b-4d41-ae91-642dd95d8019 None None] Loading extension file: quota_check_limit_default.py {{(pid=104846) _load_all_extensions_from_path /opt/stack/neutron/neutron/api/extensions.py:449}}
Apr 10 18:47:55.932268 np0000164922 devstack@neutron-api.service[104846]: DEBUG neutron.api.extensions [None req-fa195c18-958b-4d41-ae91-642dd95d8019 None None] Ext name="Quota engine limit check by default" alias="quota-check-limit-default" description="By default, the Neutron quota engine checks the resource usage before applying a new quota limit" updated="2024-08-21T16:00:00-00:00" {{(pid=104846) _check_extension /opt/stack/neutron/neutron/api/extensions.py:415}}
Apr 10 18:47:55.932268 np0000164922 devstack@neutron-api.service[104846]: INFO neutron.api.extensions [None req-fa195c18-958b-4d41-ae91-642dd95d8019 None None] Loaded extension: quota-check-limit-default
Apr 10 18:47:55.932268 np0000164922 devstack@neutron-api.service[104846]: DEBUG neutron.api.extensions [None req-fa195c18-958b-4d41-ae91-642dd95d8019 None None] Loading extension file: quotasv2.py {{(pid=104846) _load_all_extensions_from_path /opt/stack/neutron/neutron/api/extensions.py:449}}
Apr 10 18:47:55.932724 np0000164922 devstack@neutron-api.service[104846]: DEBUG neutron.api.extensions [None req-fa195c18-958b-4d41-ae91-642dd95d8019 None None] Ext name="Quota management support" alias="quotas" description="Expose functions for quotas management per project" updated="2012-07-29T10:00:00-00:00" {{(pid=104846) _check_extension /opt/stack/neutron/neutron/api/extensions.py:415}}
Apr 10 18:47:55.932905 np0000164922 devstack@neutron-api.service[104843]: DEBUG neutron.services.provider_configuration [None req-0ec75eb0-ac71-4be9-be57-1950c2b4106b None None] Service providers = [] {{(pid=104843) parse_service_provider_opt /opt/stack/neutron/neutron/services/provider_configuration.py:170}}
Apr 10 18:47:55.932962 np0000164922 devstack@neutron-api.service[104846]: INFO neutron.api.extensions [None req-fa195c18-958b-4d41-ae91-642dd95d8019 None None] Loaded extension: quotas
Apr 10 18:47:55.933024 np0000164922 devstack@neutron-api.service[104843]: DEBUG neutron.db.servicetype_db [None req-0ec75eb0-ac71-4be9-be57-1950c2b4106b None None] Adding provider configuration for service L3_ROUTER_NAT {{(pid=104843) add_provider_configuration /opt/stack/neutron/neutron/db/servicetype_db.py:42}}
Apr 10 18:47:55.933078 np0000164922 devstack@neutron-api.service[104846]: DEBUG neutron.api.extensions [None req-fa195c18-958b-4d41-ae91-642dd95d8019 None None] Loading extension file: quotasv2_detail.py {{(pid=104846) _load_all_extensions_from_path /opt/stack/neutron/neutron/api/extensions.py:449}}
Apr 10 18:47:55.933248 np0000164922 devstack@neutron-api.service[104846]: DEBUG neutron.api.extensions [None req-fa195c18-958b-4d41-ae91-642dd95d8019 None None] Ext name="Quota details management support" alias="quota_details" description="Expose functions for quotas usage statistics per project" updated="2017-02-10T10:00:00-00:00" {{(pid=104846) _check_extension /opt/stack/neutron/neutron/api/extensions.py:415}}
Apr 10 18:47:55.933248 np0000164922 devstack@neutron-api.service[104846]: INFO neutron.api.extensions [None req-fa195c18-958b-4d41-ae91-642dd95d8019 None None] Loaded extension: quota_details
Apr 10 18:47:55.933551 np0000164922 devstack@neutron-api.service[104846]: DEBUG neutron.api.extensions [None req-fa195c18-958b-4d41-ae91-642dd95d8019 None None] Loading extension file: rbac.py {{(pid=104846) _load_all_extensions_from_path /opt/stack/neutron/neutron/api/extensions.py:449}}
Apr 10 18:47:55.933861 np0000164922 devstack@neutron-api.service[104846]: DEBUG neutron.api.extensions [None req-fa195c18-958b-4d41-ae91-642dd95d8019 None None] Ext name="RBAC Policies" alias="rbac-policies" description="Allows creation and modification of policies that control tenant access to resources." updated="2015-06-17T12:15:12-00:00" {{(pid=104846) _check_extension /opt/stack/neutron/neutron/api/extensions.py:415}}
Apr 10 18:47:55.934070 np0000164922 devstack@neutron-api.service[104846]: INFO neutron.api.extensions [None req-fa195c18-958b-4d41-ae91-642dd95d8019 None None] Loaded extension: rbac-policies
Apr 10 18:47:55.934185 np0000164922 devstack@neutron-api.service[104843]: DEBUG neutron_lib.callbacks.manager [None req-0ec75eb0-ac71-4be9-be57-1950c2b4106b None None] Subscribe: > router precommit_create 55549900, False {{(pid=104843) subscribe /opt/stack/data/venv/lib/python3.12/site-packages/neutron_lib/callbacks/manager.py:52}}
Apr 10 18:47:55.934251 np0000164922 devstack@neutron-api.service[104846]: DEBUG neutron.api.extensions [None req-fa195c18-958b-4d41-ae91-642dd95d8019 None None] Loading extension file: rbac_address_group.py {{(pid=104846) _load_all_extensions_from_path /opt/stack/neutron/neutron/api/extensions.py:449}}
Apr 10 18:47:55.934282 np0000164922 devstack@neutron-api.service[104843]: DEBUG neutron_lib.callbacks.manager [None req-0ec75eb0-ac71-4be9-be57-1950c2b4106b None None] Subscribe: > router_interface after_create 55550000, False {{(pid=104843) subscribe /opt/stack/data/venv/lib/python3.12/site-packages/neutron_lib/callbacks/manager.py:52}}
Apr 10 18:47:55.934334 np0000164922 devstack@neutron-api.service[104843]: DEBUG neutron_lib.callbacks.manager [None req-0ec75eb0-ac71-4be9-be57-1950c2b4106b None None] Subscribe: > floatingip after_create 55550000, False {{(pid=104843) subscribe /opt/stack/data/venv/lib/python3.12/site-packages/neutron_lib/callbacks/manager.py:52}}
Apr 10 18:47:55.934385 np0000164922 devstack@neutron-api.service[104846]: DEBUG neutron.api.extensions [None req-fa195c18-958b-4d41-ae91-642dd95d8019 None None] Ext name="Add address_group type to RBAC" alias="rbac-address-group" description="Add address_group type to network RBAC" updated="2021-01-20T00:00:00-00:00" {{(pid=104846) _check_extension /opt/stack/neutron/neutron/api/extensions.py:415}}
Apr 10 18:47:55.934470 np0000164922 devstack@neutron-api.service[104843]: DEBUG neutron_lib.callbacks.manager [None req-0ec75eb0-ac71-4be9-be57-1950c2b4106b None None] Subscribe: > floatingip precommit_create 55550000, False {{(pid=104843) subscribe /opt/stack/data/venv/lib/python3.12/site-packages/neutron_lib/callbacks/manager.py:52}}
Apr 10 18:47:55.934667 np0000164922 devstack@neutron-api.service[104846]: INFO neutron.api.extensions [None req-fa195c18-958b-4d41-ae91-642dd95d8019 None None] Extension rbac-address-group not supported by any of loaded plugins
Apr 10 18:47:55.934724 np0000164922 devstack@neutron-api.service[104843]: DEBUG neutron_lib.callbacks.manager [None req-0ec75eb0-ac71-4be9-be57-1950c2b4106b None None] Subscribe: > floatingip precommit_update 55550000, False {{(pid=104843) subscribe /opt/stack/data/venv/lib/python3.12/site-packages/neutron_lib/callbacks/manager.py:52}}
Apr 10 18:47:55.934914 np0000164922 devstack@neutron-api.service[104846]: DEBUG neutron.api.extensions [None req-fa195c18-958b-4d41-ae91-642dd95d8019 None None] Loading extension file: rbac_address_scope.py {{(pid=104846) _load_all_extensions_from_path /opt/stack/neutron/neutron/api/extensions.py:449}}
Apr 10 18:47:55.935064 np0000164922 devstack@neutron-api.service[104843]: DEBUG neutron_lib.callbacks.manager [None req-0ec75eb0-ac71-4be9-be57-1950c2b4106b None None] Subscribe: > floatingip after_delete 55550000, False {{(pid=104843) subscribe /opt/stack/data/venv/lib/python3.12/site-packages/neutron_lib/callbacks/manager.py:52}}
Apr 10 18:47:55.935064 np0000164922 devstack@neutron-api.service[104843]: DEBUG neutron_lib.callbacks.manager [None req-0ec75eb0-ac71-4be9-be57-1950c2b4106b None None] Subscribe: > floatingip after_status_update 55550000, False {{(pid=104843) subscribe /opt/stack/data/venv/lib/python3.12/site-packages/neutron_lib/callbacks/manager.py:52}}
Apr 10 18:47:55.935262 np0000164922 devstack@neutron-api.service[104846]: DEBUG neutron.api.extensions [None req-fa195c18-958b-4d41-ae91-642dd95d8019 None None] Ext name="Add address_scope type to RBAC" alias="rbac-address-scope" description="Add address_scope type to RBAC" updated="2020-02-12T00:00:00-00:00" {{(pid=104846) _check_extension /opt/stack/neutron/neutron/api/extensions.py:415}}
Apr 10 18:47:55.935349 np0000164922 devstack@neutron-api.service[104843]: DEBUG neutron_lib.callbacks.manager [None req-0ec75eb0-ac71-4be9-be57-1950c2b4106b None None] Subscribe: > floatingip after_update 55550000, False {{(pid=104843) subscribe /opt/stack/data/venv/lib/python3.12/site-packages/neutron_lib/callbacks/manager.py:52}}
Apr 10 18:47:55.935349 np0000164922 devstack@neutron-api.service[104843]: DEBUG neutron_lib.callbacks.manager [None req-0ec75eb0-ac71-4be9-be57-1950c2b4106b None None] Subscribe: > port_forwarding after_create 55550000, False {{(pid=104843) subscribe /opt/stack/data/venv/lib/python3.12/site-packages/neutron_lib/callbacks/manager.py:52}}
Apr 10 18:47:55.935459 np0000164922 devstack@neutron-api.service[104846]: INFO neutron.api.extensions [None req-fa195c18-958b-4d41-ae91-642dd95d8019 None None] Loaded extension: rbac-address-scope
Apr 10 18:47:55.935508 np0000164922 devstack@neutron-api.service[104843]: DEBUG neutron_lib.callbacks.manager [None req-0ec75eb0-ac71-4be9-be57-1950c2b4106b None None] Subscribe: > router_interface after_delete 55550000, False {{(pid=104843) subscribe /opt/stack/data/venv/lib/python3.12/site-packages/neutron_lib/callbacks/manager.py:52}}
Apr 10 18:47:55.935536 np0000164922 devstack@neutron-api.service[104846]: DEBUG neutron.api.extensions [None req-fa195c18-958b-4d41-ae91-642dd95d8019 None None] Loading extension file: rbac_security_groups.py {{(pid=104846) _load_all_extensions_from_path /opt/stack/neutron/neutron/api/extensions.py:449}}
Apr 10 18:47:55.935615 np0000164922 devstack@neutron-api.service[104843]: DEBUG neutron_lib.callbacks.manager [None req-0ec75eb0-ac71-4be9-be57-1950c2b4106b None None] Subscribe: > router after_create 55550000, False {{(pid=104843) subscribe /opt/stack/data/venv/lib/python3.12/site-packages/neutron_lib/callbacks/manager.py:52}}
Apr 10 18:47:55.935615 np0000164922 devstack@neutron-api.service[104843]: DEBUG neutron_lib.callbacks.manager [None req-0ec75eb0-ac71-4be9-be57-1950c2b4106b None None] Subscribe: > router precommit_create 55550000, False {{(pid=104843) subscribe /opt/stack/data/venv/lib/python3.12/site-packages/neutron_lib/callbacks/manager.py:52}}
Apr 10 18:47:55.935664 np0000164922 devstack@neutron-api.service[104846]: DEBUG neutron.api.extensions [None req-fa195c18-958b-4d41-ae91-642dd95d8019 None None] Ext name="Add security_group type to network RBAC" alias="rbac-security-groups" description="Add security_group type to network RBAC" updated="2019-02-14T00:00:00-00:00" {{(pid=104846) _check_extension /opt/stack/neutron/neutron/api/extensions.py:415}}
Apr 10 18:47:55.935759 np0000164922 devstack@neutron-api.service[104843]: DEBUG neutron_lib.callbacks.manager [None req-0ec75eb0-ac71-4be9-be57-1950c2b4106b None None] Subscribe: > router after_delete 55550000, False {{(pid=104843) subscribe /opt/stack/data/venv/lib/python3.12/site-packages/neutron_lib/callbacks/manager.py:52}}
Apr 10 18:47:55.935759 np0000164922 devstack@neutron-api.service[104843]: DEBUG neutron_lib.callbacks.manager [None req-0ec75eb0-ac71-4be9-be57-1950c2b4106b None None] Subscribe: > router after_update 55550000, False {{(pid=104843) subscribe /opt/stack/data/venv/lib/python3.12/site-packages/neutron_lib/callbacks/manager.py:52}}
Apr 10 18:47:55.935853 np0000164922 devstack@neutron-api.service[104846]: INFO neutron.api.extensions [None req-fa195c18-958b-4d41-ae91-642dd95d8019 None None] Loaded extension: rbac-security-groups
Apr 10 18:47:55.935916 np0000164922 devstack@neutron-api.service[104843]: DEBUG neutron.services.service_base [None req-0ec75eb0-ac71-4be9-be57-1950c2b4106b None None] Loaded 'neutron.services.ovn_l3.service_providers.ovn.OvnDriver' provider for service L3_ROUTER_NAT {{(pid=104843) load_drivers /opt/stack/neutron/neutron/services/service_base.py:49}}
Apr 10 18:47:55.936091 np0000164922 devstack@neutron-api.service[104846]: DEBUG neutron.api.extensions [None req-fa195c18-958b-4d41-ae91-642dd95d8019 None None] Loading extension file: rbac_subnetpool.py {{(pid=104846) _load_all_extensions_from_path /opt/stack/neutron/neutron/api/extensions.py:449}}
Apr 10 18:47:55.936163 np0000164922 devstack@neutron-api.service[104843]: DEBUG neutron_lib.callbacks.manager [None req-0ec75eb0-ac71-4be9-be57-1950c2b4106b None None] Subscribe: > process after_init 55550001, True {{(pid=104843) subscribe /opt/stack/data/venv/lib/python3.12/site-packages/neutron_lib/callbacks/manager.py:52}}
Apr 10 18:47:55.936245 np0000164922 devstack@neutron-api.service[104846]: DEBUG neutron.api.extensions [None req-fa195c18-958b-4d41-ae91-642dd95d8019 None None] Ext name="Add subnetpool type to RBAC" alias="rbac-subnetpool" description="Add subnetpool type to RBAC" updated="2020-02-05T00:00:00-00:00" {{(pid=104846) _check_extension /opt/stack/neutron/neutron/api/extensions.py:415}}
Apr 10 18:47:55.936324 np0000164922 devstack@neutron-api.service[104843]: DEBUG neutron.manager [None req-0ec75eb0-ac71-4be9-be57-1950c2b4106b None None] Successfully loaded L3_ROUTER_NAT plugin. Description: L3 Router Service Plugin for basic L3 forwarding using OVN {{(pid=104843) _create_and_add_service_plugin /opt/stack/neutron/neutron/manager.py:239}}
Apr 10 18:47:55.936324 np0000164922 devstack@neutron-api.service[104843]: INFO neutron.manager [None req-0ec75eb0-ac71-4be9-be57-1950c2b4106b None None] Loading Plugin: auto_allocate
Apr 10 18:47:55.936461 np0000164922 devstack@neutron-api.service[104846]: INFO neutron.api.extensions [None req-fa195c18-958b-4d41-ae91-642dd95d8019 None None] Extension rbac-subnetpool not supported by any of loaded plugins
Apr 10 18:47:55.936461 np0000164922 devstack@neutron-api.service[104846]: DEBUG neutron.api.extensions [None req-fa195c18-958b-4d41-ae91-642dd95d8019 None None] Loading extension file: revisionifmatch.py {{(pid=104846) _load_all_extensions_from_path /opt/stack/neutron/neutron/api/extensions.py:449}}
Apr 10 18:47:55.936461 np0000164922 devstack@neutron-api.service[104846]: DEBUG neutron.api.extensions [None req-fa195c18-958b-4d41-ae91-642dd95d8019 None None] Ext name="If-Match constraints based on revision_number" alias="revision-if-match" description="Extension indicating that If-Match based on revision_number is supported." updated="2016-12-11T00:00:00-00:00" {{(pid=104846) _check_extension /opt/stack/neutron/neutron/api/extensions.py:415}}
Apr 10 18:47:55.936571 np0000164922 devstack@neutron-api.service[104846]: INFO neutron.api.extensions [None req-fa195c18-958b-4d41-ae91-642dd95d8019 None None] Loaded extension: revision-if-match
Apr 10 18:47:55.936571 np0000164922 devstack@neutron-api.service[104846]: DEBUG neutron.api.extensions [None req-fa195c18-958b-4d41-ae91-642dd95d8019 None None] Loading extension file: revisions.py {{(pid=104846) _load_all_extensions_from_path /opt/stack/neutron/neutron/api/extensions.py:449}}
Apr 10 18:47:55.938010 np0000164922 devstack@neutron-api.service[104846]: DEBUG neutron.api.extensions [None req-fa195c18-958b-4d41-ae91-642dd95d8019 None None] Ext name="Resource revision numbers" alias="standard-attr-revisions" description="This extension will display the revision number of neutron resources." updated="2016-04-11T10:00:00-00:00" {{(pid=104846) _check_extension /opt/stack/neutron/neutron/api/extensions.py:415}}
Apr 10 18:47:55.938396 np0000164922 devstack@neutron-api.service[104843]: DEBUG neutron_lib.callbacks.manager [None req-0ec75eb0-ac71-4be9-be57-1950c2b4106b None None] Subscribe: network precommit_update 55550000, False {{(pid=104843) subscribe /opt/stack/data/venv/lib/python3.12/site-packages/neutron_lib/callbacks/manager.py:52}}
Apr 10 18:47:55.938396 np0000164922 devstack@neutron-api.service[104843]: DEBUG neutron_lib.callbacks.manager [None req-0ec75eb0-ac71-4be9-be57-1950c2b4106b None None] Subscribe: network precommit_create 55550000, False {{(pid=104843) subscribe /opt/stack/data/venv/lib/python3.12/site-packages/neutron_lib/callbacks/manager.py:52}}
Apr 10 18:47:55.938906 np0000164922 devstack@neutron-api.service[104846]: INFO neutron.api.extensions [None req-fa195c18-958b-4d41-ae91-642dd95d8019 None None] Loaded extension: standard-attr-revisions
Apr 10 18:47:55.938906 np0000164922 devstack@neutron-api.service[104846]: DEBUG neutron.api.extensions [None req-fa195c18-958b-4d41-ae91-642dd95d8019 None None] Loading extension file: router_availability_zone.py {{(pid=104846) _load_all_extensions_from_path /opt/stack/neutron/neutron/api/extensions.py:449}}
Apr 10 18:47:55.939148 np0000164922 devstack@neutron-api.service[104843]: DEBUG neutron.manager [None req-0ec75eb0-ac71-4be9-be57-1950c2b4106b None None] Successfully loaded auto-allocated-topology plugin. Description: Auto Allocated Topology - aka get me a network. {{(pid=104843) _create_and_add_service_plugin /opt/stack/neutron/neutron/manager.py:239}}
Apr 10 18:47:55.939148 np0000164922 devstack@neutron-api.service[104843]: INFO neutron.manager [None req-0ec75eb0-ac71-4be9-be57-1950c2b4106b None None] Loading Plugin: tag
Apr 10 18:47:55.939472 np0000164922 devstack@neutron-api.service[104846]: DEBUG neutron.api.extensions [None req-fa195c18-958b-4d41-ae91-642dd95d8019 None None] Ext name="Router Availability Zone" alias="router_availability_zone" description="Availability zone support for router." updated="2015-01-01T10:00:00-00:00" {{(pid=104846) _check_extension /opt/stack/neutron/neutron/api/extensions.py:415}}
Apr 10 18:47:55.939472 np0000164922 devstack@neutron-api.service[104846]: INFO neutron.api.extensions [None req-fa195c18-958b-4d41-ae91-642dd95d8019 None None] Loaded extension: router_availability_zone
Apr 10 18:47:55.939472 np0000164922 devstack@neutron-api.service[104846]: DEBUG neutron.api.extensions [None req-fa195c18-958b-4d41-ae91-642dd95d8019 None None] Loading extension file: router_enable_snat.py {{(pid=104846) _load_all_extensions_from_path /opt/stack/neutron/neutron/api/extensions.py:449}}
Apr 10 18:47:55.939472 np0000164922 devstack@neutron-api.service[104846]: DEBUG neutron.api.extensions [None req-fa195c18-958b-4d41-ae91-642dd95d8019 None None] Ext name="Exposes the router "enable_snat" read-only configuration flag" alias="router-enable-snat" description="Exposes the router "enable_snat" read-only configuration flag" updated="2025-09-18T18:00:00-00:00" {{(pid=104846) _check_extension /opt/stack/neutron/neutron/api/extensions.py:415}}
Apr 10 18:47:55.939472 np0000164922 devstack@neutron-api.service[104846]: INFO neutron.api.extensions [None req-fa195c18-958b-4d41-ae91-642dd95d8019 None None] Loaded extension: router-enable-snat
Apr 10 18:47:55.939714 np0000164922 devstack@neutron-api.service[104845]: INFO neutron.plugins.ml2.drivers.type_vlan [None req-dd70e8de-380c-4a4b-9213-26966facc6d1 None None] VlanTypeDriver initialization complete
Apr 10 18:47:55.940162 np0000164922 devstack@neutron-api.service[104846]: DEBUG neutron.api.extensions [None req-fa195c18-958b-4d41-ae91-642dd95d8019 None None] Loading extension file: routerservicetype.py {{(pid=104846) _load_all_extensions_from_path /opt/stack/neutron/neutron/api/extensions.py:449}}
Apr 10 18:47:55.940320 np0000164922 devstack@neutron-api.service[104845]: INFO neutron.plugins.ml2.managers [None req-dd70e8de-380c-4a4b-9213-26966facc6d1 None None] Initializing extension driver 'port_security'
Apr 10 18:47:55.940320 np0000164922 devstack@neutron-api.service[104845]: INFO neutron.plugins.ml2.extensions.port_security [None req-dd70e8de-380c-4a4b-9213-26966facc6d1 None None] PortSecurityExtensionDriver initialization complete
Apr 10 18:47:55.940501 np0000164922 devstack@neutron-api.service[104846]: DEBUG neutron.api.extensions [None req-fa195c18-958b-4d41-ae91-642dd95d8019 None None] Ext name="Router Service Type" alias="router-service-type" description="Provides router service type" updated="2013-01-29T00:00:00-00:00" {{(pid=104846) _check_extension /opt/stack/neutron/neutron/api/extensions.py:415}}
Apr 10 18:47:55.940601 np0000164922 devstack@neutron-api.service[104845]: INFO neutron.plugins.ml2.managers [None req-dd70e8de-380c-4a4b-9213-26966facc6d1 None None] Initializing extension driver 'qos'
Apr 10 18:47:55.940601 np0000164922 devstack@neutron-api.service[104845]: DEBUG neutron.plugins.ml2.extensions.qos [None req-dd70e8de-380c-4a4b-9213-26966facc6d1 None None] QosExtensionDriver initialization complete {{(pid=104845) initialize /opt/stack/neutron/neutron/plugins/ml2/extensions/qos.py:31}}
Apr 10 18:47:55.940717 np0000164922 devstack@neutron-api.service[104846]: INFO neutron.api.extensions [None req-fa195c18-958b-4d41-ae91-642dd95d8019 None None] Extension router-service-type not supported by any of loaded plugins
Apr 10 18:47:55.940717 np0000164922 devstack@neutron-api.service[104846]: DEBUG neutron.api.extensions [None req-fa195c18-958b-4d41-ae91-642dd95d8019 None None] Loading extension file: security_groups_default_rules.py {{(pid=104846) _load_all_extensions_from_path /opt/stack/neutron/neutron/api/extensions.py:449}}
Apr 10 18:47:55.940843 np0000164922 devstack@neutron-api.service[104845]: INFO neutron.plugins.ml2.managers [None req-dd70e8de-380c-4a4b-9213-26966facc6d1 None None] Initializing mechanism driver 'ovn'
Apr 10 18:47:55.940843 np0000164922 devstack@neutron-api.service[104845]: INFO neutron.plugins.ml2.drivers.ovn.mech_driver.mech_driver [None req-dd70e8de-380c-4a4b-9213-26966facc6d1 None None] Starting OVNMechanismDriver
Apr 10 18:47:55.940976 np0000164922 devstack@neutron-api.service[104846]: DEBUG neutron.api.extensions [None req-fa195c18-958b-4d41-ae91-642dd95d8019 None None] Ext name="Default rules for security groups" alias="security-groups-default-rules" description="Configure set of security group rules used as default rules for every new security group" updated="2022-12-19T10:00:00-00:00" {{(pid=104846) _check_extension /opt/stack/neutron/neutron/api/extensions.py:415}}
Apr 10 18:47:55.940976 np0000164922 devstack@neutron-api.service[104846]: INFO neutron.api.extensions [None req-fa195c18-958b-4d41-ae91-642dd95d8019 None None] Loaded extension: security-groups-default-rules
Apr 10 18:47:55.940976 np0000164922 devstack@neutron-api.service[104846]: DEBUG neutron.api.extensions [None req-fa195c18-958b-4d41-ae91-642dd95d8019 None None] Loading extension file: security_groups_normalized_cidr.py {{(pid=104846) _load_all_extensions_from_path /opt/stack/neutron/neutron/api/extensions.py:449}}
Apr 10 18:47:55.940976 np0000164922 devstack@neutron-api.service[104846]: DEBUG neutron.api.extensions [None req-fa195c18-958b-4d41-ae91-642dd95d8019 None None] Ext name="Normalized CIDR field for security group rules" alias="security-groups-normalized-cidr" description="Add new field with normalized remote_ip_prefix cidr in SG rule" updated="2020-07-28T10:00:00-00:00" {{(pid=104846) _check_extension /opt/stack/neutron/neutron/api/extensions.py:415}}
Apr 10 18:47:55.940976 np0000164922 devstack@neutron-api.service[104846]: INFO neutron.api.extensions [None req-fa195c18-958b-4d41-ae91-642dd95d8019 None None] Loaded extension: security-groups-normalized-cidr
Apr 10 18:47:55.940976 np0000164922 devstack@neutron-api.service[104846]: DEBUG neutron.api.extensions [None req-fa195c18-958b-4d41-ae91-642dd95d8019 None None] Loading extension file: security_groups_port_filtering.py {{(pid=104846) _load_all_extensions_from_path /opt/stack/neutron/neutron/api/extensions.py:449}}
Apr 10 18:47:55.941229 np0000164922 devstack@neutron-api.service[104843]: DEBUG neutron.manager [None req-0ec75eb0-ac71-4be9-be57-1950c2b4106b None None] Successfully loaded TAG plugin. Description: Tag support {{(pid=104843) _create_and_add_service_plugin /opt/stack/neutron/neutron/manager.py:239}}
Apr 10 18:47:55.941323 np0000164922 devstack@neutron-api.service[104846]: DEBUG neutron.api.extensions [None req-fa195c18-958b-4d41-ae91-642dd95d8019 None None] Ext name="Port filtering on security groups" alias="port-security-groups-filtering" description="Provides security groups filtering when listing ports" updated="2018-01-09T09:00:00-00:00" {{(pid=104846) _check_extension /opt/stack/neutron/neutron/api/extensions.py:415}}
Apr 10 18:47:55.942689 np0000164922 devstack@neutron-api.service[104843]: INFO neutron.manager [None req-0ec75eb0-ac71-4be9-be57-1950c2b4106b None None] Loading Plugin: timestamp
Apr 10 18:47:55.943175 np0000164922 devstack@neutron-api.service[104846]: INFO neutron.api.extensions [None req-fa195c18-958b-4d41-ae91-642dd95d8019 None None] Extension port-security-groups-filtering not supported by any of loaded plugins
Apr 10 18:47:55.943175 np0000164922 devstack@neutron-api.service[104846]: DEBUG neutron.api.extensions [None req-fa195c18-958b-4d41-ae91-642dd95d8019 None None] Loading extension file: security_groups_remote_address_group.py {{(pid=104846) _load_all_extensions_from_path /opt/stack/neutron/neutron/api/extensions.py:449}}
Apr 10 18:47:55.943175 np0000164922 devstack@neutron-api.service[104846]: DEBUG neutron.api.extensions [None req-fa195c18-958b-4d41-ae91-642dd95d8019 None None] Ext name="Remote address group id field for security group rules" alias="security-groups-remote-address-group" description="Add new field of remote address group id in SG rules" updated="2020-08-25T10:00:00-00:00" {{(pid=104846) _check_extension /opt/stack/neutron/neutron/api/extensions.py:415}}
Apr 10 18:47:55.943175 np0000164922 devstack@neutron-api.service[104846]: INFO neutron.api.extensions [None req-fa195c18-958b-4d41-ae91-642dd95d8019 None None] Loaded extension: security-groups-remote-address-group
Apr 10 18:47:55.943810 np0000164922 devstack@neutron-api.service[104845]: DEBUG neutron_lib.callbacks.manager [None req-dd70e8de-380c-4a4b-9213-26966facc6d1 None None] Subscribe: > process before_spawn 55550000, False {{(pid=104845) subscribe /opt/stack/data/venv/lib/python3.12/site-packages/neutron_lib/callbacks/manager.py:52}}
Apr 10 18:47:55.944272 np0000164922 devstack@neutron-api.service[104846]: DEBUG neutron.api.extensions [None req-fa195c18-958b-4d41-ae91-642dd95d8019 None None] Loading extension file: security_groups_rules_belongs_to_default_sg.py {{(pid=104846) _load_all_extensions_from_path /opt/stack/neutron/neutron/api/extensions.py:449}}
Apr 10 18:47:55.944761 np0000164922 devstack@neutron-api.service[104845]: DEBUG neutron_lib.callbacks.manager [None req-dd70e8de-380c-4a4b-9213-26966facc6d1 None None] Subscribe: > process after_init 55550000, True {{(pid=104845) subscribe /opt/stack/data/venv/lib/python3.12/site-packages/neutron_lib/callbacks/manager.py:52}}
Apr 10 18:47:55.944761 np0000164922 devstack@neutron-api.service[104845]: DEBUG neutron_lib.callbacks.manager [None req-dd70e8de-380c-4a4b-9213-26966facc6d1 None None] Subscribe: > segment after_create 55550000, False {{(pid=104845) subscribe /opt/stack/data/venv/lib/python3.12/site-packages/neutron_lib/callbacks/manager.py:52}}
Apr 10 18:47:55.945190 np0000164922 devstack@neutron-api.service[104846]: DEBUG neutron.api.extensions [None req-fa195c18-958b-4d41-ae91-642dd95d8019 None None] Ext name="Security group rule belongs to the project's default security group" alias="security-groups-rules-belongs-to-default-sg" description="Flag to determine if the security group rule belongs to the project's default security group" updated="2023-05-23T10:00:00-00:00" {{(pid=104846) _check_extension /opt/stack/neutron/neutron/api/extensions.py:415}}
Apr 10 18:47:55.945574 np0000164922 devstack@neutron-api.service[104845]: DEBUG neutron_lib.callbacks.manager [None req-dd70e8de-380c-4a4b-9213-26966facc6d1 None None] Subscribe: > segment after_create 55550000, False {{(pid=104845) subscribe /opt/stack/data/venv/lib/python3.12/site-packages/neutron_lib/callbacks/manager.py:52}}
Apr 10 18:47:55.945796 np0000164922 devstack@neutron-api.service[104846]: INFO neutron.api.extensions [None req-fa195c18-958b-4d41-ae91-642dd95d8019 None None] Loaded extension: security-groups-rules-belongs-to-default-sg
Apr 10 18:47:55.945848 np0000164922 devstack@neutron-api.service[104845]: DEBUG neutron_lib.callbacks.manager [None req-dd70e8de-380c-4a4b-9213-26966facc6d1 None None] Subscribe: > segment after_delete 55550000, False {{(pid=104845) subscribe /opt/stack/data/venv/lib/python3.12/site-packages/neutron_lib/callbacks/manager.py:52}}
Apr 10 18:47:55.946101 np0000164922 devstack@neutron-api.service[104846]: DEBUG neutron.api.extensions [None req-fa195c18-958b-4d41-ae91-642dd95d8019 None None] Loading extension file: security_groups_shared_filtering.py {{(pid=104846) _load_all_extensions_from_path /opt/stack/neutron/neutron/api/extensions.py:449}}
Apr 10 18:47:55.946179 np0000164922 devstack@neutron-api.service[104845]: DEBUG neutron_lib.callbacks.manager [None req-dd70e8de-380c-4a4b-9213-26966facc6d1 None None] Subscribe: > allowed_address_pair before_create 55550000, False {{(pid=104845) subscribe /opt/stack/data/venv/lib/python3.12/site-packages/neutron_lib/callbacks/manager.py:52}}
Apr 10 18:47:55.946232 np0000164922 devstack@neutron-api.service[104843]: DEBUG neutron.manager [None req-0ec75eb0-ac71-4be9-be57-1950c2b4106b None None] Successfully loaded timestamp plugin. Description: Adds timestamps to Neutron resources with standard attributes {{(pid=104843) _create_and_add_service_plugin /opt/stack/neutron/neutron/manager.py:239}}
Apr 10 18:47:55.946291 np0000164922 devstack@neutron-api.service[104845]: DEBUG neutron_lib.callbacks.manager [None req-dd70e8de-380c-4a4b-9213-26966facc6d1 None None] Subscribe: > security_group precommit_create 55550000, False {{(pid=104845) subscribe /opt/stack/data/venv/lib/python3.12/site-packages/neutron_lib/callbacks/manager.py:52}}
Apr 10 18:47:55.946345 np0000164922 devstack@neutron-api.service[104843]: INFO neutron.manager [None req-0ec75eb0-ac71-4be9-be57-1950c2b4106b None None] Loading Plugin: network_ip_availability
Apr 10 18:47:55.946904 np0000164922 devstack@neutron-api.service[104846]: DEBUG neutron.api.extensions [None req-fa195c18-958b-4d41-ae91-642dd95d8019 None None] Ext name="Security group filtering on the shared field" alias="security-groups-shared-filtering" description="Support filtering security groups on the shared field" updated="2021-10-05T09:00:00-00:00" {{(pid=104846) _check_extension /opt/stack/neutron/neutron/api/extensions.py:415}}
Apr 10 18:47:55.947028 np0000164922 devstack@neutron-api.service[104845]: DEBUG neutron_lib.callbacks.manager [None req-dd70e8de-380c-4a4b-9213-26966facc6d1 None None] Subscribe: > security_group after_update 55550000, False {{(pid=104845) subscribe /opt/stack/data/venv/lib/python3.12/site-packages/neutron_lib/callbacks/manager.py:52}}
Apr 10 18:47:55.947028 np0000164922 devstack@neutron-api.service[104845]: DEBUG neutron_lib.callbacks.manager [None req-dd70e8de-380c-4a4b-9213-26966facc6d1 None None] Subscribe: > security_group after_create 55550000, False {{(pid=104845) subscribe /opt/stack/data/venv/lib/python3.12/site-packages/neutron_lib/callbacks/manager.py:52}}
Apr 10 18:47:55.947227 np0000164922 devstack@neutron-api.service[104846]: INFO neutron.api.extensions [None req-fa195c18-958b-4d41-ae91-642dd95d8019 None None] Loaded extension: security-groups-shared-filtering
Apr 10 18:47:55.947391 np0000164922 devstack@neutron-api.service[104845]: DEBUG neutron_lib.callbacks.manager [None req-dd70e8de-380c-4a4b-9213-26966facc6d1 None None] Subscribe: > security_group precommit_delete 55550000, False {{(pid=104845) subscribe /opt/stack/data/venv/lib/python3.12/site-packages/neutron_lib/callbacks/manager.py:52}}
Apr 10 18:47:55.947599 np0000164922 devstack@neutron-api.service[104846]: DEBUG neutron.api.extensions [None req-fa195c18-958b-4d41-ae91-642dd95d8019 None None] Loading extension file: securitygroup.py {{(pid=104846) _load_all_extensions_from_path /opt/stack/neutron/neutron/api/extensions.py:449}}
Apr 10 18:47:55.947699 np0000164922 devstack@neutron-api.service[104845]: DEBUG neutron_lib.callbacks.manager [None req-dd70e8de-380c-4a4b-9213-26966facc6d1 None None] Subscribe: > security_group after_delete 55550000, False {{(pid=104845) subscribe /opt/stack/data/venv/lib/python3.12/site-packages/neutron_lib/callbacks/manager.py:52}}
Apr 10 18:47:55.947699 np0000164922 devstack@neutron-api.service[104845]: DEBUG neutron_lib.callbacks.manager [None req-dd70e8de-380c-4a4b-9213-26966facc6d1 None None] Subscribe: > security_group_rule precommit_create 55550000, False {{(pid=104845) subscribe /opt/stack/data/venv/lib/python3.12/site-packages/neutron_lib/callbacks/manager.py:52}}
Apr 10 18:47:55.947699 np0000164922 devstack@neutron-api.service[104845]: DEBUG neutron_lib.callbacks.manager [None req-dd70e8de-380c-4a4b-9213-26966facc6d1 None None] Subscribe: > security_group_rule after_create 55550000, False {{(pid=104845) subscribe /opt/stack/data/venv/lib/python3.12/site-packages/neutron_lib/callbacks/manager.py:52}}
Apr 10 18:47:55.947699 np0000164922 devstack@neutron-api.service[104845]: DEBUG neutron_lib.callbacks.manager [None req-dd70e8de-380c-4a4b-9213-26966facc6d1 None None] Subscribe: > security_group_rule before_delete 55550000, False {{(pid=104845) subscribe /opt/stack/data/venv/lib/python3.12/site-packages/neutron_lib/callbacks/manager.py:52}}
Apr 10 18:47:55.947902 np0000164922 devstack@neutron-api.service[104845]: DEBUG neutron_lib.callbacks.manager [None req-dd70e8de-380c-4a4b-9213-26966facc6d1 None None] Subscribe: > address_group after_create 55550000, False {{(pid=104845) subscribe /opt/stack/data/venv/lib/python3.12/site-packages/neutron_lib/callbacks/manager.py:52}}
Apr 10 18:47:55.947902 np0000164922 devstack@neutron-api.service[104845]: DEBUG neutron_lib.callbacks.manager [None req-dd70e8de-380c-4a4b-9213-26966facc6d1 None None] Subscribe: > address_group after_update 55550000, False {{(pid=104845) subscribe /opt/stack/data/venv/lib/python3.12/site-packages/neutron_lib/callbacks/manager.py:52}}
Apr 10 18:47:55.947902 np0000164922 devstack@neutron-api.service[104845]: DEBUG neutron_lib.callbacks.manager [None req-dd70e8de-380c-4a4b-9213-26966facc6d1 None None] Subscribe: > address_group after_delete 55550000, False {{(pid=104845) subscribe /opt/stack/data/venv/lib/python3.12/site-packages/neutron_lib/callbacks/manager.py:52}}
Apr 10 18:47:55.947902 np0000164922 devstack@neutron-api.service[104845]: DEBUG neutron_lib.callbacks.manager [None req-dd70e8de-380c-4a4b-9213-26966facc6d1 None None] Subscribe: > qos_plugin after_init 55550000, False {{(pid=104845) subscribe /opt/stack/data/venv/lib/python3.12/site-packages/neutron_lib/callbacks/manager.py:52}}
Apr 10 18:47:55.948038 np0000164922 devstack@neutron-api.service[104845]: DEBUG neutron_lib.callbacks.manager [None req-dd70e8de-380c-4a4b-9213-26966facc6d1 None None] Subscribe: > trunk_plugin after_init 55550000, False {{(pid=104845) subscribe /opt/stack/data/venv/lib/python3.12/site-packages/neutron_lib/callbacks/manager.py:52}}
Apr 10 18:47:55.948108 np0000164922 devstack@neutron-api.service[104843]: DEBUG neutron.manager [None req-0ec75eb0-ac71-4be9-be57-1950c2b4106b None None] Successfully loaded network-ip-availability plugin. Description: Provides IP availability data for each network and subnet. {{(pid=104843) _create_and_add_service_plugin /opt/stack/neutron/neutron/manager.py:239}}
Apr 10 18:47:55.948163 np0000164922 devstack@neutron-api.service[104845]: DEBUG neutron_lib.callbacks.manager [None req-dd70e8de-380c-4a4b-9213-26966facc6d1 None None] Subscribe: > logging-plugin after_init 55550000, False {{(pid=104845) subscribe /opt/stack/data/venv/lib/python3.12/site-packages/neutron_lib/callbacks/manager.py:52}}
