Jun 25 20:11:22.362530 np0000182853 devstack@neutron-api.service[103403]: DEBUG ovsdbapp.backend.ovs_idl.event [None req-81940bb1-cbec-42ae-914b-fc5697290310 None None] Matched CREATE: LogicalSwitchPortCreateEvent(events=('create',), table='Logical_Switch_Port', conditions=[], old_conditions=None), priority=20 to row=Logical_Switch_Port(uuid=0a7f35c7-0ccb-4ae0-88ce-d7fda82d7285, addresses=['fa:16:3e:b6:62:a6 10.2.5.217', 'unknown'], dhcpv4_options=251b6809-63a7-434d-8a51-9771d879f1eb, dhcpv6_options=[], dynamic_addresses=[], enabled=True, external_ids={'neutron:cidrs': '10.2.5.217/24', 'neutron:device_id': 'manila-admin-share', 'neutron:device_owner': 'manila:share', 'neutron:mtu': '', 'neutron:network_name': 'neutron-5bcd8408-d0fe-474a-bb83-aa9ece701fe8', 'neutron:port_capabilities': '', 'neutron:port_name': '', 'neutron:project_id': 'e23b7480ec1f40d4a65d0f659f6e457a', 'neutron:revision_number': '1', 'neutron:security_group_ids': '', 'neutron:subnet_pool_addr_scope4': '', 'neutron:subnet_pool_addr_scope6': '', 'neutron:vnic_type': 'normal'}, ha_chassis_group=[], mirror_rules=[], name='9b8d8aa3-85ec-4f3a-afae-4c4404f74596', options={'requested-chassis': 'np0000182853'}, parent_name=[], port_security=[], tag=[], tag_request=[], type='', up=[]) old= {{(pid=103403) matches /opt/stack/data/venv/lib/python3.12/site-packages/ovsdbapp/backend/ovs_idl/event.py:55}}
Jun 25 20:11:22.363377 np0000182853 devstack@neutron-api.service[103403]: INFO neutron.plugins.ml2.drivers.ovn.mech_driver.mech_driver [None req-dfd4fa3d-4d46-42e5-ae60-b427770e2f37 None None] OVN reports status down for port: 9b8d8aa3-85ec-4f3a-afae-4c4404f74596
Jun 25 20:11:22.364195 np0000182853 devstack@neutron-api.service[103403]: DEBUG neutron.plugins.ml2.drivers.ovn.mech_driver.ovsdb.ovsdb_monitor [None req-81940bb1-cbec-42ae-914b-fc5697290310 None None] Hash Ring: Node 574195c68b525d4db8303afd02fba2e2 (host: np0000182853) handling event "update" for row 0a7f35c7-0ccb-4ae0-88ce-d7fda82d7285 (table: Logical_Switch_Port) {{(pid=103403) notify /opt/stack/neutron/neutron/plugins/ml2/drivers/ovn/mech_driver/ovsdb/ovsdb_monitor.py:1015}}
Jun 25 20:11:22.368475 np0000182853 devstack@neutron-api.service[103400]: DEBUG neutron.plugins.ml2.drivers.ovn.mech_driver.ovsdb.ovsdb_monitor [None req-2cabaea7-e5ad-4497-ba9a-1b08e045b990 None None] Hash Ring: Node 836b2b1e174a5f13a48b52af8acffc15 (host: np0000182853) handling event "create" for row 08c005aa-2997-4ccf-95fc-7616e72dc23c (table: Port_Binding) {{(pid=103400) notify /opt/stack/neutron/neutron/plugins/ml2/drivers/ovn/mech_driver/ovsdb/ovsdb_monitor.py:1015}}
Jun 25 20:11:22.392415 np0000182853 devstack@neutron-api.service[103403]: DEBUG neutron.db.provisioning_blocks [None req-dfd4fa3d-4d46-42e5-ae60-b427770e2f37 None None] Ignored duplicate provisioning block setup for port 9b8d8aa3-85ec-4f3a-afae-4c4404f74596 by entity L2. {{(pid=103403) add_provisioning_component /opt/stack/neutron/neutron/db/provisioning_blocks.py:69}}
Jun 25 20:11:22.396742 np0000182853 devstack@neutron-api.service[103402]: INFO neutron.db.ovn_revision_numbers_db [None req-821e4920-d059-4f6d-98d2-45ca3c26c311 service neutron] Successfully bumped revision number for resource 9b8d8aa3-85ec-4f3a-afae-4c4404f74596 (type: ports) to 1
Jun 25 20:11:22.408179 np0000182853 devstack@neutron-api.service[103403]: DEBUG neutron.plugins.ml2.plugin [None req-dfd4fa3d-4d46-42e5-ae60-b427770e2f37 None None] Current status of the port 9b8d8aa3-85ec-4f3a-afae-4c4404f74596 is: DOWN; New status is: DOWN {{(pid=103403) _update_individual_port_db_status /opt/stack/neutron/neutron/plugins/ml2/plugin.py:2473}}
Jun 25 20:11:22.409440 np0000182853 devstack@neutron-api.service[103403]: DEBUG ovsdbapp.backend.ovs_idl.transaction [None req-81940bb1-cbec-42ae-914b-fc5697290310 None None] Running txn n=1 command(idx=0): DbRemoveCommand(_result=None, table=Logical_Switch_Port, record=9b8d8aa3-85ec-4f3a-afae-4c4404f74596, column=external_ids, values=('neutron:host_id',), keyvalues={}, if_exists=True) {{(pid=103403) do_commit /opt/stack/data/venv/lib/python3.12/site-packages/ovsdbapp/backend/ovs_idl/transaction.py:89}}
Jun 25 20:11:22.414462 np0000182853 devstack@neutron-api.service[103402]: DEBUG neutron.plugins.ml2.managers [None req-821e4920-d059-4f6d-98d2-45ca3c26c311 service neutron] Attempting to bind port 9b8d8aa3-85ec-4f3a-afae-4c4404f74596 on host np0000182853 for vnic_type normal with profile {{(pid=103402) bind_port /opt/stack/neutron/neutron/plugins/ml2/managers.py:865}}
Jun 25 20:11:22.414641 np0000182853 devstack@neutron-api.service[103402]: DEBUG neutron.plugins.ml2.managers [None req-821e4920-d059-4f6d-98d2-45ca3c26c311 service neutron] Attempting to bind port 9b8d8aa3-85ec-4f3a-afae-4c4404f74596 by drivers ovn on host np0000182853 at level 0 using segments [{'id': '302e1bf8-96a7-4615-8bad-9dbfac767401', 'network_type': 'geneve', 'physical_network': None, 'segmentation_id': 15556, 'network_id': '5bcd8408-d0fe-474a-bb83-aa9ece701fe8'}] {{(pid=103402) _bind_port_level /opt/stack/neutron/neutron/plugins/ml2/managers.py:890}}
Jun 25 20:11:22.416011 np0000182853 devstack@neutron-api.service[103402]: DEBUG neutron.plugins.ml2.drivers.ovn.mech_driver.mech_driver [None req-821e4920-d059-4f6d-98d2-45ca3c26c311 service neutron] Attempting to bind port 9b8d8aa3-85ec-4f3a-afae-4c4404f74596 on host np0000182853 for network segment with type geneve, segmentation ID 15556, physical network None {{(pid=103402) bind_port /opt/stack/neutron/neutron/plugins/ml2/drivers/ovn/mech_driver/mech_driver.py:1209}}
Jun 25 20:11:22.416574 np0000182853 devstack@neutron-api.service[103402]: DEBUG neutron.plugins.ml2.managers [None req-821e4920-d059-4f6d-98d2-45ca3c26c311 service neutron] Bound port: 9b8d8aa3-85ec-4f3a-afae-4c4404f74596, host: np0000182853, vif_type: ovs, vif_details: {"port_filter": true, "connectivity": "l2", "ovs_create_tap": false, "bridge_name": "br-int", "datapath_type": "system"}, binding_levels: [{'bound_driver': 'ovn', 'bound_segment': {'id': '302e1bf8-96a7-4615-8bad-9dbfac767401', 'network_type': 'geneve', 'physical_network': None, 'segmentation_id': 15556, 'network_id': '5bcd8408-d0fe-474a-bb83-aa9ece701fe8'}}] {{(pid=103402) _bind_port_level /opt/stack/neutron/neutron/plugins/ml2/managers.py:1001}}
Jun 25 20:11:22.416758 np0000182853 devstack@neutron-api.service[103402]: DEBUG neutron_lib.callbacks.manager [None req-821e4920-d059-4f6d-98d2-45ca3c26c311 service neutron] Publish callbacks ['neutron.plugins.ml2.plugin.SecurityGroupDbMixin._ensure_default_security_group_handler-31032', 'neutron.services.ovn_l3.plugin.OVNL3RouterPlugin._port_update-7832486821508', 'neutron.db.l3_db.L3_NAT_dbonly_mixin._prevent_internal_ip_change_for_fip-7832489284448'] for port (9b8d8aa3-85ec-4f3a-afae-4c4404f74596), before_update {{(pid=103402) _notify_loop /opt/stack/data/venv/lib/python3.12/site-packages/neutron_lib/callbacks/manager.py:184}}
Jun 25 20:11:22.462509 np0000182853 devstack@neutron-api.service[103402]: DEBUG neutron.plugins.ml2.db [None req-821e4920-d059-4f6d-98d2-45ca3c26c311 service neutron] For port 9b8d8aa3-85ec-4f3a-afae-4c4404f74596, host np0000182853, cleared binding levels {{(pid=103402) clear_binding_levels /opt/stack/neutron/neutron/plugins/ml2/db.py:87}}
Jun 25 20:11:22.465177 np0000182853 devstack@neutron-api.service[103402]: DEBUG neutron.plugins.ml2.db [None req-821e4920-d059-4f6d-98d2-45ca3c26c311 service neutron] For port 9b8d8aa3-85ec-4f3a-afae-4c4404f74596, host np0000182853, set binding levels [PortBindingLevel(driver='ovn',host='np0000182853',level=0,port_id=9b8d8aa3-85ec-4f3a-afae-4c4404f74596,segment=NetworkSegment(302e1bf8-96a7-4615-8bad-9dbfac767401),segment_id=302e1bf8-96a7-4615-8bad-9dbfac767401)] {{(pid=103402) set_binding_levels /opt/stack/neutron/neutron/plugins/ml2/db.py:59}}
Jun 25 20:11:22.466581 np0000182853 devstack@neutron-api.service[103402]: DEBUG neutron.plugins.ml2.drivers.ovn.mech_driver.mech_driver [None req-821e4920-d059-4f6d-98d2-45ca3c26c311 service neutron] No provisioning block for port 9b8d8aa3-85ec-4f3a-afae-4c4404f74596 since host unchanged {{(pid=103402) _is_port_provisioning_required /opt/stack/neutron/neutron/plugins/ml2/drivers/ovn/mech_driver/mech_driver.py:904}}
Jun 25 20:11:22.475675 np0000182853 devstack@neutron-api.service[103402]: DEBUG neutron_lib.callbacks.manager [None req-821e4920-d059-4f6d-98d2-45ca3c26c311 service neutron] Publish callbacks ['neutron.plugins.ml2.ovo_rpc._ObjectChangeHandler.handle_event-6679488', 'neutron.services.ovn_l3.plugin.OVNL3RouterPlugin._port_update-7832486821508'] for port (9b8d8aa3-85ec-4f3a-afae-4c4404f74596), after_update {{(pid=103402) _notify_loop /opt/stack/data/venv/lib/python3.12/site-packages/neutron_lib/callbacks/manager.py:184}}
Jun 25 20:11:22.511344 np0000182853 devstack@neutron-api.service[103402]: DEBUG neutron.api.rpc.handlers.resources_rpc [None req-821e4920-d059-4f6d-98d2-45ca3c26c311 service neutron] Pushing event updated for resources: {'Port': ['ID=9b8d8aa3-85ec-4f3a-afae-4c4404f74596,revision_number=3']} {{(pid=103402) push /opt/stack/neutron/neutron/api/rpc/handlers/resources_rpc.py:237}}
Jun 25 20:11:22.545053 np0000182853 devstack@neutron-api.service[103402]: DEBUG neutron.plugins.ml2.drivers.ovn.mech_driver.ovsdb.commands [None req-821e4920-d059-4f6d-98d2-45ca3c26c311 service neutron] Converting tag [] to a tag_request {{(pid=103402) _tag_column_to_tag_request /opt/stack/neutron/neutron/plugins/ml2/drivers/ovn/mech_driver/ovsdb/commands.py:205}}
Jun 25 20:11:22.546704 np0000182853 devstack@neutron-api.service[103402]: DEBUG ovsdbapp.backend.ovs_idl.transaction [None req-be8c2865-d030-4677-b8e3-5a57ac7e7c89 None None] Running txn n=1 command(idx=0): CheckRevisionNumberCommand(_result=None, name=9b8d8aa3-85ec-4f3a-afae-4c4404f74596, resource={'id': '9b8d8aa3-85ec-4f3a-afae-4c4404f74596', 'name': '', 'network_id': '5bcd8408-d0fe-474a-bb83-aa9ece701fe8', 'project_id': 'e23b7480ec1f40d4a65d0f659f6e457a', 'mac_address': 'fa:16:3e:b6:62:a6', 'admin_state_up': True, 'status': 'DOWN', 'device_id': 'manila-admin-share', 'device_owner': 'manila:share', 'standard_attr_id': 46, 'fixed_ips': [{'subnet_id': '335b76ff-8159-4adf-9465-a9e3e86e5afb', 'ip_address': '10.2.5.217'}], 'allowed_address_pairs': [], 'extra_dhcp_opts': [], 'security_groups': [], 'description': '', 'binding:vnic_type': 'normal', 'binding:profile': {}, 'binding:host_id': 'np0000182853', 'binding:vif_type': 'ovs', 'binding:vif_details': {'port_filter': True, 'connectivity': 'l2', 'ovs_create_tap': False, 'bridge_name': 'br-int', 'datapath_type': 'system', 'bound_drivers': {'0': 'ovn'}}, 'port_security_enabled': False, 'tags': [], 'created_at': '2026-06-25T20:11:22Z', 'updated_at': '2026-06-25T20:11:22Z', 'revision_number': 3, 'tenant_id': 'e23b7480ec1f40d4a65d0f659f6e457a', 'network': {'id': '5bcd8408-d0fe-474a-bb83-aa9ece701fe8', 'name': 'admin_net', 'tenant_id': 'e23b7480ec1f40d4a65d0f659f6e457a', 'project_id': 'e23b7480ec1f40d4a65d0f659f6e457a', 'admin_state_up': True, 'mtu': 1372, 'status': 'ACTIVE', 'subnets': ['335b76ff-8159-4adf-9465-a9e3e86e5afb'], 'standard_attr_id': 42, 'shared': False, 'availability_zone_hints': [], 'availability_zones': [], 'ipv4_address_scope': None, 'ipv6_address_scope': None, 'router:external': False, 'qinq': False, 'vlan_transparent': False, 'description': '', 'port_security_enabled': True, 'tags': [], 'created_at': '2026-06-25T20:11:15Z', 'updated_at': '2026-06-25T20:11:16Z', 'revision_number': 2, 'provider:network_type': 'geneve', 'provider:physical_network': None, 'provider:segmentation_id': 15556}}, resource_type=ports, if_exists=True) {{(pid=103402) do_commit /opt/stack/data/venv/lib/python3.12/site-packages/ovsdbapp/backend/ovs_idl/transaction.py:89}}
Jun 25 20:11:22.548310 np0000182853 devstack@neutron-api.service[103402]: DEBUG ovsdbapp.backend.ovs_idl.transaction [None req-be8c2865-d030-4677-b8e3-5a57ac7e7c89 None None] Running txn n=1 command(idx=1): SetLSwitchPortCommand(_result=None, lport=9b8d8aa3-85ec-4f3a-afae-4c4404f74596, external_ids_update=None, columns={'external_ids': {'neutron:port_name': '', 'neutron:device_id': 'manila-admin-share', 'neutron:project_id': 'e23b7480ec1f40d4a65d0f659f6e457a', 'neutron:cidrs': '10.2.5.217/24', 'neutron:device_owner': 'manila:share', 'neutron:subnet_pool_addr_scope4': '', 'neutron:subnet_pool_addr_scope6': '', 'neutron:network_name': 'neutron-5bcd8408-d0fe-474a-bb83-aa9ece701fe8', 'neutron:security_group_ids': '', 'neutron:revision_number': '3', 'neutron:vnic_type': 'normal', 'neutron:port_capabilities': '', 'neutron:mtu': ''}, 'parent_name': [], 'options': {'requested-chassis': 'np0000182853'}, 'enabled': True, 'port_security': [], 'dhcpv4_options': [UUID('251b6809-63a7-434d-8a51-9771d879f1eb')], 'dhcpv6_options': [], 'type': '', 'addresses': ['fa:16:3e:b6:62:a6 10.2.5.217', 'unknown'], 'ha_chassis_group': [], 'tag_request': []}, if_exists=False) {{(pid=103402) do_commit /opt/stack/data/venv/lib/python3.12/site-packages/ovsdbapp/backend/ovs_idl/transaction.py:89}}
Jun 25 20:11:22.550521 np0000182853 devstack@neutron-api.service[103402]: DEBUG ovsdbapp.backend.ovs_idl.transaction [None req-be8c2865-d030-4677-b8e3-5a57ac7e7c89 None None] Running txn n=1 command(idx=2): PgDelPortCommand(_result=None, port_group=neutron_pg_drop, lsp=['9b8d8aa3-85ec-4f3a-afae-4c4404f74596'], if_exists=False) {{(pid=103402) do_commit /opt/stack/data/venv/lib/python3.12/site-packages/ovsdbapp/backend/ovs_idl/transaction.py:89}}
Jun 25 20:11:22.556853 np0000182853 devstack@neutron-api.service[103403]: DEBUG neutron.plugins.ml2.drivers.ovn.mech_driver.ovsdb.ovsdb_monitor [None req-81940bb1-cbec-42ae-914b-fc5697290310 None None] Hash Ring: Node 574195c68b525d4db8303afd02fba2e2 (host: np0000182853) handling event "update" for row 0a7f35c7-0ccb-4ae0-88ce-d7fda82d7285 (table: Logical_Switch_Port) {{(pid=103403) notify /opt/stack/neutron/neutron/plugins/ml2/drivers/ovn/mech_driver/ovsdb/ovsdb_monitor.py:1015}}
Jun 25 20:11:22.562145 np0000182853 devstack@neutron-api.service[103400]: DEBUG neutron.plugins.ml2.drivers.ovn.mech_driver.ovsdb.ovsdb_monitor [None req-2cabaea7-e5ad-4497-ba9a-1b08e045b990 None None] Hash Ring: Node 836b2b1e174a5f13a48b52af8acffc15 (host: np0000182853) handling event "update" for row 08c005aa-2997-4ccf-95fc-7616e72dc23c (table: Port_Binding) {{(pid=103400) notify /opt/stack/neutron/neutron/plugins/ml2/drivers/ovn/mech_driver/ovsdb/ovsdb_monitor.py:1015}}
Jun 25 20:11:22.607664 np0000182853 devstack@neutron-api.service[103402]: INFO neutron.db.ovn_revision_numbers_db [None req-821e4920-d059-4f6d-98d2-45ca3c26c311 service neutron] Successfully bumped revision number for resource 9b8d8aa3-85ec-4f3a-afae-4c4404f74596 (type: ports) to 3
Jun 25 20:11:22.621884 np0000182853 devstack@neutron-api.service[103402]: DEBUG neutron.pecan_wsgi.hooks.policy_enforcement [None req-821e4920-d059-4f6d-98d2-45ca3c26c311 service neutron] Attributes excluded by policy engine: ['standard_attr_id'] {{(pid=103402) _exclude_attributes_by_policy /opt/stack/neutron/neutron/pecan_wsgi/hooks/policy_enforcement.py:259}}
Jun 25 20:11:22.622275 np0000182853 devstack@neutron-api.service[103402]: DEBUG neutron_lib.callbacks.manager [None req-821e4920-d059-4f6d-98d2-45ca3c26c311 service neutron] Publish callbacks ['neutron.notifiers.nova.Notifier._send_nova_notification-117775'] for port (None), before_response {{(pid=103402) _notify_loop /opt/stack/data/venv/lib/python3.12/site-packages/neutron_lib/callbacks/manager.py:184}}
Jun 25 20:11:22.634944 np0000182853 devstack@neutron-api.service[103402]: [pid: 103402|app: 0|req: 26/104] 199.19.213.140 () {68 vars in 1304 bytes} [Thu Jun 25 20:11:22 2026] POST /networking/v2.0/ports => generated 927 bytes in 549 msecs (HTTP/1.1 201) 4 headers in 162 bytes (1 switches on core 0)
Jun 25 20:11:22.970394 np0000182853 devstack@neutron-api.service[103400]: DEBUG neutron.plugins.ml2.drivers.ovn.mech_driver.ovsdb.ovsdb_monitor [None req-2cabaea7-e5ad-4497-ba9a-1b08e045b990 None None] Hash Ring: Node 836b2b1e174a5f13a48b52af8acffc15 (host: np0000182853) handling event "update" for row 08c005aa-2997-4ccf-95fc-7616e72dc23c (table: Port_Binding) {{(pid=103400) notify /opt/stack/neutron/neutron/plugins/ml2/drivers/ovn/mech_driver/ovsdb/ovsdb_monitor.py:1015}}
Jun 25 20:11:23.060227 np0000182853 devstack@neutron-api.service[103400]: DEBUG neutron.plugins.ml2.drivers.ovn.mech_driver.ovsdb.ovsdb_monitor [None req-2cabaea7-e5ad-4497-ba9a-1b08e045b990 None None] Hash Ring: Node 836b2b1e174a5f13a48b52af8acffc15 (host: np0000182853) handling event "update" for row 08c005aa-2997-4ccf-95fc-7616e72dc23c (table: Port_Binding) {{(pid=103400) notify /opt/stack/neutron/neutron/plugins/ml2/drivers/ovn/mech_driver/ovsdb/ovsdb_monitor.py:1015}}
Jun 25 20:11:23.060860 np0000182853 devstack@neutron-api.service[103403]: DEBUG neutron.plugins.ml2.drivers.ovn.mech_driver.ovsdb.ovsdb_monitor [None req-81940bb1-cbec-42ae-914b-fc5697290310 None None] Hash Ring: Node 574195c68b525d4db8303afd02fba2e2 (host: np0000182853) handling event "update" for row 0a7f35c7-0ccb-4ae0-88ce-d7fda82d7285 (table: Logical_Switch_Port) {{(pid=103403) notify /opt/stack/neutron/neutron/plugins/ml2/drivers/ovn/mech_driver/ovsdb/ovsdb_monitor.py:1015}}
Jun 25 20:11:23.060860 np0000182853 devstack@neutron-api.service[103403]: DEBUG ovsdbapp.backend.ovs_idl.event [None req-81940bb1-cbec-42ae-914b-fc5697290310 None None] Matched UPDATE: LogicalSwitchPortUpdateUpEvent(events=('update',), table='Logical_Switch_Port', conditions=None, old_conditions=None), priority=20 to row=Logical_Switch_Port(uuid=0a7f35c7-0ccb-4ae0-88ce-d7fda82d7285, addresses=['fa:16:3e:b6:62:a6 10.2.5.217', 'unknown'], dhcpv4_options=251b6809-63a7-434d-8a51-9771d879f1eb, dhcpv6_options=[], dynamic_addresses=[], enabled=True, external_ids={'neutron:cidrs': '10.2.5.217/24', 'neutron:device_id': 'manila-admin-share', 'neutron:device_owner': 'manila:share', 'neutron:mtu': '', 'neutron:network_name': 'neutron-5bcd8408-d0fe-474a-bb83-aa9ece701fe8', 'neutron:port_capabilities': '', 'neutron:port_name': '', 'neutron:project_id': 'e23b7480ec1f40d4a65d0f659f6e457a', 'neutron:revision_number': '3', 'neutron:security_group_ids': '', 'neutron:subnet_pool_addr_scope4': '', 'neutron:subnet_pool_addr_scope6': '', 'neutron:vnic_type': 'normal'}, ha_chassis_group=[], mirror_rules=[], name='9b8d8aa3-85ec-4f3a-afae-4c4404f74596', options={'requested-chassis': 'np0000182853'}, parent_name=[], port_security=[], tag=[], tag_request=[], type='', up=True) old=Logical_Switch_Port(uuid=0a7f35c7-0ccb-4ae0-88ce-d7fda82d7285, up=False) {{(pid=103403) matches /opt/stack/data/venv/lib/python3.12/site-packages/ovsdbapp/backend/ovs_idl/event.py:55}}
Jun 25 20:11:23.062603 np0000182853 devstack@neutron-api.service[103403]: INFO neutron.plugins.ml2.drivers.ovn.mech_driver.mech_driver [None req-dfd4fa3d-4d46-42e5-ae60-b427770e2f37 None None] OVN reports status up for port: 9b8d8aa3-85ec-4f3a-afae-4c4404f74596
Jun 25 20:11:23.067587 np0000182853 devstack@neutron-api.service[103403]: DEBUG neutron.db.provisioning_blocks [None req-dfd4fa3d-4d46-42e5-ae60-b427770e2f37 None None] Provisioning for port 9b8d8aa3-85ec-4f3a-afae-4c4404f74596 completed by entity L2. {{(pid=103403) provisioning_complete /opt/stack/neutron/neutron/db/provisioning_blocks.py:133}}
Jun 25 20:11:23.074118 np0000182853 devstack@neutron-api.service[103403]: DEBUG neutron.db.provisioning_blocks [None req-dfd4fa3d-4d46-42e5-ae60-b427770e2f37 None None] Provisioning complete for port 9b8d8aa3-85ec-4f3a-afae-4c4404f74596 triggered by entity L2. {{(pid=103403) provisioning_complete /opt/stack/neutron/neutron/db/provisioning_blocks.py:141}}
Jun 25 20:11:23.074118 np0000182853 devstack@neutron-api.service[103403]: DEBUG neutron_lib.callbacks.manager [None req-dfd4fa3d-4d46-42e5-ae60-b427770e2f37 None None] Publish callbacks ['neutron.plugins.ml2.plugin.Ml2Plugin._port_provisioned-184428'] for port (9b8d8aa3-85ec-4f3a-afae-4c4404f74596), provisioning_complete {{(pid=103403) _notify_loop /opt/stack/data/venv/lib/python3.12/site-packages/neutron_lib/callbacks/manager.py:184}}
Jun 25 20:11:23.074118 np0000182853 devstack@neutron-api.service[103403]: INFO neutron.plugins.ml2.plugin [None req-dfd4fa3d-4d46-42e5-ae60-b427770e2f37 None None] Attempt 1 to provision port 9b8d8aa3-85ec-4f3a-afae-4c4404f74596
Jun 25 20:11:23.124342 np0000182853 devstack@neutron-api.service[103403]: DEBUG neutron.plugins.ml2.plugin [None req-dfd4fa3d-4d46-42e5-ae60-b427770e2f37 None None] Current status of the port 9b8d8aa3-85ec-4f3a-afae-4c4404f74596 is: DOWN; New status is: ACTIVE {{(pid=103403) _update_individual_port_db_status /opt/stack/neutron/neutron/plugins/ml2/plugin.py:2473}}
Jun 25 20:11:23.124459 np0000182853 devstack@neutron-api.service[103403]: DEBUG neutron_lib.callbacks.manager [None req-dfd4fa3d-4d46-42e5-ae60-b427770e2f37 None None] Publish callbacks ['neutron.plugins.ml2.plugin.SecurityGroupDbMixin._ensure_default_security_group_handler-8329540', 'neutron.services.ovn_l3.plugin.OVNL3RouterPlugin._port_update-7832487779248', 'neutron.db.l3_db.L3_NAT_dbonly_mixin._prevent_internal_ip_change_for_fip-7832489288808'] for port (9b8d8aa3-85ec-4f3a-afae-4c4404f74596), before_update {{(pid=103403) _notify_loop /opt/stack/data/venv/lib/python3.12/site-packages/neutron_lib/callbacks/manager.py:184}}
Jun 25 20:11:23.145736 np0000182853 devstack@neutron-api.service[103403]: DEBUG neutron.plugins.ml2.db [None req-dfd4fa3d-4d46-42e5-ae60-b427770e2f37 None None] For port 9b8d8aa3-85ec-4f3a-afae-4c4404f74596, host np0000182853, got binding levels [PortBindingLevel(driver='ovn',host='np0000182853',level=0,port_id=9b8d8aa3-85ec-4f3a-afae-4c4404f74596,segment=NetworkSegment(302e1bf8-96a7-4615-8bad-9dbfac767401),segment_id=302e1bf8-96a7-4615-8bad-9dbfac767401)] {{(pid=103403) get_binding_level_objs /opt/stack/neutron/neutron/plugins/ml2/db.py:74}}
Jun 25 20:11:23.145959 np0000182853 devstack@neutron-api.service[103403]: DEBUG neutron.plugins.ml2.drivers.ovn.mech_driver.mech_driver [None req-dfd4fa3d-4d46-42e5-ae60-b427770e2f37 None None] No provisioning block for port 9b8d8aa3-85ec-4f3a-afae-4c4404f74596 since it is active {{(pid=103403) _is_port_provisioning_required /opt/stack/neutron/neutron/plugins/ml2/drivers/ovn/mech_driver/mech_driver.py:894}}
Jun 25 20:11:23.209735 np0000182853 devstack@neutron-api.service[103403]: DEBUG neutron.plugins.ml2.drivers.ovn.mech_driver.ovsdb.commands [None req-dfd4fa3d-4d46-42e5-ae60-b427770e2f37 None None] Converting tag [] to a tag_request {{(pid=103403) _tag_column_to_tag_request /opt/stack/neutron/neutron/plugins/ml2/drivers/ovn/mech_driver/ovsdb/commands.py:205}}
Jun 25 20:11:23.210872 np0000182853 devstack@neutron-api.service[103403]: DEBUG ovsdbapp.backend.ovs_idl.transaction [None req-81940bb1-cbec-42ae-914b-fc5697290310 None None] Running txn n=1 command(idx=0): CheckRevisionNumberCommand(_result=None, name=9b8d8aa3-85ec-4f3a-afae-4c4404f74596, resource={'id': '9b8d8aa3-85ec-4f3a-afae-4c4404f74596', 'name': '', 'network_id': '5bcd8408-d0fe-474a-bb83-aa9ece701fe8', 'project_id': 'e23b7480ec1f40d4a65d0f659f6e457a', 'mac_address': 'fa:16:3e:b6:62:a6', 'admin_state_up': True, 'status': 'ACTIVE', 'device_id': 'manila-admin-share', 'device_owner': 'manila:share', 'standard_attr_id': 46, 'fixed_ips': [{'subnet_id': '335b76ff-8159-4adf-9465-a9e3e86e5afb', 'ip_address': '10.2.5.217'}], 'allowed_address_pairs': [], 'extra_dhcp_opts': [], 'security_groups': [], 'description': '', 'binding:vnic_type': 'normal', 'binding:profile': {}, 'binding:host_id': 'np0000182853', 'binding:vif_type': 'ovs', 'binding:vif_details': {'port_filter': True, 'connectivity': 'l2', 'ovs_create_tap': False, 'bridge_name': 'br-int', 'datapath_type': 'system', 'bound_drivers': {'0': 'ovn'}}, 'port_security_enabled': False, 'tags': [], 'created_at': '2026-06-25T20:11:22Z', 'updated_at': '2026-06-25T20:11:23Z', 'revision_number': 4, 'tenant_id': 'e23b7480ec1f40d4a65d0f659f6e457a', 'network': {'id': '5bcd8408-d0fe-474a-bb83-aa9ece701fe8', 'name': 'admin_net', 'tenant_id': 'e23b7480ec1f40d4a65d0f659f6e457a', 'project_id': 'e23b7480ec1f40d4a65d0f659f6e457a', 'admin_state_up': True, 'mtu': 1372, 'status': 'ACTIVE', 'subnets': ['335b76ff-8159-4adf-9465-a9e3e86e5afb'], 'standard_attr_id': 42, 'shared': False, 'availability_zone_hints': [], 'availability_zones': [], 'ipv4_address_scope': None, 'ipv6_address_scope': None, 'router:external': False, 'qinq': False, 'vlan_transparent': False, 'description': '', 'port_security_enabled': True, 'tags': [], 'created_at': '2026-06-25T20:11:15Z', 'updated_at': '2026-06-25T20:11:16Z', 'revision_number': 2, 'provider:network_type': 'geneve', 'provider:physical_network': None, 'provider:segmentation_id': 15556}}, resource_type=ports, if_exists=True) {{(pid=103403) do_commit /opt/stack/data/venv/lib/python3.12/site-packages/ovsdbapp/backend/ovs_idl/transaction.py:89}}
Jun 25 20:11:23.211755 np0000182853 devstack@neutron-api.service[103403]: DEBUG ovsdbapp.backend.ovs_idl.transaction [None req-81940bb1-cbec-42ae-914b-fc5697290310 None None] Running txn n=1 command(idx=1): SetLSwitchPortCommand(_result=None, lport=9b8d8aa3-85ec-4f3a-afae-4c4404f74596, external_ids_update=None, columns={'external_ids': {'neutron:port_name': '', 'neutron:device_id': 'manila-admin-share', 'neutron:project_id': 'e23b7480ec1f40d4a65d0f659f6e457a', 'neutron:cidrs': '10.2.5.217/24', 'neutron:device_owner': 'manila:share', 'neutron:subnet_pool_addr_scope4': '', 'neutron:subnet_pool_addr_scope6': '', 'neutron:network_name': 'neutron-5bcd8408-d0fe-474a-bb83-aa9ece701fe8', 'neutron:security_group_ids': '', 'neutron:revision_number': '4', 'neutron:vnic_type': 'normal', 'neutron:port_capabilities': '', 'neutron:mtu': ''}, 'parent_name': [], 'options': {'requested-chassis': 'np0000182853'}, 'enabled': True, 'port_security': [], 'dhcpv4_options': [UUID('251b6809-63a7-434d-8a51-9771d879f1eb')], 'dhcpv6_options': [], 'type': '', 'addresses': ['fa:16:3e:b6:62:a6 10.2.5.217', 'unknown'], 'ha_chassis_group': [], 'tag_request': []}, if_exists=False) {{(pid=103403) do_commit /opt/stack/data/venv/lib/python3.12/site-packages/ovsdbapp/backend/ovs_idl/transaction.py:89}}
Jun 25 20:11:23.214367 np0000182853 devstack@neutron-api.service[103403]: DEBUG ovsdbapp.backend.ovs_idl.transaction [None req-81940bb1-cbec-42ae-914b-fc5697290310 None None] Running txn n=1 command(idx=2): PgDelPortCommand(_result=None, port_group=neutron_pg_drop, lsp=['9b8d8aa3-85ec-4f3a-afae-4c4404f74596'], if_exists=False) {{(pid=103403) do_commit /opt/stack/data/venv/lib/python3.12/site-packages/ovsdbapp/backend/ovs_idl/transaction.py:89}}
Jun 25 20:11:23.217274 np0000182853 devstack@neutron-api.service[103403]: DEBUG neutron.plugins.ml2.drivers.ovn.mech_driver.ovsdb.ovsdb_monitor [None req-81940bb1-cbec-42ae-914b-fc5697290310 None None] Hash Ring: Node 574195c68b525d4db8303afd02fba2e2 (host: np0000182853) handling event "update" for row 0a7f35c7-0ccb-4ae0-88ce-d7fda82d7285 (table: Logical_Switch_Port) {{(pid=103403) notify /opt/stack/neutron/neutron/plugins/ml2/drivers/ovn/mech_driver/ovsdb/ovsdb_monitor.py:1015}}
Jun 25 20:11:23.225935 np0000182853 devstack@neutron-api.service[103400]: DEBUG neutron.plugins.ml2.drivers.ovn.mech_driver.ovsdb.ovsdb_monitor [None req-2cabaea7-e5ad-4497-ba9a-1b08e045b990 None None] Hash Ring: Node 836b2b1e174a5f13a48b52af8acffc15 (host: np0000182853) handling event "update" for row 08c005aa-2997-4ccf-95fc-7616e72dc23c (table: Port_Binding) {{(pid=103400) notify /opt/stack/neutron/neutron/plugins/ml2/drivers/ovn/mech_driver/ovsdb/ovsdb_monitor.py:1015}}
Jun 25 20:11:23.246420 np0000182853 devstack@neutron-api.service[103403]: INFO neutron.db.ovn_revision_numbers_db [None req-dfd4fa3d-4d46-42e5-ae60-b427770e2f37 None None] Successfully bumped revision number for resource 9b8d8aa3-85ec-4f3a-afae-4c4404f74596 (type: ports) to 4
Jun 25 20:11:23.250564 np0000182853 devstack@neutron-api.service[103403]: DEBUG neutron_lib.callbacks.manager [None req-dfd4fa3d-4d46-42e5-ae60-b427770e2f37 None None] Publish callbacks ['neutron.plugins.ml2.ovo_rpc._ObjectChangeHandler.handle_event-1088888', 'neutron.services.ovn_l3.plugin.OVNL3RouterPlugin._port_update-7832487779248'] for port (9b8d8aa3-85ec-4f3a-afae-4c4404f74596), after_update {{(pid=103403) _notify_loop /opt/stack/data/venv/lib/python3.12/site-packages/neutron_lib/callbacks/manager.py:184}}
Jun 25 20:11:23.276142 np0000182853 devstack@neutron-api.service[103403]: DEBUG neutron.api.rpc.handlers.resources_rpc [None req-a9f289bc-3b55-40bc-987c-0412b59782ca None None] Pushing event updated for resources: {'Port': ['ID=9b8d8aa3-85ec-4f3a-afae-4c4404f74596,revision_number=4']} {{(pid=103403) push /opt/stack/neutron/neutron/api/rpc/handlers/resources_rpc.py:237}}
Jun 25 20:11:23.280444 np0000182853 devstack@neutron-api.service[103403]: DEBUG neutron.api.rpc.callbacks.version_manager [None req-a9f289bc-3b55-40bc-987c-0412b59782ca None None] Tracked resource versions report:
Jun 25 20:11:23.280444 np0000182853 devstack@neutron-api.service[103403]: pushed versions:
Jun 25 20:11:23.280444 np0000182853 devstack@neutron-api.service[103403]: { 'AddressGroup': {'1.2'},
Jun 25 20:11:23.280444 np0000182853 devstack@neutron-api.service[103403]: 'Agent': {'1.1'},
Jun 25 20:11:23.280444 np0000182853 devstack@neutron-api.service[103403]: 'ConntrackHelper': {'1.0'},
Jun 25 20:11:23.280444 np0000182853 devstack@neutron-api.service[103403]: 'LocalIPAssociation': {'1.0'},
Jun 25 20:11:23.280444 np0000182853 devstack@neutron-api.service[103403]: 'Log': {'1.0'},
Jun 25 20:11:23.280444 np0000182853 devstack@neutron-api.service[103403]: 'NDPProxy': {'1.0'},
Jun 25 20:11:23.280444 np0000182853 devstack@neutron-api.service[103403]: 'Network': {'1.3'},
Jun 25 20:11:23.280444 np0000182853 devstack@neutron-api.service[103403]: 'Port': {'1.11'},
Jun 25 20:11:23.280444 np0000182853 devstack@neutron-api.service[103403]: 'PortForwarding': {'1.3'},
Jun 25 20:11:23.280444 np0000182853 devstack@neutron-api.service[103403]: 'QosPolicy': {'1.10'},
Jun 25 20:11:23.280444 np0000182853 devstack@neutron-api.service[103403]: 'SecurityGroup': {'1.6'},
Jun 25 20:11:23.280444 np0000182853 devstack@neutron-api.service[103403]: 'SecurityGroupRule': {'1.3'},
Jun 25 20:11:23.280444 np0000182853 devstack@neutron-api.service[103403]: 'SubPort': {'1.0'},
Jun 25 20:11:23.280444 np0000182853 devstack@neutron-api.service[103403]: 'Subnet': {'1.2'},
Jun 25 20:11:23.280444 np0000182853 devstack@neutron-api.service[103403]: 'Trunk': {'1.1'}}
Jun 25 20:11:23.280444 np0000182853 devstack@neutron-api.service[103403]: consumer versions:
Jun 25 20:11:23.280444 np0000182853 devstack@neutron-api.service[103403]: { OVN Neutron agent@np0000182853: {},
Jun 25 20:11:23.280444 np0000182853 devstack@neutron-api.service[103403]: OVN Controller Gateway agent@np0000182853: {}}
Jun 25 20:11:23.280444 np0000182853 devstack@neutron-api.service[103403]: {{(pid=103403) report /opt/stack/neutron/neutron/api/rpc/callbacks/version_manager.py:183}}
Jun 25 20:11:23.303530 np0000182853 devstack@neutron-api.service[103403]: DEBUG ovsdbapp.backend.ovs_idl.transaction [None req-81940bb1-cbec-42ae-914b-fc5697290310 None None] Running txn n=1 command(idx=0): DbSetCommand(_result=None, table=Logical_Switch_Port, record=9b8d8aa3-85ec-4f3a-afae-4c4404f74596, col_values=(('external_ids', {'neutron:host_id': 'np0000182853'}),), if_exists=True) {{(pid=103403) do_commit /opt/stack/data/venv/lib/python3.12/site-packages/ovsdbapp/backend/ovs_idl/transaction.py:89}}
Jun 25 20:11:23.306275 np0000182853 devstack@neutron-api.service[103403]: DEBUG neutron.plugins.ml2.drivers.ovn.mech_driver.ovsdb.ovsdb_monitor [None req-81940bb1-cbec-42ae-914b-fc5697290310 None None] Hash Ring: Node 574195c68b525d4db8303afd02fba2e2 (host: np0000182853) handling event "update" for row 0a7f35c7-0ccb-4ae0-88ce-d7fda82d7285 (table: Logical_Switch_Port) {{(pid=103403) notify /opt/stack/neutron/neutron/plugins/ml2/drivers/ovn/mech_driver/ovsdb/ovsdb_monitor.py:1015}}
Jun 25 20:11:23.314948 np0000182853 devstack@neutron-api.service[103400]: DEBUG neutron.plugins.ml2.drivers.ovn.mech_driver.ovsdb.ovsdb_monitor [None req-2cabaea7-e5ad-4497-ba9a-1b08e045b990 None None] Hash Ring: Node 836b2b1e174a5f13a48b52af8acffc15 (host: np0000182853) handling event "update" for row 08c005aa-2997-4ccf-95fc-7616e72dc23c (table: Port_Binding) {{(pid=103400) notify /opt/stack/neutron/neutron/plugins/ml2/drivers/ovn/mech_driver/ovsdb/ovsdb_monitor.py:1015}}
Jun 25 20:11:23.841964 np0000182853 devstack@neutron-api.service[103401]: DEBUG neutron.pecan_wsgi.hooks.policy_enforcement [None req-c52f6405-52bd-4b4c-be19-53bdc4ffa9d2 service neutron] Attributes excluded by policy engine: ['standard_attr_id', 'shared'] {{(pid=103401) _exclude_attributes_by_policy /opt/stack/neutron/neutron/pecan_wsgi/hooks/policy_enforcement.py:259}}
Jun 25 20:11:23.844289 np0000182853 devstack@neutron-api.service[103401]: [pid: 103401|app: 0|req: 26/105] 199.19.213.140 () {64 vars in 1367 bytes} [Thu Jun 25 20:11:23 2026] GET /networking/v2.0/subnets/335b76ff-8159-4adf-9465-a9e3e86e5afb => generated 625 bytes in 27 msecs (HTTP/1.1 200) 4 headers in 157 bytes (1 switches on core 0)
Jun 25 20:11:24.706240 np0000182853 devstack@neutron-api.service[103403]: DEBUG neutron.pecan_wsgi.hooks.policy_enforcement [None req-763b11b7-8055-4756-84b0-fede86a2bf50 service neutron] Attributes excluded by policy engine: ['standard_attr_id'] {{(pid=103403) _exclude_attributes_by_policy /opt/stack/neutron/neutron/pecan_wsgi/hooks/policy_enforcement.py:259}}
Jun 25 20:11:24.707635 np0000182853 devstack@neutron-api.service[103403]: [pid: 103403|app: 0|req: 28/106] 199.19.213.140 () {64 vars in 1369 bytes} [Thu Jun 25 20:11:24 2026] GET /networking/v2.0/ports?device_id=manila-admin-share&binding%3Ahost_id=np0000182853 => generated 932 bytes in 41 msecs (HTTP/1.1 200) 4 headers in 157 bytes (1 switches on core 0)
Jun 25 20:11:25.181164 np0000182853 devstack@neutron-api.service[103400]: DEBUG neutron.pecan_wsgi.hooks.policy_enforcement [None req-a3e786d4-6880-4d3f-a725-9f2a6360ab75 service neutron] Attributes excluded by policy engine: ['standard_attr_id', 'shared'] {{(pid=103400) _exclude_attributes_by_policy /opt/stack/neutron/neutron/pecan_wsgi/hooks/policy_enforcement.py:259}}
Jun 25 20:11:25.185898 np0000182853 devstack@neutron-api.service[103400]: [pid: 103400|app: 0|req: 27/107] 199.19.213.140 () {64 vars in 1367 bytes} [Thu Jun 25 20:11:25 2026] GET /networking/v2.0/subnets/335b76ff-8159-4adf-9465-a9e3e86e5afb => generated 625 bytes in 31 msecs (HTTP/1.1 200) 4 headers in 157 bytes (1 switches on core 0)
Jun 25 20:11:27.939996 np0000182853 devstack@neutron-api.service[103403]: DEBUG futurist.periodics [-] Submitting periodic callback 'neutron.plugins.ml2.drivers.ovn.mech_driver.ovsdb.maintenance.HashRingHealthCheckPeriodics.touch_hash_ring_node' {{(pid=103403) _process_scheduled /opt/stack/data/venv/lib/python3.12/site-packages/futurist/periodics.py:784}}
Jun 25 20:11:27.940852 np0000182853 devstack@neutron-api.service[103403]: DEBUG neutron.plugins.ml2.drivers.ovn.mech_driver.ovsdb.maintenance [-] Touching Hash Ring node "574195c68b525d4db8303afd02fba2e2" from periodic health check thread {{(pid=103403) touch_hash_ring_node /opt/stack/neutron/neutron/plugins/ml2/drivers/ovn/mech_driver/ovsdb/maintenance.py:1419}}
Jun 25 20:11:28.835204 np0000182853 devstack@neutron-api.service[103400]: DEBUG futurist.periodics [-] Submitting periodic callback 'neutron.plugins.ml2.drivers.ovn.mech_driver.ovsdb.maintenance.HashRingHealthCheckPeriodics.touch_hash_ring_node' {{(pid=103400) _process_scheduled /opt/stack/data/venv/lib/python3.12/site-packages/futurist/periodics.py:784}}
Jun 25 20:11:28.835856 np0000182853 devstack@neutron-api.service[103400]: DEBUG neutron.plugins.ml2.drivers.ovn.mech_driver.ovsdb.maintenance [-] Touching Hash Ring node "836b2b1e174a5f13a48b52af8acffc15" from periodic health check thread {{(pid=103400) touch_hash_ring_node /opt/stack/neutron/neutron/plugins/ml2/drivers/ovn/mech_driver/ovsdb/maintenance.py:1419}}
Jun 25 20:11:28.882751 np0000182853 devstack@neutron-api.service[103401]: DEBUG futurist.periodics [-] Submitting periodic callback 'neutron.plugins.ml2.drivers.ovn.mech_driver.ovsdb.maintenance.HashRingHealthCheckPeriodics.touch_hash_ring_node' {{(pid=103401) _process_scheduled /opt/stack/data/venv/lib/python3.12/site-packages/futurist/periodics.py:784}}
Jun 25 20:11:28.883458 np0000182853 devstack@neutron-api.service[103401]: DEBUG neutron.plugins.ml2.drivers.ovn.mech_driver.ovsdb.maintenance [-] Touching Hash Ring node "2397f14f220c557eb31fd7c087577049" from periodic health check thread {{(pid=103401) touch_hash_ring_node /opt/stack/neutron/neutron/plugins/ml2/drivers/ovn/mech_driver/ovsdb/maintenance.py:1419}}
Jun 25 20:11:28.923804 np0000182853 devstack@neutron-api.service[103402]: DEBUG futurist.periodics [-] Submitting periodic callback 'neutron.plugins.ml2.drivers.ovn.mech_driver.ovsdb.maintenance.HashRingHealthCheckPeriodics.touch_hash_ring_node' {{(pid=103402) _process_scheduled /opt/stack/data/venv/lib/python3.12/site-packages/futurist/periodics.py:784}}
Jun 25 20:11:28.924445 np0000182853 devstack@neutron-api.service[103402]: DEBUG neutron.plugins.ml2.drivers.ovn.mech_driver.ovsdb.maintenance [-] Touching Hash Ring node "79fa2b3f57975e87b95e6de6fbc396b7" from periodic health check thread {{(pid=103402) touch_hash_ring_node /opt/stack/neutron/neutron/plugins/ml2/drivers/ovn/mech_driver/ovsdb/maintenance.py:1419}}
Jun 25 20:11:37.656245 np0000182853 devstack@neutron-api.service[103403]: DEBUG neutron.plugins.ml2.drivers.ovn.mech_driver.ovsdb.ovsdb_monitor [None req-81940bb1-cbec-42ae-914b-fc5697290310 None None] Touching Hash Ring node "574195c68b525d4db8303afd02fba2e2" from IDL notify handler {{(pid=103403) notify /opt/stack/neutron/neutron/plugins/ml2/drivers/ovn/mech_driver/ovsdb/ovsdb_monitor.py:1007}}
Jun 25 20:11:37.665288 np0000182853 devstack@neutron-api.service[103403]: DEBUG neutron.plugins.ml2.drivers.ovn.mech_driver.ovsdb.ovsdb_monitor [None req-81940bb1-cbec-42ae-914b-fc5697290310 None None] Hash Ring: Node 574195c68b525d4db8303afd02fba2e2 (host: np0000182853) handling event "update" for row c1d9905a-7648-4f57-ab4c-a1a6c7c7e7cf (table: Logical_Switch) {{(pid=103403) notify /opt/stack/neutron/neutron/plugins/ml2/drivers/ovn/mech_driver/ovsdb/ovsdb_monitor.py:1015}}
Jun 25 20:11:37.733839 np0000182853 devstack@neutron-api.service[103400]: DEBUG neutron.plugins.ml2.drivers.ovn.mech_driver.ovsdb.ovsdb_monitor [None req-42e44626-5cf2-492a-99a7-f4c15c3dc91e None None] Touching Hash Ring node "836b2b1e174a5f13a48b52af8acffc15" from IDL notify handler {{(pid=103400) notify /opt/stack/neutron/neutron/plugins/ml2/drivers/ovn/mech_driver/ovsdb/ovsdb_monitor.py:1007}}
Jun 25 20:11:37.742593 np0000182853 devstack@neutron-api.service[103400]: DEBUG neutron.plugins.ml2.drivers.ovn.mech_driver.ovsdb.ovsdb_monitor [None req-42e44626-5cf2-492a-99a7-f4c15c3dc91e None None] Hash Ring: Node 836b2b1e174a5f13a48b52af8acffc15 (host: np0000182853) handling event "update" for row 58f4bb8d-0638-4bef-9db9-cffbfb0351cb (table: Logical_Switch) {{(pid=103400) notify /opt/stack/neutron/neutron/plugins/ml2/drivers/ovn/mech_driver/ovsdb/ovsdb_monitor.py:1015}}
Jun 25 20:11:38.182196 np0000182853 devstack@neutron-api.service[103402]: [pid: 103402|app: 0|req: 27/108] 199.19.213.140 () {62 vars in 1059 bytes} [Thu Jun 25 20:11:38 2026] GET /networking => generated 130 bytes in 4 msecs (HTTP/1.1 200) 3 headers in 91 bytes (1 switches on core 0)
Jun 25 20:11:38.272141 np0000182853 devstack@neutron-api.service[103401]: DEBUG neutron.pecan_wsgi.hooks.policy_enforcement [None req-08284123-4244-4ca0-a095-21d9c56f5d20 demo demo] Attributes excluded by policy engine: ['standard_attr_id', 'provider:network_type', 'provider:physical_network', 'provider:segmentation_id'] {{(pid=103401) _exclude_attributes_by_policy /opt/stack/neutron/neutron/pecan_wsgi/hooks/policy_enforcement.py:259}}
Jun 25 20:11:38.273475 np0000182853 devstack@neutron-api.service[103401]: [pid: 103401|app: 0|req: 27/109] 199.19.213.140 () {64 vars in 1348 bytes} [Thu Jun 25 20:11:38 2026] GET /networking/v2.0/networks?router%3Aexternal=True => generated 659 bytes in 54 msecs (HTTP/1.1 200) 4 headers in 157 bytes (1 switches on core 0)
Jun 25 20:11:38.939974 np0000182853 devstack@neutron-api.service[103402]: DEBUG dbcounter [-] [103402] Writing DB stats neutron:UPDATE=12,neutron:SELECT=185,neutron:INSERT=11,neutron:DELETE=2 {{(pid=103402) stat_writer /opt/stack/data/venv/lib/python3.12/site-packages/dbcounter.py:115}}
Jun 25 20:11:42.940822 np0000182853 devstack@neutron-api.service[103403]: DEBUG futurist.periodics [-] Submitting periodic callback 'neutron.plugins.ml2.drivers.ovn.mech_driver.ovsdb.maintenance.HashRingHealthCheckPeriodics.touch_hash_ring_node' {{(pid=103403) _process_scheduled /opt/stack/data/venv/lib/python3.12/site-packages/futurist/periodics.py:784}}
Jun 25 20:11:42.941650 np0000182853 devstack@neutron-api.service[103403]: DEBUG neutron.plugins.ml2.drivers.ovn.mech_driver.ovsdb.maintenance [-] Touching Hash Ring node "574195c68b525d4db8303afd02fba2e2" from periodic health check thread {{(pid=103403) touch_hash_ring_node /opt/stack/neutron/neutron/plugins/ml2/drivers/ovn/mech_driver/ovsdb/maintenance.py:1419}}
Jun 25 20:11:43.513817 np0000182853 devstack@neutron-api.service[103403]: [pid: 103403|app: 0|req: 29/110] 199.19.213.140 () {62 vars in 1059 bytes} [Thu Jun 25 20:11:43 2026] GET /networking => generated 130 bytes in 3 msecs (HTTP/1.1 200) 3 headers in 91 bytes (1 switches on core 0)
Jun 25 20:11:43.612700 np0000182853 devstack@neutron-api.service[103400]: DEBUG neutron.pecan_wsgi.hooks.policy_enforcement [None req-d7ea5b9f-baeb-4a18-8c56-80906e1ff927 demo demo] Attributes excluded by policy engine: ['standard_attr_id', 'provider:network_type', 'provider:physical_network', 'provider:segmentation_id'] {{(pid=103400) _exclude_attributes_by_policy /opt/stack/neutron/neutron/pecan_wsgi/hooks/policy_enforcement.py:259}}
Jun 25 20:11:43.614222 np0000182853 devstack@neutron-api.service[103400]: [pid: 103400|app: 0|req: 28/111] 199.19.213.140 () {64 vars in 1348 bytes} [Thu Jun 25 20:11:43 2026] GET /networking/v2.0/networks?router%3Aexternal=True => generated 659 bytes in 63 msecs (HTTP/1.1 200) 4 headers in 157 bytes (1 switches on core 0)
Jun 25 20:11:43.835947 np0000182853 devstack@neutron-api.service[103400]: DEBUG futurist.periodics [-] Submitting periodic callback 'neutron.plugins.ml2.drivers.ovn.mech_driver.ovsdb.maintenance.HashRingHealthCheckPeriodics.touch_hash_ring_node' {{(pid=103400) _process_scheduled /opt/stack/data/venv/lib/python3.12/site-packages/futurist/periodics.py:784}}
Jun 25 20:11:43.836448 np0000182853 devstack@neutron-api.service[103400]: DEBUG neutron.plugins.ml2.drivers.ovn.mech_driver.ovsdb.maintenance [-] Touching Hash Ring node "836b2b1e174a5f13a48b52af8acffc15" from periodic health check thread {{(pid=103400) touch_hash_ring_node /opt/stack/neutron/neutron/plugins/ml2/drivers/ovn/mech_driver/ovsdb/maintenance.py:1419}}
Jun 25 20:11:43.883745 np0000182853 devstack@neutron-api.service[103401]: DEBUG futurist.periodics [-] Submitting periodic callback 'neutron.plugins.ml2.drivers.ovn.mech_driver.ovsdb.maintenance.HashRingHealthCheckPeriodics.touch_hash_ring_node' {{(pid=103401) _process_scheduled /opt/stack/data/venv/lib/python3.12/site-packages/futurist/periodics.py:784}}
Jun 25 20:11:43.884142 np0000182853 devstack@neutron-api.service[103401]: DEBUG neutron.plugins.ml2.drivers.ovn.mech_driver.ovsdb.maintenance [-] Touching Hash Ring node "2397f14f220c557eb31fd7c087577049" from periodic health check thread {{(pid=103401) touch_hash_ring_node /opt/stack/neutron/neutron/plugins/ml2/drivers/ovn/mech_driver/ovsdb/maintenance.py:1419}}
Jun 25 20:11:43.924592 np0000182853 devstack@neutron-api.service[103402]: DEBUG futurist.periodics [-] Submitting periodic callback 'neutron.plugins.ml2.drivers.ovn.mech_driver.ovsdb.maintenance.HashRingHealthCheckPeriodics.touch_hash_ring_node' {{(pid=103402) _process_scheduled /opt/stack/data/venv/lib/python3.12/site-packages/futurist/periodics.py:784}}
Jun 25 20:11:43.925552 np0000182853 devstack@neutron-api.service[103402]: DEBUG neutron.plugins.ml2.drivers.ovn.mech_driver.ovsdb.maintenance [-] Touching Hash Ring node "79fa2b3f57975e87b95e6de6fbc396b7" from periodic health check thread {{(pid=103402) touch_hash_ring_node /opt/stack/neutron/neutron/plugins/ml2/drivers/ovn/mech_driver/ovsdb/maintenance.py:1419}}
Jun 25 20:11:52.003229 np0000182853 devstack@neutron-api.service[103402]: [pid: 103402|app: 0|req: 28/112] 199.19.213.140 () {62 vars in 1070 bytes} [Thu Jun 25 20:11:51 2026] GET /networking => generated 130 bytes in 3 msecs (HTTP/1.1 200) 3 headers in 91 bytes (1 switches on core 0)
Jun 25 20:11:52.096261 np0000182853 devstack@neutron-api.service[103401]: DEBUG neutron.pecan_wsgi.hooks.policy_enforcement [None req-de999359-8e79-4d15-9309-62971a5c2bcc demo demo] Attributes excluded by policy engine: ['standard_attr_id', 'provider:network_type', 'provider:physical_network', 'provider:segmentation_id'] {{(pid=103401) _exclude_attributes_by_policy /opt/stack/neutron/neutron/pecan_wsgi/hooks/policy_enforcement.py:259}}
Jun 25 20:11:52.098235 np0000182853 devstack@neutron-api.service[103401]: [pid: 103401|app: 0|req: 28/113] 199.19.213.140 () {64 vars in 1383 bytes} [Thu Jun 25 20:11:52 2026] GET /networking/v2.0/networks?name=public&router%3Aexternal=True => generated 659 bytes in 59 msecs (HTTP/1.1 200) 4 headers in 157 bytes (1 switches on core 0)
Jun 25 20:11:52.954411 np0000182853 devstack@neutron-api.service[103403]: DEBUG dbcounter [-] [103403] Writing DB stats neutron:UPDATE=7,neutron:SELECT=177,neutron:INSERT=1,neutron:DELETE=1 {{(pid=103403) stat_writer /opt/stack/data/venv/lib/python3.12/site-packages/dbcounter.py:115}}
Jun 25 20:11:53.847763 np0000182853 devstack@neutron-api.service[103400]: DEBUG dbcounter [-] [103400] Writing DB stats neutron:UPDATE=9,neutron:SELECT=276,neutron:INSERT=11,neutron:DELETE=2 {{(pid=103400) stat_writer /opt/stack/data/venv/lib/python3.12/site-packages/dbcounter.py:115}}
Jun 25 20:11:53.937633 np0000182853 devstack@neutron-api.service[103402]: DEBUG dbcounter [-] [103402] Writing DB stats neutron:UPDATE=1,neutron:SELECT=1 {{(pid=103402) stat_writer /opt/stack/data/venv/lib/python3.12/site-packages/dbcounter.py:115}}
Jun 25 20:11:54.321406 np0000182853 devstack@neutron-api.service[103403]: [pid: 103403|app: 0|req: 30/114] 199.19.213.140 () {64 vars in 1267 bytes} [Thu Jun 25 20:11:54 2026] GET /networking/ => generated 130 bytes in 2 msecs (HTTP/1.1 200) 3 headers in 91 bytes (1 switches on core 0)
Jun 25 20:11:54.490776 np0000182853 devstack@neutron-api.service[103400]: DEBUG neutron.pecan_wsgi.hooks.policy_enforcement [None req-90a39061-5747-43c1-ae27-2b8f94d801ab demo demo] Attributes excluded by policy engine: ['standard_attr_id', 'provider:network_type', 'provider:physical_network', 'provider:segmentation_id'] {{(pid=103400) _exclude_attributes_by_policy /opt/stack/neutron/neutron/pecan_wsgi/hooks/policy_enforcement.py:259}}
Jun 25 20:11:54.492555 np0000182853 devstack@neutron-api.service[103400]: [pid: 103400|app: 0|req: 29/115] 199.19.213.140 () {64 vars in 1416 bytes} [Thu Jun 25 20:11:54 2026] GET /networking/v2.0/networks/58f4bb8d-0638-4bef-9db9-cffbfb0351cb => generated 656 bytes in 163 msecs (HTTP/1.1 200) 4 headers in 157 bytes (1 switches on core 0)
Jun 25 20:11:54.535349 np0000182853 devstack@neutron-api.service[103402]: [pid: 103402|app: 0|req: 29/116] 199.19.213.140 () {64 vars in 1410 bytes} [Thu Jun 25 20:11:54 2026] GET /networking/v2.0/networks?name=k8s-clusterapi-cluster-magnum-system-kube-wotzj => generated 15 bytes in 34 msecs (HTTP/1.1 200) 4 headers in 156 bytes (1 switches on core 0)
Jun 25 20:11:54.547426 np0000182853 devstack@neutron-api.service[103401]: DEBUG neutron.api.v2.base [None req-b77c92e2-47f5-48b2-929d-d63c9fb1d058 demo demo] Request body: {'network': {'admin_state_up': True, 'name': 'k8s-clusterapi-cluster-magnum-system-kube-wotzj'}} {{(pid=103401) prepare_request_body /opt/stack/neutron/neutron/api/v2/base.py:727}}
Jun 25 20:11:54.571562 np0000182853 devstack@neutron-api.service[103401]: DEBUG neutron.pecan_wsgi.hooks.quota_enforcement [None req-b77c92e2-47f5-48b2-929d-d63c9fb1d058 demo demo] Made reservation on behalf of 042b9947733b40ff811d51da6f437cd5 for: {'network': 1} {{(pid=103401) before /opt/stack/neutron/neutron/pecan_wsgi/hooks/quota_enforcement.py:66}}
Jun 25 20:11:54.575983 np0000182853 devstack@neutron-api.service[103401]: DEBUG neutron_lib.callbacks.manager [None req-b77c92e2-47f5-48b2-929d-d63c9fb1d058 demo demo] Publish callbacks ['neutron.plugins.ml2.plugin.SecurityGroupDbMixin._ensure_default_security_group_handler-115548'] for network (None), before_create {{(pid=103401) _notify_loop /opt/stack/data/venv/lib/python3.12/site-packages/neutron_lib/callbacks/manager.py:184}}
Jun 25 20:11:54.581928 np0000182853 devstack@neutron-api.service[103401]: DEBUG neutron_lib.callbacks.manager [None req-b77c92e2-47f5-48b2-929d-d63c9fb1d058 demo demo] Publish callbacks [] for security_group (None), before_create {{(pid=103401) _notify_loop /opt/stack/data/venv/lib/python3.12/site-packages/neutron_lib/callbacks/manager.py:184}}
Jun 25 20:11:54.640605 np0000182853 devstack@neutron-api.service[103401]: DEBUG neutron_lib.callbacks.manager [None req-b77c92e2-47f5-48b2-929d-d63c9fb1d058 demo demo] Publish callbacks ['neutron.plugins.ml2.drivers.ovn.mech_driver.mech_driver.OVNMechanismDriver._create_security_group_precommit-312452'] for security_group (5ab88774-34c8-4c4f-ab6e-35020eda6cdd), precommit_create {{(pid=103401) _notify_loop /opt/stack/data/venv/lib/python3.12/site-packages/neutron_lib/callbacks/manager.py:184}}
