Mar 05 02:54:42.345206 np0000157817 neutron-periodic-workers[105482]: DEBUG cotyledon.oslo_config_glue [-] database.connection_debug = 0 {{(pid=105482) log_opt_values /opt/stack/data/venv/lib/python3.12/site-packages/oslo_config/cfg.py:3006}}
Mar 05 02:54:42.345206 np0000157817 neutron-periodic-workers[105482]: DEBUG cotyledon.oslo_config_glue [-] database.connection_parameters = {{(pid=105482) log_opt_values /opt/stack/data/venv/lib/python3.12/site-packages/oslo_config/cfg.py:3006}}
Mar 05 02:54:42.345206 np0000157817 neutron-periodic-workers[105482]: DEBUG cotyledon.oslo_config_glue [-] database.connection_recycle_time = 3600 {{(pid=105482) log_opt_values /opt/stack/data/venv/lib/python3.12/site-packages/oslo_config/cfg.py:3006}}
Mar 05 02:54:42.345206 np0000157817 neutron-periodic-workers[105482]: DEBUG cotyledon.oslo_config_glue [-] database.connection_trace = False {{(pid=105482) log_opt_values /opt/stack/data/venv/lib/python3.12/site-packages/oslo_config/cfg.py:3006}}
Mar 05 02:54:42.345206 np0000157817 neutron-periodic-workers[105482]: DEBUG cotyledon.oslo_config_glue [-] database.db_inc_retry_interval = True {{(pid=105482) log_opt_values /opt/stack/data/venv/lib/python3.12/site-packages/oslo_config/cfg.py:3006}}
Mar 05 02:54:42.345206 np0000157817 neutron-periodic-workers[105482]: DEBUG cotyledon.oslo_config_glue [-] database.db_max_retries = 20 {{(pid=105482) log_opt_values /opt/stack/data/venv/lib/python3.12/site-packages/oslo_config/cfg.py:3006}}
Mar 05 02:54:42.345206 np0000157817 neutron-periodic-workers[105482]: DEBUG cotyledon.oslo_config_glue [-] database.db_max_retry_interval = 10 {{(pid=105482) log_opt_values /opt/stack/data/venv/lib/python3.12/site-packages/oslo_config/cfg.py:3006}}
Mar 05 02:54:42.345206 np0000157817 neutron-periodic-workers[105482]: DEBUG cotyledon.oslo_config_glue [-] database.db_retry_interval = 1 {{(pid=105482) log_opt_values /opt/stack/data/venv/lib/python3.12/site-packages/oslo_config/cfg.py:3006}}
Mar 05 02:54:42.345206 np0000157817 neutron-periodic-workers[105482]: DEBUG cotyledon.oslo_config_glue [-] database.max_overflow = 50 {{(pid=105482) log_opt_values /opt/stack/data/venv/lib/python3.12/site-packages/oslo_config/cfg.py:3006}}
Mar 05 02:54:42.345467 np0000157817 neutron-periodic-workers[105482]: DEBUG cotyledon.oslo_config_glue [-] database.max_pool_size = 5 {{(pid=105482) log_opt_values /opt/stack/data/venv/lib/python3.12/site-packages/oslo_config/cfg.py:3006}}
Mar 05 02:54:42.345467 np0000157817 neutron-periodic-workers[105482]: DEBUG cotyledon.oslo_config_glue [-] database.max_retries = 10 {{(pid=105482) log_opt_values /opt/stack/data/venv/lib/python3.12/site-packages/oslo_config/cfg.py:3006}}
Mar 05 02:54:42.345467 np0000157817 neutron-periodic-workers[105482]: DEBUG cotyledon.oslo_config_glue [-] database.mysql_sql_mode = TRADITIONAL {{(pid=105482) log_opt_values /opt/stack/data/venv/lib/python3.12/site-packages/oslo_config/cfg.py:3006}}
Mar 05 02:54:42.345467 np0000157817 neutron-periodic-workers[105482]: DEBUG cotyledon.oslo_config_glue [-] database.mysql_wsrep_sync_wait = None {{(pid=105482) log_opt_values /opt/stack/data/venv/lib/python3.12/site-packages/oslo_config/cfg.py:3006}}
Mar 05 02:54:42.345467 np0000157817 neutron-periodic-workers[105482]: DEBUG cotyledon.oslo_config_glue [-] database.pool_timeout = None {{(pid=105482) log_opt_values /opt/stack/data/venv/lib/python3.12/site-packages/oslo_config/cfg.py:3006}}
Mar 05 02:54:42.345467 np0000157817 neutron-periodic-workers[105482]: DEBUG cotyledon.oslo_config_glue [-] database.retry_interval = 10 {{(pid=105482) log_opt_values /opt/stack/data/venv/lib/python3.12/site-packages/oslo_config/cfg.py:3006}}
Mar 05 02:54:42.345467 np0000157817 neutron-periodic-workers[105482]: DEBUG cotyledon.oslo_config_glue [-] database.slave_connection = **** {{(pid=105482) log_opt_values /opt/stack/data/venv/lib/python3.12/site-packages/oslo_config/cfg.py:3006}}
Mar 05 02:54:42.345467 np0000157817 neutron-periodic-workers[105482]: DEBUG cotyledon.oslo_config_glue [-] database.sqlite_synchronous = True {{(pid=105482) log_opt_values /opt/stack/data/venv/lib/python3.12/site-packages/oslo_config/cfg.py:3006}}
Mar 05 02:54:42.345467 np0000157817 neutron-periodic-workers[105482]: DEBUG cotyledon.oslo_config_glue [-] database.synchronous_reader = True {{(pid=105482) log_opt_values /opt/stack/data/venv/lib/python3.12/site-packages/oslo_config/cfg.py:3006}}
Mar 05 02:54:42.345736 np0000157817 neutron-periodic-workers[105482]: DEBUG cotyledon.oslo_config_glue [-] database.use_db_reconnect = False {{(pid=105482) log_opt_values /opt/stack/data/venv/lib/python3.12/site-packages/oslo_config/cfg.py:3006}}
Mar 05 02:54:42.345736 np0000157817 neutron-periodic-workers[105482]: DEBUG cotyledon.oslo_config_glue [-] ovn.broadcast_arps_to_all_routers = True {{(pid=105482) log_opt_values /opt/stack/data/venv/lib/python3.12/site-packages/oslo_config/cfg.py:3006}}
Mar 05 02:54:42.345736 np0000157817 neutron-periodic-workers[105482]: DEBUG cotyledon.oslo_config_glue [-] ovn.dhcp_default_lease_time = 43200 {{(pid=105482) log_opt_values /opt/stack/data/venv/lib/python3.12/site-packages/oslo_config/cfg.py:3006}}
Mar 05 02:54:42.345736 np0000157817 neutron-periodic-workers[105482]: DEBUG cotyledon.oslo_config_glue [-] ovn.disable_ovn_dhcp_for_baremetal_ports = False {{(pid=105482) log_opt_values /opt/stack/data/venv/lib/python3.12/site-packages/oslo_config/cfg.py:3006}}
Mar 05 02:54:42.345736 np0000157817 neutron-periodic-workers[105482]: DEBUG cotyledon.oslo_config_glue [-] ovn.dns_records_ovn_owned = False {{(pid=105482) log_opt_values /opt/stack/data/venv/lib/python3.12/site-packages/oslo_config/cfg.py:3006}}
Mar 05 02:54:42.345736 np0000157817 neutron-periodic-workers[105482]: DEBUG cotyledon.oslo_config_glue [-] ovn.dns_servers = [] {{(pid=105482) log_opt_values /opt/stack/data/venv/lib/python3.12/site-packages/oslo_config/cfg.py:3006}}
Mar 05 02:54:42.345736 np0000157817 neutron-periodic-workers[105482]: DEBUG cotyledon.oslo_config_glue [-] ovn.enable_distributed_floating_ip = False {{(pid=105482) log_opt_values /opt/stack/data/venv/lib/python3.12/site-packages/oslo_config/cfg.py:3006}}
Mar 05 02:54:42.345736 np0000157817 neutron-periodic-workers[105482]: DEBUG cotyledon.oslo_config_glue [-] ovn.fdb_age_threshold = 300 {{(pid=105482) log_opt_values /opt/stack/data/venv/lib/python3.12/site-packages/oslo_config/cfg.py:3006}}
Mar 05 02:54:42.345736 np0000157817 neutron-periodic-workers[105482]: DEBUG cotyledon.oslo_config_glue [-] ovn.live_migration_activation_strategy = rarp {{(pid=105482) log_opt_values /opt/stack/data/venv/lib/python3.12/site-packages/oslo_config/cfg.py:3006}}
Mar 05 02:54:42.346170 np0000157817 neutron-periodic-workers[105482]: DEBUG cotyledon.oslo_config_glue [-] ovn.localnet_learn_fdb = False {{(pid=105482) log_opt_values /opt/stack/data/venv/lib/python3.12/site-packages/oslo_config/cfg.py:3006}}
Mar 05 02:54:42.346170 np0000157817 neutron-periodic-workers[105482]: DEBUG cotyledon.oslo_config_glue [-] ovn.mac_binding_age_threshold = 300 {{(pid=105482) log_opt_values /opt/stack/data/venv/lib/python3.12/site-packages/oslo_config/cfg.py:3006}}
Mar 05 02:54:42.346170 np0000157817 neutron-periodic-workers[105482]: DEBUG cotyledon.oslo_config_glue [-] ovn.neutron_sync_mode = log {{(pid=105482) log_opt_values /opt/stack/data/venv/lib/python3.12/site-packages/oslo_config/cfg.py:3006}}
Mar 05 02:54:42.346170 np0000157817 neutron-periodic-workers[105482]: DEBUG cotyledon.oslo_config_glue [-] ovn.ovn_dhcp4_global_options = {} {{(pid=105482) log_opt_values /opt/stack/data/venv/lib/python3.12/site-packages/oslo_config/cfg.py:3006}}
Mar 05 02:54:42.346170 np0000157817 neutron-periodic-workers[105482]: DEBUG cotyledon.oslo_config_glue [-] ovn.ovn_dhcp6_global_options = {} {{(pid=105482) log_opt_values /opt/stack/data/venv/lib/python3.12/site-packages/oslo_config/cfg.py:3006}}
Mar 05 02:54:42.346170 np0000157817 neutron-periodic-workers[105482]: DEBUG cotyledon.oslo_config_glue [-] ovn.ovn_l3_scheduler = leastloaded {{(pid=105482) log_opt_values /opt/stack/data/venv/lib/python3.12/site-packages/oslo_config/cfg.py:3006}}
Mar 05 02:54:42.346170 np0000157817 neutron-periodic-workers[105482]: DEBUG cotyledon.oslo_config_glue [-] ovn.ovn_metadata_enabled = True {{(pid=105482) log_opt_values /opt/stack/data/venv/lib/python3.12/site-packages/oslo_config/cfg.py:3006}}
Mar 05 02:54:42.346170 np0000157817 neutron-periodic-workers[105482]: DEBUG cotyledon.oslo_config_glue [-] ovn.ovn_nb_ca_cert = /opt/stack/data/CA/int-ca/ca-chain.pem {{(pid=105482) log_opt_values /opt/stack/data/venv/lib/python3.12/site-packages/oslo_config/cfg.py:3006}}
Mar 05 02:54:42.346170 np0000157817 neutron-periodic-workers[105482]: DEBUG cotyledon.oslo_config_glue [-] ovn.ovn_nb_certificate = /opt/stack/data/CA/int-ca/devstack-cert.crt {{(pid=105482) log_opt_values /opt/stack/data/venv/lib/python3.12/site-packages/oslo_config/cfg.py:3006}}
Mar 05 02:54:42.346432 np0000157817 neutron-periodic-workers[105482]: DEBUG cotyledon.oslo_config_glue [-] ovn.ovn_nb_connection = ['ssl:199.204.45.132:6641'] {{(pid=105482) log_opt_values /opt/stack/data/venv/lib/python3.12/site-packages/oslo_config/cfg.py:3006}}
Mar 05 02:54:42.346432 np0000157817 neutron-periodic-workers[105482]: DEBUG cotyledon.oslo_config_glue [-] ovn.ovn_nb_private_key = /opt/stack/data/CA/int-ca/private/devstack-cert.key {{(pid=105482) log_opt_values /opt/stack/data/venv/lib/python3.12/site-packages/oslo_config/cfg.py:3006}}
Mar 05 02:54:42.346432 np0000157817 neutron-periodic-workers[105482]: DEBUG cotyledon.oslo_config_glue [-] ovn.ovn_router_indirect_snat = False {{(pid=105482) log_opt_values /opt/stack/data/venv/lib/python3.12/site-packages/oslo_config/cfg.py:3006}}
Mar 05 02:54:42.346432 np0000157817 neutron-periodic-workers[105482]: DEBUG cotyledon.oslo_config_glue [-] ovn.ovn_sb_ca_cert = /opt/stack/data/CA/int-ca/ca-chain.pem {{(pid=105482) log_opt_values /opt/stack/data/venv/lib/python3.12/site-packages/oslo_config/cfg.py:3006}}
Mar 05 02:54:42.346432 np0000157817 neutron-periodic-workers[105482]: DEBUG cotyledon.oslo_config_glue [-] ovn.ovn_sb_certificate = /opt/stack/data/CA/int-ca/devstack-cert.crt {{(pid=105482) log_opt_values /opt/stack/data/venv/lib/python3.12/site-packages/oslo_config/cfg.py:3006}}
Mar 05 02:54:42.346432 np0000157817 neutron-periodic-workers[105482]: DEBUG cotyledon.oslo_config_glue [-] ovn.ovn_sb_connection = ['ssl:199.204.45.132:6642'] {{(pid=105482) log_opt_values /opt/stack/data/venv/lib/python3.12/site-packages/oslo_config/cfg.py:3006}}
Mar 05 02:54:42.346432 np0000157817 neutron-periodic-workers[105482]: DEBUG cotyledon.oslo_config_glue [-] ovn.ovn_sb_private_key = /opt/stack/data/CA/int-ca/private/devstack-cert.key {{(pid=105482) log_opt_values /opt/stack/data/venv/lib/python3.12/site-packages/oslo_config/cfg.py:3006}}
Mar 05 02:54:42.346432 np0000157817 neutron-periodic-workers[105482]: DEBUG cotyledon.oslo_config_glue [-] ovn.ovs_create_tap = False {{(pid=105482) log_opt_values /opt/stack/data/venv/lib/python3.12/site-packages/oslo_config/cfg.py:3006}}
Mar 05 02:54:42.346677 np0000157817 neutron-periodic-workers[105482]: DEBUG cotyledon.oslo_config_glue [-] ovn.ovsdb_connection_timeout = 180 {{(pid=105482) log_opt_values /opt/stack/data/venv/lib/python3.12/site-packages/oslo_config/cfg.py:3006}}
Mar 05 02:54:42.346677 np0000157817 neutron-periodic-workers[105482]: DEBUG cotyledon.oslo_config_glue [-] ovn.ovsdb_log_level = INFO {{(pid=105482) log_opt_values /opt/stack/data/venv/lib/python3.12/site-packages/oslo_config/cfg.py:3006}}
Mar 05 02:54:42.346677 np0000157817 neutron-periodic-workers[105482]: DEBUG cotyledon.oslo_config_glue [-] ovn.ovsdb_probe_interval = 60000 {{(pid=105482) log_opt_values /opt/stack/data/venv/lib/python3.12/site-packages/oslo_config/cfg.py:3006}}
Mar 05 02:54:42.346677 np0000157817 neutron-periodic-workers[105482]: DEBUG cotyledon.oslo_config_glue [-] ovn.ovsdb_retry_max_interval = 180 {{(pid=105482) log_opt_values /opt/stack/data/venv/lib/python3.12/site-packages/oslo_config/cfg.py:3006}}
Mar 05 02:54:42.346677 np0000157817 neutron-periodic-workers[105482]: DEBUG cotyledon.oslo_config_glue [-] ovn.stateless_nat_enabled = False {{(pid=105482) log_opt_values /opt/stack/data/venv/lib/python3.12/site-packages/oslo_config/cfg.py:3006}}
Mar 05 02:54:42.346677 np0000157817 neutron-periodic-workers[105482]: DEBUG cotyledon.oslo_config_glue [-] ovn.vhost_sock_dir = /var/run/openvswitch {{(pid=105482) log_opt_values /opt/stack/data/venv/lib/python3.12/site-packages/oslo_config/cfg.py:3006}}
Mar 05 02:54:42.346677 np0000157817 neutron-periodic-workers[105482]: DEBUG cotyledon.oslo_config_glue [-] OVS.bridge_mac_table_size = 50000 {{(pid=105482) log_opt_values /opt/stack/data/venv/lib/python3.12/site-packages/oslo_config/cfg.py:3006}}
Mar 05 02:54:42.346677 np0000157817 neutron-periodic-workers[105482]: DEBUG cotyledon.oslo_config_glue [-] OVS.igmp_flood = False {{(pid=105482) log_opt_values /opt/stack/data/venv/lib/python3.12/site-packages/oslo_config/cfg.py:3006}}
Mar 05 02:54:42.346677 np0000157817 neutron-periodic-workers[105482]: DEBUG cotyledon.oslo_config_glue [-] OVS.igmp_flood_reports = True {{(pid=105482) log_opt_values /opt/stack/data/venv/lib/python3.12/site-packages/oslo_config/cfg.py:3006}}
Mar 05 02:54:42.347053 np0000157817 neutron-periodic-workers[105482]: DEBUG cotyledon.oslo_config_glue [-] OVS.igmp_flood_unregistered = False {{(pid=105482) log_opt_values /opt/stack/data/venv/lib/python3.12/site-packages/oslo_config/cfg.py:3006}}
Mar 05 02:54:42.347053 np0000157817 neutron-periodic-workers[105482]: DEBUG cotyledon.oslo_config_glue [-] OVS.igmp_snooping_enable = False {{(pid=105482) log_opt_values /opt/stack/data/venv/lib/python3.12/site-packages/oslo_config/cfg.py:3006}}
Mar 05 02:54:42.347053 np0000157817 neutron-periodic-workers[105482]: DEBUG cotyledon.oslo_config_glue [-] OVS.ovsdb_timeout = 10 {{(pid=105482) log_opt_values /opt/stack/data/venv/lib/python3.12/site-packages/oslo_config/cfg.py:3006}}
Mar 05 02:54:42.347053 np0000157817 neutron-periodic-workers[105482]: DEBUG cotyledon.oslo_config_glue [-] ovn_nb_global.fdb_removal_limit = 0 {{(pid=105482) log_opt_values /opt/stack/data/venv/lib/python3.12/site-packages/oslo_config/cfg.py:3006}}
Mar 05 02:54:42.347053 np0000157817 neutron-periodic-workers[105482]: DEBUG cotyledon.oslo_config_glue [-] ovn_nb_global.ignore_lsp_down = False {{(pid=105482) log_opt_values /opt/stack/data/venv/lib/python3.12/site-packages/oslo_config/cfg.py:3006}}
Mar 05 02:54:42.347053 np0000157817 neutron-periodic-workers[105482]: DEBUG cotyledon.oslo_config_glue [-] ovn_nb_global.mac_binding_removal_limit = 0 {{(pid=105482) log_opt_values /opt/stack/data/venv/lib/python3.12/site-packages/oslo_config/cfg.py:3006}}
Mar 05 02:54:42.347053 np0000157817 neutron-periodic-workers[105482]: DEBUG cotyledon.oslo_config_glue [-] ******************************************************************************** {{(pid=105482) log_opt_values /opt/stack/data/venv/lib/python3.12/site-packages/oslo_config/cfg.py:3013}}
Mar 05 02:54:42.347053 np0000157817 neutron-periodic-workers[105482]: DEBUG cotyledon._service_worker [-] Run service ServiceWrapper(0) [105482] {{(pid=105482) wait_forever /opt/stack/data/venv/lib/python3.12/site-packages/cotyledon/_service_worker.py:218}}
Mar 05 02:54:51.966088 np0000157817 neutron-periodic-workers[104741]: DEBUG dbcounter [-] [104741] Writing DB stats neutron:SELECT=4 {{(pid=104741) stat_writer /opt/stack/data/venv/lib/python3.12/site-packages/dbcounter.py:115}}
Mar 05 02:55:27.326714 np0000157817 neutron-periodic-workers[105464]: DEBUG oslo_db.sqlalchemy.engines [None req-301e17ad-c53a-4c05-bac5-5cf72ba2771a None None] Parent process 104741 forked (105464) with an open database connection, which is being discarded and recreated. {{(pid=105464) checkout /opt/stack/data/venv/lib/python3.12/site-packages/oslo_db/sqlalchemy/engines.py:402}}
Mar 05 02:55:27.334204 np0000157817 neutron-periodic-workers[105464]: DEBUG dbcounter [-] [105464] Writer thread running {{(pid=105464) stat_writer /opt/stack/data/venv/lib/python3.12/site-packages/dbcounter.py:102}}
Mar 05 02:55:27.337725 np0000157817 neutron-periodic-workers[105464]: DEBUG neutron.db.agents_db [None req-301e17ad-c53a-4c05-bac5-5cf72ba2771a None None] Agent healthcheck: found 0 active agents {{(pid=105464) agent_health_check /opt/stack/neutron/neutron/db/agents_db.py:317}}
Mar 05 02:55:27.338087 np0000157817 neutron-periodic-workers[105464]: DEBUG oslo.service.backend._threading.loopingcall [None req-301e17ad-c53a-4c05-bac5-5cf72ba2771a None None] Fixed interval looping call 'neutron.plugins.ml2.plugin.AgentDbMixin.agent_health_check' sleeping for 36.98 seconds {{(pid=105464) _run_loop /opt/stack/data/venv/lib/python3.12/site-packages/oslo_service/backend/_threading/loopingcall.py:125}}
Mar 05 02:55:45.329097 np0000157817 neutron-periodic-workers[105452]: DEBUG dbcounter [-] [105452] Writer thread running {{(pid=105452) stat_writer /opt/stack/data/venv/lib/python3.12/site-packages/dbcounter.py:102}}
Mar 05 02:55:45.339410 np0000157817 neutron-periodic-workers[105452]: DEBUG oslo.service.backend._threading.loopingcall [None req-dc103fc6-212c-4aec-9572-8bd8e74e47bc None None] Fixed interval looping call 'neutron.plugins.ml2.plugin.DhcpAgentSchedulerDbMixin.remove_networks_from_down_agents' sleeping for 36.98 seconds {{(pid=105452) _run_loop /opt/stack/data/venv/lib/python3.12/site-packages/oslo_service/backend/_threading/loopingcall.py:125}}
Mar 05 02:55:47.335447 np0000157817 neutron-periodic-workers[105464]: DEBUG dbcounter [-] [105464] Writing DB stats neutron:SELECT=1 {{(pid=105464) stat_writer /opt/stack/data/venv/lib/python3.12/site-packages/dbcounter.py:115}}
Mar 05 02:55:55.338407 np0000157817 neutron-periodic-workers[105452]: DEBUG dbcounter [-] [105452] Writing DB stats neutron:SELECT=3 {{(pid=105452) stat_writer /opt/stack/data/venv/lib/python3.12/site-packages/dbcounter.py:115}}
Mar 05 02:56:04.405304 np0000157817 neutron-periodic-workers[105464]: DEBUG neutron.db.agents_db [None req-301e17ad-c53a-4c05-bac5-5cf72ba2771a None None] Agent healthcheck: found 0 active agents {{(pid=105464) agent_health_check /opt/stack/neutron/neutron/db/agents_db.py:317}}
Mar 05 02:56:04.405304 np0000157817 neutron-periodic-workers[105464]: DEBUG oslo.service.backend._threading.loopingcall [None req-301e17ad-c53a-4c05-bac5-5cf72ba2771a None None] Fixed interval looping call 'neutron.plugins.ml2.plugin.AgentDbMixin.agent_health_check' sleeping for 37.00 seconds {{(pid=105464) _run_loop /opt/stack/data/venv/lib/python3.12/site-packages/oslo_service/backend/_threading/loopingcall.py:125}}
Mar 05 02:56:14.322422 np0000157817 neutron-periodic-workers[105464]: DEBUG dbcounter [-] [105464] Writing DB stats neutron:SELECT=1 {{(pid=105464) stat_writer /opt/stack/data/venv/lib/python3.12/site-packages/dbcounter.py:115}}
Mar 05 02:56:22.330291 np0000157817 neutron-periodic-workers[105452]: DEBUG oslo.service.backend._threading.loopingcall [None req-dc103fc6-212c-4aec-9572-8bd8e74e47bc None None] Fixed interval looping call 'neutron.plugins.ml2.plugin.DhcpAgentSchedulerDbMixin.remove_networks_from_down_agents' sleeping for 36.99 seconds {{(pid=105452) _run_loop /opt/stack/data/venv/lib/python3.12/site-packages/oslo_service/backend/_threading/loopingcall.py:125}}
Mar 05 02:56:32.329808 np0000157817 neutron-periodic-workers[105452]: DEBUG dbcounter [-] [105452] Writing DB stats neutron:SELECT=3 {{(pid=105452) stat_writer /opt/stack/data/venv/lib/python3.12/site-packages/dbcounter.py:115}}
Mar 05 02:56:41.329368 np0000157817 neutron-periodic-workers[105464]: DEBUG neutron.db.agents_db [None req-301e17ad-c53a-4c05-bac5-5cf72ba2771a None None] Agent healthcheck: found 0 active agents {{(pid=105464) agent_health_check /opt/stack/neutron/neutron/db/agents_db.py:317}}
Mar 05 02:56:41.330137 np0000157817 neutron-periodic-workers[105464]: DEBUG oslo.service.backend._threading.loopingcall [None req-301e17ad-c53a-4c05-bac5-5cf72ba2771a None None] Fixed interval looping call 'neutron.plugins.ml2.plugin.AgentDbMixin.agent_health_check' sleeping for 36.99 seconds {{(pid=105464) _run_loop /opt/stack/data/venv/lib/python3.12/site-packages/oslo_service/backend/_threading/loopingcall.py:125}}
Mar 05 02:56:42.337344 np0000157817 neutron-periodic-workers[105473]: DEBUG dbcounter [-] [105473] Writer thread running {{(pid=105473) stat_writer /opt/stack/data/venv/lib/python3.12/site-packages/dbcounter.py:102}}
Mar 05 02:56:42.339308 np0000157817 neutron-periodic-workers[105473]: DEBUG oslo.service.backend._threading.loopingcall [None req-0e40351d-49fd-4033-8826-b8f3a75fe16b None None] Fixed interval looping call 'neutron.db.quota.driver_nolock.DbQuotaNoLockDriver._remove_expired_reservations' sleeping for 119.98 seconds {{(pid=105473) _run_loop /opt/stack/data/venv/lib/python3.12/site-packages/oslo_service/backend/_threading/loopingcall.py:125}}
Mar 05 02:56:44.363164 np0000157817 neutron-periodic-workers[105482]: DEBUG dbcounter [-] [105482] Writer thread running {{(pid=105482) stat_writer /opt/stack/data/venv/lib/python3.12/site-packages/dbcounter.py:102}}
Mar 05 02:56:44.375782 np0000157817 neutron-periodic-workers[105482]: DEBUG oslo.service.backend._threading.loopingcall [None req-bf608fb7-2a9e-4fb6-8cf7-be29325c2036 None None] Fixed interval looping call 'neutron.services.ovn_l3.plugin.L3_NAT_dbonly_mixin._clean_garbage' sleeping for 299.96 seconds {{(pid=105482) _run_loop /opt/stack/data/venv/lib/python3.12/site-packages/oslo_service/backend/_threading/loopingcall.py:125}}
Mar 05 02:56:51.327528 np0000157817 neutron-periodic-workers[105464]: DEBUG dbcounter [-] [105464] Writing DB stats neutron:SELECT=1 {{(pid=105464) stat_writer /opt/stack/data/venv/lib/python3.12/site-packages/dbcounter.py:115}}
Mar 05 02:56:52.339088 np0000157817 neutron-periodic-workers[105473]: DEBUG dbcounter [-] [105473] Writing DB stats neutron:DELETE=1 {{(pid=105473) stat_writer /opt/stack/data/venv/lib/python3.12/site-packages/dbcounter.py:115}}
Mar 05 02:56:54.363942 np0000157817 neutron-periodic-workers[105482]: DEBUG dbcounter [-] [105482] Writing DB stats neutron:SELECT=1 {{(pid=105482) stat_writer /opt/stack/data/venv/lib/python3.12/site-packages/dbcounter.py:115}}
Mar 05 02:56:59.342296 np0000157817 neutron-periodic-workers[105452]: DEBUG oslo.service.backend._threading.loopingcall [None req-dc103fc6-212c-4aec-9572-8bd8e74e47bc None None] Fixed interval looping call 'neutron.plugins.ml2.plugin.DhcpAgentSchedulerDbMixin.remove_networks_from_down_agents' sleeping for 36.98 seconds {{(pid=105452) _run_loop /opt/stack/data/venv/lib/python3.12/site-packages/oslo_service/backend/_threading/loopingcall.py:125}}
Mar 05 02:57:09.336213 np0000157817 neutron-periodic-workers[105452]: DEBUG dbcounter [-] [105452] Writing DB stats neutron:SELECT=3 {{(pid=105452) stat_writer /opt/stack/data/venv/lib/python3.12/site-packages/dbcounter.py:115}}
Mar 05 02:57:18.325109 np0000157817 neutron-periodic-workers[105464]: DEBUG neutron.db.agents_db [None req-301e17ad-c53a-4c05-bac5-5cf72ba2771a None None] Agent healthcheck: found 0 active agents {{(pid=105464) agent_health_check /opt/stack/neutron/neutron/db/agents_db.py:317}}
Mar 05 02:57:18.325982 np0000157817 neutron-periodic-workers[105464]: DEBUG oslo.service.backend._threading.loopingcall [None req-301e17ad-c53a-4c05-bac5-5cf72ba2771a None None] Fixed interval looping call 'neutron.plugins.ml2.plugin.AgentDbMixin.agent_health_check' sleeping for 36.99 seconds {{(pid=105464) _run_loop /opt/stack/data/venv/lib/python3.12/site-packages/oslo_service/backend/_threading/loopingcall.py:125}}
Mar 05 02:57:28.323807 np0000157817 neutron-periodic-workers[105464]: DEBUG dbcounter [-] [105464] Writing DB stats neutron:SELECT=1 {{(pid=105464) stat_writer /opt/stack/data/venv/lib/python3.12/site-packages/dbcounter.py:115}}
Mar 05 02:57:36.332102 np0000157817 neutron-periodic-workers[105452]: DEBUG oslo.service.backend._threading.loopingcall [None req-dc103fc6-212c-4aec-9572-8bd8e74e47bc None None] Fixed interval looping call 'neutron.plugins.ml2.plugin.DhcpAgentSchedulerDbMixin.remove_networks_from_down_agents' sleeping for 36.99 seconds {{(pid=105452) _run_loop /opt/stack/data/venv/lib/python3.12/site-packages/oslo_service/backend/_threading/loopingcall.py:125}}
Mar 05 02:57:46.330657 np0000157817 neutron-periodic-workers[105452]: DEBUG dbcounter [-] [105452] Writing DB stats neutron:SELECT=3 {{(pid=105452) stat_writer /opt/stack/data/venv/lib/python3.12/site-packages/dbcounter.py:115}}
Mar 05 02:57:55.322274 np0000157817 neutron-periodic-workers[105464]: DEBUG neutron.db.agents_db [None req-301e17ad-c53a-4c05-bac5-5cf72ba2771a None None] Agent healthcheck: found 0 active agents {{(pid=105464) agent_health_check /opt/stack/neutron/neutron/db/agents_db.py:317}}
Mar 05 02:57:55.323040 np0000157817 neutron-periodic-workers[105464]: DEBUG oslo.service.backend._threading.loopingcall [None req-301e17ad-c53a-4c05-bac5-5cf72ba2771a None None] Fixed interval looping call 'neutron.plugins.ml2.plugin.AgentDbMixin.agent_health_check' sleeping for 36.99 seconds {{(pid=105464) _run_loop /opt/stack/data/venv/lib/python3.12/site-packages/oslo_service/backend/_threading/loopingcall.py:125}}
Mar 05 02:58:05.319870 np0000157817 neutron-periodic-workers[105464]: DEBUG dbcounter [-] [105464] Writing DB stats neutron:SELECT=1 {{(pid=105464) stat_writer /opt/stack/data/venv/lib/python3.12/site-packages/dbcounter.py:115}}
Mar 05 02:58:13.333064 np0000157817 neutron-periodic-workers[105452]: DEBUG oslo.service.backend._threading.loopingcall [None req-dc103fc6-212c-4aec-9572-8bd8e74e47bc None None] Fixed interval looping call 'neutron.plugins.ml2.plugin.DhcpAgentSchedulerDbMixin.remove_networks_from_down_agents' sleeping for 36.99 seconds {{(pid=105452) _run_loop /opt/stack/data/venv/lib/python3.12/site-packages/oslo_service/backend/_threading/loopingcall.py:125}}
Mar 05 02:58:23.331208 np0000157817 neutron-periodic-workers[105452]: DEBUG dbcounter [-] [105452] Writing DB stats neutron:SELECT=3 {{(pid=105452) stat_writer /opt/stack/data/venv/lib/python3.12/site-packages/dbcounter.py:115}}
Mar 05 02:58:32.318453 np0000157817 neutron-periodic-workers[105464]: DEBUG neutron.db.agents_db [None req-301e17ad-c53a-4c05-bac5-5cf72ba2771a None None] Agent healthcheck: found 0 active agents {{(pid=105464) agent_health_check /opt/stack/neutron/neutron/db/agents_db.py:317}}
Mar 05 02:58:32.319109 np0000157817 neutron-periodic-workers[105464]: DEBUG oslo.service.backend._threading.loopingcall [None req-301e17ad-c53a-4c05-bac5-5cf72ba2771a None None] Fixed interval looping call 'neutron.plugins.ml2.plugin.AgentDbMixin.agent_health_check' sleeping for 36.99 seconds {{(pid=105464) _run_loop /opt/stack/data/venv/lib/python3.12/site-packages/oslo_service/backend/_threading/loopingcall.py:125}}
Mar 05 02:58:42.316291 np0000157817 neutron-periodic-workers[105464]: DEBUG dbcounter [-] [105464] Writing DB stats neutron:SELECT=1 {{(pid=105464) stat_writer /opt/stack/data/venv/lib/python3.12/site-packages/dbcounter.py:115}}
Mar 05 02:58:42.326721 np0000157817 neutron-periodic-workers[105473]: DEBUG oslo.service.backend._threading.loopingcall [None req-0e40351d-49fd-4033-8826-b8f3a75fe16b None None] Fixed interval looping call 'neutron.db.quota.driver_nolock.DbQuotaNoLockDriver._remove_expired_reservations' sleeping for 119.99 seconds {{(pid=105473) _run_loop /opt/stack/data/venv/lib/python3.12/site-packages/oslo_service/backend/_threading/loopingcall.py:125}}
Mar 05 02:58:50.333461 np0000157817 neutron-periodic-workers[105452]: DEBUG oslo.service.backend._threading.loopingcall [None req-dc103fc6-212c-4aec-9572-8bd8e74e47bc None None] Fixed interval looping call 'neutron.plugins.ml2.plugin.DhcpAgentSchedulerDbMixin.remove_networks_from_down_agents' sleeping for 36.99 seconds {{(pid=105452) _run_loop /opt/stack/data/venv/lib/python3.12/site-packages/oslo_service/backend/_threading/loopingcall.py:125}}
Mar 05 02:58:52.324831 np0000157817 neutron-periodic-workers[105473]: DEBUG dbcounter [-] [105473] Writing DB stats neutron:DELETE=1 {{(pid=105473) stat_writer /opt/stack/data/venv/lib/python3.12/site-packages/dbcounter.py:115}}
Mar 05 02:59:00.332399 np0000157817 neutron-periodic-workers[105452]: DEBUG dbcounter [-] [105452] Writing DB stats neutron:SELECT=3 {{(pid=105452) stat_writer /opt/stack/data/venv/lib/python3.12/site-packages/dbcounter.py:115}}
Mar 05 02:59:09.312639 np0000157817 neutron-periodic-workers[105464]: DEBUG neutron.db.agents_db [None req-301e17ad-c53a-4c05-bac5-5cf72ba2771a None None] Agent healthcheck: found 0 active agents {{(pid=105464) agent_health_check /opt/stack/neutron/neutron/db/agents_db.py:317}}
Mar 05 02:59:09.313332 np0000157817 neutron-periodic-workers[105464]: DEBUG oslo.service.backend._threading.loopingcall [None req-301e17ad-c53a-4c05-bac5-5cf72ba2771a None None] Fixed interval looping call 'neutron.plugins.ml2.plugin.AgentDbMixin.agent_health_check' sleeping for 37.00 seconds {{(pid=105464) _run_loop /opt/stack/data/venv/lib/python3.12/site-packages/oslo_service/backend/_threading/loopingcall.py:125}}
Mar 05 02:59:19.312195 np0000157817 neutron-periodic-workers[105464]: DEBUG dbcounter [-] [105464] Writing DB stats neutron:SELECT=1 {{(pid=105464) stat_writer /opt/stack/data/venv/lib/python3.12/site-packages/dbcounter.py:115}}
Mar 05 02:59:27.336945 np0000157817 neutron-periodic-workers[105452]: DEBUG oslo.service.backend._threading.loopingcall [None req-dc103fc6-212c-4aec-9572-8bd8e74e47bc None None] Fixed interval looping call 'neutron.plugins.ml2.plugin.DhcpAgentSchedulerDbMixin.remove_networks_from_down_agents' sleeping for 36.99 seconds {{(pid=105452) _run_loop /opt/stack/data/venv/lib/python3.12/site-packages/oslo_service/backend/_threading/loopingcall.py:125}}
Mar 05 02:59:37.335579 np0000157817 neutron-periodic-workers[105452]: DEBUG dbcounter [-] [105452] Writing DB stats neutron:SELECT=3 {{(pid=105452) stat_writer /opt/stack/data/venv/lib/python3.12/site-packages/dbcounter.py:115}}
Mar 05 02:59:46.318842 np0000157817 neutron-periodic-workers[105464]: DEBUG neutron.db.agents_db [None req-301e17ad-c53a-4c05-bac5-5cf72ba2771a None None] Agent healthcheck: found 0 active agents {{(pid=105464) agent_health_check /opt/stack/neutron/neutron/db/agents_db.py:317}}
Mar 05 02:59:46.319655 np0000157817 neutron-periodic-workers[105464]: DEBUG oslo.service.backend._threading.loopingcall [None req-301e17ad-c53a-4c05-bac5-5cf72ba2771a None None] Fixed interval looping call 'neutron.plugins.ml2.plugin.AgentDbMixin.agent_health_check' sleeping for 37.00 seconds {{(pid=105464) _run_loop /opt/stack/data/venv/lib/python3.12/site-packages/oslo_service/backend/_threading/loopingcall.py:125}}
Mar 05 02:59:56.317812 np0000157817 neutron-periodic-workers[105464]: DEBUG dbcounter [-] [105464] Writing DB stats neutron:SELECT=1 {{(pid=105464) stat_writer /opt/stack/data/venv/lib/python3.12/site-packages/dbcounter.py:115}}
Mar 05 03:00:04.335111 np0000157817 neutron-periodic-workers[105452]: DEBUG oslo.service.backend._threading.loopingcall [None req-dc103fc6-212c-4aec-9572-8bd8e74e47bc None None] Fixed interval looping call 'neutron.plugins.ml2.plugin.DhcpAgentSchedulerDbMixin.remove_networks_from_down_agents' sleeping for 36.99 seconds {{(pid=105452) _run_loop /opt/stack/data/venv/lib/python3.12/site-packages/oslo_service/backend/_threading/loopingcall.py:125}}
Mar 05 03:00:14.334055 np0000157817 neutron-periodic-workers[105452]: DEBUG dbcounter [-] [105452] Writing DB stats neutron:SELECT=3 {{(pid=105452) stat_writer /opt/stack/data/venv/lib/python3.12/site-packages/dbcounter.py:115}}
Mar 05 03:00:23.324774 np0000157817 neutron-periodic-workers[105464]: DEBUG neutron.db.agents_db [None req-301e17ad-c53a-4c05-bac5-5cf72ba2771a None None] Agent healthcheck: found 0 active agents {{(pid=105464) agent_health_check /opt/stack/neutron/neutron/db/agents_db.py:317}}
Mar 05 03:00:23.325844 np0000157817 neutron-periodic-workers[105464]: DEBUG oslo.service.backend._threading.loopingcall [None req-301e17ad-c53a-4c05-bac5-5cf72ba2771a None None] Fixed interval looping call 'neutron.plugins.ml2.plugin.AgentDbMixin.agent_health_check' sleeping for 36.99 seconds {{(pid=105464) _run_loop /opt/stack/data/venv/lib/python3.12/site-packages/oslo_service/backend/_threading/loopingcall.py:125}}
Mar 05 03:00:33.322973 np0000157817 neutron-periodic-workers[105464]: DEBUG dbcounter [-] [105464] Writing DB stats neutron:SELECT=1 {{(pid=105464) stat_writer /opt/stack/data/venv/lib/python3.12/site-packages/dbcounter.py:115}}
Mar 05 03:00:41.334187 np0000157817 neutron-periodic-workers[105452]: DEBUG oslo.service.backend._threading.loopingcall [None req-dc103fc6-212c-4aec-9572-8bd8e74e47bc None None] Fixed interval looping call 'neutron.plugins.ml2.plugin.DhcpAgentSchedulerDbMixin.remove_networks_from_down_agents' sleeping for 36.99 seconds {{(pid=105452) _run_loop /opt/stack/data/venv/lib/python3.12/site-packages/oslo_service/backend/_threading/loopingcall.py:125}}
Mar 05 03:00:42.322364 np0000157817 neutron-periodic-workers[105473]: DEBUG oslo.service.backend._threading.loopingcall [None req-0e40351d-49fd-4033-8826-b8f3a75fe16b None None] Fixed interval looping call 'neutron.db.quota.driver_nolock.DbQuotaNoLockDriver._remove_expired_reservations' sleeping for 120.00 seconds {{(pid=105473) _run_loop /opt/stack/data/venv/lib/python3.12/site-packages/oslo_service/backend/_threading/loopingcall.py:125}}
Mar 05 03:00:51.333316 np0000157817 neutron-periodic-workers[105452]: DEBUG dbcounter [-] [105452] Writing DB stats neutron:SELECT=3 {{(pid=105452) stat_writer /opt/stack/data/venv/lib/python3.12/site-packages/dbcounter.py:115}}
Mar 05 03:00:52.320261 np0000157817 neutron-periodic-workers[105473]: DEBUG dbcounter [-] [105473] Writing DB stats neutron:DELETE=1 {{(pid=105473) stat_writer /opt/stack/data/venv/lib/python3.12/site-packages/dbcounter.py:115}}
Mar 05 03:01:00.319857 np0000157817 neutron-periodic-workers[105464]: DEBUG neutron.db.agents_db [None req-301e17ad-c53a-4c05-bac5-5cf72ba2771a None None] Agent healthcheck: found 0 active agents {{(pid=105464) agent_health_check /opt/stack/neutron/neutron/db/agents_db.py:317}}
Mar 05 03:01:00.320234 np0000157817 neutron-periodic-workers[105464]: DEBUG oslo.service.backend._threading.loopingcall [None req-301e17ad-c53a-4c05-bac5-5cf72ba2771a None None] Fixed interval looping call 'neutron.plugins.ml2.plugin.AgentDbMixin.agent_health_check' sleeping for 37.00 seconds {{(pid=105464) _run_loop /opt/stack/data/venv/lib/python3.12/site-packages/oslo_service/backend/_threading/loopingcall.py:125}}
Mar 05 03:01:10.318647 np0000157817 neutron-periodic-workers[105464]: DEBUG dbcounter [-] [105464] Writing DB stats neutron:SELECT=1 {{(pid=105464) stat_writer /opt/stack/data/venv/lib/python3.12/site-packages/dbcounter.py:115}}
Mar 05 03:01:18.334745 np0000157817 neutron-periodic-workers[105452]: DEBUG oslo.service.backend._threading.loopingcall [None req-dc103fc6-212c-4aec-9572-8bd8e74e47bc None None] Fixed interval looping call 'neutron.plugins.ml2.plugin.DhcpAgentSchedulerDbMixin.remove_networks_from_down_agents' sleeping for 36.99 seconds {{(pid=105452) _run_loop /opt/stack/data/venv/lib/python3.12/site-packages/oslo_service/backend/_threading/loopingcall.py:125}}
Mar 05 03:01:28.333519 np0000157817 neutron-periodic-workers[105452]: DEBUG dbcounter [-] [105452] Writing DB stats neutron:SELECT=3 {{(pid=105452) stat_writer /opt/stack/data/venv/lib/python3.12/site-packages/dbcounter.py:115}}
Mar 05 03:01:37.325707 np0000157817 neutron-periodic-workers[105464]: DEBUG neutron.db.agents_db [None req-301e17ad-c53a-4c05-bac5-5cf72ba2771a None None] Agent healthcheck: found 0 active agents {{(pid=105464) agent_health_check /opt/stack/neutron/neutron/db/agents_db.py:317}}
Mar 05 03:01:37.326385 np0000157817 neutron-periodic-workers[105464]: DEBUG oslo.service.backend._threading.loopingcall [None req-301e17ad-c53a-4c05-bac5-5cf72ba2771a None None] Fixed interval looping call 'neutron.plugins.ml2.plugin.AgentDbMixin.agent_health_check' sleeping for 36.99 seconds {{(pid=105464) _run_loop /opt/stack/data/venv/lib/python3.12/site-packages/oslo_service/backend/_threading/loopingcall.py:125}}
Mar 05 03:01:44.346418 np0000157817 neutron-periodic-workers[105482]: DEBUG oslo.service.backend._threading.loopingcall [None req-bf608fb7-2a9e-4fb6-8cf7-be29325c2036 None None] Fixed interval looping call 'neutron.services.ovn_l3.plugin.L3_NAT_dbonly_mixin._clean_garbage' sleeping for 299.99 seconds {{(pid=105482) _run_loop /opt/stack/data/venv/lib/python3.12/site-packages/oslo_service/backend/_threading/loopingcall.py:125}}
Mar 05 03:01:47.323934 np0000157817 neutron-periodic-workers[105464]: DEBUG dbcounter [-] [105464] Writing DB stats neutron:SELECT=1 {{(pid=105464) stat_writer /opt/stack/data/venv/lib/python3.12/site-packages/dbcounter.py:115}}
Mar 05 03:01:54.339513 np0000157817 neutron-periodic-workers[105482]: DEBUG dbcounter [-] [105482] Writing DB stats neutron:SELECT=1 {{(pid=105482) stat_writer /opt/stack/data/venv/lib/python3.12/site-packages/dbcounter.py:115}}
Mar 05 03:01:55.338130 np0000157817 neutron-periodic-workers[105452]: DEBUG oslo.service.backend._threading.loopingcall [None req-dc103fc6-212c-4aec-9572-8bd8e74e47bc None None] Fixed interval looping call 'neutron.plugins.ml2.plugin.DhcpAgentSchedulerDbMixin.remove_networks_from_down_agents' sleeping for 36.99 seconds {{(pid=105452) _run_loop /opt/stack/data/venv/lib/python3.12/site-packages/oslo_service/backend/_threading/loopingcall.py:125}}
Mar 05 03:02:05.336463 np0000157817 neutron-periodic-workers[105452]: DEBUG dbcounter [-] [105452] Writing DB stats neutron:SELECT=3 {{(pid=105452) stat_writer /opt/stack/data/venv/lib/python3.12/site-packages/dbcounter.py:115}}
Mar 05 03:02:14.320712 np0000157817 neutron-periodic-workers[105464]: DEBUG neutron.db.agents_db [None req-301e17ad-c53a-4c05-bac5-5cf72ba2771a None None] Agent healthcheck: found 0 active agents {{(pid=105464) agent_health_check /opt/stack/neutron/neutron/db/agents_db.py:317}}
Mar 05 03:02:14.321064 np0000157817 neutron-periodic-workers[105464]: DEBUG oslo.service.backend._threading.loopingcall [None req-301e17ad-c53a-4c05-bac5-5cf72ba2771a None None] Fixed interval looping call 'neutron.plugins.ml2.plugin.AgentDbMixin.agent_health_check' sleeping for 37.00 seconds {{(pid=105464) _run_loop /opt/stack/data/venv/lib/python3.12/site-packages/oslo_service/backend/_threading/loopingcall.py:125}}
Mar 05 03:02:24.319538 np0000157817 neutron-periodic-workers[105464]: DEBUG dbcounter [-] [105464] Writing DB stats neutron:SELECT=1 {{(pid=105464) stat_writer /opt/stack/data/venv/lib/python3.12/site-packages/dbcounter.py:115}}
Mar 05 03:02:32.361317 np0000157817 neutron-periodic-workers[105452]: DEBUG oslo.service.backend._threading.loopingcall [None req-dc103fc6-212c-4aec-9572-8bd8e74e47bc None None] Fixed interval looping call 'neutron.plugins.ml2.plugin.DhcpAgentSchedulerDbMixin.remove_networks_from_down_agents' sleeping for 36.97 seconds {{(pid=105452) _run_loop /opt/stack/data/venv/lib/python3.12/site-packages/oslo_service/backend/_threading/loopingcall.py:125}}
Mar 05 03:02:42.328014 np0000157817 neutron-periodic-workers[105473]: DEBUG oslo.service.backend._threading.loopingcall [None req-0e40351d-49fd-4033-8826-b8f3a75fe16b None None] Fixed interval looping call 'neutron.db.quota.driver_nolock.DbQuotaNoLockDriver._remove_expired_reservations' sleeping for 119.99 seconds {{(pid=105473) _run_loop /opt/stack/data/venv/lib/python3.12/site-packages/oslo_service/backend/_threading/loopingcall.py:125}}
Mar 05 03:02:42.360524 np0000157817 neutron-periodic-workers[105452]: DEBUG dbcounter [-] [105452] Writing DB stats neutron:SELECT=3 {{(pid=105452) stat_writer /opt/stack/data/venv/lib/python3.12/site-packages/dbcounter.py:115}}
Mar 05 03:02:51.325120 np0000157817 neutron-periodic-workers[105464]: DEBUG neutron.db.agents_db [None req-301e17ad-c53a-4c05-bac5-5cf72ba2771a None None] Agent healthcheck: found 0 active agents {{(pid=105464) agent_health_check /opt/stack/neutron/neutron/db/agents_db.py:317}}
Mar 05 03:02:51.325889 np0000157817 neutron-periodic-workers[105464]: DEBUG oslo.service.backend._threading.loopingcall [None req-301e17ad-c53a-4c05-bac5-5cf72ba2771a None None] Fixed interval looping call 'neutron.plugins.ml2.plugin.AgentDbMixin.agent_health_check' sleeping for 37.00 seconds {{(pid=105464) _run_loop /opt/stack/data/venv/lib/python3.12/site-packages/oslo_service/backend/_threading/loopingcall.py:125}}
Mar 05 03:02:52.326681 np0000157817 neutron-periodic-workers[105473]: DEBUG dbcounter [-] [105473] Writing DB stats neutron:DELETE=1 {{(pid=105473) stat_writer /opt/stack/data/venv/lib/python3.12/site-packages/dbcounter.py:115}}
Mar 05 03:03:01.323890 np0000157817 neutron-periodic-workers[105464]: DEBUG dbcounter [-] [105464] Writing DB stats neutron:SELECT=1 {{(pid=105464) stat_writer /opt/stack/data/venv/lib/python3.12/site-packages/dbcounter.py:115}}
Mar 05 03:03:09.338647 np0000157817 neutron-periodic-workers[105452]: DEBUG oslo.service.backend._threading.loopingcall [None req-dc103fc6-212c-4aec-9572-8bd8e74e47bc None None] Fixed interval looping call 'neutron.plugins.ml2.plugin.DhcpAgentSchedulerDbMixin.remove_networks_from_down_agents' sleeping for 36.99 seconds {{(pid=105452) _run_loop /opt/stack/data/venv/lib/python3.12/site-packages/oslo_service/backend/_threading/loopingcall.py:125}}
Mar 05 03:03:19.337619 np0000157817 neutron-periodic-workers[105452]: DEBUG dbcounter [-] [105452] Writing DB stats neutron:SELECT=3 {{(pid=105452) stat_writer /opt/stack/data/venv/lib/python3.12/site-packages/dbcounter.py:115}}
Mar 05 03:03:28.330971 np0000157817 neutron-periodic-workers[105464]: DEBUG neutron.db.agents_db [None req-301e17ad-c53a-4c05-bac5-5cf72ba2771a None None] Agent healthcheck: found 0 active agents {{(pid=105464) agent_health_check /opt/stack/neutron/neutron/db/agents_db.py:317}}
Mar 05 03:03:28.331620 np0000157817 neutron-periodic-workers[105464]: DEBUG oslo.service.backend._threading.loopingcall [None req-301e17ad-c53a-4c05-bac5-5cf72ba2771a None None] Fixed interval looping call 'neutron.plugins.ml2.plugin.AgentDbMixin.agent_health_check' sleeping for 36.99 seconds {{(pid=105464) _run_loop /opt/stack/data/venv/lib/python3.12/site-packages/oslo_service/backend/_threading/loopingcall.py:125}}
Mar 05 03:03:38.329888 np0000157817 neutron-periodic-workers[105464]: DEBUG dbcounter [-] [105464] Writing DB stats neutron:SELECT=1 {{(pid=105464) stat_writer /opt/stack/data/venv/lib/python3.12/site-packages/dbcounter.py:115}}
Mar 05 03:03:46.336738 np0000157817 neutron-periodic-workers[105452]: DEBUG oslo.service.backend._threading.loopingcall [None req-dc103fc6-212c-4aec-9572-8bd8e74e47bc None None] Fixed interval looping call 'neutron.plugins.ml2.plugin.DhcpAgentSchedulerDbMixin.remove_networks_from_down_agents' sleeping for 36.99 seconds {{(pid=105452) _run_loop /opt/stack/data/venv/lib/python3.12/site-packages/oslo_service/backend/_threading/loopingcall.py:125}}
Mar 05 03:03:56.335973 np0000157817 neutron-periodic-workers[105452]: DEBUG dbcounter [-] [105452] Writing DB stats neutron:SELECT=3 {{(pid=105452) stat_writer /opt/stack/data/venv/lib/python3.12/site-packages/dbcounter.py:115}}
Mar 05 03:04:05.327317 np0000157817 neutron-periodic-workers[105464]: DEBUG neutron.db.agents_db [None req-301e17ad-c53a-4c05-bac5-5cf72ba2771a None None] Agent healthcheck: found 0 active agents {{(pid=105464) agent_health_check /opt/stack/neutron/neutron/db/agents_db.py:317}}
Mar 05 03:04:05.329233 np0000157817 neutron-periodic-workers[105464]: DEBUG oslo.service.backend._threading.loopingcall [None req-301e17ad-c53a-4c05-bac5-5cf72ba2771a None None] Fixed interval looping call 'neutron.plugins.ml2.plugin.AgentDbMixin.agent_health_check' sleeping for 36.99 seconds {{(pid=105464) _run_loop /opt/stack/data/venv/lib/python3.12/site-packages/oslo_service/backend/_threading/loopingcall.py:125}}
Mar 05 03:04:15.325358 np0000157817 neutron-periodic-workers[105464]: DEBUG dbcounter [-] [105464] Writing DB stats neutron:SELECT=1 {{(pid=105464) stat_writer /opt/stack/data/venv/lib/python3.12/site-packages/dbcounter.py:115}}
Mar 05 03:04:23.335312 np0000157817 neutron-periodic-workers[105452]: DEBUG oslo.service.backend._threading.loopingcall [None req-dc103fc6-212c-4aec-9572-8bd8e74e47bc None None] Fixed interval looping call 'neutron.plugins.ml2.plugin.DhcpAgentSchedulerDbMixin.remove_networks_from_down_agents' sleeping for 36.99 seconds {{(pid=105452) _run_loop /opt/stack/data/venv/lib/python3.12/site-packages/oslo_service/backend/_threading/loopingcall.py:125}}
Mar 05 03:04:33.334236 np0000157817 neutron-periodic-workers[105452]: DEBUG dbcounter [-] [105452] Writing DB stats neutron:SELECT=3 {{(pid=105452) stat_writer /opt/stack/data/venv/lib/python3.12/site-packages/dbcounter.py:115}}
Mar 05 03:04:42.327940 np0000157817 neutron-periodic-workers[105473]: DEBUG oslo.service.backend._threading.loopingcall [None req-0e40351d-49fd-4033-8826-b8f3a75fe16b None None] Fixed interval looping call 'neutron.db.quota.driver_nolock.DbQuotaNoLockDriver._remove_expired_reservations' sleeping for 119.99 seconds {{(pid=105473) _run_loop /opt/stack/data/venv/lib/python3.12/site-packages/oslo_service/backend/_threading/loopingcall.py:125}}
Mar 05 03:04:42.328740 np0000157817 neutron-periodic-workers[105464]: DEBUG neutron.db.agents_db [None req-301e17ad-c53a-4c05-bac5-5cf72ba2771a None None] Agent healthcheck: found 0 active agents {{(pid=105464) agent_health_check /opt/stack/neutron/neutron/db/agents_db.py:317}}
Mar 05 03:04:42.328740 np0000157817 neutron-periodic-workers[105464]: DEBUG oslo.service.backend._threading.loopingcall [None req-301e17ad-c53a-4c05-bac5-5cf72ba2771a None None] Fixed interval looping call 'neutron.plugins.ml2.plugin.AgentDbMixin.agent_health_check' sleeping for 36.99 seconds {{(pid=105464) _run_loop /opt/stack/data/venv/lib/python3.12/site-packages/oslo_service/backend/_threading/loopingcall.py:125}}
Mar 05 03:04:52.323827 np0000157817 neutron-periodic-workers[105464]: DEBUG dbcounter [-] [105464] Writing DB stats neutron:SELECT=1 {{(pid=105464) stat_writer /opt/stack/data/venv/lib/python3.12/site-packages/dbcounter.py:115}}
Mar 05 03:04:52.324631 np0000157817 neutron-periodic-workers[105473]: DEBUG dbcounter [-] [105473] Writing DB stats neutron:DELETE=1 {{(pid=105473) stat_writer /opt/stack/data/venv/lib/python3.12/site-packages/dbcounter.py:115}}
Mar 05 03:05:00.335682 np0000157817 neutron-periodic-workers[105452]: DEBUG oslo.service.backend._threading.loopingcall [None req-dc103fc6-212c-4aec-9572-8bd8e74e47bc None None] Fixed interval looping call 'neutron.plugins.ml2.plugin.DhcpAgentSchedulerDbMixin.remove_networks_from_down_agents' sleeping for 36.99 seconds {{(pid=105452) _run_loop /opt/stack/data/venv/lib/python3.12/site-packages/oslo_service/backend/_threading/loopingcall.py:125}}
Mar 05 03:05:10.333858 np0000157817 neutron-periodic-workers[105452]: DEBUG dbcounter [-] [105452] Writing DB stats neutron:SELECT=3 {{(pid=105452) stat_writer /opt/stack/data/venv/lib/python3.12/site-packages/dbcounter.py:115}}
Mar 05 03:05:19.323189 np0000157817 neutron-periodic-workers[105464]: DEBUG neutron.db.agents_db [None req-301e17ad-c53a-4c05-bac5-5cf72ba2771a None None] Agent healthcheck: found 0 active agents {{(pid=105464) agent_health_check /opt/stack/neutron/neutron/db/agents_db.py:317}}
Mar 05 03:05:19.323672 np0000157817 neutron-periodic-workers[105464]: DEBUG oslo.service.backend._threading.loopingcall [None req-301e17ad-c53a-4c05-bac5-5cf72ba2771a None None] Fixed interval looping call 'neutron.plugins.ml2.plugin.AgentDbMixin.agent_health_check' sleeping for 37.00 seconds {{(pid=105464) _run_loop /opt/stack/data/venv/lib/python3.12/site-packages/oslo_service/backend/_threading/loopingcall.py:125}}
Mar 05 03:05:29.321419 np0000157817 neutron-periodic-workers[105464]: DEBUG dbcounter [-] [105464] Writing DB stats neutron:SELECT=1 {{(pid=105464) stat_writer /opt/stack/data/venv/lib/python3.12/site-packages/dbcounter.py:115}}
Mar 05 03:05:37.332803 np0000157817 neutron-periodic-workers[105452]: DEBUG oslo.service.backend._threading.loopingcall [None req-dc103fc6-212c-4aec-9572-8bd8e74e47bc None None] Fixed interval looping call 'neutron.plugins.ml2.plugin.DhcpAgentSchedulerDbMixin.remove_networks_from_down_agents' sleeping for 36.99 seconds {{(pid=105452) _run_loop /opt/stack/data/venv/lib/python3.12/site-packages/oslo_service/backend/_threading/loopingcall.py:125}}
Mar 05 03:05:47.331864 np0000157817 neutron-periodic-workers[105452]: DEBUG dbcounter [-] [105452] Writing DB stats neutron:SELECT=3 {{(pid=105452) stat_writer /opt/stack/data/venv/lib/python3.12/site-packages/dbcounter.py:115}}
Mar 05 03:05:56.328203 np0000157817 neutron-periodic-workers[105464]: DEBUG neutron.db.agents_db [None req-301e17ad-c53a-4c05-bac5-5cf72ba2771a None None] Agent healthcheck: found 0 active agents {{(pid=105464) agent_health_check /opt/stack/neutron/neutron/db/agents_db.py:317}}
Mar 05 03:05:56.328747 np0000157817 neutron-periodic-workers[105464]: DEBUG oslo.service.backend._threading.loopingcall [None req-301e17ad-c53a-4c05-bac5-5cf72ba2771a None None] Fixed interval looping call 'neutron.plugins.ml2.plugin.AgentDbMixin.agent_health_check' sleeping for 37.00 seconds {{(pid=105464) _run_loop /opt/stack/data/venv/lib/python3.12/site-packages/oslo_service/backend/_threading/loopingcall.py:125}}
Mar 05 03:06:06.326742 np0000157817 neutron-periodic-workers[105464]: DEBUG dbcounter [-] [105464] Writing DB stats neutron:SELECT=1 {{(pid=105464) stat_writer /opt/stack/data/venv/lib/python3.12/site-packages/dbcounter.py:115}}
