Mar 05 02:54:42.542345 np0000157817 devstack@neutron-api.service[103750]: DEBUG ovsdbapp.backend.ovs_idl [None req-fdbb6697-8714-46c3-a2bf-a17794d2a7c1 None None] Created schema index Logical_Router_Port.name {{(pid=103750) autocreate_indices /opt/stack/data/venv/lib/python3.12/site-packages/ovsdbapp/backend/ovs_idl/__init__.py:106}}
Mar 05 02:54:42.542436 np0000157817 devstack@neutron-api.service[103750]: DEBUG ovsdbapp.backend.ovs_idl [None req-fdbb6697-8714-46c3-a2bf-a17794d2a7c1 None None] Created schema index Port_Group.name {{(pid=103750) autocreate_indices /opt/stack/data/venv/lib/python3.12/site-packages/ovsdbapp/backend/ovs_idl/__init__.py:106}}
Mar 05 02:54:42.542528 np0000157817 devstack@neutron-api.service[103750]: DEBUG ovsdbapp.backend.ovs_idl [None req-fdbb6697-8714-46c3-a2bf-a17794d2a7c1 None None] Created schema index Logical_Switch_Port.name {{(pid=103750) autocreate_indices /opt/stack/data/venv/lib/python3.12/site-packages/ovsdbapp/backend/ovs_idl/__init__.py:106}}
Mar 05 02:54:42.545259 np0000157817 devstack@neutron-api.service[103750]: INFO ovsdbapp.backend.ovs_idl.vlog [None req-fdbb6697-8714-46c3-a2bf-a17794d2a7c1 None None] ssl:199.204.45.132:6641: connecting...
Mar 05 02:54:42.551164 np0000157817 devstack@neutron-api.service[103750]: INFO ovsdbapp.backend.ovs_idl.vlog [None req-fdbb6697-8714-46c3-a2bf-a17794d2a7c1 None None] ssl:199.204.45.132:6641: connected
Mar 05 02:54:42.556948 np0000157817 devstack@neutron-api.service[103752]: DEBUG neutron.common.ovn.hash_ring_manager [None req-bce49371-6503-4359-8232-518cb3b8596f None None] Allow caching, nodes 4>=4 {{(pid=103752) _wait_startup_before_caching /opt/stack/neutron/neutron/common/ovn/hash_ring_manager.py:65}}
Mar 05 02:54:42.563651 np0000157817 devstack@neutron-api.service[103752]: DEBUG neutron.common.ovn.hash_ring_manager [None req-bce49371-6503-4359-8232-518cb3b8596f None None] Hash Ring loaded. 4 active nodes. 0 offline nodes {{(pid=103752) _load_hash_ring /opt/stack/neutron/neutron/common/ovn/hash_ring_manager.py:102}}
Mar 05 02:54:42.564040 np0000157817 devstack@neutron-api.service[103752]: DEBUG neutron.plugins.ml2.drivers.ovn.mech_driver.ovsdb.ovsdb_monitor [None req-bce49371-6503-4359-8232-518cb3b8596f None None] Hash Ring: Node 80afe5f6a33a5d1ab2b583b96ad12283 (host: np0000157817) handling event "create" for row fdfc07b1-4516-4517-a957-db7f2e85fbb9 (table: NB_Global) {{(pid=103752) notify /opt/stack/neutron/neutron/plugins/ml2/drivers/ovn/mech_driver/ovsdb/ovsdb_monitor.py:906}}
Mar 05 02:54:42.564239 np0000157817 devstack@neutron-api.service[103752]: DEBUG neutron.plugins.ml2.drivers.ovn.mech_driver.ovsdb.ovsdb_monitor [None req-bce49371-6503-4359-8232-518cb3b8596f None None] Hash Ring: Node 80afe5f6a33a5d1ab2b583b96ad12283 (host: np0000157817) handling event "create" for row 25931901-ac30-46bd-b278-8b18353a3a6b (table: Port_Group) {{(pid=103752) notify /opt/stack/neutron/neutron/plugins/ml2/drivers/ovn/mech_driver/ovsdb/ovsdb_monitor.py:906}}
Mar 05 02:54:42.565359 np0000157817 devstack@neutron-api.service[103752]: INFO neutron.plugins.ml2.drivers.ovn.mech_driver.ovsdb.impl_idl_ovn [None req-bce49371-6503-4359-8232-518cb3b8596f None None] Getting OvsdbSbOvnIdl for WorkerService with retry
Mar 05 02:54:42.566576 np0000157817 devstack@neutron-api.service[103751]: DEBUG neutron.common.ovn.hash_ring_manager [None req-fac4b8e7-89ce-48ad-97d3-12d77eaf7ad9 None None] Allow caching, nodes 4>=4 {{(pid=103751) _wait_startup_before_caching /opt/stack/neutron/neutron/common/ovn/hash_ring_manager.py:65}}
Mar 05 02:54:42.572892 np0000157817 devstack@neutron-api.service[103751]: DEBUG neutron.common.ovn.hash_ring_manager [None req-fac4b8e7-89ce-48ad-97d3-12d77eaf7ad9 None None] Hash Ring loaded. 4 active nodes. 0 offline nodes {{(pid=103751) _load_hash_ring /opt/stack/neutron/neutron/common/ovn/hash_ring_manager.py:102}}
Mar 05 02:54:42.573128 np0000157817 devstack@neutron-api.service[103751]: DEBUG neutron.plugins.ml2.drivers.ovn.mech_driver.ovsdb.ovsdb_monitor [None req-fac4b8e7-89ce-48ad-97d3-12d77eaf7ad9 None None] Hash Ring: Node 33c520529934583aa975a549079a85d0 (host: np0000157817) handling event "create" for row 2485139e-4cbd-44c6-acea-454cb24431bd (table: ACL) {{(pid=103751) notify /opt/stack/neutron/neutron/plugins/ml2/drivers/ovn/mech_driver/ovsdb/ovsdb_monitor.py:906}}
Mar 05 02:54:42.573371 np0000157817 devstack@neutron-api.service[103751]: DEBUG neutron.plugins.ml2.drivers.ovn.mech_driver.ovsdb.ovsdb_monitor [None req-fac4b8e7-89ce-48ad-97d3-12d77eaf7ad9 None None] Hash Ring: Node 33c520529934583aa975a549079a85d0 (host: np0000157817) handling event "create" for row 3410be3d-4295-4484-912a-6fcc6c018664 (table: ACL) {{(pid=103751) notify /opt/stack/neutron/neutron/plugins/ml2/drivers/ovn/mech_driver/ovsdb/ovsdb_monitor.py:906}}
Mar 05 02:54:42.574390 np0000157817 devstack@neutron-api.service[103751]: INFO neutron.plugins.ml2.drivers.ovn.mech_driver.ovsdb.impl_idl_ovn [None req-fac4b8e7-89ce-48ad-97d3-12d77eaf7ad9 None None] Getting OvsdbSbOvnIdl for WorkerService with retry
Mar 05 02:54:42.588566 np0000157817 devstack@neutron-api.service[103750]: DEBUG neutron.common.ovn.hash_ring_manager [None req-fdbb6697-8714-46c3-a2bf-a17794d2a7c1 None None] Allow caching, nodes 4>=4 {{(pid=103750) _wait_startup_before_caching /opt/stack/neutron/neutron/common/ovn/hash_ring_manager.py:65}}
Mar 05 02:54:42.596848 np0000157817 devstack@neutron-api.service[103750]: DEBUG neutron.common.ovn.hash_ring_manager [None req-fdbb6697-8714-46c3-a2bf-a17794d2a7c1 None None] Hash Ring loaded. 4 active nodes. 0 offline nodes {{(pid=103750) _load_hash_ring /opt/stack/neutron/neutron/common/ovn/hash_ring_manager.py:102}}
Mar 05 02:54:42.597890 np0000157817 devstack@neutron-api.service[103750]: DEBUG neutron.plugins.ml2.drivers.ovn.mech_driver.ovsdb.ovsdb_monitor [None req-fdbb6697-8714-46c3-a2bf-a17794d2a7c1 None None] Hash Ring: Node c1516539567a58409b0d26e7f4c50655 (host: np0000157817) handling event "create" for row b62c9ae6-b3d2-4ce2-9b03-db47bf0cb1f0 (table: SSL) {{(pid=103750) notify /opt/stack/neutron/neutron/plugins/ml2/drivers/ovn/mech_driver/ovsdb/ovsdb_monitor.py:906}}
Mar 05 02:54:42.598405 np0000157817 devstack@neutron-api.service[103750]: INFO neutron.plugins.ml2.drivers.ovn.mech_driver.ovsdb.impl_idl_ovn [None req-fdbb6697-8714-46c3-a2bf-a17794d2a7c1 None None] Getting OvsdbSbOvnIdl for WorkerService with retry
Mar 05 02:54:42.603786 np0000157817 devstack@neutron-api.service[103752]: DEBUG ovsdbapp.backend.ovs_idl [None req-bce49371-6503-4359-8232-518cb3b8596f None None] Created lookup_table index Chassis.name {{(pid=103752) autocreate_indices /opt/stack/data/venv/lib/python3.12/site-packages/ovsdbapp/backend/ovs_idl/__init__.py:87}}
Mar 05 02:54:42.603876 np0000157817 devstack@neutron-api.service[103752]: DEBUG ovsdbapp.backend.ovs_idl [None req-bce49371-6503-4359-8232-518cb3b8596f None None] Created lookup_table index Port_Binding.logical_port {{(pid=103752) autocreate_indices /opt/stack/data/venv/lib/python3.12/site-packages/ovsdbapp/backend/ovs_idl/__init__.py:87}}
Mar 05 02:54:42.604264 np0000157817 devstack@neutron-api.service[103752]: DEBUG ovsdbapp.backend.ovs_idl [None req-bce49371-6503-4359-8232-518cb3b8596f None None] Created schema index Chassis_Private.name {{(pid=103752) autocreate_indices /opt/stack/data/venv/lib/python3.12/site-packages/ovsdbapp/backend/ovs_idl/__init__.py:106}}
Mar 05 02:54:42.604264 np0000157817 devstack@neutron-api.service[103752]: DEBUG ovsdbapp.backend.ovs_idl [None req-bce49371-6503-4359-8232-518cb3b8596f None None] Created schema index Datapath_Binding.tunnel_key {{(pid=103752) autocreate_indices /opt/stack/data/venv/lib/python3.12/site-packages/ovsdbapp/backend/ovs_idl/__init__.py:106}}
Mar 05 02:54:42.606296 np0000157817 devstack@neutron-api.service[103752]: INFO ovsdbapp.backend.ovs_idl.vlog [None req-bce49371-6503-4359-8232-518cb3b8596f None None] ssl:199.204.45.132:6642: connecting...
Mar 05 02:54:42.607193 np0000157817 devstack@neutron-api.service[103751]: DEBUG ovsdbapp.backend.ovs_idl [None req-fac4b8e7-89ce-48ad-97d3-12d77eaf7ad9 None None] Created lookup_table index Chassis.name {{(pid=103751) autocreate_indices /opt/stack/data/venv/lib/python3.12/site-packages/ovsdbapp/backend/ovs_idl/__init__.py:87}}
Mar 05 02:54:42.607310 np0000157817 devstack@neutron-api.service[103751]: DEBUG ovsdbapp.backend.ovs_idl [None req-fac4b8e7-89ce-48ad-97d3-12d77eaf7ad9 None None] Created lookup_table index Port_Binding.logical_port {{(pid=103751) autocreate_indices /opt/stack/data/venv/lib/python3.12/site-packages/ovsdbapp/backend/ovs_idl/__init__.py:87}}
Mar 05 02:54:42.607411 np0000157817 devstack@neutron-api.service[103751]: DEBUG ovsdbapp.backend.ovs_idl [None req-fac4b8e7-89ce-48ad-97d3-12d77eaf7ad9 None None] Created schema index Chassis_Private.name {{(pid=103751) autocreate_indices /opt/stack/data/venv/lib/python3.12/site-packages/ovsdbapp/backend/ovs_idl/__init__.py:106}}
Mar 05 02:54:42.607411 np0000157817 devstack@neutron-api.service[103751]: DEBUG ovsdbapp.backend.ovs_idl [None req-fac4b8e7-89ce-48ad-97d3-12d77eaf7ad9 None None] Created schema index Datapath_Binding.tunnel_key {{(pid=103751) autocreate_indices /opt/stack/data/venv/lib/python3.12/site-packages/ovsdbapp/backend/ovs_idl/__init__.py:106}}
Mar 05 02:54:42.609369 np0000157817 devstack@neutron-api.service[103751]: INFO ovsdbapp.backend.ovs_idl.vlog [None req-fac4b8e7-89ce-48ad-97d3-12d77eaf7ad9 None None] ssl:199.204.45.132:6642: connecting...
Mar 05 02:54:42.610751 np0000157817 devstack@neutron-api.service[103752]: INFO ovsdbapp.backend.ovs_idl.vlog [None req-bce49371-6503-4359-8232-518cb3b8596f None None] ssl:199.204.45.132:6642: connected
Mar 05 02:54:42.618850 np0000157817 devstack@neutron-api.service[103751]: INFO ovsdbapp.backend.ovs_idl.vlog [None req-fac4b8e7-89ce-48ad-97d3-12d77eaf7ad9 None None] ssl:199.204.45.132:6642: connected
Mar 05 02:54:42.632626 np0000157817 devstack@neutron-api.service[103750]: DEBUG ovsdbapp.backend.ovs_idl [None req-fdbb6697-8714-46c3-a2bf-a17794d2a7c1 None None] Created lookup_table index Chassis.name {{(pid=103750) autocreate_indices /opt/stack/data/venv/lib/python3.12/site-packages/ovsdbapp/backend/ovs_idl/__init__.py:87}}
Mar 05 02:54:42.632731 np0000157817 devstack@neutron-api.service[103750]: DEBUG ovsdbapp.backend.ovs_idl [None req-fdbb6697-8714-46c3-a2bf-a17794d2a7c1 None None] Created lookup_table index Port_Binding.logical_port {{(pid=103750) autocreate_indices /opt/stack/data/venv/lib/python3.12/site-packages/ovsdbapp/backend/ovs_idl/__init__.py:87}}
Mar 05 02:54:42.632813 np0000157817 devstack@neutron-api.service[103750]: DEBUG ovsdbapp.backend.ovs_idl [None req-fdbb6697-8714-46c3-a2bf-a17794d2a7c1 None None] Created schema index Chassis_Private.name {{(pid=103750) autocreate_indices /opt/stack/data/venv/lib/python3.12/site-packages/ovsdbapp/backend/ovs_idl/__init__.py:106}}
Mar 05 02:54:42.632899 np0000157817 devstack@neutron-api.service[103750]: DEBUG ovsdbapp.backend.ovs_idl [None req-fdbb6697-8714-46c3-a2bf-a17794d2a7c1 None None] Created schema index Datapath_Binding.tunnel_key {{(pid=103750) autocreate_indices /opt/stack/data/venv/lib/python3.12/site-packages/ovsdbapp/backend/ovs_idl/__init__.py:106}}
Mar 05 02:54:42.635039 np0000157817 devstack@neutron-api.service[103750]: INFO ovsdbapp.backend.ovs_idl.vlog [None req-fdbb6697-8714-46c3-a2bf-a17794d2a7c1 None None] ssl:199.204.45.132:6642: connecting...
Mar 05 02:54:42.640311 np0000157817 devstack@neutron-api.service[103750]: INFO ovsdbapp.backend.ovs_idl.vlog [None req-fdbb6697-8714-46c3-a2bf-a17794d2a7c1 None None] ssl:199.204.45.132:6642: connected
Mar 05 02:54:42.644199 np0000157817 devstack@neutron-api.service[103752]: DEBUG neutron.common.ovn.hash_ring_manager [None req-bce49371-6503-4359-8232-518cb3b8596f None None] Allow caching, nodes 4>=4 {{(pid=103752) _wait_startup_before_caching /opt/stack/neutron/neutron/common/ovn/hash_ring_manager.py:65}}
Mar 05 02:54:42.645406 np0000157817 devstack@neutron-api.service[103751]: DEBUG neutron.common.ovn.hash_ring_manager [None req-fac4b8e7-89ce-48ad-97d3-12d77eaf7ad9 None None] Allow caching, nodes 4>=4 {{(pid=103751) _wait_startup_before_caching /opt/stack/neutron/neutron/common/ovn/hash_ring_manager.py:65}}
Mar 05 02:54:42.648574 np0000157817 devstack@neutron-api.service[103752]: DEBUG neutron.common.ovn.hash_ring_manager [None req-bce49371-6503-4359-8232-518cb3b8596f None None] Hash Ring loaded. 4 active nodes. 0 offline nodes {{(pid=103752) _load_hash_ring /opt/stack/neutron/neutron/common/ovn/hash_ring_manager.py:102}}
Mar 05 02:54:42.648783 np0000157817 devstack@neutron-api.service[103752]: DEBUG neutron.plugins.ml2.drivers.ovn.mech_driver.ovsdb.ovsdb_monitor [None req-bce49371-6503-4359-8232-518cb3b8596f None None] Hash Ring: Node 80afe5f6a33a5d1ab2b583b96ad12283 (host: np0000157817) handling event "create" for row 810139b9-88c2-4133-8a91-b46475ccfc91 (table: Chassis) {{(pid=103752) notify /opt/stack/neutron/neutron/plugins/ml2/drivers/ovn/mech_driver/ovsdb/ovsdb_monitor.py:906}}
Mar 05 02:54:42.649871 np0000157817 devstack@neutron-api.service[103752]: DEBUG ovsdbapp.backend.ovs_idl.event [None req-bce49371-6503-4359-8232-518cb3b8596f None None] Matched CREATE: ChassisBandwidthConfigEvent(events=('create', 'update'), table='Chassis', conditions=None, old_conditions=None), priority=20 to row=Chassis(uuid=810139b9-88c2-4133-8a91-b46475ccfc91, encaps=[1b739d15-358d-4d62-af37-72a3cc819e4b], external_ids={}, hostname='np0000157817', name='6d25fa29-a75d-4267-a54c-e64ff480ae56', nb_cfg=0, other_config={'ct-commit-nat-v2': 'true', 'ct-commit-to-zone': 'true', 'ct-next-zone': 'true', 'ct-no-masked-label': 'true', 'ct-state-save': 'true', 'datapath-type': 'system', 'fdb-timestamp': 'true', 'iface-types': 'afxdp,afxdp-nonpmd,bareudp,erspan,geneve,gre,gtpu,internal,ip6erspan,ip6gre,lisp,patch,srv6,stt,system,tap,vxlan', 'is-interconn': 'false', 'ls-dpg-column': 'true', 'mac-binding-timestamp': 'true', 'ovn-bridge-mappings': 'public:br-ex', 'ovn-chassis-mac-mappings': '', 'ovn-cms-options': 'enable-chassis-as-gw', 'ovn-ct-lb-related': 'true', 'ovn-enable-lflow-cache': 'true', 'ovn-limit-lflow-cache': '', 'ovn-memlimit-lflow-cache-kb': '', 'ovn-monitor-all': 'false', 'ovn-trim-limit-lflow-cache': '', 'ovn-trim-timeout-ms': '', 'ovn-trim-wmark-perc-lflow-cache': '', 'port-up-notif': 'true'}, transport_zones=[], vtep_logical_switches=[]) old= {{(pid=103752) matches /opt/stack/data/venv/lib/python3.12/site-packages/ovsdbapp/backend/ovs_idl/event.py:55}}
Mar 05 02:54:42.650169 np0000157817 devstack@neutron-api.service[103751]: DEBUG neutron.common.ovn.hash_ring_manager [None req-fac4b8e7-89ce-48ad-97d3-12d77eaf7ad9 None None] Hash Ring loaded. 4 active nodes. 0 offline nodes {{(pid=103751) _load_hash_ring /opt/stack/neutron/neutron/common/ovn/hash_ring_manager.py:102}}
Mar 05 02:54:42.650429 np0000157817 devstack@neutron-api.service[103751]: DEBUG neutron.plugins.ml2.drivers.ovn.mech_driver.ovsdb.ovsdb_monitor [None req-fac4b8e7-89ce-48ad-97d3-12d77eaf7ad9 None None] ChassisOVNAgentWriteEvent : Matched Chassis_Private, create, None None {{(pid=103751) matches /opt/stack/neutron/neutron/plugins/ml2/drivers/ovn/mech_driver/ovsdb/ovsdb_monitor.py:64}}
Mar 05 02:54:42.650572 np0000157817 devstack@neutron-api.service[103751]: DEBUG neutron.plugins.ml2.drivers.ovn.mech_driver.ovsdb.ovsdb_monitor [None req-fac4b8e7-89ce-48ad-97d3-12d77eaf7ad9 None None] ChassisAgentWriteEvent : Matched Chassis_Private, create, None None {{(pid=103751) matches /opt/stack/neutron/neutron/plugins/ml2/drivers/ovn/mech_driver/ovsdb/ovsdb_monitor.py:64}}
Mar 05 02:54:42.650624 np0000157817 devstack@neutron-api.service[103752]: DEBUG neutron.plugins.ml2.drivers.ovn.mech_driver.ovsdb.ovsdb_monitor [None req-bce49371-6503-4359-8232-518cb3b8596f None None] ChassisOVNAgentWriteEvent : Matched Chassis_Private, create, None None {{(pid=103752) matches /opt/stack/neutron/neutron/plugins/ml2/drivers/ovn/mech_driver/ovsdb/ovsdb_monitor.py:64}}
Mar 05 02:54:42.650777 np0000157817 devstack@neutron-api.service[103752]: DEBUG neutron.plugins.ml2.drivers.ovn.mech_driver.ovsdb.ovsdb_monitor [None req-bce49371-6503-4359-8232-518cb3b8596f None None] ChassisAgentWriteEvent : Matched Chassis_Private, create, None None {{(pid=103752) matches /opt/stack/neutron/neutron/plugins/ml2/drivers/ovn/mech_driver/ovsdb/ovsdb_monitor.py:64}}
Mar 05 02:54:42.651238 np0000157817 devstack@neutron-api.service[103752]: DEBUG neutron.plugins.ml2.drivers.ovn.mech_driver.ovsdb.ovsdb_monitor [None req-bce49371-6503-4359-8232-518cb3b8596f None None] Hash Ring: Node 80afe5f6a33a5d1ab2b583b96ad12283 (host: np0000157817) handling event "create" for row 1b739d15-358d-4d62-af37-72a3cc819e4b (table: Encap) {{(pid=103752) notify /opt/stack/neutron/neutron/plugins/ml2/drivers/ovn/mech_driver/ovsdb/ovsdb_monitor.py:906}}
Mar 05 02:54:42.652834 np0000157817 devstack@neutron-api.service[103752]: INFO neutron.plugins.ml2.drivers.ovn.mech_driver.mech_driver [None req-bce49371-6503-4359-8232-518cb3b8596f None None] WorkerService process has finished the post initialization
Mar 05 02:54:42.653182 np0000157817 devstack@neutron-api.service[103751]: INFO neutron.plugins.ml2.drivers.ovn.mech_driver.mech_driver [None req-fac4b8e7-89ce-48ad-97d3-12d77eaf7ad9 None None] WorkerService process has finished the post initialization
Mar 05 02:54:42.653566 np0000157817 devstack@neutron-api.service[103752]: INFO neutron.plugins.ml2.drivers.ovn.mech_driver.ovsdb.extensions.qos [-] Starting OVNClientQosExtension
Mar 05 02:54:42.653739 np0000157817 devstack@neutron-api.service[103752]: INFO neutron.plugins.ml2.drivers.ovn.mech_driver.ovsdb.extensions.placement [-] Starting OVNClientPlacementExtension
Mar 05 02:54:42.654771 np0000157817 devstack@neutron-api.service[103751]: WSGI app 0 (mountpoint='') ready in 8 seconds on interpreter 0x704a7b4a3668 pid: 103751 (default app)
Mar 05 02:54:42.656191 np0000157817 devstack@neutron-api.service[103752]: WSGI app 0 (mountpoint='') ready in 8 seconds on interpreter 0x704a7b4a3668 pid: 103752 (default app)
Mar 05 02:54:42.670684 np0000157817 devstack@neutron-api.service[103750]: DEBUG neutron.common.ovn.hash_ring_manager [None req-fdbb6697-8714-46c3-a2bf-a17794d2a7c1 None None] Allow caching, nodes 4>=4 {{(pid=103750) _wait_startup_before_caching /opt/stack/neutron/neutron/common/ovn/hash_ring_manager.py:65}}
Mar 05 02:54:42.674528 np0000157817 devstack@neutron-api.service[103750]: DEBUG neutron.common.ovn.hash_ring_manager [None req-fdbb6697-8714-46c3-a2bf-a17794d2a7c1 None None] Hash Ring loaded. 4 active nodes. 0 offline nodes {{(pid=103750) _load_hash_ring /opt/stack/neutron/neutron/common/ovn/hash_ring_manager.py:102}}
Mar 05 02:54:42.674726 np0000157817 devstack@neutron-api.service[103750]: DEBUG neutron.plugins.ml2.drivers.ovn.mech_driver.ovsdb.ovsdb_monitor [None req-fdbb6697-8714-46c3-a2bf-a17794d2a7c1 None None] ChassisOVNAgentWriteEvent : Matched Chassis_Private, create, None None {{(pid=103750) matches /opt/stack/neutron/neutron/plugins/ml2/drivers/ovn/mech_driver/ovsdb/ovsdb_monitor.py:64}}
Mar 05 02:54:42.674821 np0000157817 devstack@neutron-api.service[103750]: DEBUG neutron.plugins.ml2.drivers.ovn.mech_driver.ovsdb.ovsdb_monitor [None req-fdbb6697-8714-46c3-a2bf-a17794d2a7c1 None None] ChassisAgentWriteEvent : Matched Chassis_Private, create, None None {{(pid=103750) matches /opt/stack/neutron/neutron/plugins/ml2/drivers/ovn/mech_driver/ovsdb/ovsdb_monitor.py:64}}
Mar 05 02:54:42.677420 np0000157817 devstack@neutron-api.service[103750]: INFO neutron.plugins.ml2.drivers.ovn.mech_driver.mech_driver [None req-fdbb6697-8714-46c3-a2bf-a17794d2a7c1 None None] WorkerService process has finished the post initialization
Mar 05 02:54:42.678596 np0000157817 devstack@neutron-api.service[103750]: WSGI app 0 (mountpoint='') ready in 8 seconds on interpreter 0x704a7b4a3668 pid: 103750 (default app)
Mar 05 02:54:44.210172 np0000157817 devstack@neutron-api.service[103749]: DEBUG neutron.common.ovn.hash_ring_manager [-] Allow caching, nodes 4>=4 {{(pid=103749) _wait_startup_before_caching /opt/stack/neutron/neutron/common/ovn/hash_ring_manager.py:65}}
Mar 05 02:54:44.210454 np0000157817 devstack@neutron-api.service[103749]: DEBUG neutron.plugins.ml2.drivers.ovn.mech_driver.ovsdb.ovsdb_monitor [-] Hash Ring: Node 21e54fa682355ee19d894d18db985f16 (host: np0000157817) handling event "update" for row d42d18b7-fcc1-498d-8d9e-b39d9d293e96 (table: Connection) {{(pid=103749) notify /opt/stack/neutron/neutron/plugins/ml2/drivers/ovn/mech_driver/ovsdb/ovsdb_monitor.py:906}}
Mar 05 02:54:46.711331 np0000157817 devstack@neutron-api.service[103749]: DEBUG neutron.plugins.ml2.drivers.ovn.mech_driver.ovsdb.ovsdb_monitor [-] Hash Ring: Node 21e54fa682355ee19d894d18db985f16 (host: np0000157817) handling event "update" for row d42d18b7-fcc1-498d-8d9e-b39d9d293e96 (table: Connection) {{(pid=103749) notify /opt/stack/neutron/neutron/plugins/ml2/drivers/ovn/mech_driver/ovsdb/ovsdb_monitor.py:906}}
Mar 05 02:54:48.318674 np0000157817 devstack@neutron-api.service[103749]: DEBUG neutron.api.wsgi [None req-4ad696b2-d100-43d4-af48-ac7e3554d519 admin admin] Missing Content-Type {{(pid=103749) get_content_type /opt/stack/neutron/neutron/api/wsgi.py:85}}
Mar 05 02:54:48.319566 np0000157817 devstack@neutron-api.service[103749]: DEBUG neutron.api.wsgi [None req-4ad696b2-d100-43d4-af48-ac7e3554d519 admin admin] https://199.204.45.132/networking/v2.0/extensions returned with HTTP 200 {{(pid=103749) __call__ /opt/stack/neutron/neutron/api/wsgi.py:545}}
Mar 05 02:54:48.319566 np0000157817 devstack@neutron-api.service[103749]: [pid: 103749|app: 0|req: 2/2] 199.204.45.132 () {64 vars in 1323 bytes} [Thu Mar 5 02:54:48 2026] GET /networking/v2.0/extensions => generated 15208 bytes in 279 msecs (HTTP/1.1 200) 4 headers in 159 bytes (1 switches on core 0)
Mar 05 02:54:48.732251 np0000157817 devstack@neutron-api.service[103751]: DEBUG neutron.api.v2.base [None req-ad18d47f-794e-40d6-a67a-d125183327a6 admin admin] Request body: {'subnetpool': {'name': 'shared-default-subnetpool-v4', 'is_default': True, 'shared': True, 'default_prefixlen': 26, 'prefixes': ['10.1.0.0/20']}} {{(pid=103751) prepare_request_body /opt/stack/neutron/neutron/api/v2/base.py:729}}
Mar 05 02:54:49.001225 np0000157817 devstack@neutron-api.service[103751]: DEBUG neutron.policy [None req-ad18d47f-794e-40d6-a67a-d125183327a6 admin admin] Loaded default policies from ['neutron'] under neutron.policies entry points {{(pid=103751) register_rules /opt/stack/neutron/neutron/policy.py:65}}
Mar 05 02:54:49.163710 np0000157817 devstack@neutron-api.service[103751]: DEBUG neutron_lib.callbacks.manager [None req-ad18d47f-794e-40d6-a67a-d125183327a6 admin admin] Publish callbacks ['neutron.objects.securitygroup.RbacNeutronDbObjectMixin.validate_rbac_policy_change-3051851911585', 'neutron.objects.address_group.RbacNeutronDbObjectMixin.validate_rbac_policy_change-3051851937962', 'neutron.objects.network.RbacNeutronDbObjectMixin.validate_rbac_policy_change-3051851876338', 'neutron.objects.qos.policy.RbacNeutronDbObjectMixin.validate_rbac_policy_change-3051851887316', 'neutron.objects.subnetpool.RbacNeutronDbObjectMixin.validate_rbac_policy_change-3051851896811', 'neutron.objects.address_scope.RbacNeutronDbObjectMixin.validate_rbac_policy_change-3051851894277', 'neutron.plugins.ml2.plugin.External_net_db_mixin._process_ext_policy_create-1149439', 'neutron.plugins.ml2.plugin.NeutronDbPluginV2.validate_network_rbac_policy_change-1173835', 'neutron.services.network_ip_availability.plugin.NeutronDbPluginV2.validate_network_rbac_policy_change-6698316', 'neutron.services.network_ip_availability.plugin.NeutronDbPluginV2.validate_network_rbac_policy_change-7063727'] for rbac-policy (None), before_create {{(pid=103751) _notify_loop /opt/stack/data/venv/lib/python3.12/site-packages/neutron_lib/callbacks/manager.py:184}}
Mar 05 02:54:49.267260 np0000157817 devstack@neutron-api.service[103751]: DEBUG neutron_lib.callbacks.manager [None req-ad18d47f-794e-40d6-a67a-d125183327a6 admin admin] Publish callbacks [] for subnetpool (None), before_response {{(pid=103751) _notify_loop /opt/stack/data/venv/lib/python3.12/site-packages/neutron_lib/callbacks/manager.py:184}}
Mar 05 02:54:49.267934 np0000157817 devstack@neutron-api.service[103751]: [pid: 103751|app: 0|req: 1/3] 199.204.45.132 () {68 vars in 1367 bytes} [Thu Mar 5 02:54:48 2026] POST /networking/v2.0/subnetpools => generated 533 bytes in 653 msecs (HTTP/1.1 201) 4 headers in 162 bytes (1 switches on core 0)
Mar 05 02:54:49.591814 np0000157817 devstack@neutron-api.service[103752]: DEBUG neutron.api.v2.base [None req-cc014ae5-91e5-4341-afe7-dc768a5b18d9 admin admin] Request body: {'subnetpool': {'name': 'shared-default-subnetpool-v6', 'is_default': True, 'shared': True, 'default_prefixlen': 64, 'prefixes': ['fdc7:fc64:a002::/56']}} {{(pid=103752) prepare_request_body /opt/stack/neutron/neutron/api/v2/base.py:729}}
Mar 05 02:54:49.790693 np0000157817 devstack@neutron-api.service[103752]: DEBUG neutron.policy [None req-cc014ae5-91e5-4341-afe7-dc768a5b18d9 admin admin] Loaded default policies from ['neutron'] under neutron.policies entry points {{(pid=103752) register_rules /opt/stack/neutron/neutron/policy.py:65}}
Mar 05 02:54:50.003639 np0000157817 devstack@neutron-api.service[103752]: DEBUG neutron_lib.callbacks.manager [None req-cc014ae5-91e5-4341-afe7-dc768a5b18d9 admin admin] Publish callbacks ['neutron.objects.securitygroup.RbacNeutronDbObjectMixin.validate_rbac_policy_change-3051851914270', 'neutron.objects.address_group.RbacNeutronDbObjectMixin.validate_rbac_policy_change-3051851757093', 'neutron.objects.network.RbacNeutronDbObjectMixin.validate_rbac_policy_change-3051851876310', 'neutron.objects.qos.policy.RbacNeutronDbObjectMixin.validate_rbac_policy_change-3051851879623', 'neutron.objects.subnetpool.RbacNeutronDbObjectMixin.validate_rbac_policy_change-3051851903140', 'neutron.objects.address_scope.RbacNeutronDbObjectMixin.validate_rbac_policy_change-3051851893400', 'neutron.plugins.ml2.plugin.External_net_db_mixin._process_ext_policy_create-1160277', 'neutron.plugins.ml2.plugin.NeutronDbPluginV2.validate_network_rbac_policy_change-1153789', 'neutron.services.network_ip_availability.plugin.NeutronDbPluginV2.validate_network_rbac_policy_change-6404784', 'neutron.services.network_ip_availability.plugin.NeutronDbPluginV2.validate_network_rbac_policy_change-8226336'] for rbac-policy (None), before_create {{(pid=103752) _notify_loop /opt/stack/data/venv/lib/python3.12/site-packages/neutron_lib/callbacks/manager.py:184}}
Mar 05 02:54:50.114188 np0000157817 devstack@neutron-api.service[103752]: DEBUG neutron_lib.callbacks.manager [None req-cc014ae5-91e5-4341-afe7-dc768a5b18d9 admin admin] Publish callbacks [] for subnetpool (None), before_response {{(pid=103752) _notify_loop /opt/stack/data/venv/lib/python3.12/site-packages/neutron_lib/callbacks/manager.py:184}}
Mar 05 02:54:50.115206 np0000157817 devstack@neutron-api.service[103752]: [pid: 103752|app: 0|req: 1/4] 199.204.45.132 () {68 vars in 1367 bytes} [Thu Mar 5 02:54:49 2026] POST /networking/v2.0/subnetpools => generated 543 bytes in 636 msecs (HTTP/1.1 201) 4 headers in 162 bytes (1 switches on core 0)
Mar 05 02:54:50.518428 np0000157817 devstack@neutron-api.service[103750]: DEBUG neutron.api.v2.base [None req-73e26f3e-f74b-48a1-90fd-abbc77277155 admin admin] Request body: {'network': {'admin_state_up': True, 'name': 'private'}} {{(pid=103750) prepare_request_body /opt/stack/neutron/neutron/api/v2/base.py:729}}
Mar 05 02:54:50.562360 np0000157817 devstack@neutron-api.service[103750]: DEBUG neutron.pecan_wsgi.hooks.quota_enforcement [None req-73e26f3e-f74b-48a1-90fd-abbc77277155 admin admin] Made reservation on behalf of 82c3043b4f5f49f98877cdb91299ad03 for: {'network': 1} {{(pid=103750) before /opt/stack/neutron/neutron/pecan_wsgi/hooks/quota_enforcement.py:66}}
Mar 05 02:54:50.740030 np0000157817 devstack@neutron-api.service[103750]: DEBUG neutron.policy [None req-73e26f3e-f74b-48a1-90fd-abbc77277155 admin admin] Loaded default policies from ['neutron'] under neutron.policies entry points {{(pid=103750) register_rules /opt/stack/neutron/neutron/policy.py:65}}
Mar 05 02:54:50.843213 np0000157817 devstack@neutron-api.service[103750]: DEBUG neutron_lib.callbacks.manager [None req-73e26f3e-f74b-48a1-90fd-abbc77277155 admin admin] Publish callbacks ['neutron.plugins.ml2.plugin.SecurityGroupDbMixin._ensure_default_security_group_handler-1348974'] for network (None), before_create {{(pid=103750) _notify_loop /opt/stack/data/venv/lib/python3.12/site-packages/neutron_lib/callbacks/manager.py:184}}
Mar 05 02:54:50.862234 np0000157817 devstack@neutron-api.service[103750]: DEBUG neutron_lib.callbacks.manager [None req-73e26f3e-f74b-48a1-90fd-abbc77277155 admin admin] Publish callbacks [] for security_group (None), before_create {{(pid=103750) _notify_loop /opt/stack/data/venv/lib/python3.12/site-packages/neutron_lib/callbacks/manager.py:184}}
Mar 05 02:54:50.958615 np0000157817 devstack@neutron-api.service[103750]: DEBUG neutron_lib.callbacks.manager [None req-73e26f3e-f74b-48a1-90fd-abbc77277155 admin admin] Publish callbacks ['neutron.plugins.ml2.drivers.ovn.mech_driver.mech_driver.OVNMechanismDriver._create_security_group_precommit-324626'] for security_group (70e1ed84-63c4-44ec-8a27-fb4b738c55cf), precommit_create {{(pid=103750) _notify_loop /opt/stack/data/venv/lib/python3.12/site-packages/neutron_lib/callbacks/manager.py:184}}
Mar 05 02:54:50.958756 np0000157817 devstack@neutron-api.service[103750]: DEBUG neutron.db.ovn_revision_numbers_db [None req-73e26f3e-f74b-48a1-90fd-abbc77277155 admin admin] create_initial_revision uuid=70e1ed84-63c4-44ec-8a27-fb4b738c55cf, type=security_groups, rev=-1 {{(pid=103750) create_initial_revision /opt/stack/neutron/neutron/db/ovn_revision_numbers_db.py:98}}
Mar 05 02:54:50.961199 np0000157817 devstack@neutron-api.service[103750]: DEBUG neutron.db.ovn_revision_numbers_db [None req-73e26f3e-f74b-48a1-90fd-abbc77277155 admin admin] create_initial_revision uuid=5c73be10-ad59-4985-8f5d-4992de3e12d9, type=security_group_rules, rev=-1 {{(pid=103750) create_initial_revision /opt/stack/neutron/neutron/db/ovn_revision_numbers_db.py:98}}
Mar 05 02:54:50.962218 np0000157817 devstack@neutron-api.service[103750]: DEBUG neutron.db.ovn_revision_numbers_db [None req-73e26f3e-f74b-48a1-90fd-abbc77277155 admin admin] create_initial_revision uuid=6a46040d-e965-494c-9fd4-a38809581942, type=security_group_rules, rev=-1 {{(pid=103750) create_initial_revision /opt/stack/neutron/neutron/db/ovn_revision_numbers_db.py:98}}
Mar 05 02:54:50.963246 np0000157817 devstack@neutron-api.service[103750]: DEBUG neutron.db.ovn_revision_numbers_db [None req-73e26f3e-f74b-48a1-90fd-abbc77277155 admin admin] create_initial_revision uuid=9607f3f2-f199-4728-a505-09d0e453ed8b, type=security_group_rules, rev=-1 {{(pid=103750) create_initial_revision /opt/stack/neutron/neutron/db/ovn_revision_numbers_db.py:98}}
Mar 05 02:54:50.964241 np0000157817 devstack@neutron-api.service[103750]: DEBUG neutron.db.ovn_revision_numbers_db [None req-73e26f3e-f74b-48a1-90fd-abbc77277155 admin admin] create_initial_revision uuid=af690b22-31e1-4328-b87b-c1d2c7dc1584, type=security_group_rules, rev=-1 {{(pid=103750) create_initial_revision /opt/stack/neutron/neutron/db/ovn_revision_numbers_db.py:98}}
Mar 05 02:54:50.971824 np0000157817 devstack@neutron-api.service[103750]: DEBUG neutron_lib.callbacks.manager [None req-73e26f3e-f74b-48a1-90fd-abbc77277155 admin admin] Publish callbacks ['neutron.plugins.ml2.drivers.ovn.mech_driver.mech_driver.OVNMechanismDriver._create_security_group-324632', 'neutron.plugins.ml2.ovo_rpc._ObjectChangeHandler.handle_event-7442238'] for security_group (70e1ed84-63c4-44ec-8a27-fb4b738c55cf), after_create {{(pid=103750) _notify_loop /opt/stack/data/venv/lib/python3.12/site-packages/neutron_lib/callbacks/manager.py:184}}
Mar 05 02:54:50.972113 np0000157817 devstack@neutron-api.service[103750]: INFO neutron.plugins.ml2.drivers.ovn.mech_driver.ovsdb.extensions.qos [None req-73e26f3e-f74b-48a1-90fd-abbc77277155 admin admin] Starting OVNClientQosExtension
Mar 05 02:54:50.972276 np0000157817 devstack@neutron-api.service[103750]: INFO neutron.plugins.ml2.drivers.ovn.mech_driver.ovsdb.extensions.placement [None req-73e26f3e-f74b-48a1-90fd-abbc77277155 admin admin] Starting OVNClientPlacementExtension
Mar 05 02:54:50.973752 np0000157817 devstack@neutron-api.service[103750]: DEBUG ovsdbapp.backend.ovs_idl.transaction [-] Running txn n=1 command(idx=0): PgAddCommand(_result=None, name=pg_70e1ed84_63c4_44ec_8a27_fb4b738c55cf, may_exist=False, columns={'acls': [], 'external_ids': {'neutron:security_group_id': '70e1ed84-63c4-44ec-8a27-fb4b738c55cf'}}) {{(pid=103750) do_commit /opt/stack/data/venv/lib/python3.12/site-packages/ovsdbapp/backend/ovs_idl/transaction.py:89}}
Mar 05 02:54:50.976287 np0000157817 devstack@neutron-api.service[103750]: DEBUG ovsdbapp.backend.ovs_idl.transaction [-] Running txn n=1 command(idx=1): PgAclAddCommand(_result=None, entity=pg_70e1ed84_63c4_44ec_8a27_fb4b738c55cf, direction=from-lport, priority=1002, match=inport == @pg_70e1ed84_63c4_44ec_8a27_fb4b738c55cf && ip4, action=allow-related, log=False, may_exist=True, severity=[], name=[], meter=[], external_ids={'neutron:security_group_rule_id': '5c73be10-ad59-4985-8f5d-4992de3e12d9'}) {{(pid=103750) do_commit /opt/stack/data/venv/lib/python3.12/site-packages/ovsdbapp/backend/ovs_idl/transaction.py:89}}
Mar 05 02:54:50.977145 np0000157817 devstack@neutron-api.service[103750]: DEBUG ovsdbapp.backend.ovs_idl.transaction [-] Running txn n=1 command(idx=2): PgAclAddCommand(_result=None, entity=pg_70e1ed84_63c4_44ec_8a27_fb4b738c55cf, direction=to-lport, priority=1002, match=outport == @pg_70e1ed84_63c4_44ec_8a27_fb4b738c55cf && ip6 && ip6.src == $pg_70e1ed84_63c4_44ec_8a27_fb4b738c55cf_ip6, action=allow-related, log=False, may_exist=True, severity=[], name=[], meter=[], external_ids={'neutron:security_group_rule_id': '6a46040d-e965-494c-9fd4-a38809581942'}) {{(pid=103750) do_commit /opt/stack/data/venv/lib/python3.12/site-packages/ovsdbapp/backend/ovs_idl/transaction.py:89}}
Mar 05 02:54:50.977484 np0000157817 devstack@neutron-api.service[103750]: DEBUG ovsdbapp.backend.ovs_idl.transaction [-] Running txn n=1 command(idx=3): PgAclAddCommand(_result=None, entity=pg_70e1ed84_63c4_44ec_8a27_fb4b738c55cf, direction=to-lport, priority=1002, match=outport == @pg_70e1ed84_63c4_44ec_8a27_fb4b738c55cf && ip4 && ip4.src == $pg_70e1ed84_63c4_44ec_8a27_fb4b738c55cf_ip4, action=allow-related, log=False, may_exist=True, severity=[], name=[], meter=[], external_ids={'neutron:security_group_rule_id': '9607f3f2-f199-4728-a505-09d0e453ed8b'}) {{(pid=103750) do_commit /opt/stack/data/venv/lib/python3.12/site-packages/ovsdbapp/backend/ovs_idl/transaction.py:89}}
Mar 05 02:54:50.977773 np0000157817 devstack@neutron-api.service[103750]: DEBUG ovsdbapp.backend.ovs_idl.transaction [-] Running txn n=1 command(idx=4): PgAclAddCommand(_result=None, entity=pg_70e1ed84_63c4_44ec_8a27_fb4b738c55cf, direction=from-lport, priority=1002, match=inport == @pg_70e1ed84_63c4_44ec_8a27_fb4b738c55cf && ip6, action=allow-related, log=False, may_exist=True, severity=[], name=[], meter=[], external_ids={'neutron:security_group_rule_id': 'af690b22-31e1-4328-b87b-c1d2c7dc1584'}) {{(pid=103750) do_commit /opt/stack/data/venv/lib/python3.12/site-packages/ovsdbapp/backend/ovs_idl/transaction.py:89}}
Mar 05 02:54:51.010426 np0000157817 devstack@neutron-api.service[103749]: DEBUG neutron.plugins.ml2.drivers.ovn.mech_driver.ovsdb.ovsdb_monitor [-] Hash Ring: Node 21e54fa682355ee19d894d18db985f16 (host: np0000157817) handling event "create" for row 2ae412b7-d4da-4b91-bff3-0e6c4c577fa3 (table: ACL) {{(pid=103749) notify /opt/stack/neutron/neutron/plugins/ml2/drivers/ovn/mech_driver/ovsdb/ovsdb_monitor.py:906}}
Mar 05 02:54:51.010959 np0000157817 devstack@neutron-api.service[103749]: DEBUG neutron.plugins.ml2.drivers.ovn.mech_driver.ovsdb.ovsdb_monitor [-] Hash Ring: Node 21e54fa682355ee19d894d18db985f16 (host: np0000157817) handling event "create" for row 387355b3-4272-48b4-b85b-6f8dc6a2c631 (table: ACL) {{(pid=103749) notify /opt/stack/neutron/neutron/plugins/ml2/drivers/ovn/mech_driver/ovsdb/ovsdb_monitor.py:906}}
Mar 05 02:54:51.010959 np0000157817 devstack@neutron-api.service[103749]: DEBUG neutron.plugins.ml2.drivers.ovn.mech_driver.ovsdb.ovsdb_monitor [-] Hash Ring: Node 21e54fa682355ee19d894d18db985f16 (host: np0000157817) handling event "create" for row c6a08132-25f8-474e-b1c8-d4808ab2d1f3 (table: ACL) {{(pid=103749) notify /opt/stack/neutron/neutron/plugins/ml2/drivers/ovn/mech_driver/ovsdb/ovsdb_monitor.py:906}}
Mar 05 02:54:51.011113 np0000157817 devstack@neutron-api.service[103749]: DEBUG neutron.plugins.ml2.drivers.ovn.mech_driver.ovsdb.ovsdb_monitor [-] Hash Ring: Node 21e54fa682355ee19d894d18db985f16 (host: np0000157817) handling event "create" for row d77c7af0-ec46-4cb1-af7b-ce7cb9297101 (table: ACL) {{(pid=103749) notify /opt/stack/neutron/neutron/plugins/ml2/drivers/ovn/mech_driver/ovsdb/ovsdb_monitor.py:906}}
Mar 05 02:54:51.011309 np0000157817 devstack@neutron-api.service[103749]: DEBUG neutron.plugins.ml2.drivers.ovn.mech_driver.ovsdb.ovsdb_monitor [-] Hash Ring: Node 21e54fa682355ee19d894d18db985f16 (host: np0000157817) handling event "create" for row d2b2bfaf-8d26-41ee-b765-88297ad5b6ec (table: Port_Group) {{(pid=103749) notify /opt/stack/neutron/neutron/plugins/ml2/drivers/ovn/mech_driver/ovsdb/ovsdb_monitor.py:906}}
Mar 05 02:54:51.011984 np0000157817 devstack@neutron-api.service[103752]: DEBUG neutron.plugins.ml2.drivers.ovn.mech_driver.ovsdb.ovsdb_monitor [-] Hash Ring: Node 80afe5f6a33a5d1ab2b583b96ad12283 (host: np0000157817) handling event "create" for row d2b2bfaf-8d26-41ee-b765-88297ad5b6ec (table: Port_Group) {{(pid=103752) notify /opt/stack/neutron/neutron/plugins/ml2/drivers/ovn/mech_driver/ovsdb/ovsdb_monitor.py:906}}
Mar 05 02:54:51.013609 np0000157817 devstack@neutron-api.service[103751]: DEBUG neutron.plugins.ml2.drivers.ovn.mech_driver.ovsdb.ovsdb_monitor [-] Hash Ring: Node 33c520529934583aa975a549079a85d0 (host: np0000157817) handling event "create" for row 2ae412b7-d4da-4b91-bff3-0e6c4c577fa3 (table: ACL) {{(pid=103751) notify /opt/stack/neutron/neutron/plugins/ml2/drivers/ovn/mech_driver/ovsdb/ovsdb_monitor.py:906}}
Mar 05 02:54:51.042710 np0000157817 devstack@neutron-api.service[103750]: INFO neutron.db.ovn_revision_numbers_db [None req-73e26f3e-f74b-48a1-90fd-abbc77277155 admin admin] Successfully bumped revision number for resource 70e1ed84-63c4-44ec-8a27-fb4b738c55cf (type: security_groups) to 1
Mar 05 02:54:51.074442 np0000157817 devstack@neutron-api.service[103750]: INFO neutron.db.ovn_revision_numbers_db [None req-73e26f3e-f74b-48a1-90fd-abbc77277155 admin admin] Successfully bumped revision number for resource 5c73be10-ad59-4985-8f5d-4992de3e12d9 (type: security_group_rules) to 0
Mar 05 02:54:51.103519 np0000157817 devstack@neutron-api.service[103750]: INFO neutron.db.ovn_revision_numbers_db [None req-73e26f3e-f74b-48a1-90fd-abbc77277155 admin admin] Successfully bumped revision number for resource 6a46040d-e965-494c-9fd4-a38809581942 (type: security_group_rules) to 0
Mar 05 02:54:51.119556 np0000157817 devstack@neutron-api.service[103750]: INFO neutron.db.ovn_revision_numbers_db [None req-73e26f3e-f74b-48a1-90fd-abbc77277155 admin admin] Successfully bumped revision number for resource 9607f3f2-f199-4728-a505-09d0e453ed8b (type: security_group_rules) to 0
Mar 05 02:54:51.161186 np0000157817 devstack@neutron-api.service[103750]: INFO neutron.db.ovn_revision_numbers_db [None req-73e26f3e-f74b-48a1-90fd-abbc77277155 admin admin] Successfully bumped revision number for resource af690b22-31e1-4328-b87b-c1d2c7dc1584 (type: security_group_rules) to 0
Mar 05 02:54:51.187145 np0000157817 devstack@neutron-api.service[103750]: DEBUG neutron.api.rpc.handlers.resources_rpc [None req-73e26f3e-f74b-48a1-90fd-abbc77277155 admin admin] Pushing event updated for resources: {'SecurityGroup': ['ID=70e1ed84-63c4-44ec-8a27-fb4b738c55cf,revision_number=1']} {{(pid=103750) push /opt/stack/neutron/neutron/api/rpc/handlers/resources_rpc.py:237}}
Mar 05 02:54:51.193489 np0000157817 devstack@neutron-api.service[103750]: DEBUG ovsdbapp.backend.ovs_idl.transaction [-] Running txn n=1 command(idx=0): CheckLivenessCommand(_result=None) {{(pid=103750) do_commit /opt/stack/data/venv/lib/python3.12/site-packages/ovsdbapp/backend/ovs_idl/transaction.py:89}}
Mar 05 02:54:51.196991 np0000157817 devstack@neutron-api.service[103749]: DEBUG neutron.plugins.ml2.drivers.ovn.mech_driver.ovsdb.ovsdb_monitor [-] Hash Ring: Node 21e54fa682355ee19d894d18db985f16 (host: np0000157817) handling event "update" for row fdfc07b1-4516-4517-a957-db7f2e85fbb9 (table: NB_Global) {{(pid=103749) notify /opt/stack/neutron/neutron/plugins/ml2/drivers/ovn/mech_driver/ovsdb/ovsdb_monitor.py:906}}
Mar 05 02:54:51.197171 np0000157817 devstack@neutron-api.service[103752]: DEBUG neutron.plugins.ml2.drivers.ovn.mech_driver.ovsdb.ovsdb_monitor [-] Hash Ring: Node 80afe5f6a33a5d1ab2b583b96ad12283 (host: np0000157817) handling event "update" for row fdfc07b1-4516-4517-a957-db7f2e85fbb9 (table: NB_Global) {{(pid=103752) notify /opt/stack/neutron/neutron/plugins/ml2/drivers/ovn/mech_driver/ovsdb/ovsdb_monitor.py:906}}
Mar 05 02:54:51.197540 np0000157817 devstack@neutron-api.service[103750]: DEBUG neutron.api.rpc.callbacks.version_manager [None req-73e26f3e-f74b-48a1-90fd-abbc77277155 admin admin] Tracked resource versions report:
Mar 05 02:54:51.197540 np0000157817 devstack@neutron-api.service[103750]: pushed versions:
Mar 05 02:54:51.197540 np0000157817 devstack@neutron-api.service[103750]: { 'AddressGroup': {'1.2'},
Mar 05 02:54:51.197540 np0000157817 devstack@neutron-api.service[103750]: 'Agent': {'1.1'},
Mar 05 02:54:51.197540 np0000157817 devstack@neutron-api.service[103750]: 'ConntrackHelper': {'1.0'},
Mar 05 02:54:51.197540 np0000157817 devstack@neutron-api.service[103750]: 'LocalIPAssociation': {'1.0'},
Mar 05 02:54:51.197540 np0000157817 devstack@neutron-api.service[103750]: 'Log': {'1.0'},
Mar 05 02:54:51.197540 np0000157817 devstack@neutron-api.service[103750]: 'NDPProxy': {'1.0'},
Mar 05 02:54:51.197540 np0000157817 devstack@neutron-api.service[103750]: 'Network': {'1.2'},
Mar 05 02:54:51.197540 np0000157817 devstack@neutron-api.service[103750]: 'Port': {'1.10'},
Mar 05 02:54:51.197540 np0000157817 devstack@neutron-api.service[103750]: 'PortForwarding': {'1.3'},
Mar 05 02:54:51.197540 np0000157817 devstack@neutron-api.service[103750]: 'QosPolicy': {'1.10'},
Mar 05 02:54:51.197540 np0000157817 devstack@neutron-api.service[103750]: 'SecurityGroup': {'1.6'},
Mar 05 02:54:51.197540 np0000157817 devstack@neutron-api.service[103750]: 'SecurityGroupRule': {'1.3'},
Mar 05 02:54:51.197540 np0000157817 devstack@neutron-api.service[103750]: 'SubPort': {'1.0'},
Mar 05 02:54:51.197540 np0000157817 devstack@neutron-api.service[103750]: 'Subnet': {'1.2'},
Mar 05 02:54:51.197540 np0000157817 devstack@neutron-api.service[103750]: 'Trunk': {'1.1'}}
Mar 05 02:54:51.197540 np0000157817 devstack@neutron-api.service[103750]: consumer versions:
Mar 05 02:54:51.197540 np0000157817 devstack@neutron-api.service[103750]: {}
Mar 05 02:54:51.197540 np0000157817 devstack@neutron-api.service[103750]: {{(pid=103750) report /opt/stack/neutron/neutron/api/rpc/callbacks/version_manager.py:183}}
Mar 05 02:54:51.198310 np0000157817 devstack@neutron-api.service[103752]: DEBUG neutron.plugins.ml2.drivers.ovn.mech_driver.ovsdb.ovsdb_monitor [-] Hash Ring: Node 80afe5f6a33a5d1ab2b583b96ad12283 (host: np0000157817) handling event "update" for row fdfc07b1-4516-4517-a957-db7f2e85fbb9 (table: NB_Global) {{(pid=103752) notify /opt/stack/neutron/neutron/plugins/ml2/drivers/ovn/mech_driver/ovsdb/ovsdb_monitor.py:906}}
Mar 05 02:54:51.198412 np0000157817 devstack@neutron-api.service[103749]: DEBUG neutron.plugins.ml2.drivers.ovn.mech_driver.ovsdb.ovsdb_monitor [-] Hash Ring: Node 21e54fa682355ee19d894d18db985f16 (host: np0000157817) handling event "update" for row fdfc07b1-4516-4517-a957-db7f2e85fbb9 (table: NB_Global) {{(pid=103749) notify /opt/stack/neutron/neutron/plugins/ml2/drivers/ovn/mech_driver/ovsdb/ovsdb_monitor.py:906}}
Mar 05 02:54:51.199621 np0000157817 devstack@neutron-api.service[103749]: DEBUG neutron.plugins.ml2.drivers.ovn.mech_driver.ovsdb.ovsdb_monitor [-] Hash Ring: Node 21e54fa682355ee19d894d18db985f16 (host: np0000157817) handling event "update" for row fdfc07b1-4516-4517-a957-db7f2e85fbb9 (table: NB_Global) {{(pid=103749) notify /opt/stack/neutron/neutron/plugins/ml2/drivers/ovn/mech_driver/ovsdb/ovsdb_monitor.py:906}}
Mar 05 02:54:51.199812 np0000157817 devstack@neutron-api.service[103752]: DEBUG neutron.plugins.ml2.drivers.ovn.mech_driver.ovsdb.ovsdb_monitor [-] Hash Ring: Node 80afe5f6a33a5d1ab2b583b96ad12283 (host: np0000157817) handling event "update" for row fdfc07b1-4516-4517-a957-db7f2e85fbb9 (table: NB_Global) {{(pid=103752) notify /opt/stack/neutron/neutron/plugins/ml2/drivers/ovn/mech_driver/ovsdb/ovsdb_monitor.py:906}}
Mar 05 02:54:51.201280 np0000157817 devstack@neutron-api.service[103749]: DEBUG neutron.plugins.ml2.drivers.ovn.mech_driver.ovsdb.ovsdb_monitor [-] ChassisAgentWriteEvent : Matched Chassis_Private, update, None None {{(pid=103749) matches /opt/stack/neutron/neutron/plugins/ml2/drivers/ovn/mech_driver/ovsdb/ovsdb_monitor.py:64}}
Mar 05 02:54:51.201367 np0000157817 devstack@neutron-api.service[103752]: DEBUG neutron.plugins.ml2.drivers.ovn.mech_driver.ovsdb.ovsdb_monitor [-] ChassisAgentWriteEvent : Matched Chassis_Private, update, None None {{(pid=103752) matches /opt/stack/neutron/neutron/plugins/ml2/drivers/ovn/mech_driver/ovsdb/ovsdb_monitor.py:64}}
Mar 05 02:54:51.202268 np0000157817 devstack@neutron-api.service[103751]: DEBUG neutron.plugins.ml2.drivers.ovn.mech_driver.ovsdb.ovsdb_monitor [-] ChassisAgentWriteEvent : Matched Chassis_Private, update, None None {{(pid=103751) matches /opt/stack/neutron/neutron/plugins/ml2/drivers/ovn/mech_driver/ovsdb/ovsdb_monitor.py:64}}
Mar 05 02:54:51.203119 np0000157817 devstack@neutron-api.service[103752]: DEBUG neutron.plugins.ml2.drivers.ovn.mech_driver.ovsdb.ovsdb_monitor [-] Hash Ring: Node 80afe5f6a33a5d1ab2b583b96ad12283 (host: np0000157817) handling event "update" for row fdfc07b1-4516-4517-a957-db7f2e85fbb9 (table: NB_Global) {{(pid=103752) notify /opt/stack/neutron/neutron/plugins/ml2/drivers/ovn/mech_driver/ovsdb/ovsdb_monitor.py:906}}
Mar 05 02:54:51.204153 np0000157817 devstack@neutron-api.service[103750]: DEBUG neutron.plugins.ml2.drivers.ovn.mech_driver.ovsdb.ovsdb_monitor [-] ChassisAgentWriteEvent : Matched Chassis_Private, update, None None {{(pid=103750) matches /opt/stack/neutron/neutron/plugins/ml2/drivers/ovn/mech_driver/ovsdb/ovsdb_monitor.py:64}}
Mar 05 02:54:51.204781 np0000157817 devstack@neutron-api.service[103749]: DEBUG neutron.plugins.ml2.drivers.ovn.mech_driver.ovsdb.ovsdb_monitor [-] Hash Ring: Node 21e54fa682355ee19d894d18db985f16 (host: np0000157817) handling event "update" for row fdfc07b1-4516-4517-a957-db7f2e85fbb9 (table: NB_Global) {{(pid=103749) notify /opt/stack/neutron/neutron/plugins/ml2/drivers/ovn/mech_driver/ovsdb/ovsdb_monitor.py:906}}
Mar 05 02:54:51.206130 np0000157817 devstack@neutron-api.service[103749]: DEBUG neutron.common.ovn.hash_ring_manager [-] Allow caching, nodes 4>=4 {{(pid=103749) _wait_startup_before_caching /opt/stack/neutron/neutron/common/ovn/hash_ring_manager.py:65}}
Mar 05 02:54:51.206344 np0000157817 devstack@neutron-api.service[103749]: DEBUG neutron.plugins.ml2.drivers.ovn.mech_driver.ovsdb.ovsdb_monitor [-] Hash Ring: Node 21e54fa682355ee19d894d18db985f16 (host: np0000157817) handling event "update" for row f85e60ed-85b3-4928-8a9d-a34cf44e8fa7 (table: Chassis_Private) {{(pid=103749) notify /opt/stack/neutron/neutron/plugins/ml2/drivers/ovn/mech_driver/ovsdb/ovsdb_monitor.py:906}}
Mar 05 02:54:51.206812 np0000157817 devstack@neutron-api.service[103751]: DEBUG neutron.plugins.ml2.drivers.ovn.mech_driver.ovsdb.ovsdb_monitor [-] ChassisOVNAgentWriteEvent : Matched Chassis_Private, update, None None {{(pid=103751) matches /opt/stack/neutron/neutron/plugins/ml2/drivers/ovn/mech_driver/ovsdb/ovsdb_monitor.py:64}}
Mar 05 02:54:51.207460 np0000157817 devstack@neutron-api.service[103752]: DEBUG neutron.plugins.ml2.drivers.ovn.mech_driver.ovsdb.ovsdb_monitor [-] ChassisOVNAgentWriteEvent : Matched Chassis_Private, update, None None {{(pid=103752) matches /opt/stack/neutron/neutron/plugins/ml2/drivers/ovn/mech_driver/ovsdb/ovsdb_monitor.py:64}}
Mar 05 02:54:51.207618 np0000157817 devstack@neutron-api.service[103749]: DEBUG neutron.plugins.ml2.drivers.ovn.mech_driver.ovsdb.ovsdb_monitor [-] ChassisOVNAgentWriteEvent : Matched Chassis_Private, update, None None {{(pid=103749) matches /opt/stack/neutron/neutron/plugins/ml2/drivers/ovn/mech_driver/ovsdb/ovsdb_monitor.py:64}}
Mar 05 02:54:51.207789 np0000157817 devstack@neutron-api.service[103750]: DEBUG neutron.plugins.ml2.drivers.ovn.mech_driver.ovsdb.ovsdb_monitor [-] ChassisOVNAgentWriteEvent : Matched Chassis_Private, update, None None {{(pid=103750) matches /opt/stack/neutron/neutron/plugins/ml2/drivers/ovn/mech_driver/ovsdb/ovsdb_monitor.py:64}}
Mar 05 02:54:51.208029 np0000157817 devstack@neutron-api.service[103749]: DEBUG neutron.plugins.ml2.drivers.ovn.mech_driver.ovsdb.ovsdb_monitor [-] Hash Ring: Node 21e54fa682355ee19d894d18db985f16 (host: np0000157817) handling event "update" for row f85e60ed-85b3-4928-8a9d-a34cf44e8fa7 (table: Chassis_Private) {{(pid=103749) notify /opt/stack/neutron/neutron/plugins/ml2/drivers/ovn/mech_driver/ovsdb/ovsdb_monitor.py:906}}
