Jun 18 00:37:36.404413 np0000181693 devstack@neutron-api.service[107565]: DEBUG neutron_lib.callbacks.manager [None req-674a2e82-9c1c-4035-ba34-5c3e5265f4b8 None None] Subscribe: > router after_update 55550000, False {{(pid=107565) subscribe /opt/stack/data/venv/lib/python3.12/site-packages/neutron_lib/callbacks/manager.py:52}}
Jun 18 00:37:36.404413 np0000181693 devstack@neutron-api.service[107565]: DEBUG neutron.services.service_base [None req-674a2e82-9c1c-4035-ba34-5c3e5265f4b8 None None] Loaded 'neutron.services.ovn_l3.service_providers.ovn.OvnDriver' provider for service L3_ROUTER_NAT {{(pid=107565) load_drivers /opt/stack/neutron/neutron/services/service_base.py:49}}
Jun 18 00:37:36.404511 np0000181693 devstack@neutron-api.service[107565]: DEBUG neutron_lib.callbacks.manager [None req-674a2e82-9c1c-4035-ba34-5c3e5265f4b8 None None] Subscribe: > process after_init 55550001, True {{(pid=107565) subscribe /opt/stack/data/venv/lib/python3.12/site-packages/neutron_lib/callbacks/manager.py:52}}
Jun 18 00:37:36.404829 np0000181693 devstack@neutron-api.service[107565]: DEBUG neutron.manager [None req-674a2e82-9c1c-4035-ba34-5c3e5265f4b8 None None] Successfully loaded L3_ROUTER_NAT plugin. Description: L3 Router Service Plugin for basic L3 forwarding using OVN {{(pid=107565) _create_and_add_service_plugin /opt/stack/neutron/neutron/manager.py:239}}
Jun 18 00:37:36.404829 np0000181693 devstack@neutron-api.service[107565]: INFO neutron.manager [None req-674a2e82-9c1c-4035-ba34-5c3e5265f4b8 None None] Loading Plugin: auto_allocate
Jun 18 00:37:36.405684 np0000181693 devstack@neutron-api.service[107565]: DEBUG neutron_lib.callbacks.manager [None req-674a2e82-9c1c-4035-ba34-5c3e5265f4b8 None None] Subscribe: network precommit_update 55550000, False {{(pid=107565) subscribe /opt/stack/data/venv/lib/python3.12/site-packages/neutron_lib/callbacks/manager.py:52}}
Jun 18 00:37:36.405834 np0000181693 devstack@neutron-api.service[107565]: DEBUG neutron_lib.callbacks.manager [None req-674a2e82-9c1c-4035-ba34-5c3e5265f4b8 None None] Subscribe: network precommit_create 55550000, False {{(pid=107565) subscribe /opt/stack/data/venv/lib/python3.12/site-packages/neutron_lib/callbacks/manager.py:52}}
Jun 18 00:37:36.405984 np0000181693 devstack@neutron-api.service[107565]: DEBUG neutron.manager [None req-674a2e82-9c1c-4035-ba34-5c3e5265f4b8 None None] Successfully loaded auto-allocated-topology plugin. Description: Auto Allocated Topology - aka get me a network. {{(pid=107565) _create_and_add_service_plugin /opt/stack/neutron/neutron/manager.py:239}}
Jun 18 00:37:36.406165 np0000181693 devstack@neutron-api.service[107565]: INFO neutron.manager [None req-674a2e82-9c1c-4035-ba34-5c3e5265f4b8 None None] Loading Plugin: tag
Jun 18 00:37:36.408924 np0000181693 devstack@neutron-api.service[107565]: DEBUG neutron.manager [None req-674a2e82-9c1c-4035-ba34-5c3e5265f4b8 None None] Successfully loaded TAG plugin. Description: Tag support {{(pid=107565) _create_and_add_service_plugin /opt/stack/neutron/neutron/manager.py:239}}
Jun 18 00:37:36.409001 np0000181693 devstack@neutron-api.service[107565]: INFO neutron.manager [None req-674a2e82-9c1c-4035-ba34-5c3e5265f4b8 None None] Loading Plugin: timestamp
Jun 18 00:37:36.410259 np0000181693 devstack@neutron-api.service[107565]: DEBUG neutron.manager [None req-674a2e82-9c1c-4035-ba34-5c3e5265f4b8 None None] Successfully loaded timestamp plugin. Description: Adds timestamps to Neutron resources with standard attributes {{(pid=107565) _create_and_add_service_plugin /opt/stack/neutron/neutron/manager.py:239}}
Jun 18 00:37:36.410457 np0000181693 devstack@neutron-api.service[107565]: INFO neutron.manager [None req-674a2e82-9c1c-4035-ba34-5c3e5265f4b8 None None] Loading Plugin: network_ip_availability
Jun 18 00:37:36.412526 np0000181693 devstack@neutron-api.service[107565]: DEBUG neutron.manager [None req-674a2e82-9c1c-4035-ba34-5c3e5265f4b8 None None] Successfully loaded network-ip-availability plugin. Description: Provides IP availability data for each network and subnet. {{(pid=107565) _create_and_add_service_plugin /opt/stack/neutron/neutron/manager.py:239}}
Jun 18 00:37:36.412691 np0000181693 devstack@neutron-api.service[107565]: INFO neutron.manager [None req-674a2e82-9c1c-4035-ba34-5c3e5265f4b8 None None] Loading Plugin: flavors
Jun 18 00:37:36.413452 np0000181693 devstack@neutron-api.service[107565]: DEBUG neutron.manager [None req-674a2e82-9c1c-4035-ba34-5c3e5265f4b8 None None] Successfully loaded FLAVORS plugin. Description: Neutron Flavors and Service Profiles manager plugin {{(pid=107565) _create_and_add_service_plugin /opt/stack/neutron/neutron/manager.py:239}}
Jun 18 00:37:36.413532 np0000181693 devstack@neutron-api.service[107565]: INFO neutron.manager [None req-674a2e82-9c1c-4035-ba34-5c3e5265f4b8 None None] Loading Plugin: revisions
Jun 18 00:37:36.414777 np0000181693 devstack@neutron-api.service[107565]: DEBUG neutron.manager [None req-674a2e82-9c1c-4035-ba34-5c3e5265f4b8 None None] Successfully loaded revision_plugin plugin. Description: Adds revision numbers to resources. {{(pid=107565) _create_and_add_service_plugin /opt/stack/neutron/neutron/manager.py:239}}
Jun 18 00:37:36.415109 np0000181693 devstack@neutron-api.service[107565]: DEBUG oslo_concurrency.lockutils [None req-674a2e82-9c1c-4035-ba34-5c3e5265f4b8 None None] Lock "manager" "released" by "neutron.manager.NeutronManager._create_instance" :: held 4.725s {{(pid=107565) inner /opt/stack/data/venv/lib/python3.12/site-packages/oslo_concurrency/lockutils.py:543}}
Jun 18 00:37:36.415577 np0000181693 devstack@neutron-api.service[107565]: DEBUG neutron.api.extensions [None req-674a2e82-9c1c-4035-ba34-5c3e5265f4b8 None None] get_extension_paths = OrderedDict({'/opt/stack/neutron/neutron/extensions': 1}) {{(pid=107565) get_extensions_path /opt/stack/neutron/neutron/api/extensions.py:640}}
Jun 18 00:37:36.415577 np0000181693 devstack@neutron-api.service[107565]: INFO neutron.api.extensions [None req-674a2e82-9c1c-4035-ba34-5c3e5265f4b8 None None] Initializing extension manager.
Jun 18 00:37:36.415708 np0000181693 devstack@neutron-api.service[107568]: INFO neutron.plugins.ml2.drivers.type_vlan [None req-b197e63a-f004-45ae-8b53-4495fa969b17 None None] VlanTypeDriver initialization complete
Jun 18 00:37:36.416206 np0000181693 devstack@neutron-api.service[107568]: INFO neutron.plugins.ml2.managers [None req-b197e63a-f004-45ae-8b53-4495fa969b17 None None] Initializing extension driver 'port_security'
Jun 18 00:37:36.416315 np0000181693 devstack@neutron-api.service[107565]: DEBUG neutron.api.extensions [None req-674a2e82-9c1c-4035-ba34-5c3e5265f4b8 None None] Loading extension file: __init__.py {{(pid=107565) _load_all_extensions_from_path /opt/stack/neutron/neutron/api/extensions.py:449}}
Jun 18 00:37:36.416417 np0000181693 devstack@neutron-api.service[107568]: INFO neutron.plugins.ml2.extensions.port_security [None req-b197e63a-f004-45ae-8b53-4495fa969b17 None None] PortSecurityExtensionDriver initialization complete
Jun 18 00:37:36.416499 np0000181693 devstack@neutron-api.service[107565]: DEBUG neutron.api.extensions [None req-674a2e82-9c1c-4035-ba34-5c3e5265f4b8 None None] Loading extension file: __pycache__ {{(pid=107565) _load_all_extensions_from_path /opt/stack/neutron/neutron/api/extensions.py:449}}
Jun 18 00:37:36.416612 np0000181693 devstack@neutron-api.service[107568]: INFO neutron.plugins.ml2.managers [None req-b197e63a-f004-45ae-8b53-4495fa969b17 None None] Initializing extension driver 'qos'
Jun 18 00:37:36.416649 np0000181693 devstack@neutron-api.service[107565]: DEBUG neutron.api.extensions [None req-674a2e82-9c1c-4035-ba34-5c3e5265f4b8 None None] Loading extension file: aap_reject_multicast.py {{(pid=107565) _load_all_extensions_from_path /opt/stack/neutron/neutron/api/extensions.py:449}}
Jun 18 00:37:36.416737 np0000181693 devstack@neutron-api.service[107568]: DEBUG neutron.plugins.ml2.extensions.qos [None req-b197e63a-f004-45ae-8b53-4495fa969b17 None None] QosExtensionDriver initialization complete {{(pid=107568) initialize /opt/stack/neutron/neutron/plugins/ml2/extensions/qos.py:31}}
Jun 18 00:37:36.416737 np0000181693 devstack@neutron-api.service[107568]: INFO neutron.plugins.ml2.managers [None req-b197e63a-f004-45ae-8b53-4495fa969b17 None None] Initializing mechanism driver 'ovn'
Jun 18 00:37:36.416737 np0000181693 devstack@neutron-api.service[107568]: INFO neutron.plugins.ml2.drivers.ovn.mech_driver.mech_driver [None req-b197e63a-f004-45ae-8b53-4495fa969b17 None None] Starting OVNMechanismDriver
Jun 18 00:37:36.416912 np0000181693 devstack@neutron-api.service[107565]: DEBUG neutron.api.extensions [None req-674a2e82-9c1c-4035-ba34-5c3e5265f4b8 None None] Ext name="Allowed address pairs reject multicast extension" alias="aap-reject-multicast" description="Reject multicast addresses in Allowed Address Pairs" updated="2026-04-01T00:00:00-00:00" {{(pid=107565) _check_extension /opt/stack/neutron/neutron/api/extensions.py:415}}
Jun 18 00:37:36.416912 np0000181693 devstack@neutron-api.service[107565]: INFO neutron.api.extensions [None req-674a2e82-9c1c-4035-ba34-5c3e5265f4b8 None None] Extension aap-reject-multicast not supported by any of loaded plugins
Jun 18 00:37:36.416912 np0000181693 devstack@neutron-api.service[107565]: DEBUG neutron.api.extensions [None req-674a2e82-9c1c-4035-ba34-5c3e5265f4b8 None None] Loading extension file: address_group.py {{(pid=107565) _load_all_extensions_from_path /opt/stack/neutron/neutron/api/extensions.py:449}}
Jun 18 00:37:36.417932 np0000181693 devstack@neutron-api.service[107565]: DEBUG neutron.api.extensions [None req-674a2e82-9c1c-4035-ba34-5c3e5265f4b8 None None] Ext name="Address group" alias="address-group" description="Support address group" updated="2020-07-15T10:00:00-00:00" {{(pid=107565) _check_extension /opt/stack/neutron/neutron/api/extensions.py:415}}
Jun 18 00:37:36.417932 np0000181693 devstack@neutron-api.service[107565]: INFO neutron.api.extensions [None req-674a2e82-9c1c-4035-ba34-5c3e5265f4b8 None None] Loaded extension: address-group
Jun 18 00:37:36.417932 np0000181693 devstack@neutron-api.service[107565]: DEBUG neutron.api.extensions [None req-674a2e82-9c1c-4035-ba34-5c3e5265f4b8 None None] Loading extension file: address_scope.py {{(pid=107565) _load_all_extensions_from_path /opt/stack/neutron/neutron/api/extensions.py:449}}
Jun 18 00:37:36.418589 np0000181693 devstack@neutron-api.service[107568]: DEBUG neutron_lib.callbacks.manager [None req-b197e63a-f004-45ae-8b53-4495fa969b17 None None] Subscribe: > process before_spawn 55550000, False {{(pid=107568) subscribe /opt/stack/data/venv/lib/python3.12/site-packages/neutron_lib/callbacks/manager.py:52}}
Jun 18 00:37:36.418589 np0000181693 devstack@neutron-api.service[107568]: DEBUG neutron_lib.callbacks.manager [None req-b197e63a-f004-45ae-8b53-4495fa969b17 None None] Subscribe: > process after_init 55550000, True {{(pid=107568) subscribe /opt/stack/data/venv/lib/python3.12/site-packages/neutron_lib/callbacks/manager.py:52}}
Jun 18 00:37:36.418589 np0000181693 devstack@neutron-api.service[107568]: DEBUG neutron_lib.callbacks.manager [None req-b197e63a-f004-45ae-8b53-4495fa969b17 None None] Subscribe: > segment after_create 55550000, False {{(pid=107568) subscribe /opt/stack/data/venv/lib/python3.12/site-packages/neutron_lib/callbacks/manager.py:52}}
Jun 18 00:37:36.419276 np0000181693 devstack@neutron-api.service[107565]: DEBUG neutron.api.extensions [None req-674a2e82-9c1c-4035-ba34-5c3e5265f4b8 None None] Ext name="Address scope" alias="address-scope" description="Address scopes extension." updated="2015-07-26T10:00:00-00:00" {{(pid=107565) _check_extension /opt/stack/neutron/neutron/api/extensions.py:415}}
Jun 18 00:37:36.419808 np0000181693 devstack@neutron-api.service[107568]: DEBUG neutron_lib.callbacks.manager [None req-b197e63a-f004-45ae-8b53-4495fa969b17 None None] Subscribe: > segment after_create 55550000, False {{(pid=107568) subscribe /opt/stack/data/venv/lib/python3.12/site-packages/neutron_lib/callbacks/manager.py:52}}
Jun 18 00:37:36.419808 np0000181693 devstack@neutron-api.service[107568]: DEBUG neutron_lib.callbacks.manager [None req-b197e63a-f004-45ae-8b53-4495fa969b17 None None] Subscribe: > segment after_delete 55550000, False {{(pid=107568) subscribe /opt/stack/data/venv/lib/python3.12/site-packages/neutron_lib/callbacks/manager.py:52}}
Jun 18 00:37:36.420442 np0000181693 devstack@neutron-api.service[107565]: INFO neutron.api.extensions [None req-674a2e82-9c1c-4035-ba34-5c3e5265f4b8 None None] Loaded extension: address-scope
Jun 18 00:37:36.420911 np0000181693 devstack@neutron-api.service[107568]: DEBUG neutron_lib.callbacks.manager [None req-b197e63a-f004-45ae-8b53-4495fa969b17 None None] Subscribe: > allowed_address_pair before_create 55550000, False {{(pid=107568) subscribe /opt/stack/data/venv/lib/python3.12/site-packages/neutron_lib/callbacks/manager.py:52}}
Jun 18 00:37:36.420911 np0000181693 devstack@neutron-api.service[107568]: DEBUG neutron_lib.callbacks.manager [None req-b197e63a-f004-45ae-8b53-4495fa969b17 None None] Subscribe: > security_group precommit_create 55550000, False {{(pid=107568) subscribe /opt/stack/data/venv/lib/python3.12/site-packages/neutron_lib/callbacks/manager.py:52}}
Jun 18 00:37:36.421495 np0000181693 devstack@neutron-api.service[107565]: DEBUG neutron.api.extensions [None req-674a2e82-9c1c-4035-ba34-5c3e5265f4b8 None None] Loading extension file: admin_state_down_before_update.py {{(pid=107565) _load_all_extensions_from_path /opt/stack/neutron/neutron/api/extensions.py:449}}
Jun 18 00:37:36.421753 np0000181693 devstack@neutron-api.service[107568]: DEBUG neutron_lib.callbacks.manager [None req-b197e63a-f004-45ae-8b53-4495fa969b17 None None] Subscribe: > security_group after_update 55550000, False {{(pid=107568) subscribe /opt/stack/data/venv/lib/python3.12/site-packages/neutron_lib/callbacks/manager.py:52}}
Jun 18 00:37:36.421753 np0000181693 devstack@neutron-api.service[107568]: DEBUG neutron_lib.callbacks.manager [None req-b197e63a-f004-45ae-8b53-4495fa969b17 None None] Subscribe: > security_group after_create 55550000, False {{(pid=107568) subscribe /opt/stack/data/venv/lib/python3.12/site-packages/neutron_lib/callbacks/manager.py:52}}
Jun 18 00:37:36.421753 np0000181693 devstack@neutron-api.service[107568]: DEBUG neutron_lib.callbacks.manager [None req-b197e63a-f004-45ae-8b53-4495fa969b17 None None] Subscribe: > security_group precommit_delete 55550000, False {{(pid=107568) subscribe /opt/stack/data/venv/lib/python3.12/site-packages/neutron_lib/callbacks/manager.py:52}}
Jun 18 00:37:36.422013 np0000181693 devstack@neutron-api.service[107565]: DEBUG neutron.api.extensions [None req-674a2e82-9c1c-4035-ba34-5c3e5265f4b8 None None] Ext name="Enforce Router's Admin State Down Before Update Extension" alias="router-admin-state-down-before-update" description="Ensure that the admin state of a router is DOWN (admin_state_up=False) before updating the distributed attribute" updated="2019-07-02T15:56:00" {{(pid=107565) _check_extension /opt/stack/neutron/neutron/api/extensions.py:415}}
Jun 18 00:37:36.422091 np0000181693 devstack@neutron-api.service[107568]: DEBUG neutron_lib.callbacks.manager [None req-b197e63a-f004-45ae-8b53-4495fa969b17 None None] Subscribe: > security_group after_delete 55550000, False {{(pid=107568) subscribe /opt/stack/data/venv/lib/python3.12/site-packages/neutron_lib/callbacks/manager.py:52}}
Jun 18 00:37:36.422091 np0000181693 devstack@neutron-api.service[107568]: DEBUG neutron_lib.callbacks.manager [None req-b197e63a-f004-45ae-8b53-4495fa969b17 None None] Subscribe: > security_group_rule precommit_create 55550000, False {{(pid=107568) subscribe /opt/stack/data/venv/lib/python3.12/site-packages/neutron_lib/callbacks/manager.py:52}}
Jun 18 00:37:36.422169 np0000181693 devstack@neutron-api.service[107565]: INFO neutron.api.extensions [None req-674a2e82-9c1c-4035-ba34-5c3e5265f4b8 None None] Extension router-admin-state-down-before-update not supported by any of loaded plugins
Jun 18 00:37:36.422457 np0000181693 devstack@neutron-api.service[107568]: DEBUG neutron_lib.callbacks.manager [None req-b197e63a-f004-45ae-8b53-4495fa969b17 None None] Subscribe: > security_group_rule after_create 55550000, False {{(pid=107568) subscribe /opt/stack/data/venv/lib/python3.12/site-packages/neutron_lib/callbacks/manager.py:52}}
Jun 18 00:37:36.422535 np0000181693 devstack@neutron-api.service[107565]: DEBUG neutron.api.extensions [None req-674a2e82-9c1c-4035-ba34-5c3e5265f4b8 None None] Loading extension file: agent.py {{(pid=107565) _load_all_extensions_from_path /opt/stack/neutron/neutron/api/extensions.py:449}}
Jun 18 00:37:36.422599 np0000181693 devstack@neutron-api.service[107568]: DEBUG neutron_lib.callbacks.manager [None req-b197e63a-f004-45ae-8b53-4495fa969b17 None None] Subscribe: > security_group_rule before_delete 55550000, False {{(pid=107568) subscribe /opt/stack/data/venv/lib/python3.12/site-packages/neutron_lib/callbacks/manager.py:52}}
Jun 18 00:37:36.422599 np0000181693 devstack@neutron-api.service[107568]: DEBUG neutron_lib.callbacks.manager [None req-b197e63a-f004-45ae-8b53-4495fa969b17 None None] Subscribe: > address_group after_create 55550000, False {{(pid=107568) subscribe /opt/stack/data/venv/lib/python3.12/site-packages/neutron_lib/callbacks/manager.py:52}}
Jun 18 00:37:36.422599 np0000181693 devstack@neutron-api.service[107568]: DEBUG neutron_lib.callbacks.manager [None req-b197e63a-f004-45ae-8b53-4495fa969b17 None None] Subscribe: > address_group after_update 55550000, False {{(pid=107568) subscribe /opt/stack/data/venv/lib/python3.12/site-packages/neutron_lib/callbacks/manager.py:52}}
Jun 18 00:37:36.422599 np0000181693 devstack@neutron-api.service[107568]: DEBUG neutron_lib.callbacks.manager [None req-b197e63a-f004-45ae-8b53-4495fa969b17 None None] Subscribe: > address_group after_delete 55550000, False {{(pid=107568) subscribe /opt/stack/data/venv/lib/python3.12/site-packages/neutron_lib/callbacks/manager.py:52}}
Jun 18 00:37:36.422870 np0000181693 devstack@neutron-api.service[107565]: DEBUG neutron.api.extensions [None req-674a2e82-9c1c-4035-ba34-5c3e5265f4b8 None None] Ext name="agent" alias="agent" description="The agent management extension." updated="2013-02-03T10:00:00-00:00" {{(pid=107565) _check_extension /opt/stack/neutron/neutron/api/extensions.py:415}}
Jun 18 00:37:36.422946 np0000181693 devstack@neutron-api.service[107568]: DEBUG neutron_lib.callbacks.manager [None req-b197e63a-f004-45ae-8b53-4495fa969b17 None None] Subscribe: > qos_plugin after_init 55550000, False {{(pid=107568) subscribe /opt/stack/data/venv/lib/python3.12/site-packages/neutron_lib/callbacks/manager.py:52}}
Jun 18 00:37:36.423025 np0000181693 devstack@neutron-api.service[107565]: INFO neutron.api.extensions [None req-674a2e82-9c1c-4035-ba34-5c3e5265f4b8 None None] Loaded extension: agent
Jun 18 00:37:36.423094 np0000181693 devstack@neutron-api.service[107568]: DEBUG neutron_lib.callbacks.manager [None req-b197e63a-f004-45ae-8b53-4495fa969b17 None None] Subscribe: > trunk_plugin after_init 55550000, False {{(pid=107568) subscribe /opt/stack/data/venv/lib/python3.12/site-packages/neutron_lib/callbacks/manager.py:52}}
Jun 18 00:37:36.423196 np0000181693 devstack@neutron-api.service[107565]: DEBUG neutron.api.extensions [None req-674a2e82-9c1c-4035-ba34-5c3e5265f4b8 None None] Loading extension file: agent_resources_synced.py {{(pid=107565) _load_all_extensions_from_path /opt/stack/neutron/neutron/api/extensions.py:449}}
Jun 18 00:37:36.423284 np0000181693 devstack@neutron-api.service[107568]: DEBUG neutron_lib.callbacks.manager [None req-b197e63a-f004-45ae-8b53-4495fa969b17 None None] Subscribe: > logging-plugin after_init 55550000, False {{(pid=107568) subscribe /opt/stack/data/venv/lib/python3.12/site-packages/neutron_lib/callbacks/manager.py:52}}
Jun 18 00:37:36.423354 np0000181693 devstack@neutron-api.service[107565]: DEBUG neutron.api.extensions [None req-674a2e82-9c1c-4035-ba34-5c3e5265f4b8 None None] Ext name="Agent's Resource View Synced to Placement" alias="agent-resources-synced" description="Stores success/failure of last sync to Placement" updated="2018-12-19T00:00:00-00:00" {{(pid=107565) _check_extension /opt/stack/neutron/neutron/api/extensions.py:415}}
Jun 18 00:37:36.423442 np0000181693 devstack@neutron-api.service[107568]: INFO neutron.services.logapi.drivers.ovn.driver [None req-b197e63a-f004-45ae-8b53-4495fa969b17 None None] OVN logging driver registered
Jun 18 00:37:36.423526 np0000181693 devstack@neutron-api.service[107565]: INFO neutron.api.extensions [None req-674a2e82-9c1c-4035-ba34-5c3e5265f4b8 None None] Extension agent-resources-synced not supported by any of loaded plugins
Jun 18 00:37:36.423604 np0000181693 devstack@neutron-api.service[107568]: DEBUG neutron_lib.callbacks.manager [None req-b197e63a-f004-45ae-8b53-4495fa969b17 None None] Subscribe: ._register_pvlan_driver at 0x73c3175c09a0> pvlan_plugin before_spawn 55550000, False {{(pid=107568) subscribe /opt/stack/data/venv/lib/python3.12/site-packages/neutron_lib/callbacks/manager.py:52}}
Jun 18 00:37:36.423719 np0000181693 devstack@neutron-api.service[107565]: DEBUG neutron.api.extensions [None req-674a2e82-9c1c-4035-ba34-5c3e5265f4b8 None None] Loading extension file: agent_sort_key.py {{(pid=107565) _load_all_extensions_from_path /opt/stack/neutron/neutron/api/extensions.py:449}}
Jun 18 00:37:36.423787 np0000181693 devstack@neutron-api.service[107568]: DEBUG neutron_lib.callbacks.manager [None req-b197e63a-f004-45ae-8b53-4495fa969b17 None None] Subscribe: process after_init 55550000, False {{(pid=107568) subscribe /opt/stack/data/venv/lib/python3.12/site-packages/neutron_lib/callbacks/manager.py:52}}
Jun 18 00:37:36.423859 np0000181693 devstack@neutron-api.service[107565]: DEBUG neutron.api.extensions [None req-674a2e82-9c1c-4035-ba34-5c3e5265f4b8 None None] Ext name="Agents Sort Key" alias="agent_sort_key" description="Enabling the keyword sort_key for sorting in agents." updated="2013-02-03T10:00:00-00:00" {{(pid=107565) _check_extension /opt/stack/neutron/neutron/api/extensions.py:415}}
Jun 18 00:37:36.423859 np0000181693 devstack@neutron-api.service[107565]: INFO neutron.api.extensions [None req-674a2e82-9c1c-4035-ba34-5c3e5265f4b8 None None] Extension agent_sort_key not supported by any of loaded plugins
Jun 18 00:37:36.423859 np0000181693 devstack@neutron-api.service[107565]: DEBUG neutron.api.extensions [None req-674a2e82-9c1c-4035-ba34-5c3e5265f4b8 None None] Loading extension file: allowedaddresspairs.py {{(pid=107565) _load_all_extensions_from_path /opt/stack/neutron/neutron/api/extensions.py:449}}
Jun 18 00:37:36.424055 np0000181693 devstack@neutron-api.service[107568]: DEBUG neutron.plugins.ml2.plugin [None req-b197e63a-f004-45ae-8b53-4495fa969b17 None None] neutron.plugins.ml2.plugin.Ml2Plugin method _start_rpc_notifiers called with arguments () {} {{(pid=107568) wrapper /opt/stack/data/venv/lib/python3.12/site-packages/oslo_log/helpers.py:77}}
Jun 18 00:37:36.424124 np0000181693 devstack@neutron-api.service[107565]: DEBUG neutron.api.extensions [None req-674a2e82-9c1c-4035-ba34-5c3e5265f4b8 None None] Ext name="Allowed Address Pairs" alias="allowed-address-pairs" description="Provides allowed address pairs" updated="2013-07-23T10:00:00-00:00" {{(pid=107565) _check_extension /opt/stack/neutron/neutron/api/extensions.py:415}}
Jun 18 00:37:36.424164 np0000181693 devstack@neutron-api.service[107568]: DEBUG neutron_lib.callbacks.manager [None req-b197e63a-f004-45ae-8b53-4495fa969b17 None None] Subscribe: > port after_create 55550000, False {{(pid=107568) subscribe /opt/stack/data/venv/lib/python3.12/site-packages/neutron_lib/callbacks/manager.py:52}}
Jun 18 00:37:36.424219 np0000181693 devstack@neutron-api.service[107565]: INFO neutron.api.extensions [None req-674a2e82-9c1c-4035-ba34-5c3e5265f4b8 None None] Loaded extension: allowed-address-pairs
Jun 18 00:37:36.424267 np0000181693 devstack@neutron-api.service[107568]: DEBUG neutron_lib.callbacks.manager [None req-b197e63a-f004-45ae-8b53-4495fa969b17 None None] Subscribe: > port after_update 55550000, False {{(pid=107568) subscribe /opt/stack/data/venv/lib/python3.12/site-packages/neutron_lib/callbacks/manager.py:52}}
Jun 18 00:37:36.424305 np0000181693 devstack@neutron-api.service[107565]: DEBUG neutron.api.extensions [None req-674a2e82-9c1c-4035-ba34-5c3e5265f4b8 None None] Loading extension file: auto_allocated_topology.py {{(pid=107565) _load_all_extensions_from_path /opt/stack/neutron/neutron/api/extensions.py:449}}
Jun 18 00:37:36.424346 np0000181693 devstack@neutron-api.service[107568]: DEBUG neutron_lib.callbacks.manager [None req-b197e63a-f004-45ae-8b53-4495fa969b17 None None] Subscribe: > port after_delete 55550000, False {{(pid=107568) subscribe /opt/stack/data/venv/lib/python3.12/site-packages/neutron_lib/callbacks/manager.py:52}}
Jun 18 00:37:36.424346 np0000181693 devstack@neutron-api.service[107568]: DEBUG neutron_lib.callbacks.manager [None req-b197e63a-f004-45ae-8b53-4495fa969b17 None None] Subscribe: > subnet after_create 55550000, False {{(pid=107568) subscribe /opt/stack/data/venv/lib/python3.12/site-packages/neutron_lib/callbacks/manager.py:52}}
Jun 18 00:37:36.424346 np0000181693 devstack@neutron-api.service[107568]: DEBUG neutron_lib.callbacks.manager [None req-b197e63a-f004-45ae-8b53-4495fa969b17 None None] Subscribe: > subnet after_update 55550000, False {{(pid=107568) subscribe /opt/stack/data/venv/lib/python3.12/site-packages/neutron_lib/callbacks/manager.py:52}}
Jun 18 00:37:36.424462 np0000181693 devstack@neutron-api.service[107565]: DEBUG neutron.api.extensions [None req-674a2e82-9c1c-4035-ba34-5c3e5265f4b8 None None] Ext name="Auto Allocated Topology Services" alias="auto-allocated-topology" description="Auto Allocated Topology Services." updated="2016-01-01T00:00:00-00:00" {{(pid=107565) _check_extension /opt/stack/neutron/neutron/api/extensions.py:415}}
Jun 18 00:37:36.424502 np0000181693 devstack@neutron-api.service[107568]: DEBUG neutron_lib.callbacks.manager [None req-b197e63a-f004-45ae-8b53-4495fa969b17 None None] Subscribe: > subnet after_delete 55550000, False {{(pid=107568) subscribe /opt/stack/data/venv/lib/python3.12/site-packages/neutron_lib/callbacks/manager.py:52}}
Jun 18 00:37:36.424502 np0000181693 devstack@neutron-api.service[107568]: DEBUG neutron_lib.callbacks.manager [None req-b197e63a-f004-45ae-8b53-4495fa969b17 None None] Subscribe: > network after_create 55550000, False {{(pid=107568) subscribe /opt/stack/data/venv/lib/python3.12/site-packages/neutron_lib/callbacks/manager.py:52}}
Jun 18 00:37:36.424502 np0000181693 devstack@neutron-api.service[107568]: DEBUG neutron_lib.callbacks.manager [None req-b197e63a-f004-45ae-8b53-4495fa969b17 None None] Subscribe: > network after_update 55550000, False {{(pid=107568) subscribe /opt/stack/data/venv/lib/python3.12/site-packages/neutron_lib/callbacks/manager.py:52}}
Jun 18 00:37:36.424599 np0000181693 devstack@neutron-api.service[107565]: INFO neutron.api.extensions [None req-674a2e82-9c1c-4035-ba34-5c3e5265f4b8 None None] Loaded extension: auto-allocated-topology
Jun 18 00:37:36.424642 np0000181693 devstack@neutron-api.service[107568]: DEBUG neutron_lib.callbacks.manager [None req-b197e63a-f004-45ae-8b53-4495fa969b17 None None] Subscribe: > network after_delete 55550000, False {{(pid=107568) subscribe /opt/stack/data/venv/lib/python3.12/site-packages/neutron_lib/callbacks/manager.py:52}}
Jun 18 00:37:36.424678 np0000181693 devstack@neutron-api.service[107565]: DEBUG neutron.api.extensions [None req-674a2e82-9c1c-4035-ba34-5c3e5265f4b8 None None] Loading extension file: availability_zone.py {{(pid=107565) _load_all_extensions_from_path /opt/stack/neutron/neutron/api/extensions.py:449}}
Jun 18 00:37:36.424718 np0000181693 devstack@neutron-api.service[107568]: DEBUG neutron_lib.callbacks.manager [None req-b197e63a-f004-45ae-8b53-4495fa969b17 None None] Subscribe: > security_group after_create 55550000, False {{(pid=107568) subscribe /opt/stack/data/venv/lib/python3.12/site-packages/neutron_lib/callbacks/manager.py:52}}
Jun 18 00:37:36.424718 np0000181693 devstack@neutron-api.service[107568]: DEBUG neutron_lib.callbacks.manager [None req-b197e63a-f004-45ae-8b53-4495fa969b17 None None] Subscribe: > security_group after_update 55550000, False {{(pid=107568) subscribe /opt/stack/data/venv/lib/python3.12/site-packages/neutron_lib/callbacks/manager.py:52}}
Jun 18 00:37:36.424718 np0000181693 devstack@neutron-api.service[107568]: DEBUG neutron_lib.callbacks.manager [None req-b197e63a-f004-45ae-8b53-4495fa969b17 None None] Subscribe: > security_group after_delete 55550000, False {{(pid=107568) subscribe /opt/stack/data/venv/lib/python3.12/site-packages/neutron_lib/callbacks/manager.py:52}}
Jun 18 00:37:36.424718 np0000181693 devstack@neutron-api.service[107568]: DEBUG neutron_lib.callbacks.manager [None req-b197e63a-f004-45ae-8b53-4495fa969b17 None None] Subscribe: > security_group_rule after_create 55550000, False {{(pid=107568) subscribe /opt/stack/data/venv/lib/python3.12/site-packages/neutron_lib/callbacks/manager.py:52}}
Jun 18 00:37:36.424874 np0000181693 devstack@neutron-api.service[107565]: DEBUG neutron.api.extensions [None req-674a2e82-9c1c-4035-ba34-5c3e5265f4b8 None None] Ext name="Availability Zone" alias="availability_zone" description="The availability zone extension." updated="2015-01-01T10:00:00-00:00" {{(pid=107565) _check_extension /opt/stack/neutron/neutron/api/extensions.py:415}}
Jun 18 00:37:36.424912 np0000181693 devstack@neutron-api.service[107568]: DEBUG neutron_lib.callbacks.manager [None req-b197e63a-f004-45ae-8b53-4495fa969b17 None None] Subscribe: > security_group_rule after_update 55550000, False {{(pid=107568) subscribe /opt/stack/data/venv/lib/python3.12/site-packages/neutron_lib/callbacks/manager.py:52}}
Jun 18 00:37:36.424912 np0000181693 devstack@neutron-api.service[107568]: DEBUG neutron_lib.callbacks.manager [None req-b197e63a-f004-45ae-8b53-4495fa969b17 None None] Subscribe: > security_group_rule after_delete 55550000, False {{(pid=107568) subscribe /opt/stack/data/venv/lib/python3.12/site-packages/neutron_lib/callbacks/manager.py:52}}
Jun 18 00:37:36.424912 np0000181693 devstack@neutron-api.service[107568]: DEBUG neutron_lib.callbacks.manager [None req-b197e63a-f004-45ae-8b53-4495fa969b17 None None] Subscribe: > address_group after_create 55550000, False {{(pid=107568) subscribe /opt/stack/data/venv/lib/python3.12/site-packages/neutron_lib/callbacks/manager.py:52}}
Jun 18 00:37:36.425010 np0000181693 devstack@neutron-api.service[107565]: INFO neutron.api.extensions [None req-674a2e82-9c1c-4035-ba34-5c3e5265f4b8 None None] Loaded extension: availability_zone
Jun 18 00:37:36.425043 np0000181693 devstack@neutron-api.service[107568]: DEBUG neutron_lib.callbacks.manager [None req-b197e63a-f004-45ae-8b53-4495fa969b17 None None] Subscribe: > address_group after_update 55550000, False {{(pid=107568) subscribe /opt/stack/data/venv/lib/python3.12/site-packages/neutron_lib/callbacks/manager.py:52}}
Jun 18 00:37:36.425043 np0000181693 devstack@neutron-api.service[107568]: DEBUG neutron_lib.callbacks.manager [None req-b197e63a-f004-45ae-8b53-4495fa969b17 None None] Subscribe: > address_group after_delete 55550000, False {{(pid=107568) subscribe /opt/stack/data/venv/lib/python3.12/site-packages/neutron_lib/callbacks/manager.py:52}}
Jun 18 00:37:36.425156 np0000181693 devstack@neutron-api.service[107565]: DEBUG neutron.api.extensions [None req-674a2e82-9c1c-4035-ba34-5c3e5265f4b8 None None] Loading extension file: availability_zone_filter.py {{(pid=107565) _load_all_extensions_from_path /opt/stack/neutron/neutron/api/extensions.py:449}}
Jun 18 00:37:36.425223 np0000181693 devstack@neutron-api.service[107568]: DEBUG neutron.plugins.ml2.ovo_rpc [None req-b197e63a-f004-45ae-8b53-4495fa969b17 None None] ML2 OVO RPC backend initialized. {{(pid=107568) __init__ /opt/stack/neutron/neutron/plugins/ml2/ovo_rpc.py:117}}
Jun 18 00:37:36.425273 np0000181693 devstack@neutron-api.service[107565]: DEBUG neutron.api.extensions [None req-674a2e82-9c1c-4035-ba34-5c3e5265f4b8 None None] Ext name="Availability Zone Filter Extension" alias="availability_zone_filter" description="Add filter parameters to AvailabilityZone resource" updated="2018-06-22T10:00:00-00:00" {{(pid=107565) _check_extension /opt/stack/neutron/neutron/api/extensions.py:415}}
Jun 18 00:37:36.425273 np0000181693 devstack@neutron-api.service[107565]: INFO neutron.api.extensions [None req-674a2e82-9c1c-4035-ba34-5c3e5265f4b8 None None] Extension availability_zone_filter not supported by any of loaded plugins
Jun 18 00:37:36.425730 np0000181693 devstack@neutron-api.service[107565]: DEBUG neutron.api.extensions [None req-674a2e82-9c1c-4035-ba34-5c3e5265f4b8 None None] Loading extension file: data_plane_status.py {{(pid=107565) _load_all_extensions_from_path /opt/stack/neutron/neutron/api/extensions.py:449}}
Jun 18 00:37:36.425807 np0000181693 devstack@neutron-api.service[107568]: INFO neutron.quota [None req-b197e63a-f004-45ae-8b53-4495fa969b17 None None] Loaded quota_driver: .
Jun 18 00:37:36.425807 np0000181693 devstack@neutron-api.service[107568]: INFO neutron.plugins.ml2.plugin [None req-b197e63a-f004-45ae-8b53-4495fa969b17 None None] Modular L2 Plugin initialization complete
Jun 18 00:37:36.425940 np0000181693 devstack@neutron-api.service[107565]: DEBUG neutron.api.extensions [None req-674a2e82-9c1c-4035-ba34-5c3e5265f4b8 None None] Ext name="Port data plane status extension" alias="data-plane-status" description="Expose status of underlying data plane" updated="2017-01-24T10:00:00-00:00" {{(pid=107565) _check_extension /opt/stack/neutron/neutron/api/extensions.py:415}}
Jun 18 00:37:36.426022 np0000181693 devstack@neutron-api.service[107568]: DEBUG neutron.manager [None req-b197e63a-f004-45ae-8b53-4495fa969b17 None None] Loading services supported by the core plugin {{(pid=107568) _load_services_from_core_plugin /opt/stack/neutron/neutron/manager.py:170}}
Jun 18 00:37:36.426022 np0000181693 devstack@neutron-api.service[107568]: INFO neutron.plugins.ml2.managers [None req-b197e63a-f004-45ae-8b53-4495fa969b17 None None] Got port-security extension from driver 'port_security'
Jun 18 00:37:36.426163 np0000181693 devstack@neutron-api.service[107565]: INFO neutron.api.extensions [None req-674a2e82-9c1c-4035-ba34-5c3e5265f4b8 None None] Extension data-plane-status not supported by any of loaded plugins
Jun 18 00:37:36.426163 np0000181693 devstack@neutron-api.service[107565]: DEBUG neutron.api.extensions [None req-674a2e82-9c1c-4035-ba34-5c3e5265f4b8 None None] Loading extension file: default_subnetpools.py {{(pid=107565) _load_all_extensions_from_path /opt/stack/neutron/neutron/api/extensions.py:449}}
Jun 18 00:37:36.426312 np0000181693 devstack@neutron-api.service[107568]: DEBUG neutron.manager [None req-b197e63a-f004-45ae-8b53-4495fa969b17 None None] Loading service plugins: ['ovn-router', 'auto_allocate', 'tag', 'timestamp', 'network_ip_availability', 'flavors', 'revisions'] {{(pid=107568) _load_service_plugins /opt/stack/neutron/neutron/manager.py:195}}
Jun 18 00:37:36.426312 np0000181693 devstack@neutron-api.service[107568]: INFO neutron.manager [None req-b197e63a-f004-45ae-8b53-4495fa969b17 None None] Loading Plugin: ovn-router
Jun 18 00:37:36.426465 np0000181693 devstack@neutron-api.service[107565]: DEBUG neutron.api.extensions [None req-674a2e82-9c1c-4035-ba34-5c3e5265f4b8 None None] Ext name="Default Subnetpools" alias="default-subnetpools" description="Provides ability to mark and use a subnetpool as the default." updated="2016-02-18T18:00:00-00:00" {{(pid=107565) _check_extension /opt/stack/neutron/neutron/api/extensions.py:415}}
Jun 18 00:37:36.426696 np0000181693 devstack@neutron-api.service[107565]: INFO neutron.api.extensions [None req-674a2e82-9c1c-4035-ba34-5c3e5265f4b8 None None] Loaded extension: default-subnetpools
Jun 18 00:37:36.426815 np0000181693 devstack@neutron-api.service[107565]: DEBUG neutron.api.extensions [None req-674a2e82-9c1c-4035-ba34-5c3e5265f4b8 None None] Loading extension file: dhcpagentscheduler.py {{(pid=107565) _load_all_extensions_from_path /opt/stack/neutron/neutron/api/extensions.py:449}}
Jun 18 00:37:36.436575 np0000181693 devstack@neutron-api.service[107568]: DEBUG neutron_lib.callbacks.manager [None req-b197e63a-f004-45ae-8b53-4495fa969b17 None None] Subscribe: > router before_delete 55550000, False {{(pid=107568) subscribe /opt/stack/data/venv/lib/python3.12/site-packages/neutron_lib/callbacks/manager.py:52}}
Jun 18 00:37:36.436828 np0000181693 devstack@neutron-api.service[107568]: DEBUG neutron_lib.callbacks.manager [None req-b197e63a-f004-45ae-8b53-4495fa969b17 None None] Subscribe: port before_update 55550000, False {{(pid=107568) subscribe /opt/stack/data/venv/lib/python3.12/site-packages/neutron_lib/callbacks/manager.py:52}}
Jun 18 00:37:36.436828 np0000181693 devstack@neutron-api.service[107568]: DEBUG neutron_lib.callbacks.manager [None req-b197e63a-f004-45ae-8b53-4495fa969b17 None None] Subscribe: port after_update 55550000, False {{(pid=107568) subscribe /opt/stack/data/venv/lib/python3.12/site-packages/neutron_lib/callbacks/manager.py:52}}
Jun 18 00:37:36.436828 np0000181693 devstack@neutron-api.service[107568]: DEBUG neutron_lib.callbacks.manager [None req-b197e63a-f004-45ae-8b53-4495fa969b17 None None] Subscribe: > port precommit_delete 55550000, False {{(pid=107568) subscribe /opt/stack/data/venv/lib/python3.12/site-packages/neutron_lib/callbacks/manager.py:52}}
Jun 18 00:37:36.437046 np0000181693 devstack@neutron-api.service[107568]: DEBUG neutron_lib.callbacks.manager [None req-b197e63a-f004-45ae-8b53-4495fa969b17 None None] Subscribe: port before_update 55550000, False {{(pid=107568) subscribe /opt/stack/data/venv/lib/python3.12/site-packages/neutron_lib/callbacks/manager.py:52}}
Jun 18 00:37:36.437046 np0000181693 devstack@neutron-api.service[107568]: DEBUG neutron_lib.callbacks.manager [None req-b197e63a-f004-45ae-8b53-4495fa969b17 None None] Subscribe: port before_delete 55550000, False {{(pid=107568) subscribe /opt/stack/data/venv/lib/python3.12/site-packages/neutron_lib/callbacks/manager.py:52}}
Jun 18 00:37:36.437283 np0000181693 devstack@neutron-api.service[107568]: DEBUG neutron_lib.callbacks.manager [None req-b197e63a-f004-45ae-8b53-4495fa969b17 None None] Subscribe: > router precommit_create 55550000, False {{(pid=107568) subscribe /opt/stack/data/venv/lib/python3.12/site-packages/neutron_lib/callbacks/manager.py:52}}
Jun 18 00:37:36.437283 np0000181693 devstack@neutron-api.service[107568]: DEBUG neutron_lib.callbacks.manager [None req-b197e63a-f004-45ae-8b53-4495fa969b17 None None] Subscribe: > router precommit_create 55550000, False {{(pid=107568) subscribe /opt/stack/data/venv/lib/python3.12/site-packages/neutron_lib/callbacks/manager.py:52}}
Jun 18 00:37:36.437401 np0000181693 devstack@neutron-api.service[107568]: DEBUG neutron_lib.callbacks.manager [None req-b197e63a-f004-45ae-8b53-4495fa969b17 None None] Subscribe: > router precommit_update 55550000, False {{(pid=107568) subscribe /opt/stack/data/venv/lib/python3.12/site-packages/neutron_lib/callbacks/manager.py:52}}
Jun 18 00:37:36.437506 np0000181693 devstack@neutron-api.service[107568]: DEBUG neutron_lib.callbacks.manager [None req-b197e63a-f004-45ae-8b53-4495fa969b17 None None] Subscribe: subnet after_update 55550000, False {{(pid=107568) subscribe /opt/stack/data/venv/lib/python3.12/site-packages/neutron_lib/callbacks/manager.py:52}}
Jun 18 00:37:36.437704 np0000181693 devstack@neutron-api.service[107568]: DEBUG neutron.quota.resource_registry [None req-b197e63a-f004-45ae-8b53-4495fa969b17 None None] Tracking information for resource: router configured {{(pid=107568) set_tracked_resource /opt/stack/neutron/neutron/quota/resource_registry.py:203}}
Jun 18 00:37:36.437796 np0000181693 devstack@neutron-api.service[107568]: DEBUG neutron.quota.resource_registry [None req-b197e63a-f004-45ae-8b53-4495fa969b17 None None] Tracking information for resource: floatingip configured {{(pid=107568) set_tracked_resource /opt/stack/neutron/neutron/quota/resource_registry.py:203}}
Jun 18 00:37:36.437874 np0000181693 devstack@neutron-api.service[107568]: INFO neutron.services.ovn_l3.plugin [None req-b197e63a-f004-45ae-8b53-4495fa969b17 None None] Starting OVNL3RouterPlugin
Jun 18 00:37:36.438265 np0000181693 devstack@neutron-api.service[107568]: DEBUG neutron_lib.callbacks.manager [None req-b197e63a-f004-45ae-8b53-4495fa969b17 None None] Subscribe: > port_forwarding_plugin after_init 55550000, False {{(pid=107568) subscribe /opt/stack/data/venv/lib/python3.12/site-packages/neutron_lib/callbacks/manager.py:52}}
Jun 18 00:37:36.438455 np0000181693 devstack@neutron-api.service[107568]: DEBUG neutron_lib.callbacks.manager [None req-b197e63a-f004-45ae-8b53-4495fa969b17 None None] Subscribe: > router before_create 55550100, False {{(pid=107568) subscribe /opt/stack/data/venv/lib/python3.12/site-packages/neutron_lib/callbacks/manager.py:52}}
Jun 18 00:37:36.438546 np0000181693 devstack@neutron-api.service[107568]: DEBUG neutron_lib.callbacks.manager [None req-b197e63a-f004-45ae-8b53-4495fa969b17 None None] Subscribe: > router precommit_delete 55550100, False {{(pid=107568) subscribe /opt/stack/data/venv/lib/python3.12/site-packages/neutron_lib/callbacks/manager.py:52}}
Jun 18 00:37:36.438665 np0000181693 devstack@neutron-api.service[107568]: DEBUG neutron_lib.callbacks.manager [None req-b197e63a-f004-45ae-8b53-4495fa969b17 None None] Subscribe: > router precommit_create 55550100, False {{(pid=107568) subscribe /opt/stack/data/venv/lib/python3.12/site-packages/neutron_lib/callbacks/manager.py:52}}
Jun 18 00:37:36.438748 np0000181693 devstack@neutron-api.service[107568]: DEBUG neutron_lib.callbacks.manager [None req-b197e63a-f004-45ae-8b53-4495fa969b17 None None] Subscribe: > router precommit_update 55550100, False {{(pid=107568) subscribe /opt/stack/data/venv/lib/python3.12/site-packages/neutron_lib/callbacks/manager.py:52}}
Jun 18 00:37:36.442249 np0000181693 devstack@neutron-api.service[107568]: DEBUG neutron.services.provider_configuration [None req-b197e63a-f004-45ae-8b53-4495fa969b17 None None] Service providers = [] {{(pid=107568) parse_service_provider_opt /opt/stack/neutron/neutron/services/provider_configuration.py:170}}
Jun 18 00:37:36.442345 np0000181693 devstack@neutron-api.service[107568]: DEBUG neutron.db.servicetype_db [None req-b197e63a-f004-45ae-8b53-4495fa969b17 None None] Adding provider configuration for service L3_ROUTER_NAT {{(pid=107568) add_provider_configuration /opt/stack/neutron/neutron/db/servicetype_db.py:45}}
Jun 18 00:37:36.443580 np0000181693 devstack@neutron-api.service[107568]: DEBUG neutron_lib.callbacks.manager [None req-b197e63a-f004-45ae-8b53-4495fa969b17 None None] Subscribe: > router precommit_create 55549900, False {{(pid=107568) subscribe /opt/stack/data/venv/lib/python3.12/site-packages/neutron_lib/callbacks/manager.py:52}}
Jun 18 00:37:36.443701 np0000181693 devstack@neutron-api.service[107568]: DEBUG neutron_lib.callbacks.manager [None req-b197e63a-f004-45ae-8b53-4495fa969b17 None None] Subscribe: > router_interface after_create 55550000, False {{(pid=107568) subscribe /opt/stack/data/venv/lib/python3.12/site-packages/neutron_lib/callbacks/manager.py:52}}
Jun 18 00:37:36.443812 np0000181693 devstack@neutron-api.service[107568]: DEBUG neutron_lib.callbacks.manager [None req-b197e63a-f004-45ae-8b53-4495fa969b17 None None] Subscribe: > floatingip after_create 55550000, False {{(pid=107568) subscribe /opt/stack/data/venv/lib/python3.12/site-packages/neutron_lib/callbacks/manager.py:52}}
Jun 18 00:37:36.443917 np0000181693 devstack@neutron-api.service[107568]: DEBUG neutron_lib.callbacks.manager [None req-b197e63a-f004-45ae-8b53-4495fa969b17 None None] Subscribe: > floatingip precommit_create 55550000, False {{(pid=107568) subscribe /opt/stack/data/venv/lib/python3.12/site-packages/neutron_lib/callbacks/manager.py:52}}
Jun 18 00:37:36.444008 np0000181693 devstack@neutron-api.service[107568]: DEBUG neutron_lib.callbacks.manager [None req-b197e63a-f004-45ae-8b53-4495fa969b17 None None] Subscribe: > floatingip precommit_update 55550000, False {{(pid=107568) subscribe /opt/stack/data/venv/lib/python3.12/site-packages/neutron_lib/callbacks/manager.py:52}}
Jun 18 00:37:36.444112 np0000181693 devstack@neutron-api.service[107568]: DEBUG neutron_lib.callbacks.manager [None req-b197e63a-f004-45ae-8b53-4495fa969b17 None None] Subscribe: > floatingip after_delete 55550000, False {{(pid=107568) subscribe /opt/stack/data/venv/lib/python3.12/site-packages/neutron_lib/callbacks/manager.py:52}}
Jun 18 00:37:36.444233 np0000181693 devstack@neutron-api.service[107568]: DEBUG neutron_lib.callbacks.manager [None req-b197e63a-f004-45ae-8b53-4495fa969b17 None None] Subscribe: > floatingip after_status_update 55550000, False {{(pid=107568) subscribe /opt/stack/data/venv/lib/python3.12/site-packages/neutron_lib/callbacks/manager.py:52}}
Jun 18 00:37:36.444332 np0000181693 devstack@neutron-api.service[107568]: DEBUG neutron_lib.callbacks.manager [None req-b197e63a-f004-45ae-8b53-4495fa969b17 None None] Subscribe: > floatingip after_update 55550000, False {{(pid=107568) subscribe /opt/stack/data/venv/lib/python3.12/site-packages/neutron_lib/callbacks/manager.py:52}}
Jun 18 00:37:36.444434 np0000181693 devstack@neutron-api.service[107568]: DEBUG neutron_lib.callbacks.manager [None req-b197e63a-f004-45ae-8b53-4495fa969b17 None None] Subscribe: > port_forwarding after_create 55550000, False {{(pid=107568) subscribe /opt/stack/data/venv/lib/python3.12/site-packages/neutron_lib/callbacks/manager.py:52}}
Jun 18 00:37:36.444536 np0000181693 devstack@neutron-api.service[107568]: DEBUG neutron_lib.callbacks.manager [None req-b197e63a-f004-45ae-8b53-4495fa969b17 None None] Subscribe: > router_interface after_delete 55550000, False {{(pid=107568) subscribe /opt/stack/data/venv/lib/python3.12/site-packages/neutron_lib/callbacks/manager.py:52}}
Jun 18 00:37:36.444637 np0000181693 devstack@neutron-api.service[107568]: DEBUG neutron_lib.callbacks.manager [None req-b197e63a-f004-45ae-8b53-4495fa969b17 None None] Subscribe: > router after_create 55550000, False {{(pid=107568) subscribe /opt/stack/data/venv/lib/python3.12/site-packages/neutron_lib/callbacks/manager.py:52}}
Jun 18 00:37:36.444740 np0000181693 devstack@neutron-api.service[107568]: DEBUG neutron_lib.callbacks.manager [None req-b197e63a-f004-45ae-8b53-4495fa969b17 None None] Subscribe: > router precommit_create 55550000, False {{(pid=107568) subscribe /opt/stack/data/venv/lib/python3.12/site-packages/neutron_lib/callbacks/manager.py:52}}
Jun 18 00:37:36.444840 np0000181693 devstack@neutron-api.service[107568]: DEBUG neutron_lib.callbacks.manager [None req-b197e63a-f004-45ae-8b53-4495fa969b17 None None] Subscribe: > router after_delete 55550000, False {{(pid=107568) subscribe /opt/stack/data/venv/lib/python3.12/site-packages/neutron_lib/callbacks/manager.py:52}}
Jun 18 00:37:36.444942 np0000181693 devstack@neutron-api.service[107568]: DEBUG neutron_lib.callbacks.manager [None req-b197e63a-f004-45ae-8b53-4495fa969b17 None None] Subscribe: > router after_update 55550000, False {{(pid=107568) subscribe /opt/stack/data/venv/lib/python3.12/site-packages/neutron_lib/callbacks/manager.py:52}}
Jun 18 00:37:36.445055 np0000181693 devstack@neutron-api.service[107568]: DEBUG neutron.services.service_base [None req-b197e63a-f004-45ae-8b53-4495fa969b17 None None] Loaded 'neutron.services.ovn_l3.service_providers.ovn.OvnDriver' provider for service L3_ROUTER_NAT {{(pid=107568) load_drivers /opt/stack/neutron/neutron/services/service_base.py:49}}
Jun 18 00:37:36.445202 np0000181693 devstack@neutron-api.service[107568]: DEBUG neutron_lib.callbacks.manager [None req-b197e63a-f004-45ae-8b53-4495fa969b17 None None] Subscribe: > process after_init 55550001, True {{(pid=107568) subscribe /opt/stack/data/venv/lib/python3.12/site-packages/neutron_lib/callbacks/manager.py:52}}
Jun 18 00:37:36.445345 np0000181693 devstack@neutron-api.service[107568]: DEBUG neutron.manager [None req-b197e63a-f004-45ae-8b53-4495fa969b17 None None] Successfully loaded L3_ROUTER_NAT plugin. Description: L3 Router Service Plugin for basic L3 forwarding using OVN {{(pid=107568) _create_and_add_service_plugin /opt/stack/neutron/neutron/manager.py:239}}
Jun 18 00:37:36.445432 np0000181693 devstack@neutron-api.service[107568]: INFO neutron.manager [None req-b197e63a-f004-45ae-8b53-4495fa969b17 None None] Loading Plugin: auto_allocate
Jun 18 00:37:36.446405 np0000181693 devstack@neutron-api.service[107568]: DEBUG neutron_lib.callbacks.manager [None req-b197e63a-f004-45ae-8b53-4495fa969b17 None None] Subscribe: network precommit_update 55550000, False {{(pid=107568) subscribe /opt/stack/data/venv/lib/python3.12/site-packages/neutron_lib/callbacks/manager.py:52}}
Jun 18 00:37:36.446510 np0000181693 devstack@neutron-api.service[107568]: DEBUG neutron_lib.callbacks.manager [None req-b197e63a-f004-45ae-8b53-4495fa969b17 None None] Subscribe: network precommit_create 55550000, False {{(pid=107568) subscribe /opt/stack/data/venv/lib/python3.12/site-packages/neutron_lib/callbacks/manager.py:52}}
Jun 18 00:37:36.446722 np0000181693 devstack@neutron-api.service[107568]: DEBUG neutron.manager [None req-b197e63a-f004-45ae-8b53-4495fa969b17 None None] Successfully loaded auto-allocated-topology plugin. Description: Auto Allocated Topology - aka get me a network. {{(pid=107568) _create_and_add_service_plugin /opt/stack/neutron/neutron/manager.py:239}}
Jun 18 00:37:36.446806 np0000181693 devstack@neutron-api.service[107568]: INFO neutron.manager [None req-b197e63a-f004-45ae-8b53-4495fa969b17 None None] Loading Plugin: tag
