Jun 17 14:26:52.228270 np0000181149 devstack@neutron-api.service[108163]: DEBUG neutron.services.service_base [None req-2a4c0766-d7a1-4f3b-9f65-3d095d3457b2 None None] Loaded 'neutron.services.ovn_l3.service_providers.ovn.OvnDriver' provider for service L3_ROUTER_NAT {{(pid=108163) load_drivers /opt/stack/neutron/neutron/services/service_base.py:49}}
Jun 17 14:26:52.228270 np0000181149 devstack@neutron-api.service[108163]: DEBUG neutron_lib.callbacks.manager [None req-2a4c0766-d7a1-4f3b-9f65-3d095d3457b2 None None] Subscribe: > process after_init 55550001, True {{(pid=108163) subscribe /opt/stack/data/venv/lib/python3.12/site-packages/neutron_lib/callbacks/manager.py:52}}
Jun 17 14:26:52.228435 np0000181149 devstack@neutron-api.service[108165]: DEBUG neutron.api.extensions [None req-3ea39aa9-07de-4f99-9daa-f11989accaa0 None None] Ext name="Stateful security group" alias="stateful-security-group" description="Indicates if the security group is stateful or not" updated="2019-11-26T09:00:00-00:00" {{(pid=108165) _check_extension /opt/stack/neutron/neutron/api/extensions.py:415}}
Jun 17 14:26:52.228532 np0000181149 devstack@neutron-api.service[108163]: DEBUG neutron.manager [None req-2a4c0766-d7a1-4f3b-9f65-3d095d3457b2 None None] Successfully loaded L3_ROUTER_NAT plugin. Description: L3 Router Service Plugin for basic L3 forwarding using OVN {{(pid=108163) _create_and_add_service_plugin /opt/stack/neutron/neutron/manager.py:239}}
Jun 17 14:26:52.228532 np0000181149 devstack@neutron-api.service[108163]: INFO neutron.manager [None req-2a4c0766-d7a1-4f3b-9f65-3d095d3457b2 None None] Loading Plugin: auto_allocate
Jun 17 14:26:52.228643 np0000181149 devstack@neutron-api.service[108165]: INFO neutron.api.extensions [None req-3ea39aa9-07de-4f99-9daa-f11989accaa0 None None] Loaded extension: stateful-security-group
Jun 17 14:26:52.228643 np0000181149 devstack@neutron-api.service[108165]: DEBUG neutron.api.extensions [None req-3ea39aa9-07de-4f99-9daa-f11989accaa0 None None] Loading extension file: stdattrs_common.py {{(pid=108165) _load_all_extensions_from_path /opt/stack/neutron/neutron/api/extensions.py:449}}
Jun 17 14:26:52.228643 np0000181149 devstack@neutron-api.service[108165]: WARNING neutron.api.extensions [None req-3ea39aa9-07de-4f99-9daa-f11989accaa0 None None] Did not find expected name "Stdattrs_common" in /opt/stack/neutron/neutron/extensions/stdattrs_common.py
Jun 17 14:26:52.228643 np0000181149 devstack@neutron-api.service[108165]: DEBUG neutron.api.extensions [None req-3ea39aa9-07de-4f99-9daa-f11989accaa0 None None] Loading extension file: subnet_dns_publish_fixed_ip.py {{(pid=108165) _load_all_extensions_from_path /opt/stack/neutron/neutron/api/extensions.py:449}}
Jun 17 14:26:52.228643 np0000181149 devstack@neutron-api.service[108165]: DEBUG neutron.api.extensions [None req-3ea39aa9-07de-4f99-9daa-f11989accaa0 None None] Ext name="Subnet DNS publish fixed IP" alias="subnet-dns-publish-fixed-ip" description="Support choosing to publish DNS records for IPs from a subnet" updated="2019-05-24T10:00:00-00:00" {{(pid=108165) _check_extension /opt/stack/neutron/neutron/api/extensions.py:415}}
Jun 17 14:26:52.228643 np0000181149 devstack@neutron-api.service[108165]: INFO neutron.api.extensions [None req-3ea39aa9-07de-4f99-9daa-f11989accaa0 None None] Loaded extension: subnet-dns-publish-fixed-ip
Jun 17 14:26:52.228853 np0000181149 devstack@neutron-api.service[108163]: DEBUG neutron_lib.callbacks.manager [None req-2a4c0766-d7a1-4f3b-9f65-3d095d3457b2 None None] Subscribe: network precommit_update 55550000, False {{(pid=108163) subscribe /opt/stack/data/venv/lib/python3.12/site-packages/neutron_lib/callbacks/manager.py:52}}
Jun 17 14:26:52.228949 np0000181149 devstack@neutron-api.service[108165]: DEBUG neutron.api.extensions [None req-3ea39aa9-07de-4f99-9daa-f11989accaa0 None None] Loading extension file: subnet_external_network.py {{(pid=108165) _load_all_extensions_from_path /opt/stack/neutron/neutron/api/extensions.py:449}}
Jun 17 14:26:52.229047 np0000181149 devstack@neutron-api.service[108163]: DEBUG neutron_lib.callbacks.manager [None req-2a4c0766-d7a1-4f3b-9f65-3d095d3457b2 None None] Subscribe: network precommit_create 55550000, False {{(pid=108163) subscribe /opt/stack/data/venv/lib/python3.12/site-packages/neutron_lib/callbacks/manager.py:52}}
Jun 17 14:26:52.229208 np0000181149 devstack@neutron-api.service[108165]: DEBUG neutron.api.extensions [None req-3ea39aa9-07de-4f99-9daa-f11989accaa0 None None] Ext name="Subnet belongs to an external network" alias="subnet-external-network" description="Informs if the subnet belongs to an external network" updated="2024-02-05T18:00:00-00:00" {{(pid=108165) _check_extension /opt/stack/neutron/neutron/api/extensions.py:415}}
Jun 17 14:26:52.229315 np0000181149 devstack@neutron-api.service[108163]: DEBUG neutron.manager [None req-2a4c0766-d7a1-4f3b-9f65-3d095d3457b2 None None] Successfully loaded auto-allocated-topology plugin. Description: Auto Allocated Topology - aka get me a network. {{(pid=108163) _create_and_add_service_plugin /opt/stack/neutron/neutron/manager.py:239}}
Jun 17 14:26:52.229315 np0000181149 devstack@neutron-api.service[108163]: INFO neutron.manager [None req-2a4c0766-d7a1-4f3b-9f65-3d095d3457b2 None None] Loading Plugin: tag
Jun 17 14:26:52.230501 np0000181149 devstack@neutron-api.service[108165]: INFO neutron.api.extensions [None req-3ea39aa9-07de-4f99-9daa-f11989accaa0 None None] Loaded extension: subnet-external-network
Jun 17 14:26:52.230501 np0000181149 devstack@neutron-api.service[108165]: DEBUG neutron.api.extensions [None req-3ea39aa9-07de-4f99-9daa-f11989accaa0 None None] Loading extension file: subnet_onboard.py {{(pid=108165) _load_all_extensions_from_path /opt/stack/neutron/neutron/api/extensions.py:449}}
Jun 17 14:26:52.230501 np0000181149 devstack@neutron-api.service[108165]: DEBUG neutron.api.extensions [None req-3ea39aa9-07de-4f99-9daa-f11989accaa0 None None] Ext name="Subnet Onboard" alias="subnet_onboard" description="Provides support for onboarding subnets into subnet pools" updated="2018-12-18T09:00:00-00:00" {{(pid=108165) _check_extension /opt/stack/neutron/neutron/api/extensions.py:415}}
Jun 17 14:26:52.230501 np0000181149 devstack@neutron-api.service[108165]: INFO neutron.api.extensions [None req-3ea39aa9-07de-4f99-9daa-f11989accaa0 None None] Loaded extension: subnet_onboard
Jun 17 14:26:52.230501 np0000181149 devstack@neutron-api.service[108165]: DEBUG neutron.api.extensions [None req-3ea39aa9-07de-4f99-9daa-f11989accaa0 None None] Loading extension file: subnet_segmentid_writable.py {{(pid=108165) _load_all_extensions_from_path /opt/stack/neutron/neutron/api/extensions.py:449}}
Jun 17 14:26:52.230501 np0000181149 devstack@neutron-api.service[108165]: DEBUG neutron.api.extensions [None req-3ea39aa9-07de-4f99-9daa-f11989accaa0 None None] Ext name="Subnet SegmentID (writable)" alias="subnet-segmentid-writable" description="Provides a writable segment_id attribute for a subnet resource." updated="2018-03-12T00:00:00-00:00" {{(pid=108165) _check_extension /opt/stack/neutron/neutron/api/extensions.py:415}}
Jun 17 14:26:52.230501 np0000181149 devstack@neutron-api.service[108165]: INFO neutron.api.extensions [None req-3ea39aa9-07de-4f99-9daa-f11989accaa0 None None] Extension subnet-segmentid-writable not supported by any of loaded plugins
Jun 17 14:26:52.230755 np0000181149 devstack@neutron-api.service[108165]: DEBUG neutron.api.extensions [None req-3ea39aa9-07de-4f99-9daa-f11989accaa0 None None] Loading extension file: subnet_service_types.py {{(pid=108165) _load_all_extensions_from_path /opt/stack/neutron/neutron/api/extensions.py:449}}
Jun 17 14:26:52.230755 np0000181149 devstack@neutron-api.service[108165]: DEBUG neutron.api.extensions [None req-3ea39aa9-07de-4f99-9daa-f11989accaa0 None None] Ext name="Subnet service types" alias="subnet-service-types" description="Provides ability to set the subnet service_types field" updated="2016-03-15T18:00:00-00:00" {{(pid=108165) _check_extension /opt/stack/neutron/neutron/api/extensions.py:415}}
Jun 17 14:26:52.230755 np0000181149 devstack@neutron-api.service[108165]: INFO neutron.api.extensions [None req-3ea39aa9-07de-4f99-9daa-f11989accaa0 None None] Loaded extension: subnet-service-types
Jun 17 14:26:52.230755 np0000181149 devstack@neutron-api.service[108165]: DEBUG neutron.api.extensions [None req-3ea39aa9-07de-4f99-9daa-f11989accaa0 None None] Loading extension file: subnetallocation.py {{(pid=108165) _load_all_extensions_from_path /opt/stack/neutron/neutron/api/extensions.py:449}}
Jun 17 14:26:52.230755 np0000181149 devstack@neutron-api.service[108165]: DEBUG neutron.api.extensions [None req-3ea39aa9-07de-4f99-9daa-f11989accaa0 None None] Ext name="Subnet Allocation" alias="subnet_allocation" description="Enables allocation of subnets from a subnet pool" updated="2015-03-30T10:00:00-00:00" {{(pid=108165) _check_extension /opt/stack/neutron/neutron/api/extensions.py:415}}
Jun 17 14:26:52.230755 np0000181149 devstack@neutron-api.service[108165]: INFO neutron.api.extensions [None req-3ea39aa9-07de-4f99-9daa-f11989accaa0 None None] Loaded extension: subnet_allocation
Jun 17 14:26:52.230755 np0000181149 devstack@neutron-api.service[108165]: DEBUG neutron.api.extensions [None req-3ea39aa9-07de-4f99-9daa-f11989accaa0 None None] Loading extension file: subnetpool_prefix_ops.py {{(pid=108165) _load_all_extensions_from_path /opt/stack/neutron/neutron/api/extensions.py:449}}
Jun 17 14:26:52.231031 np0000181149 devstack@neutron-api.service[108165]: DEBUG neutron.api.extensions [None req-3ea39aa9-07de-4f99-9daa-f11989accaa0 None None] Ext name="Subnet Pool Prefix Operations" alias="subnetpool-prefix-ops" description="Provides support for adjusting the prefix list of subnet pools" updated="2019-02-08T10:00:00-00:00" {{(pid=108165) _check_extension /opt/stack/neutron/neutron/api/extensions.py:415}}
Jun 17 14:26:52.231132 np0000181149 devstack@neutron-api.service[108163]: DEBUG neutron.manager [None req-2a4c0766-d7a1-4f3b-9f65-3d095d3457b2 None None] Successfully loaded TAG plugin. Description: Tag support {{(pid=108163) _create_and_add_service_plugin /opt/stack/neutron/neutron/manager.py:239}}
Jun 17 14:26:52.231443 np0000181149 devstack@neutron-api.service[108165]: INFO neutron.api.extensions [None req-3ea39aa9-07de-4f99-9daa-f11989accaa0 None None] Loaded extension: subnetpool-prefix-ops
Jun 17 14:26:52.231566 np0000181149 devstack@neutron-api.service[108163]: INFO neutron.manager [None req-2a4c0766-d7a1-4f3b-9f65-3d095d3457b2 None None] Loading Plugin: timestamp
Jun 17 14:26:52.231659 np0000181149 devstack@neutron-api.service[108165]: DEBUG neutron.api.extensions [None req-3ea39aa9-07de-4f99-9daa-f11989accaa0 None None] Loading extension file: tag_creation.py {{(pid=108165) _load_all_extensions_from_path /opt/stack/neutron/neutron/api/extensions.py:449}}
Jun 17 14:26:52.231659 np0000181149 devstack@neutron-api.service[108165]: DEBUG neutron.api.extensions [None req-3ea39aa9-07de-4f99-9daa-f11989accaa0 None None] Ext name="Tag creation extension" alias="tag-creation" description="Allow to create multiple tags for a resource" updated="2024-23-07T10:00:00-00:00" {{(pid=108165) _check_extension /opt/stack/neutron/neutron/api/extensions.py:415}}
Jun 17 14:26:52.231659 np0000181149 devstack@neutron-api.service[108165]: INFO neutron.api.extensions [None req-3ea39aa9-07de-4f99-9daa-f11989accaa0 None None] Loaded extension: tag-creation
Jun 17 14:26:52.231659 np0000181149 devstack@neutron-api.service[108165]: DEBUG neutron.api.extensions [None req-3ea39aa9-07de-4f99-9daa-f11989accaa0 None None] Loading extension file: tag_ports_during_bulk_creation.py {{(pid=108165) _load_all_extensions_from_path /opt/stack/neutron/neutron/api/extensions.py:449}}
Jun 17 14:26:52.231869 np0000181149 devstack@neutron-api.service[108165]: DEBUG neutron.api.extensions [None req-3ea39aa9-07de-4f99-9daa-f11989accaa0 None None] Ext name="Tag Ports During Bulk Creation" alias="tag-ports-during-bulk-creation" description="Allow to tag ports during bulk creation" updated="2019-12-29T19:00:00-00:00" {{(pid=108165) _check_extension /opt/stack/neutron/neutron/api/extensions.py:415}}
Jun 17 14:26:52.231969 np0000181149 devstack@neutron-api.service[108165]: INFO neutron.api.extensions [None req-3ea39aa9-07de-4f99-9daa-f11989accaa0 None None] Extension tag-ports-during-bulk-creation not supported by any of loaded plugins
Jun 17 14:26:52.231969 np0000181149 devstack@neutron-api.service[108165]: DEBUG neutron.api.extensions [None req-3ea39aa9-07de-4f99-9daa-f11989accaa0 None None] Loading extension file: tagging.py {{(pid=108165) _load_all_extensions_from_path /opt/stack/neutron/neutron/api/extensions.py:449}}
Jun 17 14:26:52.232195 np0000181149 devstack@neutron-api.service[108163]: DEBUG neutron.manager [None req-2a4c0766-d7a1-4f3b-9f65-3d095d3457b2 None None] Successfully loaded timestamp plugin. Description: Adds timestamps to Neutron resources with standard attributes {{(pid=108163) _create_and_add_service_plugin /opt/stack/neutron/neutron/manager.py:239}}
Jun 17 14:26:52.232290 np0000181149 devstack@neutron-api.service[108163]: INFO neutron.manager [None req-2a4c0766-d7a1-4f3b-9f65-3d095d3457b2 None None] Loading Plugin: network_ip_availability
Jun 17 14:26:52.233172 np0000181149 devstack@neutron-api.service[108165]: DEBUG neutron.api.extensions [None req-3ea39aa9-07de-4f99-9daa-f11989accaa0 None None] Ext name="Tag support for resources with standard attribute: port, subnet, subnetpool, network, security_group, router, floatingip, policy, trunk, network_segment_range" alias="standard-attr-tag" description="Enables to set tag on resources with standard attribute." updated="2017-01-01T00:00:00-00:00" {{(pid=108165) _check_extension /opt/stack/neutron/neutron/api/extensions.py:415}}
Jun 17 14:26:52.233329 np0000181149 devstack@neutron-api.service[108165]: INFO neutron.api.extensions [None req-3ea39aa9-07de-4f99-9daa-f11989accaa0 None None] Loaded extension: standard-attr-tag
Jun 17 14:26:52.233457 np0000181149 devstack@neutron-api.service[108165]: DEBUG neutron.api.extensions [None req-3ea39aa9-07de-4f99-9daa-f11989accaa0 None None] Loading extension file: timestamp.py {{(pid=108165) _load_all_extensions_from_path /opt/stack/neutron/neutron/api/extensions.py:449}}
Jun 17 14:26:52.233698 np0000181149 devstack@neutron-api.service[108165]: DEBUG neutron.api.extensions [None req-3ea39aa9-07de-4f99-9daa-f11989accaa0 None None] Ext name="Resource timestamps" alias="standard-attr-timestamp" description="Adds created_at and updated_at fields to all Neutron resources that have Neutron standard attributes." updated="2016-09-12T10:00:00-00:00" {{(pid=108165) _check_extension /opt/stack/neutron/neutron/api/extensions.py:415}}
Jun 17 14:26:52.233830 np0000181149 devstack@neutron-api.service[108163]: DEBUG neutron.manager [None req-2a4c0766-d7a1-4f3b-9f65-3d095d3457b2 None None] Successfully loaded network-ip-availability plugin. Description: Provides IP availability data for each network and subnet. {{(pid=108163) _create_and_add_service_plugin /opt/stack/neutron/neutron/manager.py:239}}
Jun 17 14:26:52.233932 np0000181149 devstack@neutron-api.service[108165]: INFO neutron.api.extensions [None req-3ea39aa9-07de-4f99-9daa-f11989accaa0 None None] Loaded extension: standard-attr-timestamp
Jun 17 14:26:52.234219 np0000181149 devstack@neutron-api.service[108163]: INFO neutron.manager [None req-2a4c0766-d7a1-4f3b-9f65-3d095d3457b2 None None] Loading Plugin: flavors
Jun 17 14:26:52.234418 np0000181149 devstack@neutron-api.service[108165]: DEBUG neutron.api.extensions [None req-3ea39aa9-07de-4f99-9daa-f11989accaa0 None None] Loading extension file: trunk.py {{(pid=108165) _load_all_extensions_from_path /opt/stack/neutron/neutron/api/extensions.py:449}}
Jun 17 14:26:52.234418 np0000181149 devstack@neutron-api.service[108165]: DEBUG neutron.api.extensions [None req-3ea39aa9-07de-4f99-9daa-f11989accaa0 None None] Ext name="Trunk Extension" alias="trunk" description="Provides support for trunk ports" updated="2016-01-01T10:00:00-00:00" {{(pid=108165) _check_extension /opt/stack/neutron/neutron/api/extensions.py:415}}
Jun 17 14:26:52.234418 np0000181149 devstack@neutron-api.service[108165]: INFO neutron.api.extensions [None req-3ea39aa9-07de-4f99-9daa-f11989accaa0 None None] Extension trunk not supported by any of loaded plugins
Jun 17 14:26:52.234418 np0000181149 devstack@neutron-api.service[108165]: DEBUG neutron.api.extensions [None req-3ea39aa9-07de-4f99-9daa-f11989accaa0 None None] Loading extension file: trunk_details.py {{(pid=108165) _load_all_extensions_from_path /opt/stack/neutron/neutron/api/extensions.py:449}}
Jun 17 14:26:52.234820 np0000181149 devstack@neutron-api.service[108163]: DEBUG neutron.manager [None req-2a4c0766-d7a1-4f3b-9f65-3d095d3457b2 None None] Successfully loaded FLAVORS plugin. Description: Neutron Flavors and Service Profiles manager plugin {{(pid=108163) _create_and_add_service_plugin /opt/stack/neutron/neutron/manager.py:239}}
Jun 17 14:26:52.234950 np0000181149 devstack@neutron-api.service[108165]: DEBUG neutron.api.extensions [None req-3ea39aa9-07de-4f99-9daa-f11989accaa0 None None] Ext name="Trunk port details" alias="trunk-details" description="Expose trunk port details" updated="2016-01-01T10:00:00-00:00" {{(pid=108165) _check_extension /opt/stack/neutron/neutron/api/extensions.py:415}}
Jun 17 14:26:52.235461 np0000181149 devstack@neutron-api.service[108163]: INFO neutron.manager [None req-2a4c0766-d7a1-4f3b-9f65-3d095d3457b2 None None] Loading Plugin: revisions
Jun 17 14:26:52.235723 np0000181149 devstack@neutron-api.service[108165]: INFO neutron.api.extensions [None req-3ea39aa9-07de-4f99-9daa-f11989accaa0 None None] Extension trunk-details not supported by any of loaded plugins
Jun 17 14:26:52.235723 np0000181149 devstack@neutron-api.service[108165]: DEBUG neutron.api.extensions [None req-3ea39aa9-07de-4f99-9daa-f11989accaa0 None None] Loading extension file: uplink_status_propagation.py {{(pid=108165) _load_all_extensions_from_path /opt/stack/neutron/neutron/api/extensions.py:449}}
Jun 17 14:26:52.235723 np0000181149 devstack@neutron-api.service[108165]: DEBUG neutron.api.extensions [None req-3ea39aa9-07de-4f99-9daa-f11989accaa0 None None] Ext name="Uplink status propagation extension" alias="uplink-status-propagation" description="Provides ability to propagate port uplink status." updated="2018-05-31T18:00:00-00:00" {{(pid=108165) _check_extension /opt/stack/neutron/neutron/api/extensions.py:415}}
Jun 17 14:26:52.235723 np0000181149 devstack@neutron-api.service[108165]: INFO neutron.api.extensions [None req-3ea39aa9-07de-4f99-9daa-f11989accaa0 None None] Extension uplink-status-propagation not supported by any of loaded plugins
Jun 17 14:26:52.235723 np0000181149 devstack@neutron-api.service[108165]: DEBUG neutron.api.extensions [None req-3ea39aa9-07de-4f99-9daa-f11989accaa0 None None] Loading extension file: uplink_status_propagation_updatable.py {{(pid=108165) _load_all_extensions_from_path /opt/stack/neutron/neutron/api/extensions.py:449}}
Jun 17 14:26:52.235723 np0000181149 devstack@neutron-api.service[108165]: DEBUG neutron.api.extensions [None req-3ea39aa9-07de-4f99-9daa-f11989accaa0 None None] Ext name="Uplink status propagation updatable extension" alias="uplink-status-propagation-updatable" description="Provides ability to update the port uplink status." updated="2024-09-03T18:00:00-00:00" {{(pid=108165) _check_extension /opt/stack/neutron/neutron/api/extensions.py:415}}
Jun 17 14:26:52.235956 np0000181149 devstack@neutron-api.service[108163]: DEBUG neutron.manager [None req-2a4c0766-d7a1-4f3b-9f65-3d095d3457b2 None None] Successfully loaded revision_plugin plugin. Description: Adds revision numbers to resources. {{(pid=108163) _create_and_add_service_plugin /opt/stack/neutron/neutron/manager.py:239}}
Jun 17 14:26:52.236250 np0000181149 devstack@neutron-api.service[108165]: INFO neutron.api.extensions [None req-3ea39aa9-07de-4f99-9daa-f11989accaa0 None None] Extension uplink-status-propagation-updatable not supported by any of loaded plugins
Jun 17 14:26:52.236580 np0000181149 devstack@neutron-api.service[108163]: DEBUG oslo_concurrency.lockutils [None req-2a4c0766-d7a1-4f3b-9f65-3d095d3457b2 None None] Lock "manager" "released" by "neutron.manager.NeutronManager._create_instance" :: held 5.089s {{(pid=108163) inner /opt/stack/data/venv/lib/python3.12/site-packages/oslo_concurrency/lockutils.py:543}}
Jun 17 14:26:52.236869 np0000181149 devstack@neutron-api.service[108165]: DEBUG neutron.api.extensions [None req-3ea39aa9-07de-4f99-9daa-f11989accaa0 None None] Loading extension file: vlantransparent.py {{(pid=108165) _load_all_extensions_from_path /opt/stack/neutron/neutron/api/extensions.py:449}}
Jun 17 14:26:52.237172 np0000181149 devstack@neutron-api.service[108163]: DEBUG neutron.api.extensions [None req-2a4c0766-d7a1-4f3b-9f65-3d095d3457b2 None None] get_extension_paths = OrderedDict({'/opt/stack/neutron/neutron/extensions': 1}) {{(pid=108163) get_extensions_path /opt/stack/neutron/neutron/api/extensions.py:640}}
Jun 17 14:26:52.237468 np0000181149 devstack@neutron-api.service[108165]: DEBUG neutron.api.extensions [None req-3ea39aa9-07de-4f99-9daa-f11989accaa0 None None] Ext name="Vlantransparent" alias="vlan-transparent" description="Provides Vlan Transparent Networks" updated="2015-03-23T09:00:00-00:00" {{(pid=108165) _check_extension /opt/stack/neutron/neutron/api/extensions.py:415}}
Jun 17 14:26:52.237872 np0000181149 devstack@neutron-api.service[108163]: INFO neutron.api.extensions [None req-2a4c0766-d7a1-4f3b-9f65-3d095d3457b2 None None] Initializing extension manager.
Jun 17 14:26:52.238211 np0000181149 devstack@neutron-api.service[108165]: INFO neutron.api.extensions [None req-3ea39aa9-07de-4f99-9daa-f11989accaa0 None None] Loaded extension: vlan-transparent
Jun 17 14:26:52.238522 np0000181149 devstack@neutron-api.service[108163]: DEBUG neutron.api.extensions [None req-2a4c0766-d7a1-4f3b-9f65-3d095d3457b2 None None] Loading extension file: __init__.py {{(pid=108163) _load_all_extensions_from_path /opt/stack/neutron/neutron/api/extensions.py:449}}
Jun 17 14:26:52.238522 np0000181149 devstack@neutron-api.service[108163]: DEBUG neutron.api.extensions [None req-2a4c0766-d7a1-4f3b-9f65-3d095d3457b2 None None] Loading extension file: __pycache__ {{(pid=108163) _load_all_extensions_from_path /opt/stack/neutron/neutron/api/extensions.py:449}}
Jun 17 14:26:52.238522 np0000181149 devstack@neutron-api.service[108163]: DEBUG neutron.api.extensions [None req-2a4c0766-d7a1-4f3b-9f65-3d095d3457b2 None None] Loading extension file: aap_reject_multicast.py {{(pid=108163) _load_all_extensions_from_path /opt/stack/neutron/neutron/api/extensions.py:449}}
Jun 17 14:26:52.238522 np0000181149 devstack@neutron-api.service[108163]: DEBUG neutron.api.extensions [None req-2a4c0766-d7a1-4f3b-9f65-3d095d3457b2 None None] Ext name="Allowed address pairs reject multicast extension" alias="aap-reject-multicast" description="Reject multicast addresses in Allowed Address Pairs" updated="2026-04-01T00:00:00-00:00" {{(pid=108163) _check_extension /opt/stack/neutron/neutron/api/extensions.py:415}}
Jun 17 14:26:52.238522 np0000181149 devstack@neutron-api.service[108163]: INFO neutron.api.extensions [None req-2a4c0766-d7a1-4f3b-9f65-3d095d3457b2 None None] Extension aap-reject-multicast not supported by any of loaded plugins
Jun 17 14:26:52.238522 np0000181149 devstack@neutron-api.service[108163]: DEBUG neutron.api.extensions [None req-2a4c0766-d7a1-4f3b-9f65-3d095d3457b2 None None] Loading extension file: address_group.py {{(pid=108163) _load_all_extensions_from_path /opt/stack/neutron/neutron/api/extensions.py:449}}
Jun 17 14:26:52.238522 np0000181149 devstack@neutron-api.service[108163]: DEBUG neutron.api.extensions [None req-2a4c0766-d7a1-4f3b-9f65-3d095d3457b2 None None] Ext name="Address group" alias="address-group" description="Support address group" updated="2020-07-15T10:00:00-00:00" {{(pid=108163) _check_extension /opt/stack/neutron/neutron/api/extensions.py:415}}
Jun 17 14:26:52.238962 np0000181149 devstack@neutron-api.service[108163]: INFO neutron.api.extensions [None req-2a4c0766-d7a1-4f3b-9f65-3d095d3457b2 None None] Loaded extension: address-group
Jun 17 14:26:52.238962 np0000181149 devstack@neutron-api.service[108163]: DEBUG neutron.api.extensions [None req-2a4c0766-d7a1-4f3b-9f65-3d095d3457b2 None None] Loading extension file: address_scope.py {{(pid=108163) _load_all_extensions_from_path /opt/stack/neutron/neutron/api/extensions.py:449}}
Jun 17 14:26:52.238962 np0000181149 devstack@neutron-api.service[108163]: DEBUG neutron.api.extensions [None req-2a4c0766-d7a1-4f3b-9f65-3d095d3457b2 None None] Ext name="Address scope" alias="address-scope" description="Address scopes extension." updated="2015-07-26T10:00:00-00:00" {{(pid=108163) _check_extension /opt/stack/neutron/neutron/api/extensions.py:415}}
Jun 17 14:26:52.239307 np0000181149 devstack@neutron-api.service[108165]: INFO neutron.quota.resource_registry [None req-3ea39aa9-07de-4f99-9daa-f11989accaa0 None None] Creating instance of TrackedResource for resource:network
Jun 17 14:26:52.239623 np0000181149 devstack@neutron-api.service[108163]: INFO neutron.api.extensions [None req-2a4c0766-d7a1-4f3b-9f65-3d095d3457b2 None None] Loaded extension: address-scope
Jun 17 14:26:52.239623 np0000181149 devstack@neutron-api.service[108163]: DEBUG neutron.api.extensions [None req-2a4c0766-d7a1-4f3b-9f65-3d095d3457b2 None None] Loading extension file: admin_state_down_before_update.py {{(pid=108163) _load_all_extensions_from_path /opt/stack/neutron/neutron/api/extensions.py:449}}
Jun 17 14:26:52.239944 np0000181149 devstack@neutron-api.service[108165]: INFO neutron.quota.resource_registry [None req-3ea39aa9-07de-4f99-9daa-f11989accaa0 None None] Creating instance of TrackedResource for resource:subnet
Jun 17 14:26:52.239944 np0000181149 devstack@neutron-api.service[108165]: INFO neutron.quota.resource_registry [None req-3ea39aa9-07de-4f99-9daa-f11989accaa0 None None] Creating instance of TrackedResource for resource:subnetpool
Jun 17 14:26:52.240287 np0000181149 devstack@neutron-api.service[108163]: DEBUG neutron.api.extensions [None req-2a4c0766-d7a1-4f3b-9f65-3d095d3457b2 None None] Ext name="Enforce Router's Admin State Down Before Update Extension" alias="router-admin-state-down-before-update" description="Ensure that the admin state of a router is DOWN (admin_state_up=False) before updating the distributed attribute" updated="2019-07-02T15:56:00" {{(pid=108163) _check_extension /opt/stack/neutron/neutron/api/extensions.py:415}}
Jun 17 14:26:52.240609 np0000181149 devstack@neutron-api.service[108165]: INFO neutron.quota.resource_registry [None req-3ea39aa9-07de-4f99-9daa-f11989accaa0 None None] Creating instance of TrackedResource for resource:port
Jun 17 14:26:52.240880 np0000181149 devstack@neutron-api.service[108163]: INFO neutron.api.extensions [None req-2a4c0766-d7a1-4f3b-9f65-3d095d3457b2 None None] Extension router-admin-state-down-before-update not supported by any of loaded plugins
Jun 17 14:26:52.240880 np0000181149 devstack@neutron-api.service[108163]: DEBUG neutron.api.extensions [None req-2a4c0766-d7a1-4f3b-9f65-3d095d3457b2 None None] Loading extension file: agent.py {{(pid=108163) _load_all_extensions_from_path /opt/stack/neutron/neutron/api/extensions.py:449}}
Jun 17 14:26:52.240880 np0000181149 devstack@neutron-api.service[108163]: DEBUG neutron.api.extensions [None req-2a4c0766-d7a1-4f3b-9f65-3d095d3457b2 None None] Ext name="agent" alias="agent" description="The agent management extension." updated="2013-02-03T10:00:00-00:00" {{(pid=108163) _check_extension /opt/stack/neutron/neutron/api/extensions.py:415}}
Jun 17 14:26:52.240880 np0000181149 devstack@neutron-api.service[108163]: INFO neutron.api.extensions [None req-2a4c0766-d7a1-4f3b-9f65-3d095d3457b2 None None] Loaded extension: agent
Jun 17 14:26:52.240880 np0000181149 devstack@neutron-api.service[108163]: DEBUG neutron.api.extensions [None req-2a4c0766-d7a1-4f3b-9f65-3d095d3457b2 None None] Loading extension file: agent_resources_synced.py {{(pid=108163) _load_all_extensions_from_path /opt/stack/neutron/neutron/api/extensions.py:449}}
Jun 17 14:26:52.240880 np0000181149 devstack@neutron-api.service[108163]: DEBUG neutron.api.extensions [None req-2a4c0766-d7a1-4f3b-9f65-3d095d3457b2 None None] Ext name="Agent's Resource View Synced to Placement" alias="agent-resources-synced" description="Stores success/failure of last sync to Placement" updated="2018-12-19T00:00:00-00:00" {{(pid=108163) _check_extension /opt/stack/neutron/neutron/api/extensions.py:415}}
Jun 17 14:26:52.240880 np0000181149 devstack@neutron-api.service[108163]: INFO neutron.api.extensions [None req-2a4c0766-d7a1-4f3b-9f65-3d095d3457b2 None None] Extension agent-resources-synced not supported by any of loaded plugins
Jun 17 14:26:52.240880 np0000181149 devstack@neutron-api.service[108163]: DEBUG neutron.api.extensions [None req-2a4c0766-d7a1-4f3b-9f65-3d095d3457b2 None None] Loading extension file: agent_sort_key.py {{(pid=108163) _load_all_extensions_from_path /opt/stack/neutron/neutron/api/extensions.py:449}}
Jun 17 14:26:52.241370 np0000181149 devstack@neutron-api.service[108165]: DEBUG neutron.api.v2.resource_helper [None req-3ea39aa9-07de-4f99-9daa-f11989accaa0 None None] Service L3_ROUTER_NAT assigned prefix: {{(pid=108165) build_resource_info /opt/stack/neutron/neutron/api/v2/resource_helper.py:77}}
Jun 17 14:26:52.241709 np0000181149 devstack@neutron-api.service[108163]: DEBUG neutron.api.extensions [None req-2a4c0766-d7a1-4f3b-9f65-3d095d3457b2 None None] Ext name="Agents Sort Key" alias="agent_sort_key" description="Enabling the keyword sort_key for sorting in agents." updated="2013-02-03T10:00:00-00:00" {{(pid=108163) _check_extension /opt/stack/neutron/neutron/api/extensions.py:415}}
Jun 17 14:26:52.241709 np0000181149 devstack@neutron-api.service[108163]: INFO neutron.api.extensions [None req-2a4c0766-d7a1-4f3b-9f65-3d095d3457b2 None None] Extension agent_sort_key not supported by any of loaded plugins
Jun 17 14:26:52.241709 np0000181149 devstack@neutron-api.service[108163]: DEBUG neutron.api.extensions [None req-2a4c0766-d7a1-4f3b-9f65-3d095d3457b2 None None] Loading extension file: allowedaddresspairs.py {{(pid=108163) _load_all_extensions_from_path /opt/stack/neutron/neutron/api/extensions.py:449}}
Jun 17 14:26:52.242102 np0000181149 devstack@neutron-api.service[108165]: DEBUG neutron.api.v2.resource_helper [None req-3ea39aa9-07de-4f99-9daa-f11989accaa0 None None] Service FLAVORS assigned prefix: {{(pid=108165) build_resource_info /opt/stack/neutron/neutron/api/v2/resource_helper.py:77}}
Jun 17 14:26:52.242393 np0000181149 devstack@neutron-api.service[108163]: DEBUG neutron.api.extensions [None req-2a4c0766-d7a1-4f3b-9f65-3d095d3457b2 None None] Ext name="Allowed Address Pairs" alias="allowed-address-pairs" description="Provides allowed address pairs" updated="2013-07-23T10:00:00-00:00" {{(pid=108163) _check_extension /opt/stack/neutron/neutron/api/extensions.py:415}}
Jun 17 14:26:52.242393 np0000181149 devstack@neutron-api.service[108163]: INFO neutron.api.extensions [None req-2a4c0766-d7a1-4f3b-9f65-3d095d3457b2 None None] Loaded extension: allowed-address-pairs
Jun 17 14:26:52.242393 np0000181149 devstack@neutron-api.service[108163]: DEBUG neutron.api.extensions [None req-2a4c0766-d7a1-4f3b-9f65-3d095d3457b2 None None] Loading extension file: auto_allocated_topology.py {{(pid=108163) _load_all_extensions_from_path /opt/stack/neutron/neutron/api/extensions.py:449}}
Jun 17 14:26:52.242767 np0000181149 devstack@neutron-api.service[108165]: DEBUG neutron.api.v2.resource_helper [None req-3ea39aa9-07de-4f99-9daa-f11989accaa0 None None] Service L3_ROUTER_NAT assigned prefix: {{(pid=108165) build_resource_info /opt/stack/neutron/neutron/api/v2/resource_helper.py:77}}
Jun 17 14:26:52.243028 np0000181149 devstack@neutron-api.service[108163]: DEBUG neutron.api.extensions [None req-2a4c0766-d7a1-4f3b-9f65-3d095d3457b2 None None] Ext name="Auto Allocated Topology Services" alias="auto-allocated-topology" description="Auto Allocated Topology Services." updated="2016-01-01T00:00:00-00:00" {{(pid=108163) _check_extension /opt/stack/neutron/neutron/api/extensions.py:415}}
Jun 17 14:26:52.243028 np0000181149 devstack@neutron-api.service[108163]: INFO neutron.api.extensions [None req-2a4c0766-d7a1-4f3b-9f65-3d095d3457b2 None None] Loaded extension: auto-allocated-topology
Jun 17 14:26:52.243028 np0000181149 devstack@neutron-api.service[108163]: DEBUG neutron.api.extensions [None req-2a4c0766-d7a1-4f3b-9f65-3d095d3457b2 None None] Loading extension file: availability_zone.py {{(pid=108163) _load_all_extensions_from_path /opt/stack/neutron/neutron/api/extensions.py:449}}
Jun 17 14:26:52.243351 np0000181149 devstack@neutron-api.service[108165]: DEBUG neutron.api.v2.resource_helper [None req-3ea39aa9-07de-4f99-9daa-f11989accaa0 None None] Service L3_ROUTER_NAT assigned prefix: {{(pid=108165) build_resource_info /opt/stack/neutron/neutron/api/v2/resource_helper.py:77}}
Jun 17 14:26:52.243351 np0000181149 devstack@neutron-api.service[108165]: INFO neutron.quota.resource_registry [None req-3ea39aa9-07de-4f99-9daa-f11989accaa0 None None] Creating instance of TrackedResource for resource:router
Jun 17 14:26:52.243656 np0000181149 devstack@neutron-api.service[108163]: DEBUG neutron.api.extensions [None req-2a4c0766-d7a1-4f3b-9f65-3d095d3457b2 None None] Ext name="Availability Zone" alias="availability_zone" description="The availability zone extension." updated="2015-01-01T10:00:00-00:00" {{(pid=108163) _check_extension /opt/stack/neutron/neutron/api/extensions.py:415}}
Jun 17 14:26:52.243656 np0000181149 devstack@neutron-api.service[108163]: INFO neutron.api.extensions [None req-2a4c0766-d7a1-4f3b-9f65-3d095d3457b2 None None] Loaded extension: availability_zone
Jun 17 14:26:52.244009 np0000181149 devstack@neutron-api.service[108165]: INFO neutron.quota.resource_registry [None req-3ea39aa9-07de-4f99-9daa-f11989accaa0 None None] Creating instance of TrackedResource for resource:floatingip
Jun 17 14:26:52.244267 np0000181149 devstack@neutron-api.service[108163]: DEBUG neutron.api.extensions [None req-2a4c0766-d7a1-4f3b-9f65-3d095d3457b2 None None] Loading extension file: availability_zone_filter.py {{(pid=108163) _load_all_extensions_from_path /opt/stack/neutron/neutron/api/extensions.py:449}}
Jun 17 14:26:52.244267 np0000181149 devstack@neutron-api.service[108163]: DEBUG neutron.api.extensions [None req-2a4c0766-d7a1-4f3b-9f65-3d095d3457b2 None None] Ext name="Availability Zone Filter Extension" alias="availability_zone_filter" description="Add filter parameters to AvailabilityZone resource" updated="2018-06-22T10:00:00-00:00" {{(pid=108163) _check_extension /opt/stack/neutron/neutron/api/extensions.py:415}}
Jun 17 14:26:52.244267 np0000181149 devstack@neutron-api.service[108163]: INFO neutron.api.extensions [None req-2a4c0766-d7a1-4f3b-9f65-3d095d3457b2 None None] Extension availability_zone_filter not supported by any of loaded plugins
Jun 17 14:26:52.244267 np0000181149 devstack@neutron-api.service[108163]: DEBUG neutron.api.extensions [None req-2a4c0766-d7a1-4f3b-9f65-3d095d3457b2 None None] Loading extension file: data_plane_status.py {{(pid=108163) _load_all_extensions_from_path /opt/stack/neutron/neutron/api/extensions.py:449}}
Jun 17 14:26:52.244267 np0000181149 devstack@neutron-api.service[108163]: DEBUG neutron.api.extensions [None req-2a4c0766-d7a1-4f3b-9f65-3d095d3457b2 None None] Ext name="Port data plane status extension" alias="data-plane-status" description="Expose status of underlying data plane" updated="2017-01-24T10:00:00-00:00" {{(pid=108163) _check_extension /opt/stack/neutron/neutron/api/extensions.py:415}}
Jun 17 14:26:52.244267 np0000181149 devstack@neutron-api.service[108163]: INFO neutron.api.extensions [None req-2a4c0766-d7a1-4f3b-9f65-3d095d3457b2 None None] Extension data-plane-status not supported by any of loaded plugins
Jun 17 14:26:52.244267 np0000181149 devstack@neutron-api.service[108163]: DEBUG neutron.api.extensions [None req-2a4c0766-d7a1-4f3b-9f65-3d095d3457b2 None None] Loading extension file: default_subnetpools.py {{(pid=108163) _load_all_extensions_from_path /opt/stack/neutron/neutron/api/extensions.py:449}}
Jun 17 14:26:52.244699 np0000181149 devstack@neutron-api.service[108165]: INFO neutron.quota.resource_registry [None req-3ea39aa9-07de-4f99-9daa-f11989accaa0 None None] Creating instance of CountableResource for resource:rbac_policy
Jun 17 14:26:52.244992 np0000181149 devstack@neutron-api.service[108163]: DEBUG neutron.api.extensions [None req-2a4c0766-d7a1-4f3b-9f65-3d095d3457b2 None None] Ext name="Default Subnetpools" alias="default-subnetpools" description="Provides ability to mark and use a subnetpool as the default." updated="2016-02-18T18:00:00-00:00" {{(pid=108163) _check_extension /opt/stack/neutron/neutron/api/extensions.py:415}}
Jun 17 14:26:52.244992 np0000181149 devstack@neutron-api.service[108163]: INFO neutron.api.extensions [None req-2a4c0766-d7a1-4f3b-9f65-3d095d3457b2 None None] Loaded extension: default-subnetpools
Jun 17 14:26:52.244992 np0000181149 devstack@neutron-api.service[108163]: DEBUG neutron.api.extensions [None req-2a4c0766-d7a1-4f3b-9f65-3d095d3457b2 None None] Loading extension file: dhcpagentscheduler.py {{(pid=108163) _load_all_extensions_from_path /opt/stack/neutron/neutron/api/extensions.py:449}}
Jun 17 14:26:52.245329 np0000181149 devstack@neutron-api.service[108165]: INFO neutron.quota.resource_registry [None req-3ea39aa9-07de-4f99-9daa-f11989accaa0 None None] Creating instance of TrackedResource for resource:security_group
Jun 17 14:26:52.245453 np0000181149 devstack@neutron-api.service[108163]: DEBUG neutron.api.extensions [None req-2a4c0766-d7a1-4f3b-9f65-3d095d3457b2 None None] Ext name="DHCP Agent Scheduler" alias="dhcp_agent_scheduler" description="Schedule networks among dhcp agents" updated="2013-02-07T10:00:00-00:00" {{(pid=108163) _check_extension /opt/stack/neutron/neutron/api/extensions.py:415}}
Jun 17 14:26:52.245453 np0000181149 devstack@neutron-api.service[108163]: INFO neutron.api.extensions [None req-2a4c0766-d7a1-4f3b-9f65-3d095d3457b2 None None] Loaded extension: dhcp_agent_scheduler
Jun 17 14:26:52.245757 np0000181149 devstack@neutron-api.service[108165]: INFO neutron.quota.resource_registry [None req-3ea39aa9-07de-4f99-9daa-f11989accaa0 None None] Creating instance of TrackedResource for resource:security_group_rule
Jun 17 14:26:52.246199 np0000181149 devstack@neutron-api.service[108163]: DEBUG neutron.api.extensions [None req-2a4c0766-d7a1-4f3b-9f65-3d095d3457b2 None None] Loading extension file: dns.py {{(pid=108163) _load_all_extensions_from_path /opt/stack/neutron/neutron/api/extensions.py:449}}
Jun 17 14:26:52.246199 np0000181149 devstack@neutron-api.service[108163]: DEBUG neutron.api.extensions [None req-2a4c0766-d7a1-4f3b-9f65-3d095d3457b2 None None] Ext name="DNS Integration" alias="dns-integration" description="Provides integration with DNS." updated="2015-08-15T18:00:00-00:00" {{(pid=108163) _check_extension /opt/stack/neutron/neutron/api/extensions.py:415}}
Jun 17 14:26:52.246199 np0000181149 devstack@neutron-api.service[108163]: INFO neutron.api.extensions [None req-2a4c0766-d7a1-4f3b-9f65-3d095d3457b2 None None] Loaded extension: dns-integration
Jun 17 14:26:52.246199 np0000181149 devstack@neutron-api.service[108163]: DEBUG neutron.api.extensions [None req-2a4c0766-d7a1-4f3b-9f65-3d095d3457b2 None None] Loading extension file: dns_domain_ports.py {{(pid=108163) _load_all_extensions_from_path /opt/stack/neutron/neutron/api/extensions.py:449}}
Jun 17 14:26:52.246622 np0000181149 devstack@neutron-api.service[108165]: DEBUG neutron.api.v2.resource_helper [None req-3ea39aa9-07de-4f99-9daa-f11989accaa0 None None] Service CORE assigned prefix: {{(pid=108165) build_resource_info /opt/stack/neutron/neutron/api/v2/resource_helper.py:77}}
Jun 17 14:26:52.246622 np0000181149 devstack@neutron-api.service[108165]: INFO neutron.quota.resource_registry [None req-3ea39aa9-07de-4f99-9daa-f11989accaa0 None None] Creating instance of TrackedResource for resource:subnetpool
Jun 17 14:26:52.246955 np0000181149 devstack@neutron-api.service[108163]: DEBUG neutron.api.extensions [None req-2a4c0766-d7a1-4f3b-9f65-3d095d3457b2 None None] Ext name="dns_domain for ports" alias="dns-domain-ports" description="Allows the DNS domain to be specified for a network port." updated="2017-04-24T10:00:00-00:00" {{(pid=108163) _check_extension /opt/stack/neutron/neutron/api/extensions.py:415}}
Jun 17 14:26:52.247268 np0000181149 devstack@neutron-api.service[108165]: WARNING neutron.quota.resource_registry [None req-3ea39aa9-07de-4f99-9daa-f11989accaa0 None None] subnetpool is already registered
Jun 17 14:26:52.247372 np0000181149 devstack@neutron-api.service[108163]: INFO neutron.api.extensions [None req-2a4c0766-d7a1-4f3b-9f65-3d095d3457b2 None None] Loaded extension: dns-domain-ports
Jun 17 14:26:52.247372 np0000181149 devstack@neutron-api.service[108163]: DEBUG neutron.api.extensions [None req-2a4c0766-d7a1-4f3b-9f65-3d095d3457b2 None None] Loading extension file: dns_integration_domain_keywords.py {{(pid=108163) _load_all_extensions_from_path /opt/stack/neutron/neutron/api/extensions.py:449}}
Jun 17 14:26:52.247586 np0000181149 devstack@neutron-api.service[108165]: DEBUG neutron.api.v2.resource_helper [None req-3ea39aa9-07de-4f99-9daa-f11989accaa0 None None] Service CORE assigned prefix: {{(pid=108165) build_resource_info /opt/stack/neutron/neutron/api/v2/resource_helper.py:77}}
Jun 17 14:26:52.247691 np0000181149 devstack@neutron-api.service[108163]: DEBUG neutron.api.extensions [None req-2a4c0766-d7a1-4f3b-9f65-3d095d3457b2 None None] Ext name="DNS domain names with keywords allowed" alias="dns-integration-domain-keywords" description="Allows to use keywords like , , and as DNS domain name" updated="2020-06-15T18:00:00-00:00" {{(pid=108163) _check_extension /opt/stack/neutron/neutron/api/extensions.py:415}}
Jun 17 14:26:52.247959 np0000181149 devstack@neutron-api.service[108165]: INFO neutron.quota.resource_registry [None req-3ea39aa9-07de-4f99-9daa-f11989accaa0 None None] Creating instance of TrackedResource for resource:subnetpool
Jun 17 14:26:52.248776 np0000181149 devstack@neutron-api.service[108163]: INFO neutron.api.extensions [None req-2a4c0766-d7a1-4f3b-9f65-3d095d3457b2 None None] Loaded extension: dns-integration-domain-keywords
Jun 17 14:26:52.249142 np0000181149 devstack@neutron-api.service[108165]: WARNING neutron.quota.resource_registry [None req-3ea39aa9-07de-4f99-9daa-f11989accaa0 None None] subnetpool is already registered
Jun 17 14:26:52.249251 np0000181149 devstack@neutron-api.service[108163]: DEBUG neutron.api.extensions [None req-2a4c0766-d7a1-4f3b-9f65-3d095d3457b2 None None] Loading extension file: dvr.py {{(pid=108163) _load_all_extensions_from_path /opt/stack/neutron/neutron/api/extensions.py:449}}
Jun 17 14:26:52.249251 np0000181149 devstack@neutron-api.service[108163]: DEBUG neutron.api.extensions [None req-2a4c0766-d7a1-4f3b-9f65-3d095d3457b2 None None] Ext name="Distributed Virtual Router" alias="dvr" description="Enables configuration of Distributed Virtual Routers." updated="2014-06-1T10:00:00-00:00" {{(pid=108163) _check_extension /opt/stack/neutron/neutron/api/extensions.py:415}}
Jun 17 14:26:52.249251 np0000181149 devstack@neutron-api.service[108163]: INFO neutron.api.extensions [None req-2a4c0766-d7a1-4f3b-9f65-3d095d3457b2 None None] Extension dvr not supported by any of loaded plugins
Jun 17 14:26:52.249251 np0000181149 devstack@neutron-api.service[108163]: DEBUG neutron.api.extensions [None req-2a4c0766-d7a1-4f3b-9f65-3d095d3457b2 None None] Loading extension file: ecmp_routes.py {{(pid=108163) _load_all_extensions_from_path /opt/stack/neutron/neutron/api/extensions.py:449}}
Jun 17 14:26:52.249251 np0000181149 devstack@neutron-api.service[108163]: DEBUG neutron.api.extensions [None req-2a4c0766-d7a1-4f3b-9f65-3d095d3457b2 None None] Ext name="Equal Cost Multipath Routing" alias="ecmp_routes" description="Allows traffic to reach thesame destination via multiple different links " updated="2020-11-26T18:00:00-00:00" {{(pid=108163) _check_extension /opt/stack/neutron/neutron/api/extensions.py:415}}
Jun 17 14:26:52.249251 np0000181149 devstack@neutron-api.service[108163]: INFO neutron.api.extensions [None req-2a4c0766-d7a1-4f3b-9f65-3d095d3457b2 None None] Extension ecmp_routes not supported by any of loaded plugins
Jun 17 14:26:52.249251 np0000181149 devstack@neutron-api.service[108163]: DEBUG neutron.api.extensions [None req-2a4c0766-d7a1-4f3b-9f65-3d095d3457b2 None None] Loading extension file: empty_string_filtering.py {{(pid=108163) _load_all_extensions_from_path /opt/stack/neutron/neutron/api/extensions.py:449}}
Jun 17 14:26:52.249746 np0000181149 devstack@neutron-api.service[108163]: DEBUG neutron.api.extensions [None req-2a4c0766-d7a1-4f3b-9f65-3d095d3457b2 None None] Ext name="Empty String Filtering Extension" alias="empty-string-filtering" description="Allow filtering by attributes with empty string value" updated="2018-05-01T10:00:00-00:00" {{(pid=108163) _check_extension /opt/stack/neutron/neutron/api/extensions.py:415}}
Jun 17 14:26:52.249746 np0000181149 devstack@neutron-api.service[108163]: INFO neutron.api.extensions [None req-2a4c0766-d7a1-4f3b-9f65-3d095d3457b2 None None] Loaded extension: empty-string-filtering
Jun 17 14:26:52.249746 np0000181149 devstack@neutron-api.service[108163]: DEBUG neutron.api.extensions [None req-2a4c0766-d7a1-4f3b-9f65-3d095d3457b2 None None] Loading extension file: evpn.py {{(pid=108163) _load_all_extensions_from_path /opt/stack/neutron/neutron/api/extensions.py:449}}
Jun 17 14:26:52.249746 np0000181149 devstack@neutron-api.service[108163]: DEBUG neutron.api.extensions [None req-2a4c0766-d7a1-4f3b-9f65-3d095d3457b2 None None] Ext name="EVPN" alias="evpn" description="Router extension to support EVPN Type-5 route advertisement" updated="2026-04-28T00:00:00-00:00" {{(pid=108163) _check_extension /opt/stack/neutron/neutron/api/extensions.py:415}}
Jun 17 14:26:52.249746 np0000181149 devstack@neutron-api.service[108163]: INFO neutron.api.extensions [None req-2a4c0766-d7a1-4f3b-9f65-3d095d3457b2 None None] Extension evpn not supported by any of loaded plugins
Jun 17 14:26:52.249746 np0000181149 devstack@neutron-api.service[108163]: DEBUG neutron.api.extensions [None req-2a4c0766-d7a1-4f3b-9f65-3d095d3457b2 None None] Loading extension file: expose_l3_conntrack_helper.py {{(pid=108163) _load_all_extensions_from_path /opt/stack/neutron/neutron/api/extensions.py:449}}
Jun 17 14:26:52.249746 np0000181149 devstack@neutron-api.service[108163]: DEBUG neutron.api.extensions [None req-2a4c0766-d7a1-4f3b-9f65-3d095d3457b2 None None] Ext name="Expose CT target rules for conntrack helper" alias="expose-l3-conntrack-helper" description="Expose allow adding CT target rules for conntrack helper" updated="2019-04-04T10:00:00-00:00" {{(pid=108163) _check_extension /opt/stack/neutron/neutron/api/extensions.py:415}}
Jun 17 14:26:52.250025 np0000181149 devstack@neutron-api.service[108165]: DEBUG neutron.api.v2.resource_helper [None req-3ea39aa9-07de-4f99-9daa-f11989accaa0 None None] Service L3_ROUTER_NAT assigned prefix: {{(pid=108165) build_resource_info /opt/stack/neutron/neutron/api/v2/resource_helper.py:77}}
Jun 17 14:26:52.250633 np0000181149 devstack@neutron-api.service[108163]: INFO neutron.api.extensions [None req-2a4c0766-d7a1-4f3b-9f65-3d095d3457b2 None None] Extension expose-l3-conntrack-helper not supported by any of loaded plugins
Jun 17 14:26:52.250633 np0000181149 devstack@neutron-api.service[108163]: DEBUG neutron.api.extensions [None req-2a4c0766-d7a1-4f3b-9f65-3d095d3457b2 None None] Loading extension file: expose_port_forwarding_in_fip.py {{(pid=108163) _load_all_extensions_from_path /opt/stack/neutron/neutron/api/extensions.py:449}}
Jun 17 14:26:52.251022 np0000181149 devstack@neutron-api.service[108165]: DEBUG neutron.api.v2.resource_helper [None req-3ea39aa9-07de-4f99-9daa-f11989accaa0 None None] Service FLAVORS assigned prefix: {{(pid=108165) build_resource_info /opt/stack/neutron/neutron/api/v2/resource_helper.py:77}}
Jun 17 14:26:52.251128 np0000181149 devstack@neutron-api.service[108163]: DEBUG neutron.api.extensions [None req-2a4c0766-d7a1-4f3b-9f65-3d095d3457b2 None None] Ext name="Expose Floating IP port forwardings" alias="expose-port-forwarding-in-fip" description="Expose port forwarding fields in floating IP response" updated="2018-06-28T16:00:00-00:00" {{(pid=108163) _check_extension /opt/stack/neutron/neutron/api/extensions.py:415}}
Jun 17 14:26:52.251128 np0000181149 devstack@neutron-api.service[108163]: INFO neutron.api.extensions [None req-2a4c0766-d7a1-4f3b-9f65-3d095d3457b2 None None] Extension expose-port-forwarding-in-fip not supported by any of loaded plugins
Jun 17 14:26:52.251128 np0000181149 devstack@neutron-api.service[108163]: DEBUG neutron.api.extensions [None req-2a4c0766-d7a1-4f3b-9f65-3d095d3457b2 None None] Loading extension file: external_net.py {{(pid=108163) _load_all_extensions_from_path /opt/stack/neutron/neutron/api/extensions.py:449}}
Jun 17 14:26:52.251128 np0000181149 devstack@neutron-api.service[108163]: DEBUG neutron.api.extensions [None req-2a4c0766-d7a1-4f3b-9f65-3d095d3457b2 None None] Ext name="Neutron external network" alias="external-net" description="Adds external network attribute to network resource." updated="2013-01-14T10:00:00-00:00" {{(pid=108163) _check_extension /opt/stack/neutron/neutron/api/extensions.py:415}}
Jun 17 14:26:52.251128 np0000181149 devstack@neutron-api.service[108163]: INFO neutron.api.extensions [None req-2a4c0766-d7a1-4f3b-9f65-3d095d3457b2 None None] Loaded extension: external-net
