Jun 17 14:26:52.207254 np0000181149 devstack@neutron-api.service[108165]: DEBUG neutron.api.extensions [None req-3ea39aa9-07de-4f99-9daa-f11989accaa0 None None] Loading extension file: qos_fip_network_policy.py {{(pid=108165) _load_all_extensions_from_path /opt/stack/neutron/neutron/api/extensions.py:449}}
Jun 17 14:26:52.207394 np0000181149 devstack@neutron-api.service[108163]: DEBUG neutron_lib.callbacks.manager [None req-2a4c0766-d7a1-4f3b-9f65-3d095d3457b2 None None] Subscribe: > security_group after_update 55550000, False {{(pid=108163) subscribe /opt/stack/data/venv/lib/python3.12/site-packages/neutron_lib/callbacks/manager.py:52}}
Jun 17 14:26:52.207394 np0000181149 devstack@neutron-api.service[108163]: DEBUG neutron_lib.callbacks.manager [None req-2a4c0766-d7a1-4f3b-9f65-3d095d3457b2 None None] Subscribe: > security_group after_delete 55550000, False {{(pid=108163) subscribe /opt/stack/data/venv/lib/python3.12/site-packages/neutron_lib/callbacks/manager.py:52}}
Jun 17 14:26:52.207569 np0000181149 devstack@neutron-api.service[108165]: DEBUG neutron.api.extensions [None req-3ea39aa9-07de-4f99-9daa-f11989accaa0 None None] Ext name="QoS floating IP network policy ID" alias="qos-fip-network-policy" description="Adds a the QoS network ID to the floating IP definition" updated="2021-11-15T10:00:00-00:00" {{(pid=108165) _check_extension /opt/stack/neutron/neutron/api/extensions.py:415}}
Jun 17 14:26:52.207699 np0000181149 devstack@neutron-api.service[108163]: DEBUG neutron_lib.callbacks.manager [None req-2a4c0766-d7a1-4f3b-9f65-3d095d3457b2 None None] Subscribe: > security_group_rule after_create 55550000, False {{(pid=108163) subscribe /opt/stack/data/venv/lib/python3.12/site-packages/neutron_lib/callbacks/manager.py:52}}
Jun 17 14:26:52.207812 np0000181149 devstack@neutron-api.service[108165]: INFO neutron.api.extensions [None req-3ea39aa9-07de-4f99-9daa-f11989accaa0 None None] Extension qos-fip-network-policy not supported by any of loaded plugins
Jun 17 14:26:52.207914 np0000181149 devstack@neutron-api.service[108163]: DEBUG neutron_lib.callbacks.manager [None req-2a4c0766-d7a1-4f3b-9f65-3d095d3457b2 None None] Subscribe: > security_group_rule after_update 55550000, False {{(pid=108163) subscribe /opt/stack/data/venv/lib/python3.12/site-packages/neutron_lib/callbacks/manager.py:52}}
Jun 17 14:26:52.208020 np0000181149 devstack@neutron-api.service[108165]: DEBUG neutron.api.extensions [None req-3ea39aa9-07de-4f99-9daa-f11989accaa0 None None] Loading extension file: qos_gateway_ip.py {{(pid=108165) _load_all_extensions_from_path /opt/stack/neutron/neutron/api/extensions.py:449}}
Jun 17 14:26:52.208304 np0000181149 devstack@neutron-api.service[108163]: DEBUG neutron_lib.callbacks.manager [None req-2a4c0766-d7a1-4f3b-9f65-3d095d3457b2 None None] Subscribe: > security_group_rule after_delete 55550000, False {{(pid=108163) subscribe /opt/stack/data/venv/lib/python3.12/site-packages/neutron_lib/callbacks/manager.py:52}}
Jun 17 14:26:52.208304 np0000181149 devstack@neutron-api.service[108163]: DEBUG neutron_lib.callbacks.manager [None req-2a4c0766-d7a1-4f3b-9f65-3d095d3457b2 None None] Subscribe: > address_group after_create 55550000, False {{(pid=108163) subscribe /opt/stack/data/venv/lib/python3.12/site-packages/neutron_lib/callbacks/manager.py:52}}
Jun 17 14:26:52.208892 np0000181149 devstack@neutron-api.service[108165]: DEBUG neutron.api.extensions [None req-3ea39aa9-07de-4f99-9daa-f11989accaa0 None None] Ext name="Router gateway IP QoS" alias="qos-gateway-ip" description="The Router gateway IP Quality of Service extension" updated="2018-02-24T00:00:00-00:00" {{(pid=108165) _check_extension /opt/stack/neutron/neutron/api/extensions.py:415}}
Jun 17 14:26:52.209007 np0000181149 devstack@neutron-api.service[108163]: DEBUG neutron_lib.callbacks.manager [None req-2a4c0766-d7a1-4f3b-9f65-3d095d3457b2 None None] Subscribe: > address_group after_update 55550000, False {{(pid=108163) subscribe /opt/stack/data/venv/lib/python3.12/site-packages/neutron_lib/callbacks/manager.py:52}}
Jun 17 14:26:52.209198 np0000181149 devstack@neutron-api.service[108165]: INFO neutron.api.extensions [None req-3ea39aa9-07de-4f99-9daa-f11989accaa0 None None] Extension qos-gateway-ip not supported by any of loaded plugins
Jun 17 14:26:52.209317 np0000181149 devstack@neutron-api.service[108163]: DEBUG neutron_lib.callbacks.manager [None req-2a4c0766-d7a1-4f3b-9f65-3d095d3457b2 None None] Subscribe: > address_group after_delete 55550000, False {{(pid=108163) subscribe /opt/stack/data/venv/lib/python3.12/site-packages/neutron_lib/callbacks/manager.py:52}}
Jun 17 14:26:52.209568 np0000181149 devstack@neutron-api.service[108165]: DEBUG neutron.api.extensions [None req-3ea39aa9-07de-4f99-9daa-f11989accaa0 None None] Loading extension file: qos_port_network_policy.py {{(pid=108165) _load_all_extensions_from_path /opt/stack/neutron/neutron/api/extensions.py:449}}
Jun 17 14:26:52.209676 np0000181149 devstack@neutron-api.service[108163]: DEBUG neutron.plugins.ml2.ovo_rpc [None req-2a4c0766-d7a1-4f3b-9f65-3d095d3457b2 None None] ML2 OVO RPC backend initialized. {{(pid=108163) __init__ /opt/stack/neutron/neutron/plugins/ml2/ovo_rpc.py:117}}
Jun 17 14:26:52.209805 np0000181149 devstack@neutron-api.service[108165]: DEBUG neutron.api.extensions [None req-3ea39aa9-07de-4f99-9daa-f11989accaa0 None None] Ext name="QoS port network policy ID" alias="qos-port-network-policy" description="Adds a the QoS network ID to the port definition" updated="2019-11-01T10:00:00-00:00" {{(pid=108165) _check_extension /opt/stack/neutron/neutron/api/extensions.py:415}}
Jun 17 14:26:52.209805 np0000181149 devstack@neutron-api.service[108165]: INFO neutron.api.extensions [None req-3ea39aa9-07de-4f99-9daa-f11989accaa0 None None] Extension qos-port-network-policy not supported by any of loaded plugins
Jun 17 14:26:52.209805 np0000181149 devstack@neutron-api.service[108165]: DEBUG neutron.api.extensions [None req-3ea39aa9-07de-4f99-9daa-f11989accaa0 None None] Loading extension file: qos_pps_minimum_rule.py {{(pid=108165) _load_all_extensions_from_path /opt/stack/neutron/neutron/api/extensions.py:449}}
Jun 17 14:26:52.209805 np0000181149 devstack@neutron-api.service[108165]: DEBUG neutron.api.extensions [None req-3ea39aa9-07de-4f99-9daa-f11989accaa0 None None] Ext name="QoS minimum packet rate rule" alias="qos-pps-minimum" description="Allow to configure QoS minimum packet rate rule." updated="2021-07-14T10:00:00-00:00" {{(pid=108165) _check_extension /opt/stack/neutron/neutron/api/extensions.py:415}}
Jun 17 14:26:52.209805 np0000181149 devstack@neutron-api.service[108165]: INFO neutron.api.extensions [None req-3ea39aa9-07de-4f99-9daa-f11989accaa0 None None] Extension qos-pps-minimum not supported by any of loaded plugins
Jun 17 14:26:52.209805 np0000181149 devstack@neutron-api.service[108165]: DEBUG neutron.api.extensions [None req-3ea39aa9-07de-4f99-9daa-f11989accaa0 None None] Loading extension file: qos_pps_minimum_rule_alias.py {{(pid=108165) _load_all_extensions_from_path /opt/stack/neutron/neutron/api/extensions.py:449}}
Jun 17 14:26:52.210065 np0000181149 devstack@neutron-api.service[108163]: INFO neutron.quota [None req-2a4c0766-d7a1-4f3b-9f65-3d095d3457b2 None None] Loaded quota_driver: .
Jun 17 14:26:52.210065 np0000181149 devstack@neutron-api.service[108163]: INFO neutron.plugins.ml2.plugin [None req-2a4c0766-d7a1-4f3b-9f65-3d095d3457b2 None None] Modular L2 Plugin initialization complete
Jun 17 14:26:52.210186 np0000181149 devstack@neutron-api.service[108165]: DEBUG neutron.api.extensions [None req-3ea39aa9-07de-4f99-9daa-f11989accaa0 None None] Ext name="QoS minimum packet rate rule alias" alias="qos-pps-minimum-rule-alias" description="API to enable GET, PUT and DELETE operations on QoS minimum packet rate rule without specifying policy ID" updated="2021-10-22T10:00:00-00:00" {{(pid=108165) _check_extension /opt/stack/neutron/neutron/api/extensions.py:415}}
Jun 17 14:26:52.210313 np0000181149 devstack@neutron-api.service[108163]: DEBUG neutron.manager [None req-2a4c0766-d7a1-4f3b-9f65-3d095d3457b2 None None] Loading services supported by the core plugin {{(pid=108163) _load_services_from_core_plugin /opt/stack/neutron/neutron/manager.py:170}}
Jun 17 14:26:52.210313 np0000181149 devstack@neutron-api.service[108163]: INFO neutron.plugins.ml2.managers [None req-2a4c0766-d7a1-4f3b-9f65-3d095d3457b2 None None] Got port-security extension from driver 'port_security'
Jun 17 14:26:52.210447 np0000181149 devstack@neutron-api.service[108165]: INFO neutron.api.extensions [None req-3ea39aa9-07de-4f99-9daa-f11989accaa0 None None] Extension qos-pps-minimum-rule-alias not supported by any of loaded plugins
Jun 17 14:26:52.210447 np0000181149 devstack@neutron-api.service[108165]: DEBUG neutron.api.extensions [None req-3ea39aa9-07de-4f99-9daa-f11989accaa0 None None] Loading extension file: qos_pps_rule.py {{(pid=108165) _load_all_extensions_from_path /opt/stack/neutron/neutron/api/extensions.py:449}}
Jun 17 14:26:52.210577 np0000181149 devstack@neutron-api.service[108163]: DEBUG neutron.manager [None req-2a4c0766-d7a1-4f3b-9f65-3d095d3457b2 None None] Loading service plugins: ['ovn-router', 'auto_allocate', 'tag', 'timestamp', 'network_ip_availability', 'flavors', 'revisions'] {{(pid=108163) _load_service_plugins /opt/stack/neutron/neutron/manager.py:195}}
Jun 17 14:26:52.210577 np0000181149 devstack@neutron-api.service[108163]: INFO neutron.manager [None req-2a4c0766-d7a1-4f3b-9f65-3d095d3457b2 None None] Loading Plugin: ovn-router
Jun 17 14:26:52.210710 np0000181149 devstack@neutron-api.service[108165]: DEBUG neutron.api.extensions [None req-3ea39aa9-07de-4f99-9daa-f11989accaa0 None None] Ext name="QoS Rule Type Packet per Second Extension" alias="qos-pps" description="Add QoS Rule Type Packet per Second" updated="2021-05-12T10:00:00-00:00" {{(pid=108165) _check_extension /opt/stack/neutron/neutron/api/extensions.py:415}}
Jun 17 14:26:52.210710 np0000181149 devstack@neutron-api.service[108165]: INFO neutron.api.extensions [None req-3ea39aa9-07de-4f99-9daa-f11989accaa0 None None] Extension qos-pps not supported by any of loaded plugins
Jun 17 14:26:52.210710 np0000181149 devstack@neutron-api.service[108165]: DEBUG neutron.api.extensions [None req-3ea39aa9-07de-4f99-9daa-f11989accaa0 None None] Loading extension file: qos_rule_type_details.py {{(pid=108165) _load_all_extensions_from_path /opt/stack/neutron/neutron/api/extensions.py:449}}
Jun 17 14:26:52.210710 np0000181149 devstack@neutron-api.service[108165]: DEBUG neutron.api.extensions [None req-3ea39aa9-07de-4f99-9daa-f11989accaa0 None None] Ext name="Details of QoS rule types" alias="qos-rule-type-details" description="Expose details about QoS rule types supported by loaded backend drivers" updated="2017-06-22T10:00:00-00:00" {{(pid=108165) _check_extension /opt/stack/neutron/neutron/api/extensions.py:415}}
Jun 17 14:26:52.210710 np0000181149 devstack@neutron-api.service[108165]: INFO neutron.api.extensions [None req-3ea39aa9-07de-4f99-9daa-f11989accaa0 None None] Extension qos-rule-type-details not supported by any of loaded plugins
Jun 17 14:26:52.210710 np0000181149 devstack@neutron-api.service[108165]: DEBUG neutron.api.extensions [None req-3ea39aa9-07de-4f99-9daa-f11989accaa0 None None] Loading extension file: qos_rule_type_filter.py {{(pid=108165) _load_all_extensions_from_path /opt/stack/neutron/neutron/api/extensions.py:449}}
Jun 17 14:26:52.210945 np0000181149 devstack@neutron-api.service[108165]: DEBUG neutron.api.extensions [None req-3ea39aa9-07de-4f99-9daa-f11989accaa0 None None] Ext name="Allow to filter the list of QoS rule types" alias="qos-rule-type-filter" description="Allows to filter the QoS rule type list adding two new flags. "all_rules" prints all implemented QoS rule types."all_supported" prints all supported QoS rule types by the loaded mechanism drivers" updated="2022-02-02T10:00:00-00:00" {{(pid=108165) _check_extension /opt/stack/neutron/neutron/api/extensions.py:415}}
Jun 17 14:26:52.210945 np0000181149 devstack@neutron-api.service[108165]: INFO neutron.api.extensions [None req-3ea39aa9-07de-4f99-9daa-f11989accaa0 None None] Extension qos-rule-type-filter not supported by any of loaded plugins
Jun 17 14:26:52.210945 np0000181149 devstack@neutron-api.service[108165]: DEBUG neutron.api.extensions [None req-3ea39aa9-07de-4f99-9daa-f11989accaa0 None None] Loading extension file: qos_rules_alias.py {{(pid=108165) _load_all_extensions_from_path /opt/stack/neutron/neutron/api/extensions.py:449}}
Jun 17 14:26:52.210945 np0000181149 devstack@neutron-api.service[108165]: DEBUG neutron.api.extensions [None req-3ea39aa9-07de-4f99-9daa-f11989accaa0 None None] Ext name="Quality of Service rules alias API" alias="qos-rules-alias" description="API to enable GET, PUT and DELETE operations on QoS policy rules without specifying policy ID" updated="2018-10-07T10:00:00-00:00" {{(pid=108165) _check_extension /opt/stack/neutron/neutron/api/extensions.py:415}}
Jun 17 14:26:52.210945 np0000181149 devstack@neutron-api.service[108165]: INFO neutron.api.extensions [None req-3ea39aa9-07de-4f99-9daa-f11989accaa0 None None] Extension qos-rules-alias not supported by any of loaded plugins
Jun 17 14:26:52.210945 np0000181149 devstack@neutron-api.service[108165]: DEBUG neutron.api.extensions [None req-3ea39aa9-07de-4f99-9daa-f11989accaa0 None None] Loading extension file: quota_check_limit.py {{(pid=108165) _load_all_extensions_from_path /opt/stack/neutron/neutron/api/extensions.py:449}}
Jun 17 14:26:52.211257 np0000181149 devstack@neutron-api.service[108165]: DEBUG neutron.api.extensions [None req-3ea39aa9-07de-4f99-9daa-f11989accaa0 None None] Ext name="Quota engine limit check" alias="quota-check-limit" description="Support for checking the resource usage before applying a new quota limit" updated="2021-09-08T16:00:00-00:00" {{(pid=108165) _check_extension /opt/stack/neutron/neutron/api/extensions.py:415}}
Jun 17 14:26:52.211257 np0000181149 devstack@neutron-api.service[108165]: INFO neutron.api.extensions [None req-3ea39aa9-07de-4f99-9daa-f11989accaa0 None None] Loaded extension: quota-check-limit
Jun 17 14:26:52.211257 np0000181149 devstack@neutron-api.service[108165]: DEBUG neutron.api.extensions [None req-3ea39aa9-07de-4f99-9daa-f11989accaa0 None None] Loading extension file: quota_check_limit_default.py {{(pid=108165) _load_all_extensions_from_path /opt/stack/neutron/neutron/api/extensions.py:449}}
Jun 17 14:26:52.211257 np0000181149 devstack@neutron-api.service[108165]: DEBUG neutron.api.extensions [None req-3ea39aa9-07de-4f99-9daa-f11989accaa0 None None] Ext name="Quota engine limit check by default" alias="quota-check-limit-default" description="By default, the Neutron quota engine checks the resource usage before applying a new quota limit" updated="2024-08-21T16:00:00-00:00" {{(pid=108165) _check_extension /opt/stack/neutron/neutron/api/extensions.py:415}}
Jun 17 14:26:52.211257 np0000181149 devstack@neutron-api.service[108165]: INFO neutron.api.extensions [None req-3ea39aa9-07de-4f99-9daa-f11989accaa0 None None] Loaded extension: quota-check-limit-default
Jun 17 14:26:52.211257 np0000181149 devstack@neutron-api.service[108165]: DEBUG neutron.api.extensions [None req-3ea39aa9-07de-4f99-9daa-f11989accaa0 None None] Loading extension file: quotasv2.py {{(pid=108165) _load_all_extensions_from_path /opt/stack/neutron/neutron/api/extensions.py:449}}
Jun 17 14:26:52.211664 np0000181149 devstack@neutron-api.service[108165]: DEBUG neutron.api.extensions [None req-3ea39aa9-07de-4f99-9daa-f11989accaa0 None None] Ext name="Quota management support" alias="quotas" description="Expose functions for quotas management per project" updated="2012-07-29T10:00:00-00:00" {{(pid=108165) _check_extension /opt/stack/neutron/neutron/api/extensions.py:415}}
Jun 17 14:26:52.211807 np0000181149 devstack@neutron-api.service[108165]: INFO neutron.api.extensions [None req-3ea39aa9-07de-4f99-9daa-f11989accaa0 None None] Loaded extension: quotas
Jun 17 14:26:52.211807 np0000181149 devstack@neutron-api.service[108165]: DEBUG neutron.api.extensions [None req-3ea39aa9-07de-4f99-9daa-f11989accaa0 None None] Loading extension file: quotasv2_detail.py {{(pid=108165) _load_all_extensions_from_path /opt/stack/neutron/neutron/api/extensions.py:449}}
Jun 17 14:26:52.212185 np0000181149 devstack@neutron-api.service[108165]: DEBUG neutron.api.extensions [None req-3ea39aa9-07de-4f99-9daa-f11989accaa0 None None] Ext name="Quota details management support" alias="quota_details" description="Expose functions for quotas usage statistics per project" updated="2017-02-10T10:00:00-00:00" {{(pid=108165) _check_extension /opt/stack/neutron/neutron/api/extensions.py:415}}
Jun 17 14:26:52.212613 np0000181149 devstack@neutron-api.service[108165]: INFO neutron.api.extensions [None req-3ea39aa9-07de-4f99-9daa-f11989accaa0 None None] Loaded extension: quota_details
Jun 17 14:26:52.212613 np0000181149 devstack@neutron-api.service[108165]: DEBUG neutron.api.extensions [None req-3ea39aa9-07de-4f99-9daa-f11989accaa0 None None] Loading extension file: rbac.py {{(pid=108165) _load_all_extensions_from_path /opt/stack/neutron/neutron/api/extensions.py:449}}
Jun 17 14:26:52.213154 np0000181149 devstack@neutron-api.service[108165]: DEBUG neutron.api.extensions [None req-3ea39aa9-07de-4f99-9daa-f11989accaa0 None None] Ext name="RBAC Policies" alias="rbac-policies" description="Allows creation and modification of policies that control project access to resources." updated="2015-06-17T12:15:12-00:00" {{(pid=108165) _check_extension /opt/stack/neutron/neutron/api/extensions.py:415}}
Jun 17 14:26:52.213154 np0000181149 devstack@neutron-api.service[108165]: INFO neutron.api.extensions [None req-3ea39aa9-07de-4f99-9daa-f11989accaa0 None None] Loaded extension: rbac-policies
Jun 17 14:26:52.213154 np0000181149 devstack@neutron-api.service[108165]: DEBUG neutron.api.extensions [None req-3ea39aa9-07de-4f99-9daa-f11989accaa0 None None] Loading extension file: rbac_address_group.py {{(pid=108165) _load_all_extensions_from_path /opt/stack/neutron/neutron/api/extensions.py:449}}
Jun 17 14:26:52.213660 np0000181149 devstack@neutron-api.service[108165]: DEBUG neutron.api.extensions [None req-3ea39aa9-07de-4f99-9daa-f11989accaa0 None None] Ext name="Add address_group type to RBAC" alias="rbac-address-group" description="Add address_group type to network RBAC" updated="2021-01-20T00:00:00-00:00" {{(pid=108165) _check_extension /opt/stack/neutron/neutron/api/extensions.py:415}}
Jun 17 14:26:52.213660 np0000181149 devstack@neutron-api.service[108165]: INFO neutron.api.extensions [None req-3ea39aa9-07de-4f99-9daa-f11989accaa0 None None] Extension rbac-address-group not supported by any of loaded plugins
Jun 17 14:26:52.213660 np0000181149 devstack@neutron-api.service[108165]: DEBUG neutron.api.extensions [None req-3ea39aa9-07de-4f99-9daa-f11989accaa0 None None] Loading extension file: rbac_address_scope.py {{(pid=108165) _load_all_extensions_from_path /opt/stack/neutron/neutron/api/extensions.py:449}}
Jun 17 14:26:52.214159 np0000181149 devstack@neutron-api.service[108165]: DEBUG neutron.api.extensions [None req-3ea39aa9-07de-4f99-9daa-f11989accaa0 None None] Ext name="Add address_scope type to RBAC" alias="rbac-address-scope" description="Add address_scope type to RBAC" updated="2020-02-12T00:00:00-00:00" {{(pid=108165) _check_extension /opt/stack/neutron/neutron/api/extensions.py:415}}
Jun 17 14:26:52.214159 np0000181149 devstack@neutron-api.service[108165]: INFO neutron.api.extensions [None req-3ea39aa9-07de-4f99-9daa-f11989accaa0 None None] Loaded extension: rbac-address-scope
Jun 17 14:26:52.214659 np0000181149 devstack@neutron-api.service[108165]: DEBUG neutron.api.extensions [None req-3ea39aa9-07de-4f99-9daa-f11989accaa0 None None] Loading extension file: rbac_security_groups.py {{(pid=108165) _load_all_extensions_from_path /opt/stack/neutron/neutron/api/extensions.py:449}}
Jun 17 14:26:52.214659 np0000181149 devstack@neutron-api.service[108165]: DEBUG neutron.api.extensions [None req-3ea39aa9-07de-4f99-9daa-f11989accaa0 None None] Ext name="Add security_group type to network RBAC" alias="rbac-security-groups" description="Add security_group type to network RBAC" updated="2019-02-14T00:00:00-00:00" {{(pid=108165) _check_extension /opt/stack/neutron/neutron/api/extensions.py:415}}
Jun 17 14:26:52.214659 np0000181149 devstack@neutron-api.service[108165]: INFO neutron.api.extensions [None req-3ea39aa9-07de-4f99-9daa-f11989accaa0 None None] Loaded extension: rbac-security-groups
Jun 17 14:26:52.214659 np0000181149 devstack@neutron-api.service[108165]: DEBUG neutron.api.extensions [None req-3ea39aa9-07de-4f99-9daa-f11989accaa0 None None] Loading extension file: rbac_subnetpool.py {{(pid=108165) _load_all_extensions_from_path /opt/stack/neutron/neutron/api/extensions.py:449}}
Jun 17 14:26:52.214967 np0000181149 devstack@neutron-api.service[108165]: DEBUG neutron.api.extensions [None req-3ea39aa9-07de-4f99-9daa-f11989accaa0 None None] Ext name="Add subnetpool type to RBAC" alias="rbac-subnetpool" description="Add subnetpool type to RBAC" updated="2020-02-05T00:00:00-00:00" {{(pid=108165) _check_extension /opt/stack/neutron/neutron/api/extensions.py:415}}
Jun 17 14:26:52.215206 np0000181149 devstack@neutron-api.service[108165]: INFO neutron.api.extensions [None req-3ea39aa9-07de-4f99-9daa-f11989accaa0 None None] Extension rbac-subnetpool not supported by any of loaded plugins
Jun 17 14:26:52.215206 np0000181149 devstack@neutron-api.service[108165]: DEBUG neutron.api.extensions [None req-3ea39aa9-07de-4f99-9daa-f11989accaa0 None None] Loading extension file: revisionifmatch.py {{(pid=108165) _load_all_extensions_from_path /opt/stack/neutron/neutron/api/extensions.py:449}}
Jun 17 14:26:52.215507 np0000181149 devstack@neutron-api.service[108165]: DEBUG neutron.api.extensions [None req-3ea39aa9-07de-4f99-9daa-f11989accaa0 None None] Ext name="If-Match constraints based on revision_number" alias="revision-if-match" description="Extension indicating that If-Match based on revision_number is supported." updated="2016-12-11T00:00:00-00:00" {{(pid=108165) _check_extension /opt/stack/neutron/neutron/api/extensions.py:415}}
Jun 17 14:26:52.215622 np0000181149 devstack@neutron-api.service[108165]: INFO neutron.api.extensions [None req-3ea39aa9-07de-4f99-9daa-f11989accaa0 None None] Loaded extension: revision-if-match
Jun 17 14:26:52.215828 np0000181149 devstack@neutron-api.service[108165]: DEBUG neutron.api.extensions [None req-3ea39aa9-07de-4f99-9daa-f11989accaa0 None None] Loading extension file: revisions.py {{(pid=108165) _load_all_extensions_from_path /opt/stack/neutron/neutron/api/extensions.py:449}}
Jun 17 14:26:52.215971 np0000181149 devstack@neutron-api.service[108165]: DEBUG neutron.api.extensions [None req-3ea39aa9-07de-4f99-9daa-f11989accaa0 None None] Ext name="Resource revision numbers" alias="standard-attr-revisions" description="This extension will display the revision number of neutron resources." updated="2016-04-11T10:00:00-00:00" {{(pid=108165) _check_extension /opt/stack/neutron/neutron/api/extensions.py:415}}
Jun 17 14:26:52.216475 np0000181149 devstack@neutron-api.service[108165]: INFO neutron.api.extensions [None req-3ea39aa9-07de-4f99-9daa-f11989accaa0 None None] Loaded extension: standard-attr-revisions
Jun 17 14:26:52.216475 np0000181149 devstack@neutron-api.service[108165]: DEBUG neutron.api.extensions [None req-3ea39aa9-07de-4f99-9daa-f11989accaa0 None None] Loading extension file: router_availability_zone.py {{(pid=108165) _load_all_extensions_from_path /opt/stack/neutron/neutron/api/extensions.py:449}}
Jun 17 14:26:52.216475 np0000181149 devstack@neutron-api.service[108165]: DEBUG neutron.api.extensions [None req-3ea39aa9-07de-4f99-9daa-f11989accaa0 None None] Ext name="Router Availability Zone" alias="router_availability_zone" description="Availability zone support for router." updated="2015-01-01T10:00:00-00:00" {{(pid=108165) _check_extension /opt/stack/neutron/neutron/api/extensions.py:415}}
Jun 17 14:26:52.216661 np0000181149 devstack@neutron-api.service[108165]: INFO neutron.api.extensions [None req-3ea39aa9-07de-4f99-9daa-f11989accaa0 None None] Loaded extension: router_availability_zone
Jun 17 14:26:52.216661 np0000181149 devstack@neutron-api.service[108165]: DEBUG neutron.api.extensions [None req-3ea39aa9-07de-4f99-9daa-f11989accaa0 None None] Loading extension file: router_enable_snat.py {{(pid=108165) _load_all_extensions_from_path /opt/stack/neutron/neutron/api/extensions.py:449}}
Jun 17 14:26:52.216955 np0000181149 devstack@neutron-api.service[108165]: DEBUG neutron.api.extensions [None req-3ea39aa9-07de-4f99-9daa-f11989accaa0 None None] Ext name="Exposes the router "enable_snat" read-only configuration flag" alias="router-enable-snat" description="Exposes the router "enable_snat" read-only configuration flag" updated="2025-09-18T18:00:00-00:00" {{(pid=108165) _check_extension /opt/stack/neutron/neutron/api/extensions.py:415}}
Jun 17 14:26:52.217144 np0000181149 devstack@neutron-api.service[108165]: INFO neutron.api.extensions [None req-3ea39aa9-07de-4f99-9daa-f11989accaa0 None None] Loaded extension: router-enable-snat
Jun 17 14:26:52.217144 np0000181149 devstack@neutron-api.service[108165]: DEBUG neutron.api.extensions [None req-3ea39aa9-07de-4f99-9daa-f11989accaa0 None None] Loading extension file: routerservicetype.py {{(pid=108165) _load_all_extensions_from_path /opt/stack/neutron/neutron/api/extensions.py:449}}
Jun 17 14:26:52.218901 np0000181149 devstack@neutron-api.service[108165]: DEBUG neutron.api.extensions [None req-3ea39aa9-07de-4f99-9daa-f11989accaa0 None None] Ext name="Router Service Type" alias="router-service-type" description="Provides router service type" updated="2013-01-29T00:00:00-00:00" {{(pid=108165) _check_extension /opt/stack/neutron/neutron/api/extensions.py:415}}
Jun 17 14:26:52.218901 np0000181149 devstack@neutron-api.service[108165]: INFO neutron.api.extensions [None req-3ea39aa9-07de-4f99-9daa-f11989accaa0 None None] Extension router-service-type not supported by any of loaded plugins
Jun 17 14:26:52.218901 np0000181149 devstack@neutron-api.service[108165]: DEBUG neutron.api.extensions [None req-3ea39aa9-07de-4f99-9daa-f11989accaa0 None None] Loading extension file: security_groups_default_rules.py {{(pid=108165) _load_all_extensions_from_path /opt/stack/neutron/neutron/api/extensions.py:449}}
Jun 17 14:26:52.219075 np0000181149 devstack@neutron-api.service[108163]: DEBUG neutron_lib.callbacks.manager [None req-2a4c0766-d7a1-4f3b-9f65-3d095d3457b2 None None] Subscribe: > router before_delete 55550000, False {{(pid=108163) subscribe /opt/stack/data/venv/lib/python3.12/site-packages/neutron_lib/callbacks/manager.py:52}}
Jun 17 14:26:52.219075 np0000181149 devstack@neutron-api.service[108163]: DEBUG neutron_lib.callbacks.manager [None req-2a4c0766-d7a1-4f3b-9f65-3d095d3457b2 None None] Subscribe: port before_update 55550000, False {{(pid=108163) subscribe /opt/stack/data/venv/lib/python3.12/site-packages/neutron_lib/callbacks/manager.py:52}}
Jun 17 14:26:52.219075 np0000181149 devstack@neutron-api.service[108163]: DEBUG neutron_lib.callbacks.manager [None req-2a4c0766-d7a1-4f3b-9f65-3d095d3457b2 None None] Subscribe: port after_update 55550000, False {{(pid=108163) subscribe /opt/stack/data/venv/lib/python3.12/site-packages/neutron_lib/callbacks/manager.py:52}}
Jun 17 14:26:52.219308 np0000181149 devstack@neutron-api.service[108165]: DEBUG neutron.api.extensions [None req-3ea39aa9-07de-4f99-9daa-f11989accaa0 None None] Ext name="Default rules for security groups" alias="security-groups-default-rules" description="Configure set of security group rules used as default rules for every new security group" updated="2022-12-19T10:00:00-00:00" {{(pid=108165) _check_extension /opt/stack/neutron/neutron/api/extensions.py:415}}
Jun 17 14:26:52.219424 np0000181149 devstack@neutron-api.service[108163]: DEBUG neutron_lib.callbacks.manager [None req-2a4c0766-d7a1-4f3b-9f65-3d095d3457b2 None None] Subscribe: > port precommit_delete 55550000, False {{(pid=108163) subscribe /opt/stack/data/venv/lib/python3.12/site-packages/neutron_lib/callbacks/manager.py:52}}
Jun 17 14:26:52.219424 np0000181149 devstack@neutron-api.service[108163]: DEBUG neutron_lib.callbacks.manager [None req-2a4c0766-d7a1-4f3b-9f65-3d095d3457b2 None None] Subscribe: port before_update 55550000, False {{(pid=108163) subscribe /opt/stack/data/venv/lib/python3.12/site-packages/neutron_lib/callbacks/manager.py:52}}
Jun 17 14:26:52.219612 np0000181149 devstack@neutron-api.service[108165]: INFO neutron.api.extensions [None req-3ea39aa9-07de-4f99-9daa-f11989accaa0 None None] Loaded extension: security-groups-default-rules
Jun 17 14:26:52.219724 np0000181149 devstack@neutron-api.service[108163]: DEBUG neutron_lib.callbacks.manager [None req-2a4c0766-d7a1-4f3b-9f65-3d095d3457b2 None None] Subscribe: port before_delete 55550000, False {{(pid=108163) subscribe /opt/stack/data/venv/lib/python3.12/site-packages/neutron_lib/callbacks/manager.py:52}}
Jun 17 14:26:52.219872 np0000181149 devstack@neutron-api.service[108165]: DEBUG neutron.api.extensions [None req-3ea39aa9-07de-4f99-9daa-f11989accaa0 None None] Loading extension file: security_groups_normalized_cidr.py {{(pid=108165) _load_all_extensions_from_path /opt/stack/neutron/neutron/api/extensions.py:449}}
Jun 17 14:26:52.219978 np0000181149 devstack@neutron-api.service[108163]: DEBUG neutron_lib.callbacks.manager [None req-2a4c0766-d7a1-4f3b-9f65-3d095d3457b2 None None] Subscribe: > router precommit_create 55550000, False {{(pid=108163) subscribe /opt/stack/data/venv/lib/python3.12/site-packages/neutron_lib/callbacks/manager.py:52}}
Jun 17 14:26:52.219978 np0000181149 devstack@neutron-api.service[108163]: DEBUG neutron_lib.callbacks.manager [None req-2a4c0766-d7a1-4f3b-9f65-3d095d3457b2 None None] Subscribe: > router precommit_create 55550000, False {{(pid=108163) subscribe /opt/stack/data/venv/lib/python3.12/site-packages/neutron_lib/callbacks/manager.py:52}}
Jun 17 14:26:52.220152 np0000181149 devstack@neutron-api.service[108165]: DEBUG neutron.api.extensions [None req-3ea39aa9-07de-4f99-9daa-f11989accaa0 None None] Ext name="Normalized CIDR field for security group rules" alias="security-groups-normalized-cidr" description="Add new field with normalized remote_ip_prefix cidr in SG rule" updated="2020-07-28T10:00:00-00:00" {{(pid=108165) _check_extension /opt/stack/neutron/neutron/api/extensions.py:415}}
Jun 17 14:26:52.220263 np0000181149 devstack@neutron-api.service[108163]: DEBUG neutron_lib.callbacks.manager [None req-2a4c0766-d7a1-4f3b-9f65-3d095d3457b2 None None] Subscribe: > router precommit_update 55550000, False {{(pid=108163) subscribe /opt/stack/data/venv/lib/python3.12/site-packages/neutron_lib/callbacks/manager.py:52}}
Jun 17 14:26:52.220263 np0000181149 devstack@neutron-api.service[108163]: DEBUG neutron_lib.callbacks.manager [None req-2a4c0766-d7a1-4f3b-9f65-3d095d3457b2 None None] Subscribe: subnet after_update 55550000, False {{(pid=108163) subscribe /opt/stack/data/venv/lib/python3.12/site-packages/neutron_lib/callbacks/manager.py:52}}
Jun 17 14:26:52.220451 np0000181149 devstack@neutron-api.service[108165]: INFO neutron.api.extensions [None req-3ea39aa9-07de-4f99-9daa-f11989accaa0 None None] Loaded extension: security-groups-normalized-cidr
Jun 17 14:26:52.220451 np0000181149 devstack@neutron-api.service[108165]: DEBUG neutron.api.extensions [None req-3ea39aa9-07de-4f99-9daa-f11989accaa0 None None] Loading extension file: security_groups_port_filtering.py {{(pid=108165) _load_all_extensions_from_path /opt/stack/neutron/neutron/api/extensions.py:449}}
Jun 17 14:26:52.220583 np0000181149 devstack@neutron-api.service[108163]: DEBUG neutron.quota.resource_registry [None req-2a4c0766-d7a1-4f3b-9f65-3d095d3457b2 None None] Tracking information for resource: router configured {{(pid=108163) set_tracked_resource /opt/stack/neutron/neutron/quota/resource_registry.py:203}}
Jun 17 14:26:52.220583 np0000181149 devstack@neutron-api.service[108163]: DEBUG neutron.quota.resource_registry [None req-2a4c0766-d7a1-4f3b-9f65-3d095d3457b2 None None] Tracking information for resource: floatingip configured {{(pid=108163) set_tracked_resource /opt/stack/neutron/neutron/quota/resource_registry.py:203}}
Jun 17 14:26:52.220801 np0000181149 devstack@neutron-api.service[108165]: DEBUG neutron.api.extensions [None req-3ea39aa9-07de-4f99-9daa-f11989accaa0 None None] Ext name="Port filtering on security groups" alias="port-security-groups-filtering" description="Provides security groups filtering when listing ports" updated="2018-01-09T09:00:00-00:00" {{(pid=108165) _check_extension /opt/stack/neutron/neutron/api/extensions.py:415}}
Jun 17 14:26:52.220911 np0000181149 devstack@neutron-api.service[108163]: INFO neutron.services.ovn_l3.plugin [None req-2a4c0766-d7a1-4f3b-9f65-3d095d3457b2 None None] Starting OVNL3RouterPlugin
Jun 17 14:26:52.221037 np0000181149 devstack@neutron-api.service[108165]: INFO neutron.api.extensions [None req-3ea39aa9-07de-4f99-9daa-f11989accaa0 None None] Extension port-security-groups-filtering not supported by any of loaded plugins
Jun 17 14:26:52.221037 np0000181149 devstack@neutron-api.service[108165]: DEBUG neutron.api.extensions [None req-3ea39aa9-07de-4f99-9daa-f11989accaa0 None None] Loading extension file: security_groups_remote_address_group.py {{(pid=108165) _load_all_extensions_from_path /opt/stack/neutron/neutron/api/extensions.py:449}}
Jun 17 14:26:52.221157 np0000181149 devstack@neutron-api.service[108163]: DEBUG neutron_lib.callbacks.manager [None req-2a4c0766-d7a1-4f3b-9f65-3d095d3457b2 None None] Subscribe: > port_forwarding_plugin after_init 55550000, False {{(pid=108163) subscribe /opt/stack/data/venv/lib/python3.12/site-packages/neutron_lib/callbacks/manager.py:52}}
Jun 17 14:26:52.221157 np0000181149 devstack@neutron-api.service[108163]: DEBUG neutron_lib.callbacks.manager [None req-2a4c0766-d7a1-4f3b-9f65-3d095d3457b2 None None] Subscribe: > router before_create 55550100, False {{(pid=108163) subscribe /opt/stack/data/venv/lib/python3.12/site-packages/neutron_lib/callbacks/manager.py:52}}
Jun 17 14:26:52.221340 np0000181149 devstack@neutron-api.service[108165]: DEBUG neutron.api.extensions [None req-3ea39aa9-07de-4f99-9daa-f11989accaa0 None None] Ext name="Remote address group id field for security group rules" alias="security-groups-remote-address-group" description="Add new field of remote address group id in SG rules" updated="2020-08-25T10:00:00-00:00" {{(pid=108165) _check_extension /opt/stack/neutron/neutron/api/extensions.py:415}}
Jun 17 14:26:52.221463 np0000181149 devstack@neutron-api.service[108163]: DEBUG neutron_lib.callbacks.manager [None req-2a4c0766-d7a1-4f3b-9f65-3d095d3457b2 None None] Subscribe: > router precommit_delete 55550100, False {{(pid=108163) subscribe /opt/stack/data/venv/lib/python3.12/site-packages/neutron_lib/callbacks/manager.py:52}}
Jun 17 14:26:52.221862 np0000181149 devstack@neutron-api.service[108165]: INFO neutron.api.extensions [None req-3ea39aa9-07de-4f99-9daa-f11989accaa0 None None] Loaded extension: security-groups-remote-address-group
Jun 17 14:26:52.222190 np0000181149 devstack@neutron-api.service[108163]: DEBUG neutron_lib.callbacks.manager [None req-2a4c0766-d7a1-4f3b-9f65-3d095d3457b2 None None] Subscribe: > router precommit_create 55550100, False {{(pid=108163) subscribe /opt/stack/data/venv/lib/python3.12/site-packages/neutron_lib/callbacks/manager.py:52}}
Jun 17 14:26:52.222290 np0000181149 devstack@neutron-api.service[108165]: DEBUG neutron.api.extensions [None req-3ea39aa9-07de-4f99-9daa-f11989accaa0 None None] Loading extension file: security_groups_rules_belongs_to_default_sg.py {{(pid=108165) _load_all_extensions_from_path /opt/stack/neutron/neutron/api/extensions.py:449}}
Jun 17 14:26:52.222468 np0000181149 devstack@neutron-api.service[108163]: DEBUG neutron_lib.callbacks.manager [None req-2a4c0766-d7a1-4f3b-9f65-3d095d3457b2 None None] Subscribe: > router precommit_update 55550100, False {{(pid=108163) subscribe /opt/stack/data/venv/lib/python3.12/site-packages/neutron_lib/callbacks/manager.py:52}}
Jun 17 14:26:52.222576 np0000181149 devstack@neutron-api.service[108165]: DEBUG neutron.api.extensions [None req-3ea39aa9-07de-4f99-9daa-f11989accaa0 None None] Ext name="Security group rule belongs to the project's default security group" alias="security-groups-rules-belongs-to-default-sg" description="Flag to determine if the security group rule belongs to the project's default security group" updated="2023-05-23T10:00:00-00:00" {{(pid=108165) _check_extension /opt/stack/neutron/neutron/api/extensions.py:415}}
Jun 17 14:26:52.222576 np0000181149 devstack@neutron-api.service[108165]: INFO neutron.api.extensions [None req-3ea39aa9-07de-4f99-9daa-f11989accaa0 None None] Loaded extension: security-groups-rules-belongs-to-default-sg
Jun 17 14:26:52.222576 np0000181149 devstack@neutron-api.service[108165]: DEBUG neutron.api.extensions [None req-3ea39aa9-07de-4f99-9daa-f11989accaa0 None None] Loading extension file: security_groups_shared_filtering.py {{(pid=108165) _load_all_extensions_from_path /opt/stack/neutron/neutron/api/extensions.py:449}}
Jun 17 14:26:52.222576 np0000181149 devstack@neutron-api.service[108165]: DEBUG neutron.api.extensions [None req-3ea39aa9-07de-4f99-9daa-f11989accaa0 None None] Ext name="Security group filtering on the shared field" alias="security-groups-shared-filtering" description="Support filtering security groups on the shared field" updated="2021-10-05T09:00:00-00:00" {{(pid=108165) _check_extension /opt/stack/neutron/neutron/api/extensions.py:415}}
Jun 17 14:26:52.222576 np0000181149 devstack@neutron-api.service[108165]: INFO neutron.api.extensions [None req-3ea39aa9-07de-4f99-9daa-f11989accaa0 None None] Loaded extension: security-groups-shared-filtering
Jun 17 14:26:52.222576 np0000181149 devstack@neutron-api.service[108165]: DEBUG neutron.api.extensions [None req-3ea39aa9-07de-4f99-9daa-f11989accaa0 None None] Loading extension file: securitygroup.py {{(pid=108165) _load_all_extensions_from_path /opt/stack/neutron/neutron/api/extensions.py:449}}
Jun 17 14:26:52.223285 np0000181149 devstack@neutron-api.service[108165]: DEBUG neutron.api.extensions [None req-3ea39aa9-07de-4f99-9daa-f11989accaa0 None None] Ext name="security-group" alias="security-group" description="The security groups extension." updated="2012-10-05T10:00:00-00:00" {{(pid=108165) _check_extension /opt/stack/neutron/neutron/api/extensions.py:415}}
Jun 17 14:26:52.224470 np0000181149 devstack@neutron-api.service[108165]: INFO neutron.api.extensions [None req-3ea39aa9-07de-4f99-9daa-f11989accaa0 None None] Loaded extension: security-group
Jun 17 14:26:52.224470 np0000181149 devstack@neutron-api.service[108165]: DEBUG neutron.api.extensions [None req-3ea39aa9-07de-4f99-9daa-f11989accaa0 None None] Loading extension file: segment.py {{(pid=108165) _load_all_extensions_from_path /opt/stack/neutron/neutron/api/extensions.py:449}}
Jun 17 14:26:52.224627 np0000181149 devstack@neutron-api.service[108163]: DEBUG neutron.services.provider_configuration [None req-2a4c0766-d7a1-4f3b-9f65-3d095d3457b2 None None] Service providers = [] {{(pid=108163) parse_service_provider_opt /opt/stack/neutron/neutron/services/provider_configuration.py:170}}
Jun 17 14:26:52.224627 np0000181149 devstack@neutron-api.service[108163]: DEBUG neutron.db.servicetype_db [None req-2a4c0766-d7a1-4f3b-9f65-3d095d3457b2 None None] Adding provider configuration for service L3_ROUTER_NAT {{(pid=108163) add_provider_configuration /opt/stack/neutron/neutron/db/servicetype_db.py:45}}
Jun 17 14:26:52.224790 np0000181149 devstack@neutron-api.service[108165]: DEBUG neutron.api.extensions [None req-3ea39aa9-07de-4f99-9daa-f11989accaa0 None None] Ext name="Segment" alias="segment" description="Segments extension." updated="2016-02-24T17:00:00-00:00" {{(pid=108165) _check_extension /opt/stack/neutron/neutron/api/extensions.py:415}}
Jun 17 14:26:52.224790 np0000181149 devstack@neutron-api.service[108165]: INFO neutron.api.extensions [None req-3ea39aa9-07de-4f99-9daa-f11989accaa0 None None] Extension segment not supported by any of loaded plugins
Jun 17 14:26:52.224790 np0000181149 devstack@neutron-api.service[108165]: DEBUG neutron.api.extensions [None req-3ea39aa9-07de-4f99-9daa-f11989accaa0 None None] Loading extension file: segments_peer_subnet_host_routes.py {{(pid=108165) _load_all_extensions_from_path /opt/stack/neutron/neutron/api/extensions.py:449}}
Jun 17 14:26:52.224790 np0000181149 devstack@neutron-api.service[108165]: DEBUG neutron.api.extensions [None req-3ea39aa9-07de-4f99-9daa-f11989accaa0 None None] Ext name="Segments peer-subnet host routes" alias="segments-peer-subnet-host-routes" description="Add host routes to subnets on a routed network (segments)" updated="2018-06-12T10:00:00-00:00" {{(pid=108165) _check_extension /opt/stack/neutron/neutron/api/extensions.py:415}}
Jun 17 14:26:52.224790 np0000181149 devstack@neutron-api.service[108165]: INFO neutron.api.extensions [None req-3ea39aa9-07de-4f99-9daa-f11989accaa0 None None] Extension segments-peer-subnet-host-routes not supported by any of loaded plugins
Jun 17 14:26:52.224790 np0000181149 devstack@neutron-api.service[108165]: DEBUG neutron.api.extensions [None req-3ea39aa9-07de-4f99-9daa-f11989accaa0 None None] Loading extension file: servicetype.py {{(pid=108165) _load_all_extensions_from_path /opt/stack/neutron/neutron/api/extensions.py:449}}
Jun 17 14:26:52.225020 np0000181149 devstack@neutron-api.service[108165]: DEBUG neutron.api.extensions [None req-3ea39aa9-07de-4f99-9daa-f11989accaa0 None None] Ext name="Neutron Service Type Management" alias="service-type" description="API for retrieving service providers for Neutron advanced services" updated="2013-01-20T00:00:00-00:00" {{(pid=108165) _check_extension /opt/stack/neutron/neutron/api/extensions.py:415}}
Jun 17 14:26:52.225154 np0000181149 devstack@neutron-api.service[108163]: DEBUG neutron_lib.callbacks.manager [None req-2a4c0766-d7a1-4f3b-9f65-3d095d3457b2 None None] Subscribe: > router precommit_create 55549900, False {{(pid=108163) subscribe /opt/stack/data/venv/lib/python3.12/site-packages/neutron_lib/callbacks/manager.py:52}}
Jun 17 14:26:52.225154 np0000181149 devstack@neutron-api.service[108163]: DEBUG neutron_lib.callbacks.manager [None req-2a4c0766-d7a1-4f3b-9f65-3d095d3457b2 None None] Subscribe: > router_interface after_create 55550000, False {{(pid=108163) subscribe /opt/stack/data/venv/lib/python3.12/site-packages/neutron_lib/callbacks/manager.py:52}}
Jun 17 14:26:52.225298 np0000181149 devstack@neutron-api.service[108165]: INFO neutron.api.extensions [None req-3ea39aa9-07de-4f99-9daa-f11989accaa0 None None] Loaded extension: service-type
Jun 17 14:26:52.225463 np0000181149 devstack@neutron-api.service[108163]: DEBUG neutron_lib.callbacks.manager [None req-2a4c0766-d7a1-4f3b-9f65-3d095d3457b2 None None] Subscribe: > floatingip after_create 55550000, False {{(pid=108163) subscribe /opt/stack/data/venv/lib/python3.12/site-packages/neutron_lib/callbacks/manager.py:52}}
Jun 17 14:26:52.225577 np0000181149 devstack@neutron-api.service[108165]: DEBUG neutron.api.extensions [None req-3ea39aa9-07de-4f99-9daa-f11989accaa0 None None] Loading extension file: sorting.py {{(pid=108165) _load_all_extensions_from_path /opt/stack/neutron/neutron/api/extensions.py:449}}
Jun 17 14:26:52.225729 np0000181149 devstack@neutron-api.service[108163]: DEBUG neutron_lib.callbacks.manager [None req-2a4c0766-d7a1-4f3b-9f65-3d095d3457b2 None None] Subscribe: > floatingip precommit_create 55550000, False {{(pid=108163) subscribe /opt/stack/data/venv/lib/python3.12/site-packages/neutron_lib/callbacks/manager.py:52}}
Jun 17 14:26:52.225729 np0000181149 devstack@neutron-api.service[108163]: DEBUG neutron_lib.callbacks.manager [None req-2a4c0766-d7a1-4f3b-9f65-3d095d3457b2 None None] Subscribe: > floatingip precommit_update 55550000, False {{(pid=108163) subscribe /opt/stack/data/venv/lib/python3.12/site-packages/neutron_lib/callbacks/manager.py:52}}
Jun 17 14:26:52.225972 np0000181149 devstack@neutron-api.service[108165]: DEBUG neutron.api.extensions [None req-3ea39aa9-07de-4f99-9daa-f11989accaa0 None None] Ext name="Sorting support" alias="sorting" description="Extension that indicates that sorting is enabled." updated="2016-06-12T00:00:00-00:00" {{(pid=108165) _check_extension /opt/stack/neutron/neutron/api/extensions.py:415}}
Jun 17 14:26:52.226247 np0000181149 devstack@neutron-api.service[108163]: DEBUG neutron_lib.callbacks.manager [None req-2a4c0766-d7a1-4f3b-9f65-3d095d3457b2 None None] Subscribe: > floatingip after_delete 55550000, False {{(pid=108163) subscribe /opt/stack/data/venv/lib/python3.12/site-packages/neutron_lib/callbacks/manager.py:52}}
Jun 17 14:26:52.226378 np0000181149 devstack@neutron-api.service[108165]: INFO neutron.api.extensions [None req-3ea39aa9-07de-4f99-9daa-f11989accaa0 None None] Loaded extension: sorting
Jun 17 14:26:52.226522 np0000181149 devstack@neutron-api.service[108163]: DEBUG neutron_lib.callbacks.manager [None req-2a4c0766-d7a1-4f3b-9f65-3d095d3457b2 None None] Subscribe: > floatingip after_status_update 55550000, False {{(pid=108163) subscribe /opt/stack/data/venv/lib/python3.12/site-packages/neutron_lib/callbacks/manager.py:52}}
Jun 17 14:26:52.226655 np0000181149 devstack@neutron-api.service[108165]: DEBUG neutron.api.extensions [None req-3ea39aa9-07de-4f99-9daa-f11989accaa0 None None] Loading extension file: standard_attr_segment.py {{(pid=108165) _load_all_extensions_from_path /opt/stack/neutron/neutron/api/extensions.py:449}}
Jun 17 14:26:52.226780 np0000181149 devstack@neutron-api.service[108163]: DEBUG neutron_lib.callbacks.manager [None req-2a4c0766-d7a1-4f3b-9f65-3d095d3457b2 None None] Subscribe: > floatingip after_update 55550000, False {{(pid=108163) subscribe /opt/stack/data/venv/lib/python3.12/site-packages/neutron_lib/callbacks/manager.py:52}}
Jun 17 14:26:52.226780 np0000181149 devstack@neutron-api.service[108163]: DEBUG neutron_lib.callbacks.manager [None req-2a4c0766-d7a1-4f3b-9f65-3d095d3457b2 None None] Subscribe: > port_forwarding after_create 55550000, False {{(pid=108163) subscribe /opt/stack/data/venv/lib/python3.12/site-packages/neutron_lib/callbacks/manager.py:52}}
Jun 17 14:26:52.226905 np0000181149 devstack@neutron-api.service[108165]: DEBUG neutron.api.extensions [None req-3ea39aa9-07de-4f99-9daa-f11989accaa0 None None] Ext name="Standard Attribute Segment Extension" alias="standard-attr-segment" description="Add standard attributes to Segment resource" updated="2018-04-09T10:00:00-00:00" {{(pid=108165) _check_extension /opt/stack/neutron/neutron/api/extensions.py:415}}
Jun 17 14:26:52.227027 np0000181149 devstack@neutron-api.service[108163]: DEBUG neutron_lib.callbacks.manager [None req-2a4c0766-d7a1-4f3b-9f65-3d095d3457b2 None None] Subscribe: > router_interface after_delete 55550000, False {{(pid=108163) subscribe /opt/stack/data/venv/lib/python3.12/site-packages/neutron_lib/callbacks/manager.py:52}}
Jun 17 14:26:52.227027 np0000181149 devstack@neutron-api.service[108163]: DEBUG neutron_lib.callbacks.manager [None req-2a4c0766-d7a1-4f3b-9f65-3d095d3457b2 None None] Subscribe: > router after_create 55550000, False {{(pid=108163) subscribe /opt/stack/data/venv/lib/python3.12/site-packages/neutron_lib/callbacks/manager.py:52}}
Jun 17 14:26:52.227162 np0000181149 devstack@neutron-api.service[108165]: INFO neutron.api.extensions [None req-3ea39aa9-07de-4f99-9daa-f11989accaa0 None None] Extension standard-attr-segment not supported by any of loaded plugins
Jun 17 14:26:52.227162 np0000181149 devstack@neutron-api.service[108165]: DEBUG neutron.api.extensions [None req-3ea39aa9-07de-4f99-9daa-f11989accaa0 None None] Loading extension file: standardattrdescription.py {{(pid=108165) _load_all_extensions_from_path /opt/stack/neutron/neutron/api/extensions.py:449}}
Jun 17 14:26:52.227605 np0000181149 devstack@neutron-api.service[108163]: DEBUG neutron_lib.callbacks.manager [None req-2a4c0766-d7a1-4f3b-9f65-3d095d3457b2 None None] Subscribe: > router precommit_create 55550000, False {{(pid=108163) subscribe /opt/stack/data/venv/lib/python3.12/site-packages/neutron_lib/callbacks/manager.py:52}}
Jun 17 14:26:52.227730 np0000181149 devstack@neutron-api.service[108165]: DEBUG neutron.api.extensions [None req-3ea39aa9-07de-4f99-9daa-f11989accaa0 None None] Ext name="standard-attr-description" alias="standard-attr-description" description="Extension to add descriptions to standard attributes" updated="2016-02-10T10:00:00-00:00" {{(pid=108165) _check_extension /opt/stack/neutron/neutron/api/extensions.py:415}}
Jun 17 14:26:52.227948 np0000181149 devstack@neutron-api.service[108163]: DEBUG neutron_lib.callbacks.manager [None req-2a4c0766-d7a1-4f3b-9f65-3d095d3457b2 None None] Subscribe: > router after_delete 55550000, False {{(pid=108163) subscribe /opt/stack/data/venv/lib/python3.12/site-packages/neutron_lib/callbacks/manager.py:52}}
Jun 17 14:26:52.227948 np0000181149 devstack@neutron-api.service[108163]: DEBUG neutron_lib.callbacks.manager [None req-2a4c0766-d7a1-4f3b-9f65-3d095d3457b2 None None] Subscribe: > router after_update 55550000, False {{(pid=108163) subscribe /opt/stack/data/venv/lib/python3.12/site-packages/neutron_lib/callbacks/manager.py:52}}
Jun 17 14:26:52.228110 np0000181149 devstack@neutron-api.service[108165]: INFO neutron.api.extensions [None req-3ea39aa9-07de-4f99-9daa-f11989accaa0 None None] Loaded extension: standard-attr-description
Jun 17 14:26:52.228110 np0000181149 devstack@neutron-api.service[108165]: DEBUG neutron.api.extensions [None req-3ea39aa9-07de-4f99-9daa-f11989accaa0 None None] Loading extension file: stateful_security_group.py {{(pid=108165) _load_all_extensions_from_path /opt/stack/neutron/neutron/api/extensions.py:449}}
