Mar 18 19:43:10.494336 np0000159911 devstack@neutron-api.service[102907]: DEBUG neutron.plugins.ml2.drivers.ovn.mech_driver.ovsdb.ovsdb_monitor [-] Hash Ring: Node 1c904377696b571cb83f632991c9e4d3 (host: np0000159911) handling event "update" for row c8d473b7-ac63-49af-89d0-eb2069c0bb6c (table: Chassis_Private) {{(pid=102907) notify /opt/stack/neutron/neutron/plugins/ml2/drivers/ovn/mech_driver/ovsdb/ovsdb_monitor.py:906}}
Mar 18 19:43:10.494467 np0000159911 devstack@neutron-api.service[102909]: DEBUG neutron.plugins.ml2.drivers.ovn.mech_driver.ovsdb.ovsdb_monitor [-] ChassisOVNAgentWriteEvent : Matched Chassis_Private, update, None None {{(pid=102909) matches /opt/stack/neutron/neutron/plugins/ml2/drivers/ovn/mech_driver/ovsdb/ovsdb_monitor.py:64}}
Mar 18 19:43:10.495758 np0000159911 devstack@neutron-api.service[102908]: DEBUG neutron.plugins.ml2.drivers.ovn.mech_driver.ovsdb.ovsdb_monitor [-] ChassisAgentWriteEvent : Matched Chassis_Private, update, None None {{(pid=102908) matches /opt/stack/neutron/neutron/plugins/ml2/drivers/ovn/mech_driver/ovsdb/ovsdb_monitor.py:64}}
Mar 18 19:43:10.496650 np0000159911 devstack@neutron-api.service[102910]: DEBUG neutron.common.ovn.hash_ring_manager [-] Allow caching, nodes 4>=4 {{(pid=102910) _wait_startup_before_caching /opt/stack/neutron/neutron/common/ovn/hash_ring_manager.py:65}}
Mar 18 19:43:10.496855 np0000159911 devstack@neutron-api.service[102910]: DEBUG neutron.plugins.ml2.drivers.ovn.mech_driver.ovsdb.ovsdb_monitor [-] Hash Ring: Node 2a0795b9427d5aca804e755135bef946 (host: np0000159911) handling event "update" for row c8d473b7-ac63-49af-89d0-eb2069c0bb6c (table: Chassis_Private) {{(pid=102910) notify /opt/stack/neutron/neutron/plugins/ml2/drivers/ovn/mech_driver/ovsdb/ovsdb_monitor.py:906}}
Mar 18 19:43:10.497869 np0000159911 devstack@neutron-api.service[102908]: DEBUG neutron.plugins.ml2.drivers.ovn.mech_driver.ovsdb.ovsdb_monitor [-] ChassisOVNAgentWriteEvent : Matched Chassis_Private, update, None None {{(pid=102908) matches /opt/stack/neutron/neutron/plugins/ml2/drivers/ovn/mech_driver/ovsdb/ovsdb_monitor.py:64}}
Mar 18 19:43:10.498176 np0000159911 devstack@neutron-api.service[102910]: DEBUG neutron.plugins.ml2.drivers.ovn.mech_driver.ovsdb.ovsdb_monitor [-] ChassisOVNAgentWriteEvent : Matched Chassis_Private, update, None None {{(pid=102910) matches /opt/stack/neutron/neutron/plugins/ml2/drivers/ovn/mech_driver/ovsdb/ovsdb_monitor.py:64}}
Mar 18 19:43:10.498658 np0000159911 devstack@neutron-api.service[102910]: DEBUG neutron.plugins.ml2.drivers.ovn.mech_driver.ovsdb.ovsdb_monitor [-] Hash Ring: Node 2a0795b9427d5aca804e755135bef946 (host: np0000159911) handling event "update" for row c8d473b7-ac63-49af-89d0-eb2069c0bb6c (table: Chassis_Private) {{(pid=102910) notify /opt/stack/neutron/neutron/plugins/ml2/drivers/ovn/mech_driver/ovsdb/ovsdb_monitor.py:906}}
Mar 18 19:43:10.561860 np0000159911 devstack@neutron-api.service[102908]: DEBUG neutron.plugins.ml2.drivers.helpers [None req-8792d617-dac1-40a9-a148-f25b6ae93161 admin admin] geneve segment allocate from pool success with {'geneve_vni': 41902} {{(pid=102908) allocate_partially_specified_segment /opt/stack/neutron/neutron/plugins/ml2/drivers/helpers.py:142}}
Mar 18 19:43:10.576590 np0000159911 devstack@neutron-api.service[102908]: DEBUG neutron_lib.callbacks.manager [None req-8792d617-dac1-40a9-a148-f25b6ae93161 admin admin] Publish callbacks ['neutron.services.segments.db._add_segment_host_mapping_for_segment-8723340571308', 'neutron.plugins.ml2.plugin.Ml2Plugin._handle_segment_change-303470'] for segment (44dacc6c-5662-4631-9887-5c5da1ca979c), precommit_create {{(pid=102908) _notify_loop /opt/stack/data/venv/lib/python3.12/site-packages/neutron_lib/callbacks/manager.py:184}}
Mar 18 19:43:10.576808 np0000159911 devstack@neutron-api.service[102908]: INFO neutron.db.segments_db [None req-8792d617-dac1-40a9-a148-f25b6ae93161 admin admin] Added segment 44dacc6c-5662-4631-9887-5c5da1ca979c of type geneve for network 8b668695-815c-4a42-b1f3-962055252502
Mar 18 19:43:10.624482 np0000159911 devstack@neutron-api.service[102908]: DEBUG neutron_lib.callbacks.manager [None req-8792d617-dac1-40a9-a148-f25b6ae93161 admin admin] Publish callbacks ['neutron.services.auto_allocate.db._ensure_external_network_default_value_callback-8723338880684'] for network (8b668695-815c-4a42-b1f3-962055252502), precommit_create {{(pid=102908) _notify_loop /opt/stack/data/venv/lib/python3.12/site-packages/neutron_lib/callbacks/manager.py:184}}
Mar 18 19:43:10.639143 np0000159911 devstack@neutron-api.service[102908]: DEBUG neutron.plugins.ml2.drivers.ovn.mech_driver.mech_driver [None req-8792d617-dac1-40a9-a148-f25b6ae93161 admin admin] Validating network segment with type geneve, segmentation ID 41902, physical network None {{(pid=102908) _validate_network_segments /opt/stack/neutron/neutron/plugins/ml2/drivers/ovn/mech_driver/mech_driver.py:630}}
Mar 18 19:43:10.639273 np0000159911 devstack@neutron-api.service[102908]: DEBUG neutron.db.ovn_revision_numbers_db [None req-8792d617-dac1-40a9-a148-f25b6ae93161 admin admin] create_initial_revision uuid=8b668695-815c-4a42-b1f3-962055252502, type=networks, rev=-1 {{(pid=102908) create_initial_revision /opt/stack/neutron/neutron/db/ovn_revision_numbers_db.py:98}}
Mar 18 19:43:10.653359 np0000159911 devstack@neutron-api.service[102908]: DEBUG neutron_lib.callbacks.manager [None req-8792d617-dac1-40a9-a148-f25b6ae93161 admin admin] Publish callbacks ['neutron.plugins.ml2.ovo_rpc._ObjectChangeHandler.handle_event-2089177'] for network (8b668695-815c-4a42-b1f3-962055252502), after_create {{(pid=102908) _notify_loop /opt/stack/data/venv/lib/python3.12/site-packages/neutron_lib/callbacks/manager.py:184}}
Mar 18 19:43:10.698112 np0000159911 devstack@neutron-api.service[102908]: DEBUG neutron.api.rpc.handlers.resources_rpc [None req-8792d617-dac1-40a9-a148-f25b6ae93161 admin admin] Pushing event updated for resources: {'Network': ['ID=8b668695-815c-4a42-b1f3-962055252502,revision_number=1']} {{(pid=102908) push /opt/stack/neutron/neutron/api/rpc/handlers/resources_rpc.py:237}}
Mar 18 19:43:10.706534 np0000159911 devstack@neutron-api.service[102908]: DEBUG ovsdbapp.backend.ovs_idl.transaction [-] Running txn n=1 command(idx=0): AddNetworkCommand(_result=None, network_uuid=8b668695-815c-4a42-b1f3-962055252502, may_exist=True, columns={'external_ids': {'neutron:network_name': 'private', 'neutron:mtu': '1372', 'neutron:revision_number': '1', 'neutron:availability_zone_hints': '', 'neutron:provnet-network-type': 'geneve'}, 'other_config': {'mcast_snoop': 'false', 'mcast_flood_unregistered': 'false', 'vlan-passthru': 'false'}}) {{(pid=102908) do_commit /opt/stack/data/venv/lib/python3.12/site-packages/ovsdbapp/backend/ovs_idl/transaction.py:89}}
Mar 18 19:43:10.707565 np0000159911 devstack@neutron-api.service[102908]: DEBUG neutron.common.ovn.utils [-] OVS persist_uuid supported=True {{(pid=102908) ovs_persist_uuid_supported /opt/stack/neutron/neutron/common/ovn/utils.py:1511}}
Mar 18 19:43:10.712431 np0000159911 devstack@neutron-api.service[102910]: DEBUG neutron.plugins.ml2.drivers.ovn.mech_driver.ovsdb.ovsdb_monitor [-] Hash Ring: Node 2a0795b9427d5aca804e755135bef946 (host: np0000159911) handling event "create" for row 8b668695-815c-4a42-b1f3-962055252502 (table: Logical_Switch) {{(pid=102910) notify /opt/stack/neutron/neutron/plugins/ml2/drivers/ovn/mech_driver/ovsdb/ovsdb_monitor.py:906}}
Mar 18 19:43:10.720040 np0000159911 devstack@neutron-api.service[102910]: DEBUG neutron.plugins.ml2.drivers.ovn.mech_driver.ovsdb.ovsdb_monitor [-] Hash Ring: Node 2a0795b9427d5aca804e755135bef946 (host: np0000159911) handling event "create" for row afff5b86-511d-4d82-b8a3-9a9ec3d8cb4f (table: Datapath_Binding) {{(pid=102910) notify /opt/stack/neutron/neutron/plugins/ml2/drivers/ovn/mech_driver/ovsdb/ovsdb_monitor.py:906}}
Mar 18 19:43:10.720463 np0000159911 devstack@neutron-api.service[102909]: DEBUG neutron.plugins.ml2.drivers.ovn.mech_driver.ovsdb.ovsdb_monitor [-] Hash Ring: Node c4d2665d134356c586632ee2c279c2a7 (host: np0000159911) handling event "create" for row afff5b86-511d-4d82-b8a3-9a9ec3d8cb4f (table: Datapath_Binding) {{(pid=102909) notify /opt/stack/neutron/neutron/plugins/ml2/drivers/ovn/mech_driver/ovsdb/ovsdb_monitor.py:906}}
Mar 18 19:43:10.749829 np0000159911 devstack@neutron-api.service[102908]: INFO neutron.db.ovn_revision_numbers_db [None req-8792d617-dac1-40a9-a148-f25b6ae93161 admin admin] Successfully bumped revision number for resource 8b668695-815c-4a42-b1f3-962055252502 (type: networks) to 1
Mar 18 19:43:10.808908 np0000159911 devstack@neutron-api.service[102908]: DEBUG neutron_lib.callbacks.manager [None req-8792d617-dac1-40a9-a148-f25b6ae93161 admin admin] Publish callbacks ['neutron.plugins.ml2.plugin.SecurityGroupDbMixin._ensure_default_security_group_handler-29206'] for port (None), before_create {{(pid=102908) _notify_loop /opt/stack/data/venv/lib/python3.12/site-packages/neutron_lib/callbacks/manager.py:184}}
Mar 18 19:43:10.897890 np0000159911 devstack@neutron-api.service[102908]: DEBUG neutron_lib.callbacks.manager [None req-8792d617-dac1-40a9-a148-f25b6ae93161 admin admin] Publish callbacks ['neutron.plugins.ml2.drivers.ovn.mech_driver.mech_driver.OVNMechanismDriver._validate_allowed_address_pairs-874918'] for allowed_address_pair (6ebb5c6a-403f-4470-9b41-5f69c518283d), before_create {{(pid=102908) _notify_loop /opt/stack/data/venv/lib/python3.12/site-packages/neutron_lib/callbacks/manager.py:184}}
Mar 18 19:43:10.898677 np0000159911 devstack@neutron-api.service[102908]: DEBUG neutron_lib.callbacks.manager [None req-8792d617-dac1-40a9-a148-f25b6ae93161 admin admin] Publish callbacks [] for port (6ebb5c6a-403f-4470-9b41-5f69c518283d), precommit_create {{(pid=102908) _notify_loop /opt/stack/data/venv/lib/python3.12/site-packages/neutron_lib/callbacks/manager.py:184}}
Mar 18 19:43:10.898677 np0000159911 devstack@neutron-api.service[102908]: DEBUG neutron.plugins.ml2.drivers.ovn.mech_driver.mech_driver [None req-8792d617-dac1-40a9-a148-f25b6ae93161 admin admin] No provisioning block for port 6ebb5c6a-403f-4470-9b41-5f69c518283d since it does not have a host {{(pid=102908) _is_port_provisioning_required /opt/stack/neutron/neutron/plugins/ml2/drivers/ovn/mech_driver/mech_driver.py:883}}
Mar 18 19:43:10.898677 np0000159911 devstack@neutron-api.service[102908]: DEBUG neutron.db.ovn_revision_numbers_db [None req-8792d617-dac1-40a9-a148-f25b6ae93161 admin admin] create_initial_revision uuid=6ebb5c6a-403f-4470-9b41-5f69c518283d, type=ports, rev=-1 {{(pid=102908) create_initial_revision /opt/stack/neutron/neutron/db/ovn_revision_numbers_db.py:98}}
Mar 18 19:43:11.125245 np0000159911 devstack@neutron-api.service[102908]: DEBUG neutron_lib.callbacks.manager [None req-8792d617-dac1-40a9-a148-f25b6ae93161 admin admin] Publish callbacks ['neutron.plugins.ml2.ovo_rpc._ObjectChangeHandler.handle_event-2089289'] for port (6ebb5c6a-403f-4470-9b41-5f69c518283d), after_create {{(pid=102908) _notify_loop /opt/stack/data/venv/lib/python3.12/site-packages/neutron_lib/callbacks/manager.py:184}}
Mar 18 19:43:11.174006 np0000159911 devstack@neutron-api.service[102908]: DEBUG neutron.api.rpc.handlers.resources_rpc [None req-8792d617-dac1-40a9-a148-f25b6ae93161 admin admin] Pushing event updated for resources: {'Port': ['ID=6ebb5c6a-403f-4470-9b41-5f69c518283d,revision_number=1']} {{(pid=102908) push /opt/stack/neutron/neutron/api/rpc/handlers/resources_rpc.py:237}}
Mar 18 19:43:11.255072 np0000159911 devstack@neutron-api.service[102908]: DEBUG ovsdbapp.backend.ovs_idl.transaction [-] Running txn n=1 command(idx=0): AddLSwitchPortCommand(_result=None, lport=6ebb5c6a-403f-4470-9b41-5f69c518283d, lswitch=neutron-8b668695-815c-4a42-b1f3-962055252502, may_exist=True, network_uuid=8b668695-815c-4a42-b1f3-962055252502, columns={'addresses': ['fa:16:3e:eb:fb:8b'], 'external_ids': {'neutron:port_name': '', 'neutron:device_id': 'ovnmeta-8b668695-815c-4a42-b1f3-962055252502', 'neutron:project_id': '11f614e977544894bf76bd642e2c459f', 'neutron:cidrs': '', 'neutron:device_owner': 'network:distributed', 'neutron:subnet_pool_addr_scope4': '', 'neutron:subnet_pool_addr_scope6': '', 'neutron:network_name': 'neutron-8b668695-815c-4a42-b1f3-962055252502', 'neutron:security_group_ids': '', 'neutron:revision_number': '1', 'neutron:vnic_type': 'normal', 'neutron:port_capabilities': '', 'neutron:mtu': ''}, 'parent_name': [], 'tag': [], 'enabled': True, 'options': {}, 'type': 'localport', 'port_security': [], 'dhcpv4_options': [], 'dhcpv6_options': []}) {{(pid=102908) do_commit /opt/stack/data/venv/lib/python3.12/site-packages/ovsdbapp/backend/ovs_idl/transaction.py:89}}
Mar 18 19:43:11.255921 np0000159911 devstack@neutron-api.service[102908]: DEBUG ovsdbapp.backend.ovs_idl.transaction [-] Running txn n=1 command(idx=1): QoSDelCommand(_result=None, switch=neutron-8b668695-815c-4a42-b1f3-962055252502, conditions=[('direction', '=', 'to-lport'), ('priority', '=', 2002), ('match', '=', 'outport == "6ebb5c6a-403f-4470-9b41-5f69c518283d"')], if_exists=True) {{(pid=102908) do_commit /opt/stack/data/venv/lib/python3.12/site-packages/ovsdbapp/backend/ovs_idl/transaction.py:89}}
Mar 18 19:43:11.256208 np0000159911 devstack@neutron-api.service[102908]: DEBUG ovsdbapp.backend.ovs_idl.transaction [-] Running txn n=1 command(idx=2): QoSDelCommand(_result=None, switch=neutron-8b668695-815c-4a42-b1f3-962055252502, conditions=[('direction', '=', 'from-lport'), ('priority', '=', 2002), ('match', '=', 'inport == "6ebb5c6a-403f-4470-9b41-5f69c518283d"')], if_exists=True) {{(pid=102908) do_commit /opt/stack/data/venv/lib/python3.12/site-packages/ovsdbapp/backend/ovs_idl/transaction.py:89}}
Mar 18 19:43:11.259763 np0000159911 devstack@neutron-api.service[102908]: DEBUG neutron.plugins.ml2.drivers.ovn.mech_driver.ovsdb.ovsdb_monitor [-] Hash Ring: Node 5c3ad01cf2c754c6a0088b4798823542 (host: np0000159911) handling event "create" for row 5a684501-7099-4bdf-8339-d85830a59fa1 (table: Logical_Switch_Port) {{(pid=102908) notify /opt/stack/neutron/neutron/plugins/ml2/drivers/ovn/mech_driver/ovsdb/ovsdb_monitor.py:906}}
Mar 18 19:43:11.261041 np0000159911 devstack@neutron-api.service[102908]: DEBUG ovsdbapp.backend.ovs_idl.event [-] Matched CREATE: LogicalSwitchPortCreateEvent(events=('create',), table='Logical_Switch_Port', conditions=[], old_conditions=None), priority=20 to row=Logical_Switch_Port(uuid=5a684501-7099-4bdf-8339-d85830a59fa1, addresses=['fa:16:3e:eb:fb:8b'], dhcpv4_options=[], dhcpv6_options=[], dynamic_addresses=[], enabled=True, external_ids={'neutron:cidrs': '', 'neutron:device_id': 'ovnmeta-8b668695-815c-4a42-b1f3-962055252502', 'neutron:device_owner': 'network:distributed', 'neutron:mtu': '', 'neutron:network_name': 'neutron-8b668695-815c-4a42-b1f3-962055252502', 'neutron:port_capabilities': '', 'neutron:port_name': '', 'neutron:project_id': '11f614e977544894bf76bd642e2c459f', 'neutron:revision_number': '1', 'neutron:security_group_ids': '', 'neutron:subnet_pool_addr_scope4': '', 'neutron:subnet_pool_addr_scope6': '', 'neutron:vnic_type': 'normal'}, ha_chassis_group=[], mirror_rules=[], name='6ebb5c6a-403f-4470-9b41-5f69c518283d', options={}, parent_name=[], port_security=[], tag=[], tag_request=[], type='localport', up=[]) old= {{(pid=102908) matches /opt/stack/data/venv/lib/python3.12/site-packages/ovsdbapp/backend/ovs_idl/event.py:55}}
Mar 18 19:43:11.261526 np0000159911 devstack@neutron-api.service[102910]: DEBUG neutron.plugins.ml2.drivers.ovn.mech_driver.ovsdb.ovsdb_monitor [-] Hash Ring: Node 2a0795b9427d5aca804e755135bef946 (host: np0000159911) handling event "update" for row 8b668695-815c-4a42-b1f3-962055252502 (table: Logical_Switch) {{(pid=102910) notify /opt/stack/neutron/neutron/plugins/ml2/drivers/ovn/mech_driver/ovsdb/ovsdb_monitor.py:906}}
Mar 18 19:43:11.261982 np0000159911 devstack@neutron-api.service[102907]: DEBUG neutron.plugins.ml2.drivers.ovn.mech_driver.ovsdb.ovsdb_monitor [-] Hash Ring: Node 1c904377696b571cb83f632991c9e4d3 (host: np0000159911) handling event "create" for row 5a684501-7099-4bdf-8339-d85830a59fa1 (table: Logical_Switch_Port) {{(pid=102907) notify /opt/stack/neutron/neutron/plugins/ml2/drivers/ovn/mech_driver/ovsdb/ovsdb_monitor.py:906}}
Mar 18 19:43:11.262134 np0000159911 devstack@neutron-api.service[102908]: INFO neutron.plugins.ml2.drivers.ovn.mech_driver.mech_driver [-] OVN reports status down for port: 6ebb5c6a-403f-4470-9b41-5f69c518283d
Mar 18 19:43:11.264182 np0000159911 devstack@neutron-api.service[102910]: DEBUG neutron.plugins.ml2.drivers.ovn.mech_driver.ovsdb.ovsdb_monitor [-] Hash Ring: Node 2a0795b9427d5aca804e755135bef946 (host: np0000159911) handling event "create" for row 5a684501-7099-4bdf-8339-d85830a59fa1 (table: Logical_Switch_Port) {{(pid=102910) notify /opt/stack/neutron/neutron/plugins/ml2/drivers/ovn/mech_driver/ovsdb/ovsdb_monitor.py:906}}
Mar 18 19:43:11.264269 np0000159911 devstack@neutron-api.service[102907]: DEBUG ovsdbapp.backend.ovs_idl.event [-] Matched CREATE: LogicalSwitchPortCreateEvent(events=('create',), table='Logical_Switch_Port', conditions=[], old_conditions=None), priority=20 to row=Logical_Switch_Port(uuid=5a684501-7099-4bdf-8339-d85830a59fa1, addresses=['fa:16:3e:eb:fb:8b'], dhcpv4_options=[], dhcpv6_options=[], dynamic_addresses=[], enabled=True, external_ids={'neutron:cidrs': '', 'neutron:device_id': 'ovnmeta-8b668695-815c-4a42-b1f3-962055252502', 'neutron:device_owner': 'network:distributed', 'neutron:mtu': '', 'neutron:network_name': 'neutron-8b668695-815c-4a42-b1f3-962055252502', 'neutron:port_capabilities': '', 'neutron:port_name': '', 'neutron:project_id': '11f614e977544894bf76bd642e2c459f', 'neutron:revision_number': '1', 'neutron:security_group_ids': '', 'neutron:subnet_pool_addr_scope4': '', 'neutron:subnet_pool_addr_scope6': '', 'neutron:vnic_type': 'normal'}, ha_chassis_group=[], mirror_rules=[], name='6ebb5c6a-403f-4470-9b41-5f69c518283d', options={}, parent_name=[], port_security=[], tag=[], tag_request=[], type='localport', up=[]) old= {{(pid=102907) matches /opt/stack/data/venv/lib/python3.12/site-packages/ovsdbapp/backend/ovs_idl/event.py:55}}
Mar 18 19:43:11.264457 np0000159911 devstack@neutron-api.service[102908]: DEBUG neutron.plugins.ml2.drivers.ovn.mech_driver.ovsdb.ovsdb_monitor [-] Hash Ring: Node 5c3ad01cf2c754c6a0088b4798823542 (host: np0000159911) handling event "update" for row 5a684501-7099-4bdf-8339-d85830a59fa1 (table: Logical_Switch_Port) {{(pid=102908) notify /opt/stack/neutron/neutron/plugins/ml2/drivers/ovn/mech_driver/ovsdb/ovsdb_monitor.py:906}}
Mar 18 19:43:11.264543 np0000159911 devstack@neutron-api.service[102909]: DEBUG neutron.plugins.ml2.drivers.ovn.mech_driver.ovsdb.ovsdb_monitor [-] Hash Ring: Node c4d2665d134356c586632ee2c279c2a7 (host: np0000159911) handling event "create" for row 4bc1e3e6-0cd4-4070-aaee-bdbd70283588 (table: Port_Binding) {{(pid=102909) notify /opt/stack/neutron/neutron/plugins/ml2/drivers/ovn/mech_driver/ovsdb/ovsdb_monitor.py:906}}
Mar 18 19:43:11.266307 np0000159911 devstack@neutron-api.service[102907]: INFO neutron.plugins.ml2.drivers.ovn.mech_driver.mech_driver [-] OVN reports status down for port: 6ebb5c6a-403f-4470-9b41-5f69c518283d
Mar 18 19:43:11.266770 np0000159911 devstack@neutron-api.service[102907]: DEBUG neutron.plugins.ml2.drivers.ovn.mech_driver.ovsdb.ovsdb_monitor [-] Hash Ring: Node 1c904377696b571cb83f632991c9e4d3 (host: np0000159911) handling event "update" for row 5a684501-7099-4bdf-8339-d85830a59fa1 (table: Logical_Switch_Port) {{(pid=102907) notify /opt/stack/neutron/neutron/plugins/ml2/drivers/ovn/mech_driver/ovsdb/ovsdb_monitor.py:906}}
Mar 18 19:43:11.267138 np0000159911 devstack@neutron-api.service[102910]: DEBUG neutron.plugins.ml2.drivers.ovn.mech_driver.ovsdb.ovsdb_monitor [-] Hash Ring: Node 2a0795b9427d5aca804e755135bef946 (host: np0000159911) handling event "create" for row 4bc1e3e6-0cd4-4070-aaee-bdbd70283588 (table: Port_Binding) {{(pid=102910) notify /opt/stack/neutron/neutron/plugins/ml2/drivers/ovn/mech_driver/ovsdb/ovsdb_monitor.py:906}}
Mar 18 19:43:11.267498 np0000159911 devstack@neutron-api.service[102910]: DEBUG ovsdbapp.backend.ovs_idl.event [-] Matched CREATE: LogicalSwitchPortCreateEvent(events=('create',), table='Logical_Switch_Port', conditions=[], old_conditions=None), priority=20 to row=Logical_Switch_Port(uuid=5a684501-7099-4bdf-8339-d85830a59fa1, addresses=['fa:16:3e:eb:fb:8b'], dhcpv4_options=[], dhcpv6_options=[], dynamic_addresses=[], enabled=True, external_ids={'neutron:cidrs': '', 'neutron:device_id': 'ovnmeta-8b668695-815c-4a42-b1f3-962055252502', 'neutron:device_owner': 'network:distributed', 'neutron:mtu': '', 'neutron:network_name': 'neutron-8b668695-815c-4a42-b1f3-962055252502', 'neutron:port_capabilities': '', 'neutron:port_name': '', 'neutron:project_id': '11f614e977544894bf76bd642e2c459f', 'neutron:revision_number': '1', 'neutron:security_group_ids': '', 'neutron:subnet_pool_addr_scope4': '', 'neutron:subnet_pool_addr_scope6': '', 'neutron:vnic_type': 'normal'}, ha_chassis_group=[], mirror_rules=[], name='6ebb5c6a-403f-4470-9b41-5f69c518283d', options={}, parent_name=[], port_security=[], tag=[], tag_request=[], type='localport', up=[]) old= {{(pid=102910) matches /opt/stack/data/venv/lib/python3.12/site-packages/ovsdbapp/backend/ovs_idl/event.py:55}}
Mar 18 19:43:11.268488 np0000159911 devstack@neutron-api.service[102910]: INFO neutron.plugins.ml2.drivers.ovn.mech_driver.mech_driver [-] OVN reports status down for port: 6ebb5c6a-403f-4470-9b41-5f69c518283d
Mar 18 19:43:11.269658 np0000159911 devstack@neutron-api.service[102910]: DEBUG neutron.plugins.ml2.drivers.ovn.mech_driver.ovsdb.ovsdb_monitor [-] Hash Ring: Node 2a0795b9427d5aca804e755135bef946 (host: np0000159911) handling event "update" for row 5a684501-7099-4bdf-8339-d85830a59fa1 (table: Logical_Switch_Port) {{(pid=102910) notify /opt/stack/neutron/neutron/plugins/ml2/drivers/ovn/mech_driver/ovsdb/ovsdb_monitor.py:906}}
Mar 18 19:43:11.330891 np0000159911 devstack@neutron-api.service[102907]: DEBUG neutron.db.provisioning_blocks [None req-e8df13d6-578c-48e0-8406-7c0a7bc3f0c5 None None] Transition to ACTIVE for port object 6ebb5c6a-403f-4470-9b41-5f69c518283d will not be triggered until provisioned by entity L2. {{(pid=102907) add_provisioning_component /opt/stack/neutron/neutron/db/provisioning_blocks.py:74}}
Mar 18 19:43:11.369580 np0000159911 devstack@neutron-api.service[102908]: DEBUG neutron.db.provisioning_blocks [None req-dd7f0852-a940-43f4-ba8d-a8050bed16d6 None None] Ignored duplicate provisioning block setup for port 6ebb5c6a-403f-4470-9b41-5f69c518283d by entity L2. {{(pid=102908) add_provisioning_component /opt/stack/neutron/neutron/db/provisioning_blocks.py:69}}
Mar 18 19:43:11.378222 np0000159911 devstack@neutron-api.service[102907]: DEBUG neutron.plugins.ml2.plugin [None req-e8df13d6-578c-48e0-8406-7c0a7bc3f0c5 None None] Current status of the port 6ebb5c6a-403f-4470-9b41-5f69c518283d is: DOWN; New status is: DOWN {{(pid=102907) _update_individual_port_db_status /opt/stack/neutron/neutron/plugins/ml2/plugin.py:2466}}
Mar 18 19:43:11.378923 np0000159911 devstack@neutron-api.service[102907]: INFO neutron.plugins.ml2.drivers.ovn.mech_driver.ovsdb.extensions.qos [None req-e8df13d6-578c-48e0-8406-7c0a7bc3f0c5 None None] Starting OVNClientQosExtension
Mar 18 19:43:11.378923 np0000159911 devstack@neutron-api.service[102907]: INFO neutron.plugins.ml2.drivers.ovn.mech_driver.ovsdb.extensions.placement [None req-e8df13d6-578c-48e0-8406-7c0a7bc3f0c5 None None] Starting OVNClientPlacementExtension
Mar 18 19:43:11.380537 np0000159911 devstack@neutron-api.service[102907]: DEBUG ovsdbapp.backend.ovs_idl.transaction [-] Running txn n=1 command(idx=0): DbRemoveCommand(_result=None, table=Logical_Switch_Port, record=6ebb5c6a-403f-4470-9b41-5f69c518283d, column=external_ids, values=('neutron:host_id',), keyvalues={}, if_exists=True) {{(pid=102907) do_commit /opt/stack/data/venv/lib/python3.12/site-packages/ovsdbapp/backend/ovs_idl/transaction.py:89}}
Mar 18 19:43:11.394484 np0000159911 devstack@neutron-api.service[102908]: INFO neutron.db.ovn_revision_numbers_db [None req-8792d617-dac1-40a9-a148-f25b6ae93161 admin admin] Successfully bumped revision number for resource 6ebb5c6a-403f-4470-9b41-5f69c518283d (type: ports) to 1
Mar 18 19:43:11.433047 np0000159911 devstack@neutron-api.service[102908]: DEBUG neutron.pecan_wsgi.hooks.policy_enforcement [None req-8792d617-dac1-40a9-a148-f25b6ae93161 admin admin] Attributes excluded by policy engine: ['standard_attr_id'] {{(pid=102908) _exclude_attributes_by_policy /opt/stack/neutron/neutron/pecan_wsgi/hooks/policy_enforcement.py:258}}
Mar 18 19:43:11.433478 np0000159911 devstack@neutron-api.service[102908]: DEBUG neutron_lib.callbacks.manager [None req-8792d617-dac1-40a9-a148-f25b6ae93161 admin admin] Publish callbacks [] for network (None), before_response {{(pid=102908) _notify_loop /opt/stack/data/venv/lib/python3.12/site-packages/neutron_lib/callbacks/manager.py:184}}
Mar 18 19:43:11.441120 np0000159911 devstack@neutron-api.service[102908]: DEBUG neutron.plugins.ml2.plugin [None req-dd7f0852-a940-43f4-ba8d-a8050bed16d6 None None] Current status of the port 6ebb5c6a-403f-4470-9b41-5f69c518283d is: DOWN; New status is: DOWN {{(pid=102908) _update_individual_port_db_status /opt/stack/neutron/neutron/plugins/ml2/plugin.py:2466}}
Mar 18 19:43:11.444213 np0000159911 devstack@neutron-api.service[102908]: DEBUG ovsdbapp.backend.ovs_idl.transaction [-] Running txn n=1 command(idx=0): DbRemoveCommand(_result=None, table=Logical_Switch_Port, record=6ebb5c6a-403f-4470-9b41-5f69c518283d, column=external_ids, values=('neutron:host_id',), keyvalues={}, if_exists=True) {{(pid=102908) do_commit /opt/stack/data/venv/lib/python3.12/site-packages/ovsdbapp/backend/ovs_idl/transaction.py:89}}
Mar 18 19:43:11.454832 np0000159911 devstack@neutron-api.service[102908]: [pid: 102908|app: 0|req: 1/5] 199.204.45.19 () {68 vars in 1350 bytes} [Wed Mar 18 19:43:09 2026] POST /networking/v2.0/networks => generated 681 bytes in 1682 msecs (HTTP/1.1 201) 4 headers in 162 bytes (1 switches on core 0)
Mar 18 19:43:11.488458 np0000159911 devstack@neutron-api.service[102910]: DEBUG neutron.db.provisioning_blocks [None req-a60083bf-16c1-42fb-9937-9970bcfcafc7 None None] Ignored duplicate provisioning block setup for port 6ebb5c6a-403f-4470-9b41-5f69c518283d by entity L2. {{(pid=102910) add_provisioning_component /opt/stack/neutron/neutron/db/provisioning_blocks.py:69}}
Mar 18 19:43:11.526969 np0000159911 devstack@neutron-api.service[102910]: DEBUG neutron.plugins.ml2.plugin [None req-a60083bf-16c1-42fb-9937-9970bcfcafc7 None None] Current status of the port 6ebb5c6a-403f-4470-9b41-5f69c518283d is: DOWN; New status is: DOWN {{(pid=102910) _update_individual_port_db_status /opt/stack/neutron/neutron/plugins/ml2/plugin.py:2466}}
Mar 18 19:43:11.530792 np0000159911 devstack@neutron-api.service[102910]: DEBUG ovsdbapp.backend.ovs_idl.transaction [-] Running txn n=1 command(idx=0): DbRemoveCommand(_result=None, table=Logical_Switch_Port, record=6ebb5c6a-403f-4470-9b41-5f69c518283d, column=external_ids, values=('neutron:host_id',), keyvalues={}, if_exists=True) {{(pid=102910) do_commit /opt/stack/data/venv/lib/python3.12/site-packages/ovsdbapp/backend/ovs_idl/transaction.py:89}}
Mar 18 19:43:12.056855 np0000159911 devstack@neutron-api.service[102910]: DEBUG neutron.policy [None req-897ee7d8-69f7-47fb-acf1-793d67ee0e94 admin admin] Loaded default policies from ['neutron'] under neutron.policies entry points {{(pid=102910) register_rules /opt/stack/neutron/neutron/policy.py:65}}
Mar 18 19:43:12.159318 np0000159911 devstack@neutron-api.service[102910]: DEBUG neutron.pecan_wsgi.hooks.policy_enforcement [None req-897ee7d8-69f7-47fb-acf1-793d67ee0e94 admin admin] Attributes excluded by policy engine: ['standard_attr_id'] {{(pid=102910) _exclude_attributes_by_policy /opt/stack/neutron/neutron/pecan_wsgi/hooks/policy_enforcement.py:258}}
Mar 18 19:43:12.160156 np0000159911 devstack@neutron-api.service[102910]: [pid: 102910|app: 0|req: 3/6] 199.204.45.19 () {64 vars in 1408 bytes} [Wed Mar 18 19:43:11 2026] GET /networking/v2.0/networks/8b668695-815c-4a42-b1f3-962055252502 => generated 662 bytes in 318 msecs (HTTP/1.1 200) 4 headers in 157 bytes (1 switches on core 0)
Mar 18 19:43:12.180857 np0000159911 devstack@neutron-api.service[102907]: DEBUG neutron.api.wsgi [None req-4a0fcbe9-bb66-47de-baa3-b52fc27e0a7f admin admin] Missing Content-Type {{(pid=102907) get_content_type /opt/stack/neutron/neutron/api/wsgi.py:85}}
Mar 18 19:43:12.192388 np0000159911 devstack@neutron-api.service[102907]: [pid: 102907|app: 0|req: 2/7] 199.204.45.19 () {64 vars in 1417 bytes} [Wed Mar 18 19:43:12 2026] GET /networking/v2.0/subnetpools/660de743-2e50-4dc8-a052-971878337e84 => generated 533 bytes in 16 msecs (HTTP/1.1 200) 4 headers in 157 bytes (1 switches on core 0)
Mar 18 19:43:12.212465 np0000159911 devstack@neutron-api.service[102909]: DEBUG neutron.api.v2.base [None req-57e91a49-754b-4c35-b899-6cbb7e7cd486 admin admin] Request body: {'subnet': {'ip_version': 4, 'network_id': '8b668695-815c-4a42-b1f3-962055252502', 'gateway_ip': '10.1.0.1', 'name': 'private-subnet', 'subnetpool_id': '660de743-2e50-4dc8-a052-971878337e84'}} {{(pid=102909) prepare_request_body /opt/stack/neutron/neutron/api/v2/base.py:729}}
Mar 18 19:43:12.232007 np0000159911 devstack@neutron-api.service[102909]: DEBUG neutron.pecan_wsgi.hooks.quota_enforcement [None req-57e91a49-754b-4c35-b899-6cbb7e7cd486 admin admin] Made reservation on behalf of 11f614e977544894bf76bd642e2c459f for: {'subnet': 1} {{(pid=102909) before /opt/stack/neutron/neutron/pecan_wsgi/hooks/quota_enforcement.py:66}}
Mar 18 19:43:12.236006 np0000159911 devstack@neutron-api.service[102909]: DEBUG neutron_lib.callbacks.manager [None req-57e91a49-754b-4c35-b899-6cbb7e7cd486 admin admin] Publish callbacks [] for subnet (None), before_create {{(pid=102909) _notify_loop /opt/stack/data/venv/lib/python3.12/site-packages/neutron_lib/callbacks/manager.py:184}}
Mar 18 19:43:12.424613 np0000159911 devstack@neutron-api.service[102909]: DEBUG neutron.db.ovn_revision_numbers_db [None req-57e91a49-754b-4c35-b899-6cbb7e7cd486 admin admin] create_initial_revision uuid=79d8c9f1-7e47-4a63-ba3a-e9a0bdba2789, type=subnets, rev=-1 {{(pid=102909) create_initial_revision /opt/stack/neutron/neutron/db/ovn_revision_numbers_db.py:98}}
Mar 18 19:43:12.432035 np0000159911 devstack@neutron-api.service[102909]: DEBUG neutron_lib.callbacks.manager [None req-57e91a49-754b-4c35-b899-6cbb7e7cd486 admin admin] Publish callbacks ['neutron.plugins.ml2.ovo_rpc._ObjectChangeHandler.handle_event-2026356'] for subnet (79d8c9f1-7e47-4a63-ba3a-e9a0bdba2789), after_create {{(pid=102909) _notify_loop /opt/stack/data/venv/lib/python3.12/site-packages/neutron_lib/callbacks/manager.py:184}}
Mar 18 19:43:12.449900 np0000159911 devstack@neutron-api.service[102909]: DEBUG neutron.api.rpc.handlers.resources_rpc [None req-57e91a49-754b-4c35-b899-6cbb7e7cd486 admin admin] Pushing event updated for resources: {'Subnet': ['ID=79d8c9f1-7e47-4a63-ba3a-e9a0bdba2789,revision_number=0']} {{(pid=102909) push /opt/stack/neutron/neutron/api/rpc/handlers/resources_rpc.py:237}}
Mar 18 19:43:12.455387 np0000159911 devstack@neutron-api.service[102909]: DEBUG neutron.api.rpc.callbacks.version_manager [None req-57e91a49-754b-4c35-b899-6cbb7e7cd486 admin admin] Tracked resource versions report:
Mar 18 19:43:12.455387 np0000159911 devstack@neutron-api.service[102909]: pushed versions:
Mar 18 19:43:12.455387 np0000159911 devstack@neutron-api.service[102909]: { 'AddressGroup': {'1.2'},
Mar 18 19:43:12.455387 np0000159911 devstack@neutron-api.service[102909]: 'Agent': {'1.1'},
Mar 18 19:43:12.455387 np0000159911 devstack@neutron-api.service[102909]: 'ConntrackHelper': {'1.0'},
Mar 18 19:43:12.455387 np0000159911 devstack@neutron-api.service[102909]: 'LocalIPAssociation': {'1.0'},
Mar 18 19:43:12.455387 np0000159911 devstack@neutron-api.service[102909]: 'Log': {'1.0'},
Mar 18 19:43:12.455387 np0000159911 devstack@neutron-api.service[102909]: 'NDPProxy': {'1.0'},
Mar 18 19:43:12.455387 np0000159911 devstack@neutron-api.service[102909]: 'Network': {'1.2'},
Mar 18 19:43:12.455387 np0000159911 devstack@neutron-api.service[102909]: 'Port': {'1.10'},
Mar 18 19:43:12.455387 np0000159911 devstack@neutron-api.service[102909]: 'PortForwarding': {'1.3'},
Mar 18 19:43:12.455387 np0000159911 devstack@neutron-api.service[102909]: 'QosPolicy': {'1.10'},
Mar 18 19:43:12.455387 np0000159911 devstack@neutron-api.service[102909]: 'SecurityGroup': {'1.6'},
Mar 18 19:43:12.455387 np0000159911 devstack@neutron-api.service[102909]: 'SecurityGroupRule': {'1.3'},
Mar 18 19:43:12.455387 np0000159911 devstack@neutron-api.service[102909]: 'SubPort': {'1.0'},
Mar 18 19:43:12.455387 np0000159911 devstack@neutron-api.service[102909]: 'Subnet': {'1.2'},
Mar 18 19:43:12.455387 np0000159911 devstack@neutron-api.service[102909]: 'Trunk': {'1.1'}}
Mar 18 19:43:12.455387 np0000159911 devstack@neutron-api.service[102909]: consumer versions:
Mar 18 19:43:12.455387 np0000159911 devstack@neutron-api.service[102909]: { OVN Neutron agent@np0000159911: {},
Mar 18 19:43:12.455387 np0000159911 devstack@neutron-api.service[102909]: OVN Controller Gateway agent@np0000159911: {}}
Mar 18 19:43:12.455387 np0000159911 devstack@neutron-api.service[102909]: {{(pid=102909) report /opt/stack/neutron/neutron/api/rpc/callbacks/version_manager.py:183}}
Mar 18 19:43:12.468668 np0000159911 devstack@neutron-api.service[102909]: INFO neutron.plugins.ml2.drivers.ovn.mech_driver.ovsdb.extensions.qos [None req-57e91a49-754b-4c35-b899-6cbb7e7cd486 admin admin] Starting OVNClientQosExtension
Mar 18 19:43:12.468832 np0000159911 devstack@neutron-api.service[102909]: INFO neutron.plugins.ml2.drivers.ovn.mech_driver.ovsdb.extensions.placement [None req-57e91a49-754b-4c35-b899-6cbb7e7cd486 admin admin] Starting OVNClientPlacementExtension
Mar 18 19:43:12.577229 np0000159911 devstack@neutron-api.service[102909]: DEBUG neutron_lib.callbacks.manager [None req-57e91a49-754b-4c35-b899-6cbb7e7cd486 admin admin] Publish callbacks ['neutron.plugins.ml2.plugin.SecurityGroupDbMixin._ensure_default_security_group_handler-4095025', 'neutron.services.ovn_l3.plugin.OVNL3RouterPlugin._port_update-8723339291538', 'neutron.db.l3_db.L3_NAT_dbonly_mixin._prevent_internal_ip_change_for_fip-8723340416624'] for port (6ebb5c6a-403f-4470-9b41-5f69c518283d), before_update {{(pid=102909) _notify_loop /opt/stack/data/venv/lib/python3.12/site-packages/neutron_lib/callbacks/manager.py:184}}
Mar 18 19:43:12.915153 np0000159911 devstack@neutron-api.service[102909]: DEBUG neutron.db.db_base_plugin_common [None req-57e91a49-754b-4c35-b899-6cbb7e7cd486 admin admin] Allocated IP 10.1.0.2 (8b668695-815c-4a42-b1f3-962055252502/79d8c9f1-7e47-4a63-ba3a-e9a0bdba2789/6ebb5c6a-403f-4470-9b41-5f69c518283d) {{(pid=102909) _store_ip_allocation /opt/stack/neutron/neutron/db/db_base_plugin_common.py:131}}
Mar 18 19:43:13.016198 np0000159911 devstack@neutron-api.service[102909]: DEBUG neutron_lib.callbacks.manager [None req-57e91a49-754b-4c35-b899-6cbb7e7cd486 admin admin] Publish callbacks [] for port (6ebb5c6a-403f-4470-9b41-5f69c518283d), precommit_update {{(pid=102909) _notify_loop /opt/stack/data/venv/lib/python3.12/site-packages/neutron_lib/callbacks/manager.py:184}}
Mar 18 19:43:13.016579 np0000159911 devstack@neutron-api.service[102909]: DEBUG neutron.plugins.ml2.drivers.ovn.mech_driver.mech_driver [None req-57e91a49-754b-4c35-b899-6cbb7e7cd486 admin admin] No provisioning block for port 6ebb5c6a-403f-4470-9b41-5f69c518283d since it does not have a host {{(pid=102909) _is_port_provisioning_required /opt/stack/neutron/neutron/plugins/ml2/drivers/ovn/mech_driver/mech_driver.py:883}}
Mar 18 19:43:13.032072 np0000159911 devstack@neutron-api.service[102909]: DEBUG neutron_lib.callbacks.manager [None req-57e91a49-754b-4c35-b899-6cbb7e7cd486 admin admin] Publish callbacks ['neutron.plugins.ml2.ovo_rpc._ObjectChangeHandler.handle_event-2026339', 'neutron.db.l3_db.L3RpcNotifierMixin._notify_gateway_port_ip_changed-8723340417928', 'neutron.services.ovn_l3.plugin.OVNL3RouterPlugin._port_update-8723339291538'] for port (6ebb5c6a-403f-4470-9b41-5f69c518283d), after_update {{(pid=102909) _notify_loop /opt/stack/data/venv/lib/python3.12/site-packages/neutron_lib/callbacks/manager.py:184}}
Mar 18 19:43:13.094909 np0000159911 devstack@neutron-api.service[102909]: DEBUG neutron.api.rpc.handlers.resources_rpc [None req-57e91a49-754b-4c35-b899-6cbb7e7cd486 admin admin] Pushing event updated for resources: {'Port': ['ID=6ebb5c6a-403f-4470-9b41-5f69c518283d,revision_number=2']} {{(pid=102909) push /opt/stack/neutron/neutron/api/rpc/handlers/resources_rpc.py:237}}
Mar 18 19:43:13.284084 np0000159911 devstack@neutron-api.service[102909]: DEBUG ovsdbapp.backend.ovs_idl.transaction [-] Running txn n=1 command(idx=0): CheckRevisionNumberCommand(_result=None, name=6ebb5c6a-403f-4470-9b41-5f69c518283d, resource={'id': '6ebb5c6a-403f-4470-9b41-5f69c518283d', 'name': '', 'network_id': '8b668695-815c-4a42-b1f3-962055252502', 'project_id': '11f614e977544894bf76bd642e2c459f', 'mac_address': 'fa:16:3e:eb:fb:8b', 'admin_state_up': True, 'status': 'DOWN', 'device_id': 'ovnmeta-8b668695-815c-4a42-b1f3-962055252502', 'device_owner': 'network:distributed', 'standard_attr_id': 14, 'fixed_ips': [{'subnet_id': '79d8c9f1-7e47-4a63-ba3a-e9a0bdba2789', 'ip_address': '10.1.0.2'}], 'allowed_address_pairs': [], 'extra_dhcp_opts': [], 'security_groups': [], 'description': '', 'binding:vnic_type': 'normal', 'binding:profile': {}, 'binding:host_id': '', 'binding:vif_type': 'unbound', 'binding:vif_details': {}, 'port_security_enabled': False, 'tags': [], 'created_at': '2026-03-18T19:43:10Z', 'updated_at': '2026-03-18T19:43:12Z', 'revision_number': 2, 'tenant_id': '11f614e977544894bf76bd642e2c459f', 'network': {'id': '8b668695-815c-4a42-b1f3-962055252502', 'name': 'private', 'tenant_id': '11f614e977544894bf76bd642e2c459f', 'project_id': '11f614e977544894bf76bd642e2c459f', 'admin_state_up': True, 'mtu': 1372, 'status': 'ACTIVE', 'subnets': ['79d8c9f1-7e47-4a63-ba3a-e9a0bdba2789'], 'standard_attr_id': 12, 'shared': False, 'availability_zone_hints': [], 'availability_zones': [], 'ipv4_address_scope': None, 'ipv6_address_scope': None, 'router:external': False, 'qinq': False, 'vlan_transparent': False, 'description': '', 'port_security_enabled': True, 'tags': [], 'created_at': '2026-03-18T19:43:10Z', 'updated_at': '2026-03-18T19:43:12Z', 'revision_number': 2, 'provider:network_type': 'geneve', 'provider:physical_network': None, 'provider:segmentation_id': 41902}}, resource_type=ports, if_exists=True) {{(pid=102909) do_commit /opt/stack/data/venv/lib/python3.12/site-packages/ovsdbapp/backend/ovs_idl/transaction.py:89}}
Mar 18 19:43:13.285131 np0000159911 devstack@neutron-api.service[102909]: DEBUG ovsdbapp.backend.ovs_idl.transaction [-] Running txn n=1 command(idx=1): AddDHCPOptionsCommand(_result=None, columns={'cidr': '10.1.0.0/26', 'options': {'server_id': '10.1.0.1', 'lease_time': '43200', 'mtu': '1372', 'router': '10.1.0.1', 'server_mac': 'fa:16:3e:a7:ef:ef', 'dns_server': '{127.0.0.53}', 'classless_static_route': '{169.254.169.254/32,10.1.0.2, 0.0.0.0/0,10.1.0.1}'}, 'external_ids': {'subnet_id': '79d8c9f1-7e47-4a63-ba3a-e9a0bdba2789', 'neutron:network_id': '8b668695-815c-4a42-b1f3-962055252502', 'neutron:revision_number': '0'}}, may_exist=True, subnet_id=79d8c9f1-7e47-4a63-ba3a-e9a0bdba2789, port_id=None, new_insert=False) {{(pid=102909) do_commit /opt/stack/data/venv/lib/python3.12/site-packages/ovsdbapp/backend/ovs_idl/transaction.py:89}}
Mar 18 19:43:13.285296 np0000159911 devstack@neutron-api.service[102909]: DEBUG ovsdbapp.backend.ovs_idl.transaction [-] Running txn n=1 command(idx=2): SetLSwitchPortCommand(_result=None, lport=6ebb5c6a-403f-4470-9b41-5f69c518283d, external_ids_update=None, columns={'external_ids': {'neutron:port_name': '', 'neutron:device_id': 'ovnmeta-8b668695-815c-4a42-b1f3-962055252502', 'neutron:project_id': '11f614e977544894bf76bd642e2c459f', 'neutron:cidrs': '10.1.0.2/26', 'neutron:device_owner': 'network:distributed', 'neutron:subnet_pool_addr_scope4': '', 'neutron:subnet_pool_addr_scope6': '', 'neutron:network_name': 'neutron-8b668695-815c-4a42-b1f3-962055252502', 'neutron:security_group_ids': '', 'neutron:revision_number': '2', 'neutron:vnic_type': 'normal', 'neutron:port_capabilities': '', 'neutron:mtu': ''}, 'parent_name': [], 'tag': [], 'options': {}, 'enabled': True, 'port_security': [], 'dhcpv4_options': [], 'dhcpv6_options': [], 'type': 'localport', 'addresses': ['fa:16:3e:eb:fb:8b 10.1.0.2'], 'ha_chassis_group': []}, if_exists=False) {{(pid=102909) do_commit /opt/stack/data/venv/lib/python3.12/site-packages/ovsdbapp/backend/ovs_idl/transaction.py:89}}
Mar 18 19:43:13.286627 np0000159911 devstack@neutron-api.service[102909]: DEBUG ovsdbapp.backend.ovs_idl.transaction [-] Running txn n=1 command(idx=3): PgDelPortCommand(_result=None, port_group=neutron_pg_drop, lsp=['6ebb5c6a-403f-4470-9b41-5f69c518283d'], if_exists=False) {{(pid=102909) do_commit /opt/stack/data/venv/lib/python3.12/site-packages/ovsdbapp/backend/ovs_idl/transaction.py:89}}
Mar 18 19:43:13.292622 np0000159911 devstack@neutron-api.service[102908]: DEBUG neutron.plugins.ml2.drivers.ovn.mech_driver.ovsdb.ovsdb_monitor [-] Hash Ring: Node 5c3ad01cf2c754c6a0088b4798823542 (host: np0000159911) handling event "update" for row 5a684501-7099-4bdf-8339-d85830a59fa1 (table: Logical_Switch_Port) {{(pid=102908) notify /opt/stack/neutron/neutron/plugins/ml2/drivers/ovn/mech_driver/ovsdb/ovsdb_monitor.py:906}}
Mar 18 19:43:13.293300 np0000159911 devstack@neutron-api.service[102907]: DEBUG neutron.plugins.ml2.drivers.ovn.mech_driver.ovsdb.ovsdb_monitor [-] Hash Ring: Node 1c904377696b571cb83f632991c9e4d3 (host: np0000159911) handling event "update" for row 5a684501-7099-4bdf-8339-d85830a59fa1 (table: Logical_Switch_Port) {{(pid=102907) notify /opt/stack/neutron/neutron/plugins/ml2/drivers/ovn/mech_driver/ovsdb/ovsdb_monitor.py:906}}
Mar 18 19:43:13.293917 np0000159911 devstack@neutron-api.service[102910]: DEBUG neutron.plugins.ml2.drivers.ovn.mech_driver.ovsdb.ovsdb_monitor [-] Hash Ring: Node 2a0795b9427d5aca804e755135bef946 (host: np0000159911) handling event "create" for row f69017a4-e093-41ec-a336-e284e0913b70 (table: DHCP_Options) {{(pid=102910) notify /opt/stack/neutron/neutron/plugins/ml2/drivers/ovn/mech_driver/ovsdb/ovsdb_monitor.py:906}}
Mar 18 19:43:13.293917 np0000159911 devstack@neutron-api.service[102910]: DEBUG neutron.plugins.ml2.drivers.ovn.mech_driver.ovsdb.ovsdb_monitor [-] Hash Ring: Node 2a0795b9427d5aca804e755135bef946 (host: np0000159911) handling event "update" for row 5a684501-7099-4bdf-8339-d85830a59fa1 (table: Logical_Switch_Port) {{(pid=102910) notify /opt/stack/neutron/neutron/plugins/ml2/drivers/ovn/mech_driver/ovsdb/ovsdb_monitor.py:906}}
Mar 18 19:43:13.295672 np0000159911 devstack@neutron-api.service[102909]: DEBUG neutron.plugins.ml2.drivers.ovn.mech_driver.ovsdb.ovsdb_monitor [-] Hash Ring: Node c4d2665d134356c586632ee2c279c2a7 (host: np0000159911) handling event "update" for row 4bc1e3e6-0cd4-4070-aaee-bdbd70283588 (table: Port_Binding) {{(pid=102909) notify /opt/stack/neutron/neutron/plugins/ml2/drivers/ovn/mech_driver/ovsdb/ovsdb_monitor.py:906}}
Mar 18 19:43:13.296386 np0000159911 devstack@neutron-api.service[102910]: DEBUG neutron.plugins.ml2.drivers.ovn.mech_driver.ovsdb.ovsdb_monitor [-] Hash Ring: Node 2a0795b9427d5aca804e755135bef946 (host: np0000159911) handling event "update" for row 4bc1e3e6-0cd4-4070-aaee-bdbd70283588 (table: Port_Binding) {{(pid=102910) notify /opt/stack/neutron/neutron/plugins/ml2/drivers/ovn/mech_driver/ovsdb/ovsdb_monitor.py:906}}
Mar 18 19:43:13.337138 np0000159911 devstack@neutron-api.service[102909]: INFO neutron.db.ovn_revision_numbers_db [None req-57e91a49-754b-4c35-b899-6cbb7e7cd486 admin admin] Successfully bumped revision number for resource 6ebb5c6a-403f-4470-9b41-5f69c518283d (type: ports) to 2
Mar 18 19:43:13.350283 np0000159911 devstack@neutron-api.service[102909]: DEBUG neutron.plugins.ml2.plugin [None req-57e91a49-754b-4c35-b899-6cbb7e7cd486 admin admin] In _notify_port_updated(), no bound segment for port 6ebb5c6a-403f-4470-9b41-5f69c518283d on network 8b668695-815c-4a42-b1f3-962055252502 {{(pid=102909) _notify_port_updated /opt/stack/neutron/neutron/plugins/ml2/plugin.py:1036}}
Mar 18 19:43:13.384953 np0000159911 devstack@neutron-api.service[102909]: INFO neutron.db.ovn_revision_numbers_db [None req-57e91a49-754b-4c35-b899-6cbb7e7cd486 admin admin] Successfully bumped revision number for resource 79d8c9f1-7e47-4a63-ba3a-e9a0bdba2789 (type: subnets) to 0
Mar 18 19:43:13.387019 np0000159911 devstack@neutron-api.service[102909]: DEBUG neutron.pecan_wsgi.hooks.policy_enforcement [None req-57e91a49-754b-4c35-b899-6cbb7e7cd486 admin admin] Attributes excluded by policy engine: ['standard_attr_id', 'shared', 'network'] {{(pid=102909) _exclude_attributes_by_policy /opt/stack/neutron/neutron/pecan_wsgi/hooks/policy_enforcement.py:258}}
Mar 18 19:43:13.387407 np0000159911 devstack@neutron-api.service[102909]: DEBUG neutron_lib.callbacks.manager [None req-57e91a49-754b-4c35-b899-6cbb7e7cd486 admin admin] Publish callbacks [] for subnet (None), before_response {{(pid=102909) _notify_loop /opt/stack/data/venv/lib/python3.12/site-packages/neutron_lib/callbacks/manager.py:184}}
Mar 18 19:43:13.400891 np0000159911 devstack@neutron-api.service[102909]: [pid: 102909|app: 0|req: 2/8] 199.204.45.19 () {68 vars in 1348 bytes} [Wed Mar 18 19:43:12 2026] POST /networking/v2.0/subnets => generated 666 bytes in 1195 msecs (HTTP/1.1 201) 4 headers in 162 bytes (1 switches on core 0)
Mar 18 19:43:13.899310 np0000159911 devstack@neutron-api.service[102908]: DEBUG neutron.pecan_wsgi.hooks.policy_enforcement [None req-9dc4c0c0-909b-4b20-bbde-702dc14d7b0a admin admin] Attributes excluded by policy engine: ['standard_attr_id'] {{(pid=102908) _exclude_attributes_by_policy /opt/stack/neutron/neutron/pecan_wsgi/hooks/policy_enforcement.py:258}}
Mar 18 19:43:13.899310 np0000159911 devstack@neutron-api.service[102908]: [pid: 102908|app: 0|req: 2/9] 199.204.45.19 () {64 vars in 1408 bytes} [Wed Mar 18 19:43:13 2026] GET /networking/v2.0/networks/8b668695-815c-4a42-b1f3-962055252502 => generated 700 bytes in 44 msecs (HTTP/1.1 200) 4 headers in 157 bytes (1 switches on core 0)
Mar 18 19:43:13.915839 np0000159911 devstack@neutron-api.service[102910]: DEBUG neutron.api.wsgi [None req-1dd519f5-6525-41ee-9ef6-6238b6ffd830 admin admin] Missing Content-Type {{(pid=102910) get_content_type /opt/stack/neutron/neutron/api/wsgi.py:85}}
Mar 18 19:43:13.931952 np0000159911 devstack@neutron-api.service[102910]: [pid: 102910|app: 0|req: 4/10] 199.204.45.19 () {64 vars in 1417 bytes} [Wed Mar 18 19:43:13 2026] GET /networking/v2.0/subnetpools/0db2bdca-ca93-4fc8-8274-f3d4e0b60eb6 => generated 543 bytes in 21 msecs (HTTP/1.1 200) 4 headers in 157 bytes (1 switches on core 0)
Mar 18 19:43:13.950836 np0000159911 devstack@neutron-api.service[102907]: DEBUG neutron.api.v2.base [None req-9d3d6f0a-58ff-4542-98ae-cd5f0010316b admin admin] Request body: {'subnet': {'ip_version': 6, 'ipv6_address_mode': 'slaac', 'ipv6_ra_mode': 'slaac', 'network_id': '8b668695-815c-4a42-b1f3-962055252502', 'name': 'ipv6-private-subnet', 'subnetpool_id': '0db2bdca-ca93-4fc8-8274-f3d4e0b60eb6'}} {{(pid=102907) prepare_request_body /opt/stack/neutron/neutron/api/v2/base.py:729}}
Mar 18 19:43:13.968777 np0000159911 devstack@neutron-api.service[102907]: DEBUG neutron.pecan_wsgi.hooks.quota_enforcement [None req-9d3d6f0a-58ff-4542-98ae-cd5f0010316b admin admin] Made reservation on behalf of 11f614e977544894bf76bd642e2c459f for: {'subnet': 1} {{(pid=102907) before /opt/stack/neutron/neutron/pecan_wsgi/hooks/quota_enforcement.py:66}}
Mar 18 19:43:13.972725 np0000159911 devstack@neutron-api.service[102907]: DEBUG neutron_lib.callbacks.manager [None req-9d3d6f0a-58ff-4542-98ae-cd5f0010316b admin admin] Publish callbacks [] for subnet (None), before_create {{(pid=102907) _notify_loop /opt/stack/data/venv/lib/python3.12/site-packages/neutron_lib/callbacks/manager.py:184}}
Mar 18 19:43:14.176837 np0000159911 devstack@neutron-api.service[102907]: DEBUG neutron.db.ovn_revision_numbers_db [None req-9d3d6f0a-58ff-4542-98ae-cd5f0010316b admin admin] create_initial_revision uuid=38b1c9dd-c4b8-4fb8-81ce-ef4bd408d577, type=subnets, rev=-1 {{(pid=102907) create_initial_revision /opt/stack/neutron/neutron/db/ovn_revision_numbers_db.py:98}}
Mar 18 19:43:14.602016 np0000159911 devstack@neutron-api.service[102907]: DEBUG neutron.objects.ports [None req-9d3d6f0a-58ff-4542-98ae-cd5f0010316b admin admin] Time-cost: Fetching 1 ports in 0 security groups {{(pid=102907) get_objects /opt/stack/neutron/neutron/objects/ports.py:499}}
Mar 18 19:43:14.769346 np0000159911 devstack@neutron-api.service[102907]: DEBUG neutron_lib.callbacks.manager [None req-9d3d6f0a-58ff-4542-98ae-cd5f0010316b admin admin] Publish callbacks ['neutron.plugins.ml2.plugin.SecurityGroupDbMixin._ensure_default_security_group_handler-2398526', 'neutron.services.ovn_l3.plugin.OVNL3RouterPlugin._port_update-8723339299854', 'neutron.db.l3_db.L3_NAT_dbonly_mixin._prevent_internal_ip_change_for_fip-8723340417788'] for port (6ebb5c6a-403f-4470-9b41-5f69c518283d), before_update {{(pid=102907) _notify_loop /opt/stack/data/venv/lib/python3.12/site-packages/neutron_lib/callbacks/manager.py:184}}
Mar 18 19:43:14.931152 np0000159911 devstack@neutron-api.service[102907]: DEBUG neutron_lib.callbacks.manager [None req-9d3d6f0a-58ff-4542-98ae-cd5f0010316b admin admin] Publish callbacks [] for port (6ebb5c6a-403f-4470-9b41-5f69c518283d), precommit_update {{(pid=102907) _notify_loop /opt/stack/data/venv/lib/python3.12/site-packages/neutron_lib/callbacks/manager.py:184}}
