2026-04-23 17:24:16.380 7 INFO neutron.quota.resource_registry [None req-0966bc56-e283-464b-98bd-0d201b942995 - - - - - -] Creating instance of TrackedResource for resource:subnetpool
2026-04-23 17:24:16.381 7 INFO neutron.quota.resource_registry [None req-0966bc56-e283-464b-98bd-0d201b942995 - - - - - -] Creating instance of TrackedResource for resource:port
2026-04-23 17:24:16.379 8 INFO neutron.api.extensions [None req-66bdb7d5-d35b-43eb-9564-1ffdb5035417 - - - - - -] Loaded extension: external-gateway-multihoming
2026-04-23 17:24:16.381 8 INFO neutron.api.extensions [None req-66bdb7d5-d35b-43eb-9564-1ffdb5035417 - - - - - -] Loaded extension: l3-flavors
2026-04-23 17:24:16.382 8 INFO neutron.api.extensions [None req-66bdb7d5-d35b-43eb-9564-1ffdb5035417 - - - - - -] Extension l3-ndp-proxy not supported by any of loaded plugins
2026-04-23 17:24:16.383 8 INFO neutron.api.extensions [None req-66bdb7d5-d35b-43eb-9564-1ffdb5035417 - - - - - -] Extension l3-port-ip-change-not-allowed not supported by any of loaded plugins
2026-04-23 17:24:16.385 8 INFO neutron.api.extensions [None req-66bdb7d5-d35b-43eb-9564-1ffdb5035417 - - - - - -] Extension l3_agent_scheduler not supported by any of loaded plugins
2026-04-23 17:24:16.385 7 INFO neutron.quota.resource_registry [None req-0966bc56-e283-464b-98bd-0d201b942995 - - - - - -] Creating instance of TrackedResource for resource:router
2026-04-23 17:24:16.385 7 INFO neutron.quota.resource_registry [None req-0966bc56-e283-464b-98bd-0d201b942995 - - - - - -] Creating instance of TrackedResource for resource:floatingip
2026-04-23 17:24:16.386 8 INFO neutron.api.extensions [None req-66bdb7d5-d35b-43eb-9564-1ffdb5035417 - - - - - -] Extension local_ip not supported by any of loaded plugins
2026-04-23 17:24:16.387 8 INFO neutron.api.extensions [None req-66bdb7d5-d35b-43eb-9564-1ffdb5035417 - - - - - -] Loaded extension: logging
2026-04-23 17:24:16.388 8 INFO neutron.api.extensions [None req-66bdb7d5-d35b-43eb-9564-1ffdb5035417 - - - - - -] Extension metering not supported by any of loaded plugins
2026-04-23 17:24:16.389 8 INFO neutron.api.extensions [None req-66bdb7d5-d35b-43eb-9564-1ffdb5035417 - - - - - -] Extension metering_source_and_destination_fields not supported by any of loaded plugins
2026-04-23 17:24:16.389 8 INFO neutron.api.extensions [None req-66bdb7d5-d35b-43eb-9564-1ffdb5035417 - - - - - -] Loaded extension: multi-provider
2026-04-23 17:24:16.390 8 INFO neutron.api.extensions [None req-66bdb7d5-d35b-43eb-9564-1ffdb5035417 - - - - - -] Loaded extension: net-mtu
2026-04-23 17:24:16.390 8 INFO neutron.api.extensions [None req-66bdb7d5-d35b-43eb-9564-1ffdb5035417 - - - - - -] Loaded extension: net-mtu-writable
2026-04-23 17:24:16.391 8 INFO neutron.api.extensions [None req-66bdb7d5-d35b-43eb-9564-1ffdb5035417 - - - - - -] Loaded extension: network_availability_zone
2026-04-23 17:24:16.391 7 INFO neutron.quota.resource_registry [None req-0966bc56-e283-464b-98bd-0d201b942995 - - - - - -] Creating instance of CountableResource for resource:rbac_policy
2026-04-23 17:24:16.391 8 INFO neutron.api.extensions [None req-66bdb7d5-d35b-43eb-9564-1ffdb5035417 - - - - - -] Extension network_ha not supported by any of loaded plugins
2026-04-23 17:24:16.391 7 INFO neutron.quota.resource_registry [None req-0966bc56-e283-464b-98bd-0d201b942995 - - - - - -] Creating instance of TrackedResource for resource:security_group
2026-04-23 17:24:16.392 8 INFO neutron.api.extensions [None req-66bdb7d5-d35b-43eb-9564-1ffdb5035417 - - - - - -] Loaded extension: network-ip-availability
2026-04-23 17:24:16.392 7 INFO neutron.quota.resource_registry [None req-0966bc56-e283-464b-98bd-0d201b942995 - - - - - -] Creating instance of TrackedResource for resource:security_group_rule
2026-04-23 17:24:16.393 8 INFO neutron.api.extensions [None req-66bdb7d5-d35b-43eb-9564-1ffdb5035417 - - - - - -] Extension network-segment-range not supported by any of loaded plugins
2026-04-23 17:24:16.393 7 INFO neutron.quota.resource_registry [None req-0966bc56-e283-464b-98bd-0d201b942995 - - - - - -] Creating instance of TrackedResource for resource:subnetpool
2026-04-23 17:24:16.393 8 INFO neutron.api.extensions [None req-66bdb7d5-d35b-43eb-9564-1ffdb5035417 - - - - - -] Loaded extension: pagination
2026-04-23 17:24:16.393 7 WARNING neutron.quota.resource_registry [None req-0966bc56-e283-464b-98bd-0d201b942995 - - - - - -] subnetpool is already registered
2026-04-23 17:24:16.394 8 INFO neutron.api.extensions [None req-66bdb7d5-d35b-43eb-9564-1ffdb5035417 - - - - - -] Loaded extension: port-device-profile
2026-04-23 17:24:16.394 7 INFO neutron.quota.resource_registry [None req-0966bc56-e283-464b-98bd-0d201b942995 - - - - - -] Creating instance of CountableResource for resource:trunk
2026-04-23 17:24:16.394 8 INFO neutron.api.extensions [None req-66bdb7d5-d35b-43eb-9564-1ffdb5035417 - - - - - -] Extension port-hardware-offload-type not supported by any of loaded plugins
2026-04-23 17:24:16.394 7 INFO neutron.quota.resource_registry [None req-0966bc56-e283-464b-98bd-0d201b942995 - - - - - -] Creating instance of CountableResource for resource:ikepolicy
2026-04-23 17:24:16.395 8 INFO neutron.api.extensions [None req-66bdb7d5-d35b-43eb-9564-1ffdb5035417 - - - - - -] Extension port-hint-ovs-tx-steering not supported by any of loaded plugins
2026-04-23 17:24:16.395 7 INFO neutron.quota.resource_registry [None req-0966bc56-e283-464b-98bd-0d201b942995 - - - - - -] Creating instance of CountableResource for resource:ipsecpolicy
2026-04-23 17:24:16.395 8 INFO neutron.api.extensions [None req-66bdb7d5-d35b-43eb-9564-1ffdb5035417 - - - - - -] Extension port-hints not supported by any of loaded plugins
2026-04-23 17:24:16.395 7 INFO neutron.quota.resource_registry [None req-0966bc56-e283-464b-98bd-0d201b942995 - - - - - -] Creating instance of CountableResource for resource:endpoint_group
2026-04-23 17:24:16.396 8 INFO neutron.api.extensions [None req-66bdb7d5-d35b-43eb-9564-1ffdb5035417 - - - - - -] Extension port-mac-override not supported by any of loaded plugins
2026-04-23 17:24:16.396 7 INFO neutron.quota.resource_registry [None req-0966bc56-e283-464b-98bd-0d201b942995 - - - - - -] Creating instance of CountableResource for resource:vpnservice
2026-04-23 17:24:16.396 8 INFO neutron.api.extensions [None req-66bdb7d5-d35b-43eb-9564-1ffdb5035417 - - - - - -] Loaded extension: port-mac-address-regenerate
2026-04-23 17:24:16.396 7 INFO neutron.quota.resource_registry [None req-0966bc56-e283-464b-98bd-0d201b942995 - - - - - -] Creating instance of CountableResource for resource:ipsec_site_connection
2026-04-23 17:24:16.397 8 INFO neutron.api.extensions [None req-66bdb7d5-d35b-43eb-9564-1ffdb5035417 - - - - - -] Loaded extension: port-numa-affinity-policy
2026-04-23 17:24:16.397 7 INFO neutron.quota.resource_registry [None req-0966bc56-e283-464b-98bd-0d201b942995 - - - - - -] Creating instance of CountableResource for resource:ipsecpolicy
2026-04-23 17:24:16.397 7 WARNING neutron.quota.resource_registry [None req-0966bc56-e283-464b-98bd-0d201b942995 - - - - - -] ipsecpolicy is already registered
2026-04-23 17:24:16.397 8 INFO neutron.api.extensions [None req-66bdb7d5-d35b-43eb-9564-1ffdb5035417 - - - - - -] Loaded extension: port-numa-affinity-policy-socket
2026-04-23 17:24:16.397 7 INFO neutron.quota.resource_registry [None req-0966bc56-e283-464b-98bd-0d201b942995 - - - - - -] Creating instance of CountableResource for resource:ikepolicy
2026-04-23 17:24:16.397 7 WARNING neutron.quota.resource_registry [None req-0966bc56-e283-464b-98bd-0d201b942995 - - - - - -] ikepolicy is already registered
2026-04-23 17:24:16.398 8 INFO neutron.api.extensions [None req-66bdb7d5-d35b-43eb-9564-1ffdb5035417 - - - - - -] Loaded extension: port-resource-request
2026-04-23 17:24:16.398 8 INFO neutron.api.extensions [None req-66bdb7d5-d35b-43eb-9564-1ffdb5035417 - - - - - -] Loaded extension: port-resource-request-groups
2026-04-23 17:24:16.399 8 INFO neutron.api.extensions [None req-66bdb7d5-d35b-43eb-9564-1ffdb5035417 - - - - - -] Extension port-trusted-vif not supported by any of loaded plugins
2026-04-23 17:24:16.399 8 INFO neutron.api.extensions [None req-66bdb7d5-d35b-43eb-9564-1ffdb5035417 - - - - - -] Loaded extension: binding
2026-04-23 17:24:16.400 8 INFO neutron.api.extensions [None req-66bdb7d5-d35b-43eb-9564-1ffdb5035417 - - - - - -] Loaded extension: binding-extended
2026-04-23 17:24:16.401 8 INFO neutron.api.extensions [None req-66bdb7d5-d35b-43eb-9564-1ffdb5035417 - - - - - -] Loaded extension: port-security
2026-04-23 17:24:16.401 8 INFO neutron.api.extensions [None req-66bdb7d5-d35b-43eb-9564-1ffdb5035417 - - - - - -] Loaded extension: project-id
2026-04-23 17:24:16.401 8 INFO neutron.api.extensions [None req-66bdb7d5-d35b-43eb-9564-1ffdb5035417 - - - - - -] Loaded extension: provider
2026-04-23 17:24:16.402 7 INFO neutron.quota.resource_registry [None req-0966bc56-e283-464b-98bd-0d201b942995 - - - - - -] Creating instance of TrackedResource for resource:router
2026-04-23 17:24:16.402 7 WARNING neutron.quota.resource_registry [None req-0966bc56-e283-464b-98bd-0d201b942995 - - - - - -] router is already registered
2026-04-23 17:24:16.402 8 INFO neutron.api.extensions [None req-66bdb7d5-d35b-43eb-9564-1ffdb5035417 - - - - - -] Loaded extension: qinq
2026-04-23 17:24:16.402 7 INFO neutron.quota.resource_registry [None req-0966bc56-e283-464b-98bd-0d201b942995 - - - - - -] Creating instance of TrackedResource for resource:floatingip
2026-04-23 17:24:16.403 7 WARNING neutron.quota.resource_registry [None req-0966bc56-e283-464b-98bd-0d201b942995 - - - - - -] floatingip is already registered
2026-04-23 17:24:16.404 8 INFO neutron.api.extensions [None req-66bdb7d5-d35b-43eb-9564-1ffdb5035417 - - - - - -] Loaded extension: qos
2026-04-23 17:24:16.405 8 INFO neutron.api.extensions [None req-66bdb7d5-d35b-43eb-9564-1ffdb5035417 - - - - - -] Loaded extension: qos-bw-limit-direction
2026-04-23 17:24:16.405 8 INFO neutron.api.extensions [None req-66bdb7d5-d35b-43eb-9564-1ffdb5035417 - - - - - -] Loaded extension: qos-bw-minimum-ingress
2026-04-23 17:24:16.406 8 INFO neutron.api.extensions [None req-66bdb7d5-d35b-43eb-9564-1ffdb5035417 - - - - - -] Loaded extension: qos-default
2026-04-23 17:24:16.406 8 INFO neutron.api.extensions [None req-66bdb7d5-d35b-43eb-9564-1ffdb5035417 - - - - - -] Loaded extension: qos-fip
2026-04-23 17:24:16.407 8 INFO neutron.api.extensions [None req-66bdb7d5-d35b-43eb-9564-1ffdb5035417 - - - - - -] Extension qos-fip-network-policy not supported by any of loaded plugins
2026-04-23 17:24:16.407 7 INFO neutron.quota.resource_registry [None req-0966bc56-e283-464b-98bd-0d201b942995 - - - - - -] Creating instance of CountableResource for resource:rbac_policy
2026-04-23 17:24:16.407 7 WARNING neutron.quota.resource_registry [None req-0966bc56-e283-464b-98bd-0d201b942995 - - - - - -] rbac_policy is already registered
2026-04-23 17:24:16.407 8 INFO neutron.api.extensions [None req-66bdb7d5-d35b-43eb-9564-1ffdb5035417 - - - - - -] Loaded extension: qos-gateway-ip
2026-04-23 17:24:16.408 8 INFO neutron.api.extensions [None req-66bdb7d5-d35b-43eb-9564-1ffdb5035417 - - - - - -] Loaded extension: qos-port-network-policy
2026-04-23 17:24:16.408 7 INFO neutron.quota.resource_registry [None req-0966bc56-e283-464b-98bd-0d201b942995 - - - - - -] Creating instance of TrackedResource for resource:security_group
2026-04-23 17:24:16.408 7 WARNING neutron.quota.resource_registry [None req-0966bc56-e283-464b-98bd-0d201b942995 - - - - - -] security_group is already registered
2026-04-23 17:24:16.408 8 INFO neutron.api.extensions [None req-66bdb7d5-d35b-43eb-9564-1ffdb5035417 - - - - - -] Loaded extension: qos-pps-minimum
2026-04-23 17:24:16.408 7 INFO neutron.quota.resource_registry [None req-0966bc56-e283-464b-98bd-0d201b942995 - - - - - -] Creating instance of TrackedResource for resource:security_group_rule
2026-04-23 17:24:16.409 7 WARNING neutron.quota.resource_registry [None req-0966bc56-e283-464b-98bd-0d201b942995 - - - - - -] security_group_rule is already registered
2026-04-23 17:24:16.409 8 INFO neutron.api.extensions [None req-66bdb7d5-d35b-43eb-9564-1ffdb5035417 - - - - - -] Loaded extension: qos-pps-minimum-rule-alias
2026-04-23 17:24:16.409 7 INFO neutron.quota.resource_registry [None req-0966bc56-e283-464b-98bd-0d201b942995 - - - - - -] Creating instance of TrackedResource for resource:subnetpool
2026-04-23 17:24:16.410 7 WARNING neutron.quota.resource_registry [None req-0966bc56-e283-464b-98bd-0d201b942995 - - - - - -] subnetpool is already registered
2026-04-23 17:24:16.410 8 INFO neutron.api.extensions [None req-66bdb7d5-d35b-43eb-9564-1ffdb5035417 - - - - - -] Loaded extension: qos-pps
2026-04-23 17:24:16.410 7 INFO neutron.quota.resource_registry [None req-0966bc56-e283-464b-98bd-0d201b942995 - - - - - -] Creating instance of CountableResource for resource:trunk
2026-04-23 17:24:16.410 7 WARNING neutron.quota.resource_registry [None req-0966bc56-e283-464b-98bd-0d201b942995 - - - - - -] trunk is already registered
2026-04-23 17:24:16.410 8 INFO neutron.api.extensions [None req-66bdb7d5-d35b-43eb-9564-1ffdb5035417 - - - - - -] Loaded extension: qos-rule-type-details
2026-04-23 17:24:16.410 7 INFO neutron.quota.resource_registry [None req-0966bc56-e283-464b-98bd-0d201b942995 - - - - - -] Creating instance of CountableResource for resource:ikepolicy
2026-04-23 17:24:16.411 7 WARNING neutron.quota.resource_registry [None req-0966bc56-e283-464b-98bd-0d201b942995 - - - - - -] ikepolicy is already registered
2026-04-23 17:24:16.411 8 INFO neutron.api.extensions [None req-66bdb7d5-d35b-43eb-9564-1ffdb5035417 - - - - - -] Loaded extension: qos-rule-type-filter
2026-04-23 17:24:16.411 8 INFO neutron.api.extensions [None req-66bdb7d5-d35b-43eb-9564-1ffdb5035417 - - - - - -] Loaded extension: qos-rules-alias
2026-04-23 17:24:16.412 8 INFO neutron.api.extensions [None req-66bdb7d5-d35b-43eb-9564-1ffdb5035417 - - - - - -] Loaded extension: quota-check-limit
2026-04-23 17:24:16.412 7 INFO neutron.quota.resource_registry [None req-0966bc56-e283-464b-98bd-0d201b942995 - - - - - -] Creating instance of CountableResource for resource:ipsecpolicy
2026-04-23 17:24:16.412 7 WARNING neutron.quota.resource_registry [None req-0966bc56-e283-464b-98bd-0d201b942995 - - - - - -] ipsecpolicy is already registered
2026-04-23 17:24:16.412 7 INFO neutron.quota.resource_registry [None req-0966bc56-e283-464b-98bd-0d201b942995 - - - - - -] Creating instance of CountableResource for resource:endpoint_group
2026-04-23 17:24:16.413 7 WARNING neutron.quota.resource_registry [None req-0966bc56-e283-464b-98bd-0d201b942995 - - - - - -] endpoint_group is already registered
2026-04-23 17:24:16.413 8 INFO neutron.api.extensions [None req-66bdb7d5-d35b-43eb-9564-1ffdb5035417 - - - - - -] Loaded extension: quota-check-limit-default
2026-04-23 17:24:16.413 7 INFO neutron.quota.resource_registry [None req-0966bc56-e283-464b-98bd-0d201b942995 - - - - - -] Creating instance of CountableResource for resource:vpnservice
2026-04-23 17:24:16.413 7 WARNING neutron.quota.resource_registry [None req-0966bc56-e283-464b-98bd-0d201b942995 - - - - - -] vpnservice is already registered
2026-04-23 17:24:16.413 7 INFO neutron.quota.resource_registry [None req-0966bc56-e283-464b-98bd-0d201b942995 - - - - - -] Creating instance of CountableResource for resource:ipsec_site_connection
2026-04-23 17:24:16.414 7 WARNING neutron.quota.resource_registry [None req-0966bc56-e283-464b-98bd-0d201b942995 - - - - - -] ipsec_site_connection is already registered
2026-04-23 17:24:16.414 7 INFO neutron.quota.resource_registry [None req-0966bc56-e283-464b-98bd-0d201b942995 - - - - - -] Creating instance of CountableResource for resource:ipsecpolicy
2026-04-23 17:24:16.414 7 WARNING neutron.quota.resource_registry [None req-0966bc56-e283-464b-98bd-0d201b942995 - - - - - -] ipsecpolicy is already registered
2026-04-23 17:24:16.414 7 INFO neutron.quota.resource_registry [None req-0966bc56-e283-464b-98bd-0d201b942995 - - - - - -] Creating instance of CountableResource for resource:ikepolicy
2026-04-23 17:24:16.415 7 WARNING neutron.quota.resource_registry [None req-0966bc56-e283-464b-98bd-0d201b942995 - - - - - -] ikepolicy is already registered
2026-04-23 17:24:16.415 8 INFO neutron.api.extensions [None req-66bdb7d5-d35b-43eb-9564-1ffdb5035417 - - - - - -] Loaded extension: quotas
2026-04-23 17:24:16.416 8 INFO neutron.api.extensions [None req-66bdb7d5-d35b-43eb-9564-1ffdb5035417 - - - - - -] Loaded extension: quota_details
2026-04-23 17:24:16.417 8 INFO neutron.api.extensions [None req-66bdb7d5-d35b-43eb-9564-1ffdb5035417 - - - - - -] Loaded extension: rbac-policies
2026-04-23 17:24:16.418 8 INFO neutron.api.extensions [None req-66bdb7d5-d35b-43eb-9564-1ffdb5035417 - - - - - -] Extension rbac-address-group not supported by any of loaded plugins
2026-04-23 17:24:16.418 8 INFO neutron.api.extensions [None req-66bdb7d5-d35b-43eb-9564-1ffdb5035417 - - - - - -] Loaded extension: rbac-address-scope
2026-04-23 17:24:16.418 8 INFO neutron.api.extensions [None req-66bdb7d5-d35b-43eb-9564-1ffdb5035417 - - - - - -] Loaded extension: rbac-security-groups
2026-04-23 17:24:16.419 8 INFO neutron.api.extensions [None req-66bdb7d5-d35b-43eb-9564-1ffdb5035417 - - - - - -] Extension rbac-subnetpool not supported by any of loaded plugins
2026-04-23 17:24:16.419 8 INFO neutron.api.extensions [None req-66bdb7d5-d35b-43eb-9564-1ffdb5035417 - - - - - -] Loaded extension: revision-if-match
2026-04-23 17:24:16.420 8 INFO neutron.api.extensions [None req-66bdb7d5-d35b-43eb-9564-1ffdb5035417 - - - - - -] Loaded extension: standard-attr-revisions
2026-04-23 17:24:16.421 8 INFO neutron.api.extensions [None req-66bdb7d5-d35b-43eb-9564-1ffdb5035417 - - - - - -] Loaded extension: router_availability_zone
2026-04-23 17:24:16.421 8 INFO neutron.api.extensions [None req-66bdb7d5-d35b-43eb-9564-1ffdb5035417 - - - - - -] Extension router-service-type not supported by any of loaded plugins
2026-04-23 17:24:16.423 8 INFO neutron.api.extensions [None req-66bdb7d5-d35b-43eb-9564-1ffdb5035417 - - - - - -] Loaded extension: security-groups-default-rules
2026-04-23 17:24:16.423 8 INFO neutron.api.extensions [None req-66bdb7d5-d35b-43eb-9564-1ffdb5035417 - - - - - -] Loaded extension: security-groups-normalized-cidr
2026-04-23 17:24:16.424 8 INFO neutron.api.extensions [None req-66bdb7d5-d35b-43eb-9564-1ffdb5035417 - - - - - -] Extension port-security-groups-filtering not supported by any of loaded plugins
2026-04-23 17:24:16.424 8 INFO neutron.api.extensions [None req-66bdb7d5-d35b-43eb-9564-1ffdb5035417 - - - - - -] Loaded extension: security-groups-remote-address-group
2026-04-23 17:24:16.425 8 INFO neutron.api.extensions [None req-66bdb7d5-d35b-43eb-9564-1ffdb5035417 - - - - - -] Loaded extension: security-groups-rules-belongs-to-default-sg
2026-04-23 17:24:16.425 8 INFO neutron.api.extensions [None req-66bdb7d5-d35b-43eb-9564-1ffdb5035417 - - - - - -] Loaded extension: security-groups-shared-filtering
2026-04-23 17:24:16.430 8 INFO neutron.api.extensions [None req-66bdb7d5-d35b-43eb-9564-1ffdb5035417 - - - - - -] Loaded extension: security-group
2026-04-23 17:24:16.431 8 INFO neutron.api.extensions [None req-66bdb7d5-d35b-43eb-9564-1ffdb5035417 - - - - - -] Loaded extension: segment
2026-04-23 17:24:16.431 8 INFO neutron.api.extensions [None req-66bdb7d5-d35b-43eb-9564-1ffdb5035417 - - - - - -] Loaded extension: segments-peer-subnet-host-routes
2026-04-23 17:24:16.432 8 INFO neutron.api.extensions [None req-66bdb7d5-d35b-43eb-9564-1ffdb5035417 - - - - - -] Loaded extension: service-type
2026-04-23 17:24:16.432 8 INFO neutron.api.extensions [None req-66bdb7d5-d35b-43eb-9564-1ffdb5035417 - - - - - -] Loaded extension: sorting
2026-04-23 17:24:16.433 8 INFO neutron.api.extensions [None req-66bdb7d5-d35b-43eb-9564-1ffdb5035417 - - - - - -] Loaded extension: standard-attr-segment
2026-04-23 17:24:16.433 8 INFO neutron.api.extensions [None req-66bdb7d5-d35b-43eb-9564-1ffdb5035417 - - - - - -] Loaded extension: standard-attr-description
2026-04-23 17:24:16.434 8 INFO neutron.api.extensions [None req-66bdb7d5-d35b-43eb-9564-1ffdb5035417 - - - - - -] Loaded extension: stateful-security-group
2026-04-23 17:24:16.434 8 WARNING neutron.api.extensions [None req-66bdb7d5-d35b-43eb-9564-1ffdb5035417 - - - - - -] Did not find expected name "Stdattrs_common" in /var/lib/openstack/lib/python3.12/site-packages/neutron/extensions/stdattrs_common.py
2026-04-23 17:24:16.435 8 INFO neutron.api.extensions [None req-66bdb7d5-d35b-43eb-9564-1ffdb5035417 - - - - - -] Loaded extension: subnet-dns-publish-fixed-ip
2026-04-23 17:24:16.435 8 INFO neutron.api.extensions [None req-66bdb7d5-d35b-43eb-9564-1ffdb5035417 - - - - - -] Loaded extension: subnet-external-network
2026-04-23 17:24:16.436 8 INFO neutron.api.extensions [None req-66bdb7d5-d35b-43eb-9564-1ffdb5035417 - - - - - -] Extension subnet_onboard not supported by any of loaded plugins
2026-04-23 17:24:16.436 8 INFO neutron.api.extensions [None req-66bdb7d5-d35b-43eb-9564-1ffdb5035417 - - - - - -] Loaded extension: subnet-segmentid-writable
2026-04-23 17:24:16.437 8 INFO neutron.api.extensions [None req-66bdb7d5-d35b-43eb-9564-1ffdb5035417 - - - - - -] Loaded extension: subnet-service-types
2026-04-23 17:24:16.437 8 INFO neutron.api.extensions [None req-66bdb7d5-d35b-43eb-9564-1ffdb5035417 - - - - - -] Loaded extension: subnet_allocation
2026-04-23 17:24:16.438 8 INFO neutron.api.extensions [None req-66bdb7d5-d35b-43eb-9564-1ffdb5035417 - - - - - -] Loaded extension: subnetpool-prefix-ops
2026-04-23 17:24:16.439 8 INFO neutron.api.extensions [None req-66bdb7d5-d35b-43eb-9564-1ffdb5035417 - - - - - -] Loaded extension: tag-creation
2026-04-23 17:24:16.439 8 INFO neutron.api.extensions [None req-66bdb7d5-d35b-43eb-9564-1ffdb5035417 - - - - - -] Extension tag-ports-during-bulk-creation not supported by any of loaded plugins
2026-04-23 17:24:16.443 8 INFO neutron.api.extensions [None req-66bdb7d5-d35b-43eb-9564-1ffdb5035417 - - - - - -] Loaded extension: standard-attr-tag
2026-04-23 17:24:16.444 8 INFO neutron.api.extensions [None req-66bdb7d5-d35b-43eb-9564-1ffdb5035417 - - - - - -] Loaded extension: standard-attr-timestamp
2026-04-23 17:24:16.444 8 INFO neutron.api.extensions [None req-66bdb7d5-d35b-43eb-9564-1ffdb5035417 - - - - - -] Loaded extension: trunk
2026-04-23 17:24:16.445 8 INFO neutron.api.extensions [None req-66bdb7d5-d35b-43eb-9564-1ffdb5035417 - - - - - -] Loaded extension: trunk-details
2026-04-23 17:24:16.445 8 INFO neutron.api.extensions [None req-66bdb7d5-d35b-43eb-9564-1ffdb5035417 - - - - - -] Extension uplink-status-propagation not supported by any of loaded plugins
2026-04-23 17:24:16.446 8 INFO neutron.api.extensions [None req-66bdb7d5-d35b-43eb-9564-1ffdb5035417 - - - - - -] Extension uplink-status-propagation-updatable not supported by any of loaded plugins
2026-04-23 17:24:16.446 8 INFO neutron.api.extensions [None req-66bdb7d5-d35b-43eb-9564-1ffdb5035417 - - - - - -] Loaded extension: vlan-transparent
2026-04-23 17:24:16.447 8 INFO neutron.api.extensions [None req-66bdb7d5-d35b-43eb-9564-1ffdb5035417 - - - - - -] Loaded extension: vpn-aes-ctr
2026-04-23 17:24:16.449 8 INFO neutron.api.extensions [None req-66bdb7d5-d35b-43eb-9564-1ffdb5035417 - - - - - -] Loaded extension: vpn-agent-scheduler
2026-04-23 17:24:16.449 8 INFO neutron.api.extensions [None req-66bdb7d5-d35b-43eb-9564-1ffdb5035417 - - - - - -] Loaded extension: vpn-endpoint-groups
2026-04-23 17:24:16.450 8 INFO neutron.api.extensions [None req-66bdb7d5-d35b-43eb-9564-1ffdb5035417 - - - - - -] Loaded extension: vpn-flavors
2026-04-23 17:24:16.450 7 WARNING keystonemiddleware._common.config [None req-0966bc56-e283-464b-98bd-0d201b942995 - - - - - -] The option "audit_map_file" is not known to keystonemiddleware
2026-04-23 17:24:16.452 8 INFO neutron.api.extensions [None req-66bdb7d5-d35b-43eb-9564-1ffdb5035417 - - - - - -] Loaded extension: vpnaas
2026-04-23 17:24:16.453 8 INFO neutron.api.extensions [None req-66bdb7d5-d35b-43eb-9564-1ffdb5035417 - - - - - -] Loaded extension: taas
2026-04-23 17:24:16.454 8 INFO neutron.api.extensions [None req-66bdb7d5-d35b-43eb-9564-1ffdb5035417 - - - - - -] Loaded extension: tap-mirror
2026-04-23 17:24:16.454 8 INFO neutron.api.extensions [None req-66bdb7d5-d35b-43eb-9564-1ffdb5035417 - - - - - -] Loaded extension: taas-vlan-filter
2026-04-23 17:24:16.457 8 INFO neutron.quota.resource_registry [None req-66bdb7d5-d35b-43eb-9564-1ffdb5035417 - - - - - -] Creating instance of TrackedResource for resource:network
2026-04-23 17:24:16.457 7 WARNING oslo_config.cfg [None req-0966bc56-e283-464b-98bd-0d201b942995 - - - - - -] Deprecated: Option "auth_uri" from group "keystone_authtoken" is deprecated. Use option "www_authenticate_uri" from group "keystone_authtoken".
2026-04-23 17:24:16.457 8 INFO neutron.quota.resource_registry [None req-66bdb7d5-d35b-43eb-9564-1ffdb5035417 - - - - - -] Creating instance of TrackedResource for resource:subnet
2026-04-23 17:24:16.457 8 INFO neutron.quota.resource_registry [None req-66bdb7d5-d35b-43eb-9564-1ffdb5035417 - - - - - -] Creating instance of TrackedResource for resource:subnetpool
2026-04-23 17:24:16.457 8 INFO neutron.quota.resource_registry [None req-66bdb7d5-d35b-43eb-9564-1ffdb5035417 - - - - - -] Creating instance of TrackedResource for resource:port
2026-04-23 17:24:16.460 8 INFO neutron.quota.resource_registry [None req-66bdb7d5-d35b-43eb-9564-1ffdb5035417 - - - - - -] Creating instance of TrackedResource for resource:router
2026-04-23 17:24:16.461 8 INFO neutron.quota.resource_registry [None req-66bdb7d5-d35b-43eb-9564-1ffdb5035417 - - - - - -] Creating instance of TrackedResource for resource:floatingip
2026-04-23 17:24:16.466 8 INFO neutron.quota.resource_registry [None req-66bdb7d5-d35b-43eb-9564-1ffdb5035417 - - - - - -] Creating instance of CountableResource for resource:rbac_policy
2026-04-23 17:24:16.466 8 INFO neutron.quota.resource_registry [None req-66bdb7d5-d35b-43eb-9564-1ffdb5035417 - - - - - -] Creating instance of TrackedResource for resource:security_group
2026-04-23 17:24:16.467 8 INFO neutron.quota.resource_registry [None req-66bdb7d5-d35b-43eb-9564-1ffdb5035417 - - - - - -] Creating instance of TrackedResource for resource:security_group_rule
2026-04-23 17:24:16.468 8 INFO neutron.quota.resource_registry [None req-66bdb7d5-d35b-43eb-9564-1ffdb5035417 - - - - - -] Creating instance of TrackedResource for resource:subnetpool
2026-04-23 17:24:16.468 8 WARNING neutron.quota.resource_registry [None req-66bdb7d5-d35b-43eb-9564-1ffdb5035417 - - - - - -] subnetpool is already registered
2026-04-23 17:24:16.468 8 INFO neutron.quota.resource_registry [None req-66bdb7d5-d35b-43eb-9564-1ffdb5035417 - - - - - -] Creating instance of CountableResource for resource:trunk
2026-04-23 17:24:16.468 8 INFO neutron.quota.resource_registry [None req-66bdb7d5-d35b-43eb-9564-1ffdb5035417 - - - - - -] Creating instance of CountableResource for resource:ikepolicy
2026-04-23 17:24:16.469 8 INFO neutron.quota.resource_registry [None req-66bdb7d5-d35b-43eb-9564-1ffdb5035417 - - - - - -] Creating instance of CountableResource for resource:ipsecpolicy
2026-04-23 17:24:16.469 8 INFO neutron.quota.resource_registry [None req-66bdb7d5-d35b-43eb-9564-1ffdb5035417 - - - - - -] Creating instance of CountableResource for resource:endpoint_group
2026-04-23 17:24:16.470 8 INFO neutron.quota.resource_registry [None req-66bdb7d5-d35b-43eb-9564-1ffdb5035417 - - - - - -] Creating instance of CountableResource for resource:vpnservice
2026-04-23 17:24:16.470 8 INFO neutron.quota.resource_registry [None req-66bdb7d5-d35b-43eb-9564-1ffdb5035417 - - - - - -] Creating instance of CountableResource for resource:ipsec_site_connection
2026-04-23 17:24:16.470 8 INFO neutron.quota.resource_registry [None req-66bdb7d5-d35b-43eb-9564-1ffdb5035417 - - - - - -] Creating instance of CountableResource for resource:ipsecpolicy
2026-04-23 17:24:16.471 8 WARNING neutron.quota.resource_registry [None req-66bdb7d5-d35b-43eb-9564-1ffdb5035417 - - - - - -] ipsecpolicy is already registered
2026-04-23 17:24:16.471 8 INFO neutron.quota.resource_registry [None req-66bdb7d5-d35b-43eb-9564-1ffdb5035417 - - - - - -] Creating instance of CountableResource for resource:ikepolicy
2026-04-23 17:24:16.471 8 WARNING neutron.quota.resource_registry [None req-66bdb7d5-d35b-43eb-9564-1ffdb5035417 - - - - - -] ikepolicy is already registered
2026-04-23 17:24:16.475 8 INFO neutron.quota.resource_registry [None req-66bdb7d5-d35b-43eb-9564-1ffdb5035417 - - - - - -] Creating instance of TrackedResource for resource:router
2026-04-23 17:24:16.476 8 WARNING neutron.quota.resource_registry [None req-66bdb7d5-d35b-43eb-9564-1ffdb5035417 - - - - - -] router is already registered
2026-04-23 17:24:16.476 8 INFO neutron.quota.resource_registry [None req-66bdb7d5-d35b-43eb-9564-1ffdb5035417 - - - - - -] Creating instance of TrackedResource for resource:floatingip
2026-04-23 17:24:16.476 8 WARNING neutron.quota.resource_registry [None req-66bdb7d5-d35b-43eb-9564-1ffdb5035417 - - - - - -] floatingip is already registered
2026-04-23 17:24:16.480 8 INFO neutron.quota.resource_registry [None req-66bdb7d5-d35b-43eb-9564-1ffdb5035417 - - - - - -] Creating instance of CountableResource for resource:rbac_policy
2026-04-23 17:24:16.480 8 WARNING neutron.quota.resource_registry [None req-66bdb7d5-d35b-43eb-9564-1ffdb5035417 - - - - - -] rbac_policy is already registered
2026-04-23 17:24:16.481 8 INFO neutron.quota.resource_registry [None req-66bdb7d5-d35b-43eb-9564-1ffdb5035417 - - - - - -] Creating instance of TrackedResource for resource:security_group
2026-04-23 17:24:16.481 8 WARNING neutron.quota.resource_registry [None req-66bdb7d5-d35b-43eb-9564-1ffdb5035417 - - - - - -] security_group is already registered
2026-04-23 17:24:16.481 8 INFO neutron.quota.resource_registry [None req-66bdb7d5-d35b-43eb-9564-1ffdb5035417 - - - - - -] Creating instance of TrackedResource for resource:security_group_rule
2026-04-23 17:24:16.481 7 WARNING neutron.plugins.ml2.drivers.ovn.mech_driver.mech_driver [None req-0966bc56-e283-464b-98bd-0d201b942995 - - - - - -] uWSGI must provide a start time using the configuration parameter "start-time %t" in the configuration file
2026-04-23 17:24:16.481 8 WARNING neutron.quota.resource_registry [None req-66bdb7d5-d35b-43eb-9564-1ffdb5035417 - - - - - -] security_group_rule is already registered
2026-04-23 17:24:16.482 8 INFO neutron.quota.resource_registry [None req-66bdb7d5-d35b-43eb-9564-1ffdb5035417 - - - - - -] Creating instance of TrackedResource for resource:subnetpool
2026-04-23 17:24:16.482 8 WARNING neutron.quota.resource_registry [None req-66bdb7d5-d35b-43eb-9564-1ffdb5035417 - - - - - -] subnetpool is already registered
2026-04-23 17:24:16.482 8 INFO neutron.quota.resource_registry [None req-66bdb7d5-d35b-43eb-9564-1ffdb5035417 - - - - - -] Creating instance of CountableResource for resource:trunk
2026-04-23 17:24:16.483 8 WARNING neutron.quota.resource_registry [None req-66bdb7d5-d35b-43eb-9564-1ffdb5035417 - - - - - -] trunk is already registered
2026-04-23 17:24:16.483 8 INFO neutron.quota.resource_registry [None req-66bdb7d5-d35b-43eb-9564-1ffdb5035417 - - - - - -] Creating instance of CountableResource for resource:ikepolicy
2026-04-23 17:24:16.483 8 WARNING neutron.quota.resource_registry [None req-66bdb7d5-d35b-43eb-9564-1ffdb5035417 - - - - - -] ikepolicy is already registered
2026-04-23 17:24:16.484 8 INFO neutron.quota.resource_registry [None req-66bdb7d5-d35b-43eb-9564-1ffdb5035417 - - - - - -] Creating instance of CountableResource for resource:ipsecpolicy
2026-04-23 17:24:16.484 8 WARNING neutron.quota.resource_registry [None req-66bdb7d5-d35b-43eb-9564-1ffdb5035417 - - - - - -] ipsecpolicy is already registered
2026-04-23 17:24:16.484 8 INFO neutron.quota.resource_registry [None req-66bdb7d5-d35b-43eb-9564-1ffdb5035417 - - - - - -] Creating instance of CountableResource for resource:endpoint_group
2026-04-23 17:24:16.485 8 WARNING neutron.quota.resource_registry [None req-66bdb7d5-d35b-43eb-9564-1ffdb5035417 - - - - - -] endpoint_group is already registered
2026-04-23 17:24:16.485 8 INFO neutron.quota.resource_registry [None req-66bdb7d5-d35b-43eb-9564-1ffdb5035417 - - - - - -] Creating instance of CountableResource for resource:vpnservice
2026-04-23 17:24:16.485 8 WARNING neutron.quota.resource_registry [None req-66bdb7d5-d35b-43eb-9564-1ffdb5035417 - - - - - -] vpnservice is already registered
2026-04-23 17:24:16.486 8 INFO neutron.quota.resource_registry [None req-66bdb7d5-d35b-43eb-9564-1ffdb5035417 - - - - - -] Creating instance of CountableResource for resource:ipsec_site_connection
2026-04-23 17:24:16.486 8 WARNING neutron.quota.resource_registry [None req-66bdb7d5-d35b-43eb-9564-1ffdb5035417 - - - - - -] ipsec_site_connection is already registered
2026-04-23 17:24:16.486 8 INFO neutron.quota.resource_registry [None req-66bdb7d5-d35b-43eb-9564-1ffdb5035417 - - - - - -] Creating instance of CountableResource for resource:ipsecpolicy
2026-04-23 17:24:16.486 8 WARNING neutron.quota.resource_registry [None req-66bdb7d5-d35b-43eb-9564-1ffdb5035417 - - - - - -] ipsecpolicy is already registered
2026-04-23 17:24:16.487 8 INFO neutron.quota.resource_registry [None req-66bdb7d5-d35b-43eb-9564-1ffdb5035417 - - - - - -] Creating instance of CountableResource for resource:ikepolicy
2026-04-23 17:24:16.487 8 WARNING neutron.quota.resource_registry [None req-66bdb7d5-d35b-43eb-9564-1ffdb5035417 - - - - - -] ikepolicy is already registered
2026-04-23 17:24:16.494 7 INFO neutron.db.ovn_hash_ring_db [None req-0966bc56-e283-464b-98bd-0d201b942995 - - - - - -] Nodes from host "neutron-server-d5c5c5b8c-mzphb" and group "mechanism_driver" removed from the Hash Ring created at
2026-04-23 17:24:16+00:00
2026-04-23 17:24:16.498 7 INFO neutron.db.ovn_hash_ring_db [None req-0966bc56-e283-464b-98bd-0d201b942995 - - - - - -] Node 8b7ec885e48f53f6a9b5f7eeea4f9f62 from host "neutron-server-d5c5c5b8c-mzphb" and group "mechanism_driver" added to the Hash Ring
2026-04-23 17:24:16.507 7 INFO neutron.plugins.ml2.drivers.ovn.mech_driver.mech_driver [None req-0966bc56-e283-464b-98bd-0d201b942995 - - - - - -] Hash Ring probing thread for node 8b7ec885e48f53f6a9b5f7eeea4f9f62 has started
2026-04-23 17:24:16.508 7 INFO neutron.plugins.ml2.drivers.ovn.mech_driver.ovsdb.impl_idl_ovn [None req-0966bc56-e283-464b-98bd-0d201b942995 - - - - - -] Getting OvsdbNbOvnIdl for WorkerService with retry
2026-04-23 17:24:16.523 8 WARNING keystonemiddleware._common.config [None req-66bdb7d5-d35b-43eb-9564-1ffdb5035417 - - - - - -] The option "audit_map_file" is not known to keystonemiddleware
2026-04-23 17:24:16.531 8 WARNING oslo_config.cfg [None req-66bdb7d5-d35b-43eb-9564-1ffdb5035417 - - - - - -] Deprecated: Option "auth_uri" from group "keystone_authtoken" is deprecated. Use option "www_authenticate_uri" from group "keystone_authtoken".
2026-04-23 17:24:16.545 7 INFO ovsdbapp.backend.ovs_idl.vlog [None req-0966bc56-e283-464b-98bd-0d201b942995 - - - - - -] tcp:10.98.149.226:6641: connecting...
2026-04-23 17:24:16.546 7 INFO ovsdbapp.backend.ovs_idl.vlog [None req-0966bc56-e283-464b-98bd-0d201b942995 - - - - - -] tcp:10.98.149.226:6641: connected
2026-04-23 17:24:16.552 8 WARNING neutron.plugins.ml2.drivers.ovn.mech_driver.mech_driver [None req-66bdb7d5-d35b-43eb-9564-1ffdb5035417 - - - - - -] uWSGI must provide a start time using the configuration parameter "start-time %t" in the configuration file
2026-04-23 17:24:16.569 8 INFO neutron.db.ovn_hash_ring_db [None req-66bdb7d5-d35b-43eb-9564-1ffdb5035417 - - - - - -] Nodes from host "neutron-server-d5c5c5b8c-mzphb" and group "mechanism_driver" removed from the Hash Ring created at
2026-04-23 17:24:16+00:00
2026-04-23 17:24:16.574 8 INFO neutron.db.ovn_hash_ring_db [None req-66bdb7d5-d35b-43eb-9564-1ffdb5035417 - - - - - -] Node bd04ddd517a254ccbd892c1ed3bf462f from host "neutron-server-d5c5c5b8c-mzphb" and group "mechanism_driver" added to the Hash Ring
2026-04-23 17:24:16.582 8 INFO neutron.plugins.ml2.drivers.ovn.mech_driver.mech_driver [None req-66bdb7d5-d35b-43eb-9564-1ffdb5035417 - - - - - -] Hash Ring probing thread for node bd04ddd517a254ccbd892c1ed3bf462f has started
2026-04-23 17:24:16.583 8 INFO neutron.plugins.ml2.drivers.ovn.mech_driver.ovsdb.impl_idl_ovn [None req-66bdb7d5-d35b-43eb-9564-1ffdb5035417 - - - - - -] Getting OvsdbNbOvnIdl for WorkerService with retry
2026-04-23 17:24:16.589 7 INFO neutron.plugins.ml2.drivers.ovn.mech_driver.ovsdb.impl_idl_ovn [None req-0966bc56-e283-464b-98bd-0d201b942995 - - - - - -] Getting OvsdbSbOvnIdl for WorkerService with retry
2026-04-23 17:24:16.610 7 INFO ovsdbapp.backend.ovs_idl.vlog [None req-0966bc56-e283-464b-98bd-0d201b942995 - - - - - -] tcp:10.96.89.167:6642: connecting...
2026-04-23 17:24:16.610 7 INFO ovsdbapp.backend.ovs_idl.vlog [None req-0966bc56-e283-464b-98bd-0d201b942995 - - - - - -] tcp:10.96.89.167:6642: connected
2026-04-23 17:24:16.616 8 INFO ovsdbapp.backend.ovs_idl.vlog [None req-66bdb7d5-d35b-43eb-9564-1ffdb5035417 - - - - - -] tcp:10.98.149.226:6641: connecting...
2026-04-23 17:24:16.616 8 INFO ovsdbapp.backend.ovs_idl.vlog [None req-66bdb7d5-d35b-43eb-9564-1ffdb5035417 - - - - - -] tcp:10.98.149.226:6641: connected
2026-04-23 17:24:16.640 7 INFO neutron.plugins.ml2.drivers.ovn.mech_driver.mech_driver [None req-0966bc56-e283-464b-98bd-0d201b942995 - - - - - -] WorkerService process has finished the post initialization
2026-04-23 17:24:16.641 7 INFO neutron.plugins.ml2.drivers.ovn.mech_driver.ovsdb.extensions.qos [-] Starting OVNClientQosExtension
2026-04-23 17:24:16.642 7 INFO neutron.plugins.ml2.drivers.ovn.mech_driver.ovsdb.extensions.placement [-] Starting OVNClientPlacementExtension
2026-04-23 17:24:16.653 8 INFO neutron.plugins.ml2.drivers.ovn.mech_driver.ovsdb.impl_idl_ovn [None req-66bdb7d5-d35b-43eb-9564-1ffdb5035417 - - - - - -] Getting OvsdbSbOvnIdl for WorkerService with retry
2026-04-23 17:24:16.663 7 INFO ovsdbapp.backend.ovs_idl.vlog [None req-0966bc56-e283-464b-98bd-0d201b942995 - - - - - -] tcp:10.98.149.226:6641: connecting...
2026-04-23 17:24:16.663 7 INFO ovsdbapp.backend.ovs_idl.vlog [None req-0966bc56-e283-464b-98bd-0d201b942995 - - - - - -] tcp:10.98.149.226:6641: connected
2026-04-23 17:24:16.674 8 INFO ovsdbapp.backend.ovs_idl.vlog [None req-66bdb7d5-d35b-43eb-9564-1ffdb5035417 - - - - - -] tcp:10.96.89.167:6642: connecting...
2026-04-23 17:24:16.674 8 INFO ovsdbapp.backend.ovs_idl.vlog [None req-66bdb7d5-d35b-43eb-9564-1ffdb5035417 - - - - - -] tcp:10.96.89.167:6642: connected
2026-04-23 17:24:16.711 7 INFO ovsdbapp.backend.ovs_idl.vlog [None req-0966bc56-e283-464b-98bd-0d201b942995 - - - - - -] tcp:10.98.149.226:6641: connecting...
2026-04-23 17:24:16.711 7 INFO ovsdbapp.backend.ovs_idl.vlog [None req-0966bc56-e283-464b-98bd-0d201b942995 - - - - - -] tcp:10.98.149.226:6641: connected
2026-04-23 17:24:16.722 8 INFO neutron.plugins.ml2.drivers.ovn.mech_driver.mech_driver [None req-66bdb7d5-d35b-43eb-9564-1ffdb5035417 - - - - - -] WorkerService process has finished the post initialization WSGI app 0 (mountpoint='') ready in 10 seconds on interpreter 0x7f29b8156668 pid: 7 (default app)
2026-04-23 17:24:16.743 8 INFO ovsdbapp.backend.ovs_idl.vlog [None req-66bdb7d5-d35b-43eb-9564-1ffdb5035417 - - - - - -] tcp:10.98.149.226:6641: connecting...
2026-04-23 17:24:16.743 8 INFO ovsdbapp.backend.ovs_idl.vlog [None req-66bdb7d5-d35b-43eb-9564-1ffdb5035417 - - - - - -] tcp:10.98.149.226:6641: connected
2026-04-23 17:24:16.793 8 INFO ovsdbapp.backend.ovs_idl.vlog [None req-66bdb7d5-d35b-43eb-9564-1ffdb5035417 - - - - - -] tcp:10.98.149.226:6641: connecting...
2026-04-23 17:24:16.793 8 INFO ovsdbapp.backend.ovs_idl.vlog [None req-66bdb7d5-d35b-43eb-9564-1ffdb5035417 - - - - - -] tcp:10.98.149.226:6641: connected WSGI app 0 (mountpoint='') ready in 10 seconds on interpreter 0x7f29b8156668 pid: 8 (default app) /var/lib/openstack/lib/python3.12/site-packages/pycadf/identifier.py:70: UserWarning: Invalid uuid: unknown. To ensure interoperability, identifiers should be a valid uuid. warnings.warn(('Invalid uuid: %s. To ensure interoperability, '
2026-04-23 17:24:19.614 8 INFO neutron.pecan_wsgi.hooks.translation [None req-0ddd23a1-d352-47a5-b5e9-867748e0688e 985e28d309a14bfb856406bf4be6f99c ee0d63ae025a463f82b1a1e8a8827f45 - - default default] GET failed (client error): The resource could not be found. [pid: 8|app: 0|req: 1/4] 199.19.213.85 () {44 vars in 923 bytes} [Thu Apr 23 17:24:18 2026] GET /v2.0/networks/public => generated 108 bytes in 857 msecs (HTTP/1.1 404) 4 headers in 164 bytes (1 switches on core 0) /var/lib/openstack/lib/python3.12/site-packages/pycadf/identifier.py:70: UserWarning: Invalid uuid: unknown. To ensure interoperability, identifiers should be a valid uuid. warnings.warn(('Invalid uuid: %s. To ensure interoperability, ' [pid: 7|app: 0|req: 4/5] 199.19.213.85 () {44 vars in 945 bytes} [Thu Apr 23 17:24:19 2026] GET /v2.0/networks?name=public => generated 15 bytes in 468 msecs (HTTP/1.1 200) 4 headers in 156 bytes (1 switches on core 0)
2026-04-23 17:24:20.409 8 INFO neutron.plugins.ml2.drivers.ovn.mech_driver.ovsdb.extensions.qos [None req-5e930f1e-6899-4c07-99d9-39fa1976f005 985e28d309a14bfb856406bf4be6f99c ee0d63ae025a463f82b1a1e8a8827f45 - - default default] Starting OVNClientQosExtension
2026-04-23 17:24:20.410 8 INFO neutron.plugins.ml2.drivers.ovn.mech_driver.ovsdb.extensions.placement [None req-5e930f1e-6899-4c07-99d9-39fa1976f005 985e28d309a14bfb856406bf4be6f99c ee0d63ae025a463f82b1a1e8a8827f45 - - default default] Starting OVNClientPlacementExtension
2026-04-23 17:24:20.452 8 INFO neutron.db.ovn_revision_numbers_db [None req-5e930f1e-6899-4c07-99d9-39fa1976f005 985e28d309a14bfb856406bf4be6f99c ee0d63ae025a463f82b1a1e8a8827f45 - - default default] Successfully bumped revision number for resource 6d22406a-8b49-4131-b73e-d49909256b42 (type: security_groups) to 1
2026-04-23 17:24:20.464 8 INFO neutron.db.ovn_revision_numbers_db [None req-5e930f1e-6899-4c07-99d9-39fa1976f005 985e28d309a14bfb856406bf4be6f99c ee0d63ae025a463f82b1a1e8a8827f45 - - default default] Successfully bumped revision number for resource 186ffc0e-5d19-4efb-9f56-21d7e26fe328 (type: security_group_rules) to 0
2026-04-23 17:24:20.474 8 INFO neutron.db.ovn_revision_numbers_db [None req-5e930f1e-6899-4c07-99d9-39fa1976f005 985e28d309a14bfb856406bf4be6f99c ee0d63ae025a463f82b1a1e8a8827f45 - - default default] Successfully bumped revision number for resource 55b663ff-cdd7-48c6-b6b7-c0e83216948d (type: security_group_rules) to 0
2026-04-23 17:24:20.489 8 INFO neutron.db.ovn_revision_numbers_db [None req-5e930f1e-6899-4c07-99d9-39fa1976f005 985e28d309a14bfb856406bf4be6f99c ee0d63ae025a463f82b1a1e8a8827f45 - - default default] Successfully bumped revision number for resource a199a12a-70e6-4a24-bc76-7b4bb0044a74 (type: security_group_rules) to 0
2026-04-23 17:24:20.501 8 INFO neutron.db.ovn_revision_numbers_db [None req-5e930f1e-6899-4c07-99d9-39fa1976f005 985e28d309a14bfb856406bf4be6f99c ee0d63ae025a463f82b1a1e8a8827f45 - - default default] Successfully bumped revision number for resource a6ccf4fb-c063-421e-bb19-c96a75c84976 (type: security_group_rules) to 0
2026-04-23 17:24:20.578 8 WARNING neutron.services.revisions.revision_plugin [None req-5e930f1e-6899-4c07-99d9-39fa1976f005 985e28d309a14bfb856406bf4be6f99c ee0d63ae025a463f82b1a1e8a8827f45 - - default default] Could not find related network for resource to bump revision.
2026-04-23 17:24:20.600 8 INFO neutron.db.segments_db [None req-5e930f1e-6899-4c07-99d9-39fa1976f005 985e28d309a14bfb856406bf4be6f99c ee0d63ae025a463f82b1a1e8a8827f45 - - default default] Added segment 5978d960-06f7-4f30-b527-c674db7c4e27 of type flat for network a0c82bc9-5e7d-4541-b5f6-4678a76b2acf
2026-04-23 17:24:20.726 7 INFO neutron.plugins.ml2.drivers.ovn.mech_driver.mech_driver [-] OVN reports status down for port: provnet-5978d960-06f7-4f30-b527-c674db7c4e27
2026-04-23 17:24:20.751 8 INFO neutron.db.ovn_revision_numbers_db [None req-5e930f1e-6899-4c07-99d9-39fa1976f005 985e28d309a14bfb856406bf4be6f99c ee0d63ae025a463f82b1a1e8a8827f45 - - default default] Successfully bumped revision number for resource a0c82bc9-5e7d-4541-b5f6-4678a76b2acf (type: networks) to 1
2026-04-23 17:24:21.031 8 WARNING neutron.scheduler.dhcp_agent_scheduler [None req-5e930f1e-6899-4c07-99d9-39fa1976f005 985e28d309a14bfb856406bf4be6f99c ee0d63ae025a463f82b1a1e8a8827f45 - - default default] No more DHCP agents
2026-04-23 17:24:21.033 8 WARNING neutron.api.rpc.agentnotifiers.dhcp_rpc_agent_api [None req-5e930f1e-6899-4c07-99d9-39fa1976f005 985e28d309a14bfb856406bf4be6f99c ee0d63ae025a463f82b1a1e8a8827f45 - - default default] Unable to schedule network a0c82bc9-5e7d-4541-b5f6-4678a76b2acf: no agents available; will retry on subsequent port and subnet creation events.
2026-04-23 17:24:21.093 7 INFO neutron.plugins.ml2.drivers.ovn.mech_driver.mech_driver [None req-ad4b455b-0e51-4d20-aa1e-6b1d1efa6ae7 - - - - - -] OVN reports status down for port: 36fa5e55-72eb-4606-a9de-9947927503be
2026-04-23 17:24:21.502 8 INFO neutron.db.ovn_revision_numbers_db [None req-5e930f1e-6899-4c07-99d9-39fa1976f005 985e28d309a14bfb856406bf4be6f99c ee0d63ae025a463f82b1a1e8a8827f45 - - default default] Successfully bumped revision number for resource 36fa5e55-72eb-4606-a9de-9947927503be (type: ports) to 1 [pid: 8|app: 0|req: 2/6] 199.19.213.85 () {48 vars in 963 bytes} [Thu Apr 23 17:24:20 2026] POST /v2.0/networks => generated 744 bytes in 1442 msecs (HTTP/1.1 201) 4 headers in 162 bytes (1 switches on core 0)
2026-04-23 17:24:23.134 7 INFO neutron.pecan_wsgi.hooks.translation [None req-d7ba3813-6485-413c-b7d6-9b7d322aa138 985e28d309a14bfb856406bf4be6f99c ee0d63ae025a463f82b1a1e8a8827f45 - - default default] GET failed (client error): The resource could not be found. [pid: 7|app: 0|req: 5/7] 199.19.213.85 () {44 vars in 923 bytes} [Thu Apr 23 17:24:22 2026] GET /v2.0/networks/public => generated 108 bytes in 397 msecs (HTTP/1.1 404) 4 headers in 164 bytes (1 switches on core 0) [pid: 8|app: 0|req: 3/8] 199.19.213.85 () {44 vars in 945 bytes} [Thu Apr 23 17:24:23 2026] GET /v2.0/networks?name=public => generated 753 bytes in 38 msecs (HTTP/1.1 200) 4 headers in 157 bytes (1 switches on core 0)
2026-04-23 17:24:23.220 7 INFO neutron.pecan_wsgi.hooks.translation [None req-72bfe0ab-f91b-4ed1-b27a-b755379e1df2 985e28d309a14bfb856406bf4be6f99c ee0d63ae025a463f82b1a1e8a8827f45 - - default default] GET failed (client error): The resource could not be found. [pid: 7|app: 0|req: 6/9] 199.19.213.85 () {44 vars in 1030 bytes} [Thu Apr 23 17:24:23 2026] GET /v2.0/subnets/public-subnet?network_id=a0c82bc9-5e7d-4541-b5f6-4678a76b2acf => generated 113 bytes in 33 msecs (HTTP/1.1 404) 4 headers in 164 bytes (1 switches on core 0) [pid: 8|app: 0|req: 4/10] 199.19.213.85 () {44 vars in 1053 bytes} [Thu Apr 23 17:24:23 2026] GET /v2.0/subnets?name=public-subnet&network_id=a0c82bc9-5e7d-4541-b5f6-4678a76b2acf => generated 14 bytes in 24 msecs (HTTP/1.1 200) 4 headers in 156 bytes (1 switches on core 0)
2026-04-23 17:24:23.695 7 WARNING neutron.scheduler.dhcp_agent_scheduler [None req-eb5acbbc-9307-4cbd-b331-a0edf41c4b3a 985e28d309a14bfb856406bf4be6f99c ee0d63ae025a463f82b1a1e8a8827f45 - - default default] No more DHCP agents
2026-04-23 17:24:23.697 7 WARNING neutron.api.rpc.agentnotifiers.dhcp_rpc_agent_api [None req-eb5acbbc-9307-4cbd-b331-a0edf41c4b3a 985e28d309a14bfb856406bf4be6f99c ee0d63ae025a463f82b1a1e8a8827f45 - - default default] Unable to schedule network a0c82bc9-5e7d-4541-b5f6-4678a76b2acf: no agents available; will retry on subsequent port and subnet creation events.
2026-04-23 17:24:24.540 7 INFO neutron.db.ovn_revision_numbers_db [None req-2ba6de0e-ea15-45d0-914e-e6f3e3a9ce98 - - - - - -] Successfully bumped revision number for resource 36fa5e55-72eb-4606-a9de-9947927503be (type: ports) to 2
