2026-04-23 17:39:27.152 7 INFO neutron.db.ovn_revision_numbers_db [None req-ac1c3402-d952-4310-a40b-217615649081 985e28d309a14bfb856406bf4be6f99c ee0d63ae025a463f82b1a1e8a8827f45 - - default default] Successfully bumped revision number for resource ea568dbe-94ad-4f1b-b5a7-80c926306c27 (type: security_group_rules) to 0 [pid: 7|app: 0|req: 870/1763] 10.0.0.216 () {32 vars in 773 bytes} [Thu Apr 23 17:39:26 2026] GET /v2.0/security-groups?tenant_id=2a6e0c9e12e749e68bc7b32706789a7e&name=default => generated 2925 bytes in 320 msecs (HTTP/1.1 200) 4 headers in 158 bytes (1 switches on core 0) [pid: 7|app: 0|req: 871/1764] 10.0.0.217 () {34 vars in 964 bytes} [Thu Apr 23 17:39:27 2026] GET /v2.0/quotas/69ff2bf5c5174573865268adad98f697 => generated 292 bytes in 8 msecs (HTTP/1.1 200) 4 headers in 157 bytes (1 switches on core 0) [pid: 8|app: 0|req: 894/1765] 10.0.0.216 () {34 vars in 788 bytes} [Thu Apr 23 17:39:26 2026] PUT /v2.0/routers/4b5faec7-6365-4967-aedc-2f8d563bfa58/remove_router_interface => generated 309 bytes in 582 msecs (HTTP/1.1 200) 4 headers in 157 bytes (1 switches on core 0) /var/lib/openstack/lib/python3.12/site-packages/pycadf/identifier.py:70: UserWarning: Invalid uuid: neutron. To ensure interoperability, identifiers should be a valid uuid. warnings.warn(('Invalid uuid: %s. To ensure interoperability, ' [pid: 7|app: 0|req: 872/1766] 10.0.0.216 () {32 vars in 739 bytes} [Thu Apr 23 17:39:27 2026] DELETE /v2.0/security-groups/5ad23834-d7a1-496e-b838-0f6bcb24e60c => generated 0 bytes in 254 msecs (HTTP/1.1 204) 2 headers in 112 bytes (1 switches on core 0) [pid: 7|app: 0|req: 873/1767] 10.0.0.216 () {32 vars in 735 bytes} [Thu Apr 23 17:39:27 2026] GET /v2.0/ports?device_id=4b5faec7-6365-4967-aedc-2f8d563bfa58 => generated 12 bytes in 30 msecs (HTTP/1.1 200) 4 headers in 156 bytes (1 switches on core 0) [pid: 8|app: 0|req: 895/1768] 10.0.0.217 () {34 vars in 1001 bytes} [Thu Apr 23 17:39:27 2026] GET /v2.0/ports?tenant_id=69ff2bf5c5174573865268adad98f697&fields=id => generated 149 bytes in 109 msecs (HTTP/1.1 200) 4 headers in 157 bytes (1 switches on core 0) [pid: 8|app: 0|req: 896/1769] 10.0.0.217 () {34 vars in 1007 bytes} [Thu Apr 23 17:39:27 2026] GET /v2.0/networks/7aa4ed1d-be6e-4028-8155-5d3a90dbef55?fields=segments => generated 14 bytes in 63 msecs (HTTP/1.1 200) 4 headers in 156 bytes (1 switches on core 0) [pid: 8|app: 0|req: 897/1770] 10.0.0.217 () {34 vars in 1107 bytes} [Thu Apr 23 17:39:27 2026] GET /v2.0/networks/7aa4ed1d-be6e-4028-8155-5d3a90dbef55?fields=provider%3Aphysical_network&fields=provider%3Anetwork_type => generated 79 bytes in 43 msecs (HTTP/1.1 200) 4 headers in 156 bytes (1 switches on core 0) [pid: 7|app: 0|req: 874/1771] 10.0.0.216 () {32 vars in 723 bytes} [Thu Apr 23 17:39:27 2026] DELETE /v2.0/routers/4b5faec7-6365-4967-aedc-2f8d563bfa58 => generated 0 bytes in 198 msecs (HTTP/1.1 204) 2 headers in 112 bytes (1 switches on core 0) [pid: 7|app: 0|req: 875/1772] 10.0.0.217 () {34 vars in 989 bytes} [Thu Apr 23 17:39:27 2026] GET /v2.0/ports?device_id=fdd6c263-4766-4714-8b9a-06c69fb391ad => generated 12 bytes in 20 msecs (HTTP/1.1 200) 4 headers in 156 bytes (1 switches on core 0) [pid: 8|app: 0|req: 898/1773] 10.0.0.216 () {32 vars in 723 bytes} [Thu Apr 23 17:39:27 2026] DELETE /v2.0/subnets/521c0ed2-5fff-4140-8d19-a25b2cd9ade1 => generated 0 bytes in 206 msecs (HTTP/1.1 204) 3 headers in 131 bytes (1 switches on core 0)
2026-04-23 17:39:28.015 7 INFO neutron_taas.services.taas.taas_plugin [None req-39db1e1e-bf18-416a-8d79-d77a90ee298b 8bed91d8566e41f59b06b483b4db6c36 34aefe5db49a46c399a51d79a3a055be - - default default] TaaS: Handle Delete Port: 0f8f3819-4a15-4b06-8df2-d0d983ebe63c
2026-04-23 17:39:28.019 7 INFO neutron_taas.services.taas.tap_mirror_plugin [None req-39db1e1e-bf18-416a-8d79-d77a90ee298b 8bed91d8566e41f59b06b483b4db6c36 34aefe5db49a46c399a51d79a3a055be - - default default] Tap Mirror: Handle Delete Port: 0f8f3819-4a15-4b06-8df2-d0d983ebe63c
2026-04-23 17:39:28.207 7 INFO neutron.services.segments.plugin [-] Segment 663ea392-b04e-4d42-b6a2-cc752ff8ce51 resource provider aggregate not found
2026-04-23 17:39:28.208 7 INFO neutron.services.segments.plugin [-] Segment 663ea392-b04e-4d42-b6a2-cc752ff8ce51 resource provider aggregate not found
2026-04-23 17:39:28.232 7 INFO neutron.services.segments.plugin [-] Segment 663ea392-b04e-4d42-b6a2-cc752ff8ce51 resource provider not found; error: Placement Client Error (4xx): {"errors": [{"status": 404, "title": "Not Found", "detail": "The resource could not be found.\n\n No resource provider with uuid 663ea392-b04e-4d42-b6a2-cc752ff8ce51 found for delete ", "request_id": "req-91333534-bf5c-4046-b9ae-221fe71f0945"}]}
2026-04-23 17:39:28.236 7 INFO neutron.services.segments.plugin [-] Segment 663ea392-b04e-4d42-b6a2-cc752ff8ce51 resource provider not found; error: Placement Client Error (4xx): {"errors": [{"status": 404, "title": "Not Found", "detail": "The resource could not be found.\n\n No resource provider with uuid 663ea392-b04e-4d42-b6a2-cc752ff8ce51 found for delete ", "request_id": "req-d94ba511-cf74-41b1-9b9d-ae90e59f10be"}]} [pid: 7|app: 0|req: 876/1774] 10.0.0.216 () {32 vars in 725 bytes} [Thu Apr 23 17:39:27 2026] DELETE /v2.0/networks/f23d1926-fe03-4a62-b018-ac4739a1b609 => generated 0 bytes in 346 msecs (HTTP/1.1 204) 3 headers in 131 bytes (1 switches on core 0)
2026-04-23 17:39:28.708 8 WARNING neutron.scheduler.dhcp_agent_scheduler [None req-dfe3315c-684e-4191-9519-f380824c7634 8bed91d8566e41f59b06b483b4db6c36 34aefe5db49a46c399a51d79a3a055be - - default default] No more DHCP agents
2026-04-23 17:39:28.711 8 WARNING neutron.api.rpc.agentnotifiers.dhcp_rpc_agent_api [None req-dfe3315c-684e-4191-9519-f380824c7634 8bed91d8566e41f59b06b483b4db6c36 34aefe5db49a46c399a51d79a3a055be - - default default] Unable to schedule network a0c82bc9-5e7d-4541-b5f6-4678a76b2acf: no agents available; will retry on subsequent port and subnet creation events.
2026-04-23 17:39:28.863 8 INFO neutron.db.ovn_revision_numbers_db [None req-dfe3315c-684e-4191-9519-f380824c7634 8bed91d8566e41f59b06b483b4db6c36 34aefe5db49a46c399a51d79a3a055be - - default default] Successfully bumped revision number for resource 3b6b63a5-6e60-4577-87d3-3e26ebbab0ae (type: ports) to 1 [pid: 7|app: 0|req: 877/1775] 10.0.0.217 () {34 vars in 989 bytes} [Thu Apr 23 17:39:28 2026] GET /v2.0/ports?device_id=fdd6c263-4766-4714-8b9a-06c69fb391ad => generated 12 bytes in 43 msecs (HTTP/1.1 200) 4 headers in 156 bytes (1 switches on core 0)
2026-04-23 17:39:29.477 8 INFO neutron.plugins.ml2.drivers.ovn.mech_driver.ovsdb.commands [None req-06af4075-8cab-4006-a6f5-080cf7449211 - - - - - -] Schedule LRP lrp-3b6b63a5-6e60-4577-87d3-3e26ebbab0ae on gateway 2659cd1d-cc09-4f50-b0d0-e74b02b9d6e6 with priority 1
2026-04-23 17:39:29.541 8 INFO neutron.db.ovn_revision_numbers_db [None req-dfe3315c-684e-4191-9519-f380824c7634 8bed91d8566e41f59b06b483b4db6c36 34aefe5db49a46c399a51d79a3a055be - - default default] Successfully bumped revision number for resource 3b6b63a5-6e60-4577-87d3-3e26ebbab0ae (type: router_ports) to 1
2026-04-23 17:39:29.605 8 INFO neutron.db.ovn_revision_numbers_db [None req-dfe3315c-684e-4191-9519-f380824c7634 8bed91d8566e41f59b06b483b4db6c36 34aefe5db49a46c399a51d79a3a055be - - default default] Successfully bumped revision number for resource 507d9cfe-c6b3-4e51-b16f-18a6abd35758 (type: routers) to 2 [pid: 8|app: 0|req: 899/1776] 10.0.0.216 () {34 vars in 668 bytes} [Thu Apr 23 17:39:28 2026] POST /v2.0/routers => generated 948 bytes in 1368 msecs (HTTP/1.1 201) 4 headers in 162 bytes (1 switches on core 0) [pid: 7|app: 0|req: 878/1777] 10.0.0.216 () {32 vars in 720 bytes} [Thu Apr 23 17:39:29 2026] GET /v2.0/routers/507d9cfe-c6b3-4e51-b16f-18a6abd35758 => generated 954 bytes in 81 msecs (HTTP/1.1 200) 4 headers in 157 bytes (1 switches on core 0) [pid: 8|app: 0|req: 900/1778] 10.0.0.216 () {32 vars in 646 bytes} [Thu Apr 23 17:39:29 2026] GET /v2.0/routers => generated 957 bytes in 65 msecs (HTTP/1.1 200) 4 headers in 157 bytes (1 switches on core 0)
2026-04-23 17:39:30.037 7 INFO neutron.db.ovn_revision_numbers_db [None req-e712fb6c-bbc2-4f38-873c-7fdaa4bc2904 985e28d309a14bfb856406bf4be6f99c ee0d63ae025a463f82b1a1e8a8827f45 - - default default] Successfully bumped revision number for resource c35246b0-7767-491a-94d6-0ecc5f7c31b6 (type: security_groups) to 1
2026-04-23 17:39:30.049 7 INFO neutron.db.ovn_revision_numbers_db [None req-e712fb6c-bbc2-4f38-873c-7fdaa4bc2904 985e28d309a14bfb856406bf4be6f99c ee0d63ae025a463f82b1a1e8a8827f45 - - default default] Successfully bumped revision number for resource 60ca53ad-e53d-487d-a88b-9caa81826f37 (type: security_group_rules) to 0
2026-04-23 17:39:30.062 7 INFO neutron.db.ovn_revision_numbers_db [None req-e712fb6c-bbc2-4f38-873c-7fdaa4bc2904 985e28d309a14bfb856406bf4be6f99c ee0d63ae025a463f82b1a1e8a8827f45 - - default default] Successfully bumped revision number for resource 8d5472a5-4c81-4aa1-acde-97a45a9bb22b (type: security_group_rules) to 0
2026-04-23 17:39:30.076 7 INFO neutron.db.ovn_revision_numbers_db [None req-e712fb6c-bbc2-4f38-873c-7fdaa4bc2904 985e28d309a14bfb856406bf4be6f99c ee0d63ae025a463f82b1a1e8a8827f45 - - default default] Successfully bumped revision number for resource b8624c04-186a-432a-ad5e-34cd709b6521 (type: security_group_rules) to 0
2026-04-23 17:39:30.088 7 INFO neutron.db.ovn_revision_numbers_db [None req-e712fb6c-bbc2-4f38-873c-7fdaa4bc2904 985e28d309a14bfb856406bf4be6f99c ee0d63ae025a463f82b1a1e8a8827f45 - - default default] Successfully bumped revision number for resource e9584945-82c4-4484-9de5-a8ccfda3f1f0 (type: security_group_rules) to 0 [pid: 7|app: 0|req: 879/1779] 10.0.0.216 () {32 vars in 773 bytes} [Thu Apr 23 17:39:29 2026] GET /v2.0/security-groups?tenant_id=ab54c3b1454244ec8475d5aab1ecf8a4&name=default => generated 2925 bytes in 370 msecs (HTTP/1.1 200) 4 headers in 158 bytes (1 switches on core 0) [pid: 7|app: 0|req: 880/1780] 10.0.0.217 () {34 vars in 989 bytes} [Thu Apr 23 17:39:30 2026] GET /v2.0/ports?device_id=fdd6c263-4766-4714-8b9a-06c69fb391ad => generated 12 bytes in 17 msecs (HTTP/1.1 200) 4 headers in 156 bytes (1 switches on core 0)
2026-04-23 17:39:30.199 8 INFO neutron.db.ovn_revision_numbers_db [None req-08bc3ed2-4078-4d99-b344-fc49055aded5 8bed91d8566e41f59b06b483b4db6c36 34aefe5db49a46c399a51d79a3a055be - - default default] Successfully bumped revision number for resource 507d9cfe-c6b3-4e51-b16f-18a6abd35758 (type: routers) to 3 [pid: 8|app: 0|req: 901/1781] 10.0.0.216 () {34 vars in 740 bytes} [Thu Apr 23 17:39:29 2026] PUT /v2.0/routers/507d9cfe-c6b3-4e51-b16f-18a6abd35758 => generated 961 bytes in 418 msecs (HTTP/1.1 200) 4 headers in 157 bytes (1 switches on core 0) [pid: 8|app: 0|req: 902/1782] 10.0.0.216 () {32 vars in 720 bytes} [Thu Apr 23 17:39:30 2026] GET /v2.0/routers/507d9cfe-c6b3-4e51-b16f-18a6abd35758 => generated 961 bytes in 50 msecs (HTTP/1.1 200) 4 headers in 157 bytes (1 switches on core 0) [pid: 8|app: 0|req: 903/1783] 10.0.0.216 () {32 vars in 735 bytes} [Thu Apr 23 17:39:30 2026] GET /v2.0/ports?device_id=507d9cfe-c6b3-4e51-b16f-18a6abd35758 => generated 12 bytes in 16 msecs (HTTP/1.1 200) 4 headers in 156 bytes (1 switches on core 0) [pid: 7|app: 0|req: 881/1784] 10.0.0.216 () {32 vars in 739 bytes} [Thu Apr 23 17:39:30 2026] DELETE /v2.0/security-groups/c35246b0-7767-491a-94d6-0ecc5f7c31b6 => generated 0 bytes in 256 msecs (HTTP/1.1 204) 2 headers in 112 bytes (1 switches on core 0)
2026-04-23 17:39:30.611 8 INFO neutron_taas.services.taas.taas_plugin [None req-98bff788-271f-461e-8e72-b6544eb61be5 8bed91d8566e41f59b06b483b4db6c36 34aefe5db49a46c399a51d79a3a055be - - default default] TaaS: Handle Delete Port: 3b6b63a5-6e60-4577-87d3-3e26ebbab0ae
2026-04-23 17:39:30.614 8 INFO neutron_taas.services.taas.tap_mirror_plugin [None req-98bff788-271f-461e-8e72-b6544eb61be5 8bed91d8566e41f59b06b483b4db6c36 34aefe5db49a46c399a51d79a3a055be - - default default] Tap Mirror: Handle Delete Port: 3b6b63a5-6e60-4577-87d3-3e26ebbab0ae [pid: 8|app: 0|req: 904/1785] 10.0.0.216 () {32 vars in 723 bytes} [Thu Apr 23 17:39:30 2026] DELETE /v2.0/routers/507d9cfe-c6b3-4e51-b16f-18a6abd35758 => generated 0 bytes in 697 msecs (HTTP/1.1 204) 2 headers in 112 bytes (1 switches on core 0) [pid: 8|app: 0|req: 905/1786] 10.0.0.216 () {32 vars in 735 bytes} [Thu Apr 23 17:39:30 2026] GET /v2.0/ports?device_id=507d9cfe-c6b3-4e51-b16f-18a6abd35758 => generated 12 bytes in 26 msecs (HTTP/1.1 200) 4 headers in 156 bytes (1 switches on core 0)
2026-04-23 17:39:31.050 8 INFO neutron.api.v2.resource [None req-025b2fb4-e25d-4a47-b0a3-77f1ecbefc07 8bed91d8566e41f59b06b483b4db6c36 34aefe5db49a46c399a51d79a3a055be - - default default] delete failed (client error): The resource could not be found. [pid: 8|app: 0|req: 906/1787] 10.0.0.216 () {32 vars in 723 bytes} [Thu Apr 23 17:39:31 2026] DELETE /v2.0/routers/507d9cfe-c6b3-4e51-b16f-18a6abd35758 => generated 135 bytes in 20 msecs (HTTP/1.1 404) 4 headers in 164 bytes (1 switches on core 0) [pid: 8|app: 0|req: 907/1788] 10.0.0.216 () {32 vars in 735 bytes} [Thu Apr 23 17:39:31 2026] GET /v2.0/ports?device_id=4b5faec7-6365-4967-aedc-2f8d563bfa58 => generated 12 bytes in 13 msecs (HTTP/1.1 200) 4 headers in 156 bytes (1 switches on core 0)
2026-04-23 17:39:31.096 8 INFO neutron.api.v2.resource [None req-c8c8cfa0-b019-4b27-b522-4af8f2246ad7 8bed91d8566e41f59b06b483b4db6c36 34aefe5db49a46c399a51d79a3a055be - - default default] delete failed (client error): The resource could not be found. [pid: 8|app: 0|req: 908/1789] 10.0.0.216 () {32 vars in 723 bytes} [Thu Apr 23 17:39:31 2026] DELETE /v2.0/routers/4b5faec7-6365-4967-aedc-2f8d563bfa58 => generated 135 bytes in 24 msecs (HTTP/1.1 404) 4 headers in 164 bytes (1 switches on core 0)
2026-04-23 17:39:31.112 8 INFO neutron.pecan_wsgi.hooks.translation [None req-acfdd014-7b9d-465d-9ef9-b8671aebf81f 8bed91d8566e41f59b06b483b4db6c36 34aefe5db49a46c399a51d79a3a055be - - default default] DELETE failed (client error): The resource could not be found. [pid: 8|app: 0|req: 909/1790] 10.0.0.216 () {32 vars in 723 bytes} [Thu Apr 23 17:39:31 2026] DELETE /v2.0/subnets/521c0ed2-5fff-4140-8d19-a25b2cd9ade1 => generated 136 bytes in 13 msecs (HTTP/1.1 404) 4 headers in 164 bytes (1 switches on core 0) [pid: 8|app: 0|req: 910/1791] 10.0.0.216 () {32 vars in 735 bytes} [Thu Apr 23 17:39:31 2026] GET /v2.0/ports?device_id=e2fdd494-bb40-4c57-b173-425363f86683 => generated 12 bytes in 20 msecs (HTTP/1.1 200) 4 headers in 156 bytes (1 switches on core 0)
2026-04-23 17:39:31.162 8 INFO neutron.api.v2.resource [None req-78755c0c-9deb-42f0-acf0-675439f614e9 8bed91d8566e41f59b06b483b4db6c36 34aefe5db49a46c399a51d79a3a055be - - default default] delete failed (client error): The resource could not be found. [pid: 8|app: 0|req: 911/1792] 10.0.0.216 () {32 vars in 723 bytes} [Thu Apr 23 17:39:31 2026] DELETE /v2.0/routers/e2fdd494-bb40-4c57-b173-425363f86683 => generated 135 bytes in 18 msecs (HTTP/1.1 404) 4 headers in 164 bytes (1 switches on core 0)
2026-04-23 17:39:31.186 8 INFO neutron.pecan_wsgi.hooks.translation [None req-e9e375c3-0992-4bd7-899f-a582d89336b4 8bed91d8566e41f59b06b483b4db6c36 34aefe5db49a46c399a51d79a3a055be - - default default] DELETE failed (client error): The resource could not be found. [pid: 8|app: 0|req: 912/1793] 10.0.0.216 () {32 vars in 723 bytes} [Thu Apr 23 17:39:31 2026] DELETE /v2.0/subnets/b84235c9-86f0-4952-8cf0-1b2fb0f0b0d8 => generated 136 bytes in 20 msecs (HTTP/1.1 404) 4 headers in 164 bytes (1 switches on core 0) [pid: 8|app: 0|req: 913/1794] 10.0.0.216 () {32 vars in 735 bytes} [Thu Apr 23 17:39:31 2026] GET /v2.0/ports?device_id=12238d19-0fda-411e-903b-6d8781834e33 => generated 12 bytes in 15 msecs (HTTP/1.1 200) 4 headers in 156 bytes (1 switches on core 0)
2026-04-23 17:39:31.215 7 INFO neutron.db.ovn_revision_numbers_db [None req-ae501f98-53a5-4c89-be67-7f0943049c3b 3db5a84b4e574927ad5356f8e04b7df8 d9fb9bb59937478a8a4f86b8942b4a39 - - default default] Successfully bumped revision number for resource bea4c94f-f584-45ab-bf91-554e3af5d236 (type: security_groups) to 1
2026-04-23 17:39:31.223 8 INFO neutron.api.v2.resource [None req-7602a580-89f4-4d33-8dc1-94b069ca96e8 8bed91d8566e41f59b06b483b4db6c36 34aefe5db49a46c399a51d79a3a055be - - default default] delete failed (client error): The resource could not be found. [pid: 8|app: 0|req: 914/1795] 10.0.0.216 () {32 vars in 723 bytes} [Thu Apr 23 17:39:31 2026] DELETE /v2.0/routers/12238d19-0fda-411e-903b-6d8781834e33 => generated 135 bytes in 12 msecs (HTTP/1.1 404) 4 headers in 164 bytes (1 switches on core 0)
2026-04-23 17:39:31.233 7 INFO neutron.db.ovn_revision_numbers_db [None req-ae501f98-53a5-4c89-be67-7f0943049c3b 3db5a84b4e574927ad5356f8e04b7df8 d9fb9bb59937478a8a4f86b8942b4a39 - - default default] Successfully bumped revision number for resource 25f65f42-141d-4880-aac7-b3cfe2b1185d (type: security_group_rules) to 0
2026-04-23 17:39:31.247 7 INFO neutron.db.ovn_revision_numbers_db [None req-ae501f98-53a5-4c89-be67-7f0943049c3b 3db5a84b4e574927ad5356f8e04b7df8 d9fb9bb59937478a8a4f86b8942b4a39 - - default default] Successfully bumped revision number for resource 9c9550b4-4be1-4f42-a5ee-2015dc315f54 (type: security_group_rules) to 0 [pid: 8|app: 0|req: 915/1796] 10.0.0.217 () {34 vars in 989 bytes} [Thu Apr 23 17:39:31 2026] GET /v2.0/ports?device_id=fdd6c263-4766-4714-8b9a-06c69fb391ad => generated 12 bytes in 27 msecs (HTTP/1.1 200) 4 headers in 156 bytes (1 switches on core 0)
2026-04-23 17:39:31.262 7 INFO neutron.db.ovn_revision_numbers_db [None req-ae501f98-53a5-4c89-be67-7f0943049c3b 3db5a84b4e574927ad5356f8e04b7df8 d9fb9bb59937478a8a4f86b8942b4a39 - - default default] Successfully bumped revision number for resource d40c6929-107f-4780-b152-dbc1ba0d9d54 (type: security_group_rules) to 0
2026-04-23 17:39:31.266 8 INFO neutron.pecan_wsgi.hooks.translation [None req-23beec18-fcab-4379-afa4-0d4989e8363a 8bed91d8566e41f59b06b483b4db6c36 34aefe5db49a46c399a51d79a3a055be - - default default] DELETE failed (client error): The resource could not be found. [pid: 8|app: 0|req: 916/1797] 10.0.0.216 () {32 vars in 723 bytes} [Thu Apr 23 17:39:31 2026] DELETE /v2.0/subnets/20200bd8-7c2d-4616-8e68-ded687974148 => generated 136 bytes in 18 msecs (HTTP/1.1 404) 4 headers in 164 bytes (1 switches on core 0)
2026-04-23 17:39:31.276 7 INFO neutron.db.ovn_revision_numbers_db [None req-ae501f98-53a5-4c89-be67-7f0943049c3b 3db5a84b4e574927ad5356f8e04b7df8 d9fb9bb59937478a8a4f86b8942b4a39 - - default default] Successfully bumped revision number for resource fdd34dfa-122c-4895-8bff-89a58c7e01ee (type: security_group_rules) to 0
2026-04-23 17:39:31.289 8 INFO neutron.pecan_wsgi.hooks.translation [None req-115b2c12-e765-470c-84c1-9193f1dfce12 8bed91d8566e41f59b06b483b4db6c36 34aefe5db49a46c399a51d79a3a055be - - default default] DELETE failed (client error): The resource could not be found. [pid: 8|app: 0|req: 917/1798] 10.0.0.216 () {32 vars in 723 bytes} [Thu Apr 23 17:39:31 2026] DELETE /v2.0/subnets/290686ae-a2e2-4da5-a0f5-f9fb94edeecb => generated 136 bytes in 19 msecs (HTTP/1.1 404) 4 headers in 164 bytes (1 switches on core 0)
2026-04-23 17:39:31.347 7 INFO neutron.db.segments_db [None req-ae501f98-53a5-4c89-be67-7f0943049c3b 3db5a84b4e574927ad5356f8e04b7df8 d9fb9bb59937478a8a4f86b8942b4a39 - - default default] Added segment 3b6aad82-15c7-484b-bc63-93799a8b64f7 of type geneve for network 5fd005a4-de29-483f-90b0-e52eecaa354d
2026-04-23 17:39:31.478 7 INFO neutron.db.ovn_revision_numbers_db [None req-ae501f98-53a5-4c89-be67-7f0943049c3b 3db5a84b4e574927ad5356f8e04b7df8 d9fb9bb59937478a8a4f86b8942b4a39 - - default default] Successfully bumped revision number for resource 5fd005a4-de29-483f-90b0-e52eecaa354d (type: networks) to 1
2026-04-23 17:39:31.707 7 WARNING neutron.scheduler.dhcp_agent_scheduler [None req-ae501f98-53a5-4c89-be67-7f0943049c3b 3db5a84b4e574927ad5356f8e04b7df8 d9fb9bb59937478a8a4f86b8942b4a39 - - default default] No more DHCP agents
2026-04-23 17:39:31.708 7 WARNING neutron.api.rpc.agentnotifiers.dhcp_rpc_agent_api [None req-ae501f98-53a5-4c89-be67-7f0943049c3b 3db5a84b4e574927ad5356f8e04b7df8 d9fb9bb59937478a8a4f86b8942b4a39 - - default default] Unable to schedule network 5fd005a4-de29-483f-90b0-e52eecaa354d: no agents available; will retry on subsequent port and subnet creation events.
2026-04-23 17:39:31.835 7 INFO neutron.db.ovn_revision_numbers_db [None req-ae501f98-53a5-4c89-be67-7f0943049c3b 3db5a84b4e574927ad5356f8e04b7df8 d9fb9bb59937478a8a4f86b8942b4a39 - - default default] Successfully bumped revision number for resource 7dd5a3e2-793e-4811-969e-bfe0fed2b339 (type: ports) to 1 [pid: 7|app: 0|req: 882/1799] 10.0.0.216 () {34 vars in 669 bytes} [Thu Apr 23 17:39:30 2026] POST /v2.0/networks => generated 650 bytes in 899 msecs (HTTP/1.1 201) 4 headers in 162 bytes (1 switches on core 0)
2026-04-23 17:39:31.981 7 WARNING neutron.plugins.ml2.drivers.ovn.mech_driver.ovsdb.ovn_client [None req-e40e42e7-eddf-4185-8d60-726c6262d162 - - - - - -] No port found with ID bf8542a4-dcea-442b-a81b-2acba6308d8c: RuntimeError: No port found with ID bf8542a4-dcea-442b-a81b-2acba6308d8c
2026-04-23 17:39:32.004 7 INFO neutron.plugins.ml2.drivers.ovn.mech_driver.mech_driver [None req-e40e42e7-eddf-4185-8d60-726c6262d162 - - - - - -] OVN reports status down for port: 3b6b63a5-6e60-4577-87d3-3e26ebbab0ae
2026-04-23 17:39:32.019 7 INFO neutron.plugins.ml2.drivers.ovn.mech_driver.mech_driver [None req-e40e42e7-eddf-4185-8d60-726c6262d162 - - - - - -] OVN reports status up for port: 3b6b63a5-6e60-4577-87d3-3e26ebbab0ae
2026-04-23 17:39:32.031 7 INFO neutron.plugins.ml2.drivers.ovn.mech_driver.mech_driver [None req-e40e42e7-eddf-4185-8d60-726c6262d162 - - - - - -] OVN reports status down for port: 7dd5a3e2-793e-4811-969e-bfe0fed2b339 [pid: 8|app: 0|req: 918/1800] 10.0.0.216 () {32 vars in 773 bytes} [Thu Apr 23 17:39:31 2026] GET /v2.0/security-groups?tenant_id=34aefe5db49a46c399a51d79a3a055be&name=default => generated 2925 bytes in 204 msecs (HTTP/1.1 200) 4 headers in 158 bytes (1 switches on core 0) [pid: 8|app: 0|req: 919/1801] 199.19.213.85 () {34 vars in 984 bytes} [Thu Apr 23 17:39:32 2026] GET /v2.0/networks?id=7aa4ed1d-be6e-4028-8155-5d3a90dbef55 => generated 697 bytes in 32 msecs (HTTP/1.1 200) 4 headers in 157 bytes (1 switches on core 0)
2026-04-23 17:39:32.146 7 WARNING neutron.scheduler.dhcp_agent_scheduler [None req-83a88580-4d2d-4e3e-ba6b-c4cf0cc85300 3db5a84b4e574927ad5356f8e04b7df8 d9fb9bb59937478a8a4f86b8942b4a39 - - default default] No more DHCP agents
2026-04-23 17:39:32.147 7 WARNING neutron.api.rpc.agentnotifiers.dhcp_rpc_agent_api [None req-83a88580-4d2d-4e3e-ba6b-c4cf0cc85300 3db5a84b4e574927ad5356f8e04b7df8 d9fb9bb59937478a8a4f86b8942b4a39 - - default default] Unable to schedule network 5fd005a4-de29-483f-90b0-e52eecaa354d: no agents available; will retry on subsequent port and subnet creation events. [pid: 8|app: 0|req: 920/1802] 10.0.0.216 () {32 vars in 739 bytes} [Thu Apr 23 17:39:32 2026] DELETE /v2.0/security-groups/a66c9405-e545-4fad-965e-50c789f1eb6c => generated 0 bytes in 215 msecs (HTTP/1.1 204) 2 headers in 112 bytes (1 switches on core 0) [pid: 8|app: 0|req: 921/1803] 199.19.213.85 () {34 vars in 1048 bytes} [Thu Apr 23 17:39:32 2026] GET /v2.0/security-groups?fields=id&fields=name&tenant_id=69ff2bf5c5174573865268adad98f697 => generated 273 bytes in 39 msecs (HTTP/1.1 200) 4 headers in 157 bytes (1 switches on core 0)
2026-04-23 17:39:32.598 7 INFO neutron.db.ovn_revision_numbers_db [None req-73f63049-af7b-40b9-b264-0a626a77a42a - - - - - -] Successfully bumped revision number for resource 7dd5a3e2-793e-4811-969e-bfe0fed2b339 (type: ports) to 2
2026-04-23 17:39:32.629 8 INFO neutron.db.ovn_revision_numbers_db [None req-717e495d-d308-4349-9a96-5b55111987de bc1653e24b4b44b0942c76b1b4cc1fb9 111c0b977f7e4b3592e8320463d17d6f - - default default] Successfully bumped revision number for resource 4c234e7f-d0d7-4dba-b7a8-5805c0a42249 (type: security_groups) to 1
2026-04-23 17:39:32.643 8 INFO neutron.db.ovn_revision_numbers_db [None req-717e495d-d308-4349-9a96-5b55111987de bc1653e24b4b44b0942c76b1b4cc1fb9 111c0b977f7e4b3592e8320463d17d6f - - default default] Successfully bumped revision number for resource 44a0e5fb-ff90-4746-a202-81f92fff8201 (type: security_group_rules) to 0
2026-04-23 17:39:32.658 8 INFO neutron.db.ovn_revision_numbers_db [None req-717e495d-d308-4349-9a96-5b55111987de bc1653e24b4b44b0942c76b1b4cc1fb9 111c0b977f7e4b3592e8320463d17d6f - - default default] Successfully bumped revision number for resource 6070b921-2315-4d98-80b1-e2aefba36ff6 (type: security_group_rules) to 0
2026-04-23 17:39:32.660 7 INFO neutron.db.ovn_revision_numbers_db [None req-73f63049-af7b-40b9-b264-0a626a77a42a - - - - - -] Successfully bumped revision number for resource 3c084b49-1e15-42af-a9cc-a4fb675783f2 (type: subnets) to 0
2026-04-23 17:39:32.669 8 INFO neutron.db.ovn_revision_numbers_db [None req-717e495d-d308-4349-9a96-5b55111987de bc1653e24b4b44b0942c76b1b4cc1fb9 111c0b977f7e4b3592e8320463d17d6f - - default default] Successfully bumped revision number for resource 8dd7c081-2247-4084-ada8-2e88bbe1cdc3 (type: security_group_rules) to 0 [pid: 7|app: 0|req: 883/1804] 10.0.0.216 () {34 vars in 668 bytes} [Thu Apr 23 17:39:31 2026] POST /v2.0/subnets => generated 626 bytes in 815 msecs (HTTP/1.1 201) 4 headers in 162 bytes (1 switches on core 0)
2026-04-23 17:39:32.682 8 INFO neutron.db.ovn_revision_numbers_db [None req-717e495d-d308-4349-9a96-5b55111987de bc1653e24b4b44b0942c76b1b4cc1fb9 111c0b977f7e4b3592e8320463d17d6f - - default default] Successfully bumped revision number for resource c59a64f9-768c-483f-b1b0-33d0e6974e46 (type: security_group_rules) to 0 [pid: 7|app: 0|req: 884/1805] 10.0.0.217 () {34 vars in 989 bytes} [Thu Apr 23 17:39:32 2026] GET /v2.0/ports?device_id=fdd6c263-4766-4714-8b9a-06c69fb391ad => generated 12 bytes in 19 msecs (HTTP/1.1 200) 4 headers in 156 bytes (1 switches on core 0)
2026-04-23 17:39:32.775 8 INFO neutron.db.segments_db [None req-717e495d-d308-4349-9a96-5b55111987de bc1653e24b4b44b0942c76b1b4cc1fb9 111c0b977f7e4b3592e8320463d17d6f - - default default] Added segment ed064707-e766-4f54-80d2-d0703f99bad1 of type geneve for network 758e7584-974b-4ca9-8cfa-b5b2ff1f5779
2026-04-23 17:39:32.881 8 INFO neutron.db.segments_db [None req-717e495d-d308-4349-9a96-5b55111987de bc1653e24b4b44b0942c76b1b4cc1fb9 111c0b977f7e4b3592e8320463d17d6f - - default default] Added segment 511ed116-f32a-4094-958a-4f2cdd00d725 of type geneve for network eb76fcdd-df0e-486d-b9d3-3c62ebfce65c
2026-04-23 17:39:32.985 7 WARNING neutron.scheduler.dhcp_agent_scheduler [req-e23989da-d4ea-47ae-92b4-70ac4cf374ff req-a018f8dc-c11e-4ce0-a040-411e67c8b01e bd4cdc2670dd41a688b68518597f6ab8 69ff2bf5c5174573865268adad98f697 - - default default] No more DHCP agents
2026-04-23 17:39:32.986 7 WARNING neutron.api.rpc.agentnotifiers.dhcp_rpc_agent_api [req-e23989da-d4ea-47ae-92b4-70ac4cf374ff req-a018f8dc-c11e-4ce0-a040-411e67c8b01e bd4cdc2670dd41a688b68518597f6ab8 69ff2bf5c5174573865268adad98f697 - - default default] Unable to schedule network 7aa4ed1d-be6e-4028-8155-5d3a90dbef55: no agents available; will retry on subsequent port and subnet creation events.
2026-04-23 17:39:33.016 8 INFO neutron.db.ovn_revision_numbers_db [None req-717e495d-d308-4349-9a96-5b55111987de bc1653e24b4b44b0942c76b1b4cc1fb9 111c0b977f7e4b3592e8320463d17d6f - - default default] Successfully bumped revision number for resource 758e7584-974b-4ca9-8cfa-b5b2ff1f5779 (type: networks) to 1
2026-04-23 17:39:33.104 7 INFO neutron.plugins.ml2.drivers.ovn.mech_driver.mech_driver [None req-e40e42e7-eddf-4185-8d60-726c6262d162 - - - - - -] OVN reports status down for port: 364c41af-4cad-4d69-9cea-372bdda484d0
2026-04-23 17:39:33.178 7 INFO neutron.db.ovn_revision_numbers_db [req-e23989da-d4ea-47ae-92b4-70ac4cf374ff req-a018f8dc-c11e-4ce0-a040-411e67c8b01e bd4cdc2670dd41a688b68518597f6ab8 69ff2bf5c5174573865268adad98f697 - - default default] Successfully bumped revision number for resource 364c41af-4cad-4d69-9cea-372bdda484d0 (type: ports) to 1
2026-04-23 17:39:33.192 8 WARNING neutron.scheduler.dhcp_agent_scheduler [None req-717e495d-d308-4349-9a96-5b55111987de bc1653e24b4b44b0942c76b1b4cc1fb9 111c0b977f7e4b3592e8320463d17d6f - - default default] No more DHCP agents
2026-04-23 17:39:33.193 8 WARNING neutron.api.rpc.agentnotifiers.dhcp_rpc_agent_api [None req-717e495d-d308-4349-9a96-5b55111987de bc1653e24b4b44b0942c76b1b4cc1fb9 111c0b977f7e4b3592e8320463d17d6f - - default default] Unable to schedule network 758e7584-974b-4ca9-8cfa-b5b2ff1f5779: no agents available; will retry on subsequent port and subnet creation events.
2026-04-23 17:39:33.274 7 INFO neutron.plugins.ml2.drivers.ovn.mech_driver.mech_driver [None req-e40e42e7-eddf-4185-8d60-726c6262d162 - - - - - -] OVN reports status down for port: 1266e02b-faff-4859-a294-3a7ebbfe3a03
2026-04-23 17:39:33.287 8 INFO neutron.db.ovn_revision_numbers_db [None req-717e495d-d308-4349-9a96-5b55111987de bc1653e24b4b44b0942c76b1b4cc1fb9 111c0b977f7e4b3592e8320463d17d6f - - default default] Successfully bumped revision number for resource 1266e02b-faff-4859-a294-3a7ebbfe3a03 (type: ports) to 1 [pid: 7|app: 0|req: 885/1806] 199.19.213.85 () {38 vars in 953 bytes} [Thu Apr 23 17:39:32 2026] POST /v2.0/ports => generated 958 bytes in 618 msecs (HTTP/1.1 201) 4 headers in 162 bytes (1 switches on core 0) /var/lib/openstack/lib/python3.12/site-packages/pycadf/identifier.py:70: UserWarning: Invalid uuid: neutron. To ensure interoperability, identifiers should be a valid uuid. warnings.warn(('Invalid uuid: %s. To ensure interoperability, '
2026-04-23 17:39:33.391 8 INFO neutron.db.ovn_revision_numbers_db [None req-717e495d-d308-4349-9a96-5b55111987de bc1653e24b4b44b0942c76b1b4cc1fb9 111c0b977f7e4b3592e8320463d17d6f - - default default] Successfully bumped revision number for resource eb76fcdd-df0e-486d-b9d3-3c62ebfce65c (type: networks) to 1
2026-04-23 17:39:33.468 7 INFO neutron.db.segments_db [None req-4822005a-acf7-4dea-8f8e-9dab105fb276 3db5a84b4e574927ad5356f8e04b7df8 d9fb9bb59937478a8a4f86b8942b4a39 - - default default] Added segment 84309329-f58e-48cb-b4ad-8e7810434934 of type geneve for network dcdd095d-d4ee-4bf1-a045-8ffd439e41c8
2026-04-23 17:39:33.570 8 WARNING neutron.scheduler.dhcp_agent_scheduler [None req-717e495d-d308-4349-9a96-5b55111987de bc1653e24b4b44b0942c76b1b4cc1fb9 111c0b977f7e4b3592e8320463d17d6f - - default default] No more DHCP agents
2026-04-23 17:39:33.571 8 WARNING neutron.api.rpc.agentnotifiers.dhcp_rpc_agent_api [None req-717e495d-d308-4349-9a96-5b55111987de bc1653e24b4b44b0942c76b1b4cc1fb9 111c0b977f7e4b3592e8320463d17d6f - - default default] Unable to schedule network eb76fcdd-df0e-486d-b9d3-3c62ebfce65c: no agents available; will retry on subsequent port and subnet creation events.
2026-04-23 17:39:33.584 7 INFO neutron.db.ovn_revision_numbers_db [None req-4822005a-acf7-4dea-8f8e-9dab105fb276 3db5a84b4e574927ad5356f8e04b7df8 d9fb9bb59937478a8a4f86b8942b4a39 - - default default] Successfully bumped revision number for resource dcdd095d-d4ee-4bf1-a045-8ffd439e41c8 (type: networks) to 1
2026-04-23 17:39:33.629 8 INFO neutron.plugins.ml2.drivers.ovn.mech_driver.mech_driver [None req-0d66bd07-3354-4014-a63d-125e8805c057 - - - - - -] OVN reports status down for port: 95290bae-b707-45a0-b512-c840dcef0bda
2026-04-23 17:39:33.703 8 INFO neutron.db.ovn_revision_numbers_db [None req-717e495d-d308-4349-9a96-5b55111987de bc1653e24b4b44b0942c76b1b4cc1fb9 111c0b977f7e4b3592e8320463d17d6f - - default default] Successfully bumped revision number for resource 95290bae-b707-45a0-b512-c840dcef0bda (type: ports) to 1 [pid: 8|app: 0|req: 922/1807] 10.0.0.216 () {34 vars in 669 bytes} [Thu Apr 23 17:39:32 2026] POST /v2.0/networks => generated 1282 bytes in 1432 msecs (HTTP/1.1 201) 4 headers in 163 bytes (1 switches on core 0)
2026-04-23 17:39:33.788 7 WARNING neutron.scheduler.dhcp_agent_scheduler [None req-4822005a-acf7-4dea-8f8e-9dab105fb276 3db5a84b4e574927ad5356f8e04b7df8 d9fb9bb59937478a8a4f86b8942b4a39 - - default default] No more DHCP agents
2026-04-23 17:39:33.790 7 WARNING neutron.api.rpc.agentnotifiers.dhcp_rpc_agent_api [None req-4822005a-acf7-4dea-8f8e-9dab105fb276 3db5a84b4e574927ad5356f8e04b7df8 d9fb9bb59937478a8a4f86b8942b4a39 - - default default] Unable to schedule network dcdd095d-d4ee-4bf1-a045-8ffd439e41c8: no agents available; will retry on subsequent port and subnet creation events.
2026-04-23 17:39:33.865 7 INFO neutron.plugins.ml2.drivers.ovn.mech_driver.mech_driver [None req-e40e42e7-eddf-4185-8d60-726c6262d162 - - - - - -] OVN reports status down for port: c9d58f3f-1e6f-4709-b45a-27732e011abf
2026-04-23 17:39:33.935 7 INFO neutron.db.ovn_revision_numbers_db [None req-4822005a-acf7-4dea-8f8e-9dab105fb276 3db5a84b4e574927ad5356f8e04b7df8 d9fb9bb59937478a8a4f86b8942b4a39 - - default default] Successfully bumped revision number for resource c9d58f3f-1e6f-4709-b45a-27732e011abf (type: ports) to 1
2026-04-23 17:39:34.150 8 INFO neutron.db.ovn_revision_numbers_db [req-e23989da-d4ea-47ae-92b4-70ac4cf374ff req-ffc6f6c7-7404-4976-b96b-df290721d616 944af89d10e84df58f66e3e4f865c56b 179e94524fcb4c4e8a0f362c9ef3d94a - - 6eb33323da5e43309c093de7b20464f0 6eb33323da5e43309c093de7b20464f0] Successfully bumped revision number for resource 364c41af-4cad-4d69-9cea-372bdda484d0 (type: ports) to 2
2026-04-23 17:39:34.360 8 INFO neutron.db.ovn_revision_numbers_db [req-e23989da-d4ea-47ae-92b4-70ac4cf374ff req-ffc6f6c7-7404-4976-b96b-df290721d616 944af89d10e84df58f66e3e4f865c56b 179e94524fcb4c4e8a0f362c9ef3d94a - - 6eb33323da5e43309c093de7b20464f0 6eb33323da5e43309c093de7b20464f0] Successfully bumped revision number for resource 364c41af-4cad-4d69-9cea-372bdda484d0 (type: ports) to 4 [pid: 8|app: 0|req: 925/1810] 199.19.213.85 () {38 vars in 1026 bytes} [Thu Apr 23 17:39:33 2026] PUT /v2.0/ports/364c41af-4cad-4d69-9cea-372bdda484d0 => generated 1208 bytes in 639 msecs (HTTP/1.1 200) 4 headers in 158 bytes (1 switches on core 0) /var/lib/openstack/lib/python3.12/site-packages/pycadf/identifier.py:70: UserWarning: Invalid uuid: neutron. To ensure interoperability, identifiers should be a valid uuid. warnings.warn(('Invalid uuid: %s. To ensure interoperability, '
2026-04-23 17:39:34.452 8 INFO neutron.notifiers.nova [-] Nova event matching ['req-d175b291-271b-4327-904f-52b6f09f22c9'] response: {'name': 'network-changed', 'server_uuid': 'fdd6c263-4766-4714-8b9a-06c69fb391ad', 'tag': '364c41af-4cad-4d69-9cea-372bdda484d0', 'status': 'completed', 'code': 200} [pid: 8|app: 0|req: 926/1811] 10.0.0.216 () {32 vars in 648 bytes} [Thu Apr 23 17:39:34 2026] GET /v2.0/networks => generated 1969 bytes in 79 msecs (HTTP/1.1 200) 4 headers in 158 bytes (1 switches on core 0) [pid: 8|app: 0|req: 927/1812] 10.0.0.217 () {34 vars in 989 bytes} [Thu Apr 23 17:39:34 2026] GET /v2.0/ports?device_id=fdd6c263-4766-4714-8b9a-06c69fb391ad => generated 973 bytes in 78 msecs (HTTP/1.1 200) 4 headers in 157 bytes (1 switches on core 0) [pid: 7|app: 0|req: 886/1813] 10.0.0.216 () {34 vars in 669 bytes} [Thu Apr 23 17:39:33 2026] POST /v2.0/networks => generated 650 bytes in 1270 msecs (HTTP/1.1 201) 4 headers in 162 bytes (1 switches on core 0) [pid: 7|app: 0|req: 887/1814] 10.0.0.217 () {34 vars in 1039 bytes} [Thu Apr 23 17:39:34 2026] GET /v2.0/security-groups?id=5b547603-e8e5-4bbc-8f54-a6f1d7e18c10&fields=id&fields=name => generated 114 bytes in 34 msecs (HTTP/1.1 200) 4 headers in 157 bytes (1 switches on core 0)
2026-04-23 17:39:34.672 8 INFO neutron_taas.services.taas.taas_plugin [None req-ecb81251-bcc8-4814-a3ac-5570c97bd829 bc1653e24b4b44b0942c76b1b4cc1fb9 111c0b977f7e4b3592e8320463d17d6f - - default default] TaaS: Handle Delete Port: 1266e02b-faff-4859-a294-3a7ebbfe3a03
2026-04-23 17:39:34.675 8 INFO neutron_taas.services.taas.tap_mirror_plugin [None req-ecb81251-bcc8-4814-a3ac-5570c97bd829 bc1653e24b4b44b0942c76b1b4cc1fb9 111c0b977f7e4b3592e8320463d17d6f - - default default] Tap Mirror: Handle Delete Port: 1266e02b-faff-4859-a294-3a7ebbfe3a03
2026-04-23 17:39:34.821 7 WARNING neutron.scheduler.dhcp_agent_scheduler [None req-fe592e6f-decd-48a1-a6b3-ec26fbcf93c4 3db5a84b4e574927ad5356f8e04b7df8 d9fb9bb59937478a8a4f86b8942b4a39 - - default default] No more DHCP agents
2026-04-23 17:39:34.823 7 WARNING neutron.api.rpc.agentnotifiers.dhcp_rpc_agent_api [None req-fe592e6f-decd-48a1-a6b3-ec26fbcf93c4 3db5a84b4e574927ad5356f8e04b7df8 d9fb9bb59937478a8a4f86b8942b4a39 - - default default] Unable to schedule network dcdd095d-d4ee-4bf1-a045-8ffd439e41c8: no agents available; will retry on subsequent port and subnet creation events.
2026-04-23 17:39:34.855 8 INFO neutron.services.segments.plugin [-] Segment ed064707-e766-4f54-80d2-d0703f99bad1 resource provider aggregate not found
2026-04-23 17:39:34.862 8 INFO neutron.services.segments.plugin [-] Segment ed064707-e766-4f54-80d2-d0703f99bad1 resource provider aggregate not found
2026-04-23 17:39:34.870 8 INFO neutron.services.segments.plugin [-] Segment ed064707-e766-4f54-80d2-d0703f99bad1 resource provider not found; error: Placement Client Error (4xx): {"errors": [{"status": 404, "title": "Not Found", "detail": "The resource could not be found.\n\n No resource provider with uuid ed064707-e766-4f54-80d2-d0703f99bad1 found for delete ", "request_id": "req-c8b1b0fe-fe7c-4c6d-8f14-8e185f2045eb"}]}
2026-04-23 17:39:34.887 8 INFO neutron.services.segments.plugin [-] Segment ed064707-e766-4f54-80d2-d0703f99bad1 resource provider not found; error: Placement Client Error (4xx): {"errors": [{"status": 404, "title": "Not Found", "detail": "The resource could not be found.\n\n No resource provider with uuid ed064707-e766-4f54-80d2-d0703f99bad1 found for delete ", "request_id": "req-f36908a8-c0e7-4a94-be06-bec60c5a0d37"}]} [pid: 8|app: 0|req: 928/1815] 10.0.0.216 () {32 vars in 725 bytes} [Thu Apr 23 17:39:34 2026] DELETE /v2.0/networks/758e7584-974b-4ca9-8cfa-b5b2ff1f5779 => generated 0 bytes in 348 msecs (HTTP/1.1 204) 3 headers in 131 bytes (1 switches on core 0)
2026-04-23 17:39:35.248 7 INFO neutron.db.ovn_revision_numbers_db [None req-c868e292-dd48-40a1-ae67-ae13e5b72a0f - - - - - -] Successfully bumped revision number for resource c9d58f3f-1e6f-4709-b45a-27732e011abf (type: ports) to 2
2026-04-23 17:39:35.284 7 INFO neutron.db.ovn_revision_numbers_db [None req-c868e292-dd48-40a1-ae67-ae13e5b72a0f - - - - - -] Successfully bumped revision number for resource dbb3e38c-2a54-4ac7-831e-10da84ed78e8 (type: subnets) to 0 [pid: 7|app: 0|req: 888/1816] 10.0.0.216 () {34 vars in 668 bytes} [Thu Apr 23 17:39:34 2026] POST /v2.0/subnets => generated 629 bytes in 680 msecs (HTTP/1.1 201) 4 headers in 162 bytes (1 switches on core 0) [pid: 7|app: 0|req: 889/1817] 199.19.213.85 () {34 vars in 1078 bytes} [Thu Apr 23 17:39:35 2026] GET /v2.0/ports?tenant_id=69ff2bf5c5174573865268adad98f697&device_id=fdd6c263-4766-4714-8b9a-06c69fb391ad => generated 1211 bytes in 35 msecs (HTTP/1.1 200) 4 headers in 158 bytes (1 switches on core 0)
2026-04-23 17:39:35.426 7 INFO neutron.db.segments_db [None req-41ec343c-6e59-4a0d-860c-17da58aa1928 3db5a84b4e574927ad5356f8e04b7df8 d9fb9bb59937478a8a4f86b8942b4a39 - - default default] Added segment c3a2d38c-af68-48ba-9448-ef6b982bb7c2 of type geneve for network 10c03bcc-3d9c-439f-a2ae-90437f7cd836
2026-04-23 17:39:35.548 7 INFO neutron.db.ovn_revision_numbers_db [None req-41ec343c-6e59-4a0d-860c-17da58aa1928 3db5a84b4e574927ad5356f8e04b7df8 d9fb9bb59937478a8a4f86b8942b4a39 - - default default] Successfully bumped revision number for resource 10c03bcc-3d9c-439f-a2ae-90437f7cd836 (type: networks) to 1
2026-04-23 17:39:35.614 8 INFO neutron_taas.services.taas.taas_plugin [None req-8977f3d3-8e9a-4f0c-aa9e-90c324c9283c bc1653e24b4b44b0942c76b1b4cc1fb9 111c0b977f7e4b3592e8320463d17d6f - - default default] TaaS: Handle Delete Port: 95290bae-b707-45a0-b512-c840dcef0bda
2026-04-23 17:39:35.619 8 INFO neutron_taas.services.taas.tap_mirror_plugin [None req-8977f3d3-8e9a-4f0c-aa9e-90c324c9283c bc1653e24b4b44b0942c76b1b4cc1fb9 111c0b977f7e4b3592e8320463d17d6f - - default default] Tap Mirror: Handle Delete Port: 95290bae-b707-45a0-b512-c840dcef0bda
2026-04-23 17:39:35.774 7 WARNING neutron.scheduler.dhcp_agent_scheduler [None req-41ec343c-6e59-4a0d-860c-17da58aa1928 3db5a84b4e574927ad5356f8e04b7df8 d9fb9bb59937478a8a4f86b8942b4a39 - - default default] No more DHCP agents
2026-04-23 17:39:35.776 7 WARNING neutron.api.rpc.agentnotifiers.dhcp_rpc_agent_api [None req-41ec343c-6e59-4a0d-860c-17da58aa1928 3db5a84b4e574927ad5356f8e04b7df8 d9fb9bb59937478a8a4f86b8942b4a39 - - default default] Unable to schedule network 10c03bcc-3d9c-439f-a2ae-90437f7cd836: no agents available; will retry on subsequent port and subnet creation events.
2026-04-23 17:39:35.844 7 INFO neutron.plugins.ml2.drivers.ovn.mech_driver.mech_driver [None req-e40e42e7-eddf-4185-8d60-726c6262d162 - - - - - -] OVN reports status down for port: bdff7380-212e-44ba-a2c9-8f417f972a6c [pid: 8|app: 0|req: 929/1818] 10.0.0.216 () {32 vars in 725 bytes} [Thu Apr 23 17:39:34 2026] DELETE /v2.0/networks/eb76fcdd-df0e-486d-b9d3-3c62ebfce65c => generated 0 bytes in 986 msecs (HTTP/1.1 204) 3 headers in 131 bytes (1 switches on core 0)
2026-04-23 17:39:35.932 7 INFO neutron.db.ovn_revision_numbers_db [None req-41ec343c-6e59-4a0d-860c-17da58aa1928 3db5a84b4e574927ad5356f8e04b7df8 d9fb9bb59937478a8a4f86b8942b4a39 - - default default] Successfully bumped revision number for resource bdff7380-212e-44ba-a2c9-8f417f972a6c (type: ports) to 1 [pid: 8|app: 0|req: 930/1819] 199.19.213.85 () {34 vars in 1016 bytes} [Thu Apr 23 17:39:35 2026] GET /v2.0/networks?tenant_id=69ff2bf5c5174573865268adad98f697&shared=False => generated 796 bytes in 43 msecs (HTTP/1.1 200) 4 headers in 157 bytes (1 switches on core 0) [pid: 7|app: 0|req: 890/1820] 10.0.0.216 () {34 vars in 669 bytes} [Thu Apr 23 17:39:35 2026] POST /v2.0/networks => generated 650 bytes in 639 msecs (HTTP/1.1 201) 4 headers in 162 bytes (1 switches on core 0) [pid: 8|app: 0|req: 931/1821] 10.0.0.217 () {34 vars in 989 bytes} [Thu Apr 23 17:39:35 2026] GET /v2.0/ports?device_id=fdd6c263-4766-4714-8b9a-06c69fb391ad => generated 973 bytes in 41 msecs (HTTP/1.1 200) 4 headers in 157 bytes (1 switches on core 0) [pid: 8|app: 0|req: 932/1822] 199.19.213.85 () {34 vars in 928 bytes} [Thu Apr 23 17:39:35 2026] GET /v2.0/networks?shared=True => generated 791 bytes in 53 msecs (HTTP/1.1 200) 4 headers in 157 bytes (1 switches on core 0) [pid: 7|app: 0|req: 891/1823] 10.0.0.216 () {32 vars in 648 bytes} [Thu Apr 23 17:39:35 2026] GET /v2.0/networks => generated 689 bytes in 64 msecs (HTTP/1.1 200) 4 headers in 157 bytes (1 switches on core 0) [pid: 7|app: 0|req: 892/1824] 10.0.0.217 () {34 vars in 1039 bytes} [Thu Apr 23 17:39:36 2026] GET /v2.0/security-groups?id=5b547603-e8e5-4bbc-8f54-a6f1d7e18c10&fields=id&fields=name => generated 114 bytes in 44 msecs (HTTP/1.1 200) 4 headers in 157 bytes (1 switches on core 0)
2026-04-23 17:39:36.185 7 INFO neutron.db.segments_db [None req-59f7a916-f541-434d-9bbc-35d05af6419f bc1653e24b4b44b0942c76b1b4cc1fb9 111c0b977f7e4b3592e8320463d17d6f - - default default] Added segment 044a6b99-c9c4-4fe5-bd8b-43cf830eafd0 of type geneve for network d6f165fd-9f44-492d-8651-42b07256b768
2026-04-23 17:39:36.271 8 WARNING neutron.scheduler.dhcp_agent_scheduler [None req-718ccc9f-c3e7-45c0-8407-51c5d4740539 3db5a84b4e574927ad5356f8e04b7df8 d9fb9bb59937478a8a4f86b8942b4a39 - - default default] No more DHCP agents
2026-04-23 17:39:36.274 8 WARNING neutron.api.rpc.agentnotifiers.dhcp_rpc_agent_api [None req-718ccc9f-c3e7-45c0-8407-51c5d4740539 3db5a84b4e574927ad5356f8e04b7df8 d9fb9bb59937478a8a4f86b8942b4a39 - - default default] Unable to schedule network 10c03bcc-3d9c-439f-a2ae-90437f7cd836: no agents available; will retry on subsequent port and subnet creation events.
2026-04-23 17:39:36.297 7 INFO neutron.db.ovn_revision_numbers_db [None req-59f7a916-f541-434d-9bbc-35d05af6419f bc1653e24b4b44b0942c76b1b4cc1fb9 111c0b977f7e4b3592e8320463d17d6f - - default default] Successfully bumped revision number for resource d6f165fd-9f44-492d-8651-42b07256b768 (type: networks) to 1
2026-04-23 17:39:36.471 7 WARNING neutron.scheduler.dhcp_agent_scheduler [None req-59f7a916-f541-434d-9bbc-35d05af6419f bc1653e24b4b44b0942c76b1b4cc1fb9 111c0b977f7e4b3592e8320463d17d6f - - default default] No more DHCP agents
2026-04-23 17:39:36.472 7 WARNING neutron.api.rpc.agentnotifiers.dhcp_rpc_agent_api [None req-59f7a916-f541-434d-9bbc-35d05af6419f bc1653e24b4b44b0942c76b1b4cc1fb9 111c0b977f7e4b3592e8320463d17d6f - - default default] Unable to schedule network d6f165fd-9f44-492d-8651-42b07256b768: no agents available; will retry on subsequent port and subnet creation events.
2026-04-23 17:39:36.530 7 INFO neutron.plugins.ml2.drivers.ovn.mech_driver.mech_driver [None req-e40e42e7-eddf-4185-8d60-726c6262d162 - - - - - -] OVN reports status down for port: fd08e830-146b-4dec-b547-3d41030145de
2026-04-23 17:39:36.593 7 INFO neutron.db.ovn_revision_numbers_db [None req-59f7a916-f541-434d-9bbc-35d05af6419f bc1653e24b4b44b0942c76b1b4cc1fb9 111c0b977f7e4b3592e8320463d17d6f - - default default] Successfully bumped revision number for resource fd08e830-146b-4dec-b547-3d41030145de (type: ports) to 1 [pid: 7|app: 0|req: 893/1825] 10.0.0.216 () {34 vars in 669 bytes} [Thu Apr 23 17:39:36 2026] POST /v2.0/networks => generated 668 bytes in 557 msecs (HTTP/1.1 201) 4 headers in 162 bytes (1 switches on core 0)
2026-04-23 17:39:36.746 7 INFO neutron.db.segments_db [None req-6b13ef63-825d-4845-867c-a5bfabf0e08c bc1653e24b4b44b0942c76b1b4cc1fb9 111c0b977f7e4b3592e8320463d17d6f - - default default] Added segment 3d1d4ec4-02e2-4714-b1f8-542295a13997 of type geneve for network d520e7f6-d4eb-4e5c-91ac-d92132adcd98
2026-04-23 17:39:36.775 8 INFO neutron.db.ovn_revision_numbers_db [None req-b30caa9d-3d75-4f77-87a1-d4d3134fa924 - - - - - -] Successfully bumped revision number for resource bdff7380-212e-44ba-a2c9-8f417f972a6c (type: ports) to 2
2026-04-23 17:39:36.816 8 INFO neutron.db.ovn_revision_numbers_db [None req-b30caa9d-3d75-4f77-87a1-d4d3134fa924 - - - - - -] Successfully bumped revision number for resource b8703e3e-4b8b-4fd2-9a1d-31f91f170665 (type: subnets) to 0 [pid: 8|app: 0|req: 933/1826] 10.0.0.216 () {34 vars in 668 bytes} [Thu Apr 23 17:39:36 2026] POST /v2.0/subnets => generated 629 bytes in 802 msecs (HTTP/1.1 201) 4 headers in 162 bytes (1 switches on core 0)
2026-04-23 17:39:36.869 7 INFO neutron.db.ovn_revision_numbers_db [None req-6b13ef63-825d-4845-867c-a5bfabf0e08c bc1653e24b4b44b0942c76b1b4cc1fb9 111c0b977f7e4b3592e8320463d17d6f - - default default] Successfully bumped revision number for resource d520e7f6-d4eb-4e5c-91ac-d92132adcd98 (type: networks) to 1
2026-04-23 17:39:36.896 8 INFO neutron.services.segments.plugin [-] Segment 511ed116-f32a-4094-958a-4f2cdd00d725 resource provider aggregate not found
2026-04-23 17:39:36.908 8 INFO neutron.services.segments.plugin [-] Segment 511ed116-f32a-4094-958a-4f2cdd00d725 resource provider aggregate not found
2026-04-23 17:39:36.912 8 INFO neutron.services.segments.plugin [-] Segment 511ed116-f32a-4094-958a-4f2cdd00d725 resource provider not found; error: Placement Client Error (4xx): {"errors": [{"status": 404, "title": "Not Found", "detail": "The resource could not be found.\n\n No resource provider with uuid 511ed116-f32a-4094-958a-4f2cdd00d725 found for delete ", "request_id": "req-e7171cc1-6035-44aa-9d72-fdd63f17b13a"}]}
2026-04-23 17:39:36.925 8 INFO neutron.services.segments.plugin [-] Segment 511ed116-f32a-4094-958a-4f2cdd00d725 resource provider not found; error: Placement Client Error (4xx): {"errors": [{"status": 404, "title": "Not Found", "detail": "The resource could not be found.\n\n No resource provider with uuid 511ed116-f32a-4094-958a-4f2cdd00d725 found for delete ", "request_id": "req-cd43a21e-7432-4832-988b-a378209926ae"}]}
2026-04-23 17:39:36.946 8 INFO neutron.db.segments_db [None req-784892d1-f21f-46a8-ac0f-c063c3275056 3db5a84b4e574927ad5356f8e04b7df8 d9fb9bb59937478a8a4f86b8942b4a39 - - default default] Added segment ec21a8de-84b9-43ea-9f54-eca303b69bcb of type geneve for network acd3c89f-28a1-43ce-8ccc-bd33991c8a53
2026-04-23 17:39:37.054 8 INFO neutron.db.ovn_revision_numbers_db [None req-784892d1-f21f-46a8-ac0f-c063c3275056 3db5a84b4e574927ad5356f8e04b7df8 d9fb9bb59937478a8a4f86b8942b4a39 - - default default] Successfully bumped revision number for resource acd3c89f-28a1-43ce-8ccc-bd33991c8a53 (type: networks) to 1
2026-04-23 17:39:37.070 7 WARNING neutron.scheduler.dhcp_agent_scheduler [None req-6b13ef63-825d-4845-867c-a5bfabf0e08c bc1653e24b4b44b0942c76b1b4cc1fb9 111c0b977f7e4b3592e8320463d17d6f - - default default] No more DHCP agents
2026-04-23 17:39:37.072 7 WARNING neutron.api.rpc.agentnotifiers.dhcp_rpc_agent_api [None req-6b13ef63-825d-4845-867c-a5bfabf0e08c bc1653e24b4b44b0942c76b1b4cc1fb9 111c0b977f7e4b3592e8320463d17d6f - - default default] Unable to schedule network d520e7f6-d4eb-4e5c-91ac-d92132adcd98: no agents available; will retry on subsequent port and subnet creation events.
2026-04-23 17:39:37.132 7 INFO neutron.plugins.ml2.drivers.ovn.mech_driver.mech_driver [None req-e40e42e7-eddf-4185-8d60-726c6262d162 - - - - - -] OVN reports status down for port: 9550f681-6e74-4f06-bf22-b3f4b1297013
2026-04-23 17:39:37.188 7 INFO neutron.db.ovn_revision_numbers_db [None req-6b13ef63-825d-4845-867c-a5bfabf0e08c bc1653e24b4b44b0942c76b1b4cc1fb9 111c0b977f7e4b3592e8320463d17d6f - - default default] Successfully bumped revision number for resource 9550f681-6e74-4f06-bf22-b3f4b1297013 (type: ports) to 1
2026-04-23 17:39:37.226 8 WARNING neutron.scheduler.dhcp_agent_scheduler [None req-784892d1-f21f-46a8-ac0f-c063c3275056 3db5a84b4e574927ad5356f8e04b7df8 d9fb9bb59937478a8a4f86b8942b4a39 - - default default] No more DHCP agents
