2026-02-27 00:55:56.376 8 INFO neutron.services.segments.plugin [-] Segment 8459eb43-6b6b-4fbf-8287-5b4d5cfa3281 resource provider not found; error: Placement Client Error (4xx): {"errors": [{"status": 404, "title": "Not Found", "detail": "The resource could not be found.\n\n No resource provider with uuid 8459eb43-6b6b-4fbf-8287-5b4d5cfa3281 found for delete ", "request_id": "req-2de78b1c-3b44-45bf-b689-01d796205ab2"}]}
2026-02-27 00:55:56.377 8 INFO neutron.services.segments.plugin [-] Segment 8459eb43-6b6b-4fbf-8287-5b4d5cfa3281 resource provider not found; error: Placement Client Error (4xx): {"errors": [{"status": 404, "title": "Not Found", "detail": "The resource could not be found.\n\n No resource provider with uuid 8459eb43-6b6b-4fbf-8287-5b4d5cfa3281 found for delete ", "request_id": "req-ab16f71a-b055-4ca6-8a4c-d08031777c13"}]} [pid: 7|app: 0|req: 698/1319] 199.204.45.89 () {36 vars in 996 bytes} [Fri Feb 27 00:55:55 2026] DELETE /v2.0/ports/f120dddc-e5c6-4e8e-acf8-cc4baa738a1f => generated 0 bytes in 464 msecs (HTTP/1.1 204) 3 headers in 131 bytes (1 switches on core 0) /var/lib/openstack/lib/python3.12/site-packages/pycadf/identifier.py:70: UserWarning: Invalid uuid: neutron. To ensure interoperability, identifiers should be a valid uuid. warnings.warn(('Invalid uuid: %s. To ensure interoperability, '
2026-02-27 00:55:56.434 8 INFO neutron.db.ovn_revision_numbers_db [None req-939d0fae-25ba-4343-baae-fd165ef362ca fe8048bdbc074387a0b1f4b941ef7985 559f2f6dfa5d4675bec6de3b8b84dc2f - - default default] Successfully bumped revision number for resource 9a0e4917-b09a-4be3-8700-a039a2e4415c (type: networks) to 1 [pid: 7|app: 0|req: 699/1320] 10.0.0.226 () {34 vars in 990 bytes} [Fri Feb 27 00:55:56 2026] GET /v2.0/ports?device_id=b300dadb-7959-4cbd-9bc6-a18ccfb534d1 => generated 973 bytes in 72 msecs (HTTP/1.1 200) 4 headers in 157 bytes (1 switches on core 0)
2026-02-27 00:55:56.565 8 WARNING neutron.scheduler.dhcp_agent_scheduler [None req-939d0fae-25ba-4343-baae-fd165ef362ca fe8048bdbc074387a0b1f4b941ef7985 559f2f6dfa5d4675bec6de3b8b84dc2f - - default default] No more DHCP agents
2026-02-27 00:55:56.566 8 WARNING neutron.api.rpc.agentnotifiers.dhcp_rpc_agent_api [None req-939d0fae-25ba-4343-baae-fd165ef362ca fe8048bdbc074387a0b1f4b941ef7985 559f2f6dfa5d4675bec6de3b8b84dc2f - - default default] Unable to schedule network 9a0e4917-b09a-4be3-8700-a039a2e4415c: no agents available; will retry on subsequent port and subnet creation events.
2026-02-27 00:55:56.605 8 INFO neutron.plugins.ml2.drivers.ovn.mech_driver.mech_driver [None req-ab806caf-14e9-4f7c-9b05-640bfd05cdf9 - - - - - -] OVN reports status down for port: d665e0d6-7d93-43b7-85d1-3d97308369af
2026-02-27 00:55:56.660 8 INFO neutron.db.ovn_revision_numbers_db [None req-939d0fae-25ba-4343-baae-fd165ef362ca fe8048bdbc074387a0b1f4b941ef7985 559f2f6dfa5d4675bec6de3b8b84dc2f - - default default] Successfully bumped revision number for resource d665e0d6-7d93-43b7-85d1-3d97308369af (type: ports) to 1 [pid: 8|app: 0|req: 622/1321] 10.0.0.233 () {34 vars in 670 bytes} [Fri Feb 27 00:55:56 2026] POST /v2.0/networks => generated 650 bytes in 483 msecs (HTTP/1.1 201) 4 headers in 162 bytes (1 switches on core 0) [pid: 7|app: 0|req: 700/1322] 10.0.0.233 () {32 vars in 740 bytes} [Fri Feb 27 00:55:56 2026] DELETE /v2.0/security-groups/a1e872b8-606c-447f-8bb6-63afdab0d398 => generated 0 bytes in 229 msecs (HTTP/1.1 204) 2 headers in 112 bytes (1 switches on core 0) [pid: 8|app: 0|req: 623/1323] 10.0.0.226 () {34 vars in 1040 bytes} [Fri Feb 27 00:55:56 2026] GET /v2.0/security-groups?id=30b15365-daa4-4c9f-a5db-1ed6e19b09fb&fields=id&fields=name => generated 114 bytes in 38 msecs (HTTP/1.1 200) 4 headers in 157 bytes (1 switches on core 0) [pid: 7|app: 0|req: 701/1324] 10.0.0.226 () {34 vars in 990 bytes} [Fri Feb 27 00:55:56 2026] GET /v2.0/ports?device_id=3966f720-83a2-4945-8c70-c7a72a9592c6 => generated 12 bytes in 16 msecs (HTTP/1.1 200) 4 headers in 156 bytes (1 switches on core 0)
2026-02-27 00:55:56.916 8 WARNING neutron.scheduler.dhcp_agent_scheduler [None req-8606fa63-51bb-4b4b-aa20-a590bf953136 fe8048bdbc074387a0b1f4b941ef7985 559f2f6dfa5d4675bec6de3b8b84dc2f - - default default] No more DHCP agents
2026-02-27 00:55:56.917 8 WARNING neutron.api.rpc.agentnotifiers.dhcp_rpc_agent_api [None req-8606fa63-51bb-4b4b-aa20-a590bf953136 fe8048bdbc074387a0b1f4b941ef7985 559f2f6dfa5d4675bec6de3b8b84dc2f - - default default] Unable to schedule network 9a0e4917-b09a-4be3-8700-a039a2e4415c: no agents available; will retry on subsequent port and subnet creation events.
2026-02-27 00:55:57.263 8 INFO neutron.db.ovn_revision_numbers_db [None req-4a798645-0b30-4aa2-9a05-acceb9d98bef - - - - - -] Successfully bumped revision number for resource d665e0d6-7d93-43b7-85d1-3d97308369af (type: ports) to 2
2026-02-27 00:55:57.297 8 INFO neutron.db.ovn_revision_numbers_db [None req-4a798645-0b30-4aa2-9a05-acceb9d98bef - - - - - -] Successfully bumped revision number for resource 9ea596cb-1946-4cb5-ad86-b50e1e0688e1 (type: subnets) to 0 [pid: 8|app: 0|req: 624/1325] 10.0.0.233 () {34 vars in 669 bytes} [Fri Feb 27 00:55:56 2026] POST /v2.0/subnets => generated 626 bytes in 577 msecs (HTTP/1.1 201) 4 headers in 162 bytes (1 switches on core 0)
2026-02-27 00:55:57.559 7 INFO neutron.notifiers.nova [-] Nova event matching ['req-ef779444-de0c-462f-8586-eab79078c770'] response: {'server_uuid': '3966f720-83a2-4945-8c70-c7a72a9592c6', 'name': 'network-vif-deleted', 'tag': 'f120dddc-e5c6-4e8e-acf8-cc4baa738a1f', 'status': 'completed', 'code': 200}
2026-02-27 00:55:57.582 7 WARNING neutron.scheduler.dhcp_agent_scheduler [None req-4701bcff-781e-4cab-a228-654adcdf115b fe8048bdbc074387a0b1f4b941ef7985 559f2f6dfa5d4675bec6de3b8b84dc2f - - default default] No more DHCP agents
2026-02-27 00:55:57.583 7 WARNING neutron.api.rpc.agentnotifiers.dhcp_rpc_agent_api [None req-4701bcff-781e-4cab-a228-654adcdf115b fe8048bdbc074387a0b1f4b941ef7985 559f2f6dfa5d4675bec6de3b8b84dc2f - - default default] Unable to schedule network 9a0e4917-b09a-4be3-8700-a039a2e4415c: no agents available; will retry on subsequent port and subnet creation events.
2026-02-27 00:55:57.683 8 INFO neutron.plugins.ml2.drivers.ovn.mech_driver.mech_driver [None req-ab806caf-14e9-4f7c-9b05-640bfd05cdf9 - - - - - -] OVN reports status down for port: bf976221-156e-4b96-abbe-d5f0cf3d0707
2026-02-27 00:55:57.719 7 INFO neutron.db.ovn_revision_numbers_db [None req-4701bcff-781e-4cab-a228-654adcdf115b fe8048bdbc074387a0b1f4b941ef7985 559f2f6dfa5d4675bec6de3b8b84dc2f - - default default] Successfully bumped revision number for resource bf976221-156e-4b96-abbe-d5f0cf3d0707 (type: ports) to 1 [pid: 7|app: 0|req: 702/1326] 10.0.0.233 () {34 vars in 665 bytes} [Fri Feb 27 00:55:57 2026] POST /v2.0/ports => generated 915 bytes in 468 msecs (HTTP/1.1 201) 4 headers in 162 bytes (1 switches on core 0) [pid: 7|app: 0|req: 703/1327] 10.0.0.226 () {34 vars in 990 bytes} [Fri Feb 27 00:55:57 2026] GET /v2.0/ports?device_id=b300dadb-7959-4cbd-9bc6-a18ccfb534d1 => generated 973 bytes in 26 msecs (HTTP/1.1 200) 4 headers in 157 bytes (1 switches on core 0) [pid: 7|app: 0|req: 704/1328] 10.0.0.226 () {34 vars in 990 bytes} [Fri Feb 27 00:55:57 2026] GET /v2.0/ports?device_id=3966f720-83a2-4945-8c70-c7a72a9592c6 => generated 12 bytes in 12 msecs (HTTP/1.1 200) 4 headers in 156 bytes (1 switches on core 0) [pid: 7|app: 0|req: 705/1329] 10.0.0.226 () {34 vars in 1040 bytes} [Fri Feb 27 00:55:57 2026] GET /v2.0/security-groups?id=30b15365-daa4-4c9f-a5db-1ed6e19b09fb&fields=id&fields=name => generated 114 bytes in 33 msecs (HTTP/1.1 200) 4 headers in 157 bytes (1 switches on core 0)
2026-02-27 00:55:57.910 8 INFO neutron_taas.services.taas.taas_plugin [None req-4e880049-9749-427e-ad77-7c9991847199 fe8048bdbc074387a0b1f4b941ef7985 559f2f6dfa5d4675bec6de3b8b84dc2f - - default default] TaaS: Handle Delete Port: bf976221-156e-4b96-abbe-d5f0cf3d0707
2026-02-27 00:55:57.913 8 INFO neutron_taas.services.taas.tap_mirror_plugin [None req-4e880049-9749-427e-ad77-7c9991847199 fe8048bdbc074387a0b1f4b941ef7985 559f2f6dfa5d4675bec6de3b8b84dc2f - - default default] Tap Mirror: Handle Delete Port: bf976221-156e-4b96-abbe-d5f0cf3d0707 [pid: 8|app: 0|req: 625/1330] 10.0.0.233 () {32 vars in 720 bytes} [Fri Feb 27 00:55:57 2026] DELETE /v2.0/ports/bf976221-156e-4b96-abbe-d5f0cf3d0707 => generated 0 bytes in 263 msecs (HTTP/1.1 204) 3 headers in 131 bytes (1 switches on core 0)
2026-02-27 00:55:58.080 7 INFO neutron.pecan_wsgi.hooks.translation [None req-e7978a7c-6d89-4db5-8362-810cee2db5b7 fe8048bdbc074387a0b1f4b941ef7985 559f2f6dfa5d4675bec6de3b8b84dc2f - - default default] GET failed (client error): The resource could not be found. [pid: 7|app: 0|req: 706/1331] 10.0.0.233 () {32 vars in 717 bytes} [Fri Feb 27 00:55:58 2026] GET /v2.0/ports/bf976221-156e-4b96-abbe-d5f0cf3d0707 => generated 132 bytes in 19 msecs (HTTP/1.1 404) 4 headers in 164 bytes (1 switches on core 0)
2026-02-27 00:55:58.259 7 INFO neutron.plugins.ml2.drivers.ovn.mech_driver.mech_driver [None req-e3b9369e-2bf8-491a-8b62-b0cfdacd68f7 - - - - - -] OVN reports status up for port: a8d4cd8d-9db0-4c25-8043-160b27fc3a34
2026-02-27 00:55:58.273 7 INFO neutron.plugins.ml2.plugin [None req-e3b9369e-2bf8-491a-8b62-b0cfdacd68f7 - - - - - -] Attempt 1 to provision port a8d4cd8d-9db0-4c25-8043-160b27fc3a34 [pid: 8|app: 0|req: 626/1332] 10.0.0.233 () {32 vars in 724 bytes} [Fri Feb 27 00:55:58 2026] DELETE /v2.0/subnets/9ea596cb-1946-4cb5-ad86-b50e1e0688e1 => generated 0 bytes in 201 msecs (HTTP/1.1 204) 3 headers in 131 bytes (1 switches on core 0)
2026-02-27 00:55:58.507 7 INFO neutron_taas.services.taas.taas_plugin [None req-918fc460-cc0d-4642-af9e-e74c55ae9ee5 fe8048bdbc074387a0b1f4b941ef7985 559f2f6dfa5d4675bec6de3b8b84dc2f - - default default] TaaS: Handle Delete Port: d665e0d6-7d93-43b7-85d1-3d97308369af
2026-02-27 00:55:58.513 7 INFO neutron_taas.services.taas.tap_mirror_plugin [None req-918fc460-cc0d-4642-af9e-e74c55ae9ee5 fe8048bdbc074387a0b1f4b941ef7985 559f2f6dfa5d4675bec6de3b8b84dc2f - - default default] Tap Mirror: Handle Delete Port: d665e0d6-7d93-43b7-85d1-3d97308369af
2026-02-27 00:55:58.616 8 INFO neutron.db.ovn_revision_numbers_db [None req-0cbccead-37b5-4217-b223-7fb067fbbc61 d3b2c10c4398406a86fe5b61b267becc 5ec1c49a19b84a4f8dcfe72714c0208d - - default default] Successfully bumped revision number for resource 23ed371a-7afe-447e-88b4-1b0e57733e3d (type: security_groups) to 1
2026-02-27 00:55:58.629 8 INFO neutron.db.ovn_revision_numbers_db [None req-0cbccead-37b5-4217-b223-7fb067fbbc61 d3b2c10c4398406a86fe5b61b267becc 5ec1c49a19b84a4f8dcfe72714c0208d - - default default] Successfully bumped revision number for resource 39ea40ab-f7b1-4a54-be0d-0f0ce2f06589 (type: security_group_rules) to 0
2026-02-27 00:55:58.639 8 INFO neutron.db.ovn_revision_numbers_db [None req-0cbccead-37b5-4217-b223-7fb067fbbc61 d3b2c10c4398406a86fe5b61b267becc 5ec1c49a19b84a4f8dcfe72714c0208d - - default default] Successfully bumped revision number for resource 5fa7a7fd-1daf-4564-8820-9b5be142a466 (type: security_group_rules) to 0
2026-02-27 00:55:58.650 8 INFO neutron.db.ovn_revision_numbers_db [None req-0cbccead-37b5-4217-b223-7fb067fbbc61 d3b2c10c4398406a86fe5b61b267becc 5ec1c49a19b84a4f8dcfe72714c0208d - - default default] Successfully bumped revision number for resource 8c9a7d33-5353-44a7-b9ce-8462f7baff26 (type: security_group_rules) to 0
2026-02-27 00:55:58.660 8 INFO neutron.db.ovn_revision_numbers_db [None req-0cbccead-37b5-4217-b223-7fb067fbbc61 d3b2c10c4398406a86fe5b61b267becc 5ec1c49a19b84a4f8dcfe72714c0208d - - default default] Successfully bumped revision number for resource d242fbab-fe83-472e-a92f-9ee7a98916b6 (type: security_group_rules) to 0
2026-02-27 00:55:58.673 7 INFO neutron.db.ovn_revision_numbers_db [None req-e3b9369e-2bf8-491a-8b62-b0cfdacd68f7 - - - - - -] Successfully bumped revision number for resource a8d4cd8d-9db0-4c25-8043-160b27fc3a34 (type: ports) to 5
2026-02-27 00:55:58.752 8 INFO neutron.db.segments_db [None req-0cbccead-37b5-4217-b223-7fb067fbbc61 d3b2c10c4398406a86fe5b61b267becc 5ec1c49a19b84a4f8dcfe72714c0208d - - default default] Added segment 428d42da-1ffe-49ed-9bdf-9bee56ca2c7e of type geneve for network ba5b9020-a4bc-4b3f-b26e-4c4f28f76959
2026-02-27 00:55:58.802 7 INFO neutron.services.segments.plugin [-] Segment 3f717b77-7009-44ff-b275-6cb87dc7b736 resource provider aggregate not found
2026-02-27 00:55:58.805 7 INFO neutron.services.segments.plugin [-] Segment 3f717b77-7009-44ff-b275-6cb87dc7b736 resource provider aggregate not found
2026-02-27 00:55:58.826 7 INFO neutron.services.segments.plugin [-] Segment 3f717b77-7009-44ff-b275-6cb87dc7b736 resource provider not found; error: Placement Client Error (4xx): {"errors": [{"status": 404, "title": "Not Found", "detail": "The resource could not be found.\n\n No resource provider with uuid 3f717b77-7009-44ff-b275-6cb87dc7b736 found for delete ", "request_id": "req-2577fca0-712d-4d80-b65a-68009439b490"}]}
2026-02-27 00:55:58.826 7 INFO neutron.services.segments.plugin [-] Segment 3f717b77-7009-44ff-b275-6cb87dc7b736 resource provider not found; error: Placement Client Error (4xx): {"errors": [{"status": 404, "title": "Not Found", "detail": "The resource could not be found.\n\n No resource provider with uuid 3f717b77-7009-44ff-b275-6cb87dc7b736 found for delete ", "request_id": "req-738e9aec-8399-40ce-848a-7507c57979c7"}]} [pid: 7|app: 0|req: 707/1333] 10.0.0.233 () {32 vars in 726 bytes} [Fri Feb 27 00:55:58 2026] DELETE /v2.0/networks/9a0e4917-b09a-4be3-8700-a039a2e4415c => generated 0 bytes in 560 msecs (HTTP/1.1 204) 3 headers in 131 bytes (1 switches on core 0) /var/lib/openstack/lib/python3.12/site-packages/pycadf/identifier.py:70: UserWarning: Invalid uuid: neutron. To ensure interoperability, identifiers should be a valid uuid. warnings.warn(('Invalid uuid: %s. To ensure interoperability, '
2026-02-27 00:55:58.871 8 INFO neutron.db.ovn_revision_numbers_db [None req-0cbccead-37b5-4217-b223-7fb067fbbc61 d3b2c10c4398406a86fe5b61b267becc 5ec1c49a19b84a4f8dcfe72714c0208d - - default default] Successfully bumped revision number for resource ba5b9020-a4bc-4b3f-b26e-4c4f28f76959 (type: networks) to 1
2026-02-27 00:55:59.026 8 WARNING neutron.scheduler.dhcp_agent_scheduler [None req-0cbccead-37b5-4217-b223-7fb067fbbc61 d3b2c10c4398406a86fe5b61b267becc 5ec1c49a19b84a4f8dcfe72714c0208d - - default default] No more DHCP agents
2026-02-27 00:55:59.028 8 WARNING neutron.api.rpc.agentnotifiers.dhcp_rpc_agent_api [None req-0cbccead-37b5-4217-b223-7fb067fbbc61 d3b2c10c4398406a86fe5b61b267becc 5ec1c49a19b84a4f8dcfe72714c0208d - - default default] Unable to schedule network ba5b9020-a4bc-4b3f-b26e-4c4f28f76959: no agents available; will retry on subsequent port and subnet creation events.
2026-02-27 00:55:59.038 7 WARNING neutron.scheduler.dhcp_agent_scheduler [None req-3b32d423-38ce-415f-b53d-0c39a811a298 fe8048bdbc074387a0b1f4b941ef7985 559f2f6dfa5d4675bec6de3b8b84dc2f - - default default] No more DHCP agents
2026-02-27 00:55:59.040 7 WARNING neutron.api.rpc.agentnotifiers.dhcp_rpc_agent_api [None req-3b32d423-38ce-415f-b53d-0c39a811a298 fe8048bdbc074387a0b1f4b941ef7985 559f2f6dfa5d4675bec6de3b8b84dc2f - - default default] Unable to schedule network 4c181ae2-dbe1-4eae-8d45-860a20e1b51d: no agents available; will retry on subsequent port and subnet creation events.
2026-02-27 00:55:59.069 8 INFO neutron.plugins.ml2.drivers.ovn.mech_driver.mech_driver [None req-ab806caf-14e9-4f7c-9b05-640bfd05cdf9 - - - - - -] OVN reports status down for port: 5045f15a-3062-4044-a012-0f02ac185f03
2026-02-27 00:55:59.097 7 INFO neutron.plugins.ml2.drivers.ovn.mech_driver.mech_driver [None req-bdbc01d6-10c8-4774-9a75-657a2676e85d - - - - - -] OVN reports status down for port: e58901c1-1a5d-46a3-b5f5-434b4aea8663
2026-02-27 00:55:59.133 8 INFO neutron.db.ovn_revision_numbers_db [None req-0cbccead-37b5-4217-b223-7fb067fbbc61 d3b2c10c4398406a86fe5b61b267becc 5ec1c49a19b84a4f8dcfe72714c0208d - - default default] Successfully bumped revision number for resource 5045f15a-3062-4044-a012-0f02ac185f03 (type: ports) to 1
2026-02-27 00:55:59.150 7 INFO neutron.db.ovn_revision_numbers_db [None req-3b32d423-38ce-415f-b53d-0c39a811a298 fe8048bdbc074387a0b1f4b941ef7985 559f2f6dfa5d4675bec6de3b8b84dc2f - - default default] Successfully bumped revision number for resource e58901c1-1a5d-46a3-b5f5-434b4aea8663 (type: ports) to 1 [pid: 8|app: 0|req: 627/1334] 10.0.0.233 () {34 vars in 670 bytes} [Fri Feb 27 00:55:58 2026] POST /v2.0/networks => generated 667 bytes in 842 msecs (HTTP/1.1 201) 4 headers in 162 bytes (1 switches on core 0) [pid: 8|app: 0|req: 628/1335] 10.0.0.226 () {34 vars in 990 bytes} [Fri Feb 27 00:55:59 2026] GET /v2.0/ports?device_id=3966f720-83a2-4945-8c70-c7a72a9592c6 => generated 12 bytes in 15 msecs (HTTP/1.1 200) 4 headers in 156 bytes (1 switches on core 0) [pid: 7|app: 0|req: 708/1336] 10.0.0.233 () {34 vars in 665 bytes} [Fri Feb 27 00:55:58 2026] POST /v2.0/ports => generated 774 bytes in 366 msecs (HTTP/1.1 201) 4 headers in 162 bytes (1 switches on core 0) /var/lib/openstack/lib/python3.12/site-packages/pycadf/identifier.py:70: UserWarning: Invalid uuid: neutron. To ensure interoperability, identifiers should be a valid uuid. warnings.warn(('Invalid uuid: %s. To ensure interoperability, ' [pid: 8|app: 0|req: 629/1337] 10.0.0.226 () {34 vars in 990 bytes} [Fri Feb 27 00:55:59 2026] GET /v2.0/ports?device_id=b300dadb-7959-4cbd-9bc6-a18ccfb534d1 => generated 975 bytes in 69 msecs (HTTP/1.1 200) 4 headers in 157 bytes (1 switches on core 0)
2026-02-27 00:55:59.441 7 WARNING neutron.scheduler.dhcp_agent_scheduler [None req-2ab55ca7-1177-407a-bbdd-a6b001ea739d d3b2c10c4398406a86fe5b61b267becc 5ec1c49a19b84a4f8dcfe72714c0208d - - default default] No more DHCP agents
2026-02-27 00:55:59.443 7 WARNING neutron.api.rpc.agentnotifiers.dhcp_rpc_agent_api [None req-2ab55ca7-1177-407a-bbdd-a6b001ea739d d3b2c10c4398406a86fe5b61b267becc 5ec1c49a19b84a4f8dcfe72714c0208d - - default default] Unable to schedule network ba5b9020-a4bc-4b3f-b26e-4c4f28f76959: no agents available; will retry on subsequent port and subnet creation events.
2026-02-27 00:55:59.471 7 INFO neutron.plugins.ml2.drivers.ovn.mech_driver.mech_driver [None req-bdbc01d6-10c8-4774-9a75-657a2676e85d - - - - - -] OVN reports status down for port: e58901c1-1a5d-46a3-b5f5-434b4aea8663
2026-02-27 00:55:59.495 8 INFO neutron.db.ovn_revision_numbers_db [None req-b575e170-eb20-45e4-b410-8f728ec590f6 fe8048bdbc074387a0b1f4b941ef7985 559f2f6dfa5d4675bec6de3b8b84dc2f - - default default] Successfully bumped revision number for resource e58901c1-1a5d-46a3-b5f5-434b4aea8663 (type: ports) to 2 [pid: 8|app: 0|req: 630/1338] 10.0.0.233 () {34 vars in 737 bytes} [Fri Feb 27 00:55:59 2026] PUT /v2.0/ports/e58901c1-1a5d-46a3-b5f5-434b4aea8663 => generated 752 bytes in 279 msecs (HTTP/1.1 200) 4 headers in 157 bytes (1 switches on core 0) /var/lib/openstack/lib/python3.12/site-packages/pycadf/identifier.py:70: UserWarning: Invalid uuid: neutron. To ensure interoperability, identifiers should be a valid uuid. warnings.warn(('Invalid uuid: %s. To ensure interoperability, '
2026-02-27 00:55:59.568 7 INFO neutron.db.ovn_revision_numbers_db [None req-2ab55ca7-1177-407a-bbdd-a6b001ea739d d3b2c10c4398406a86fe5b61b267becc 5ec1c49a19b84a4f8dcfe72714c0208d - - default default] Successfully bumped revision number for resource 0cd25fa7-ccdb-4506-83de-02cd2e7c51a7 (type: ports) to 1 [pid: 8|app: 0|req: 631/1339] 10.0.0.226 () {34 vars in 1040 bytes} [Fri Feb 27 00:55:59 2026] GET /v2.0/security-groups?id=30b15365-daa4-4c9f-a5db-1ed6e19b09fb&fields=id&fields=name => generated 114 bytes in 23 msecs (HTTP/1.1 200) 4 headers in 157 bytes (1 switches on core 0)
2026-02-27 00:55:59.601 7 INFO neutron.plugins.ml2.drivers.ovn.mech_driver.mech_driver [None req-bdbc01d6-10c8-4774-9a75-657a2676e85d - - - - - -] OVN reports status down for port: 0cd25fa7-ccdb-4506-83de-02cd2e7c51a7
2026-02-27 00:55:59.625 7 INFO neutron.notifiers.nova [-] Nova event matching ['req-a3a4ff50-4271-4017-81e2-7ad2dc23de0f'] response: {'server_uuid': 'b300dadb-7959-4cbd-9bc6-a18ccfb534d1', 'name': 'network-vif-plugged', 'status': 'completed', 'tag': 'a8d4cd8d-9db0-4c25-8043-160b27fc3a34', 'code': 200}
2026-02-27 00:55:59.629 7 INFO neutron.notifiers.nova [-] Nova event matching ['req-a3a4ff50-4271-4017-81e2-7ad2dc23de0f'] response: {'server_uuid': 'b300dadb-7959-4cbd-9bc6-a18ccfb534d1', 'name': 'network-vif-plugged', 'status': 'completed', 'tag': 'a8d4cd8d-9db0-4c25-8043-160b27fc3a34', 'code': 200} [pid: 7|app: 0|req: 709/1340] 10.0.0.233 () {34 vars in 665 bytes} [Fri Feb 27 00:55:59 2026] POST /v2.0/ports => generated 779 bytes in 456 msecs (HTTP/1.1 201) 4 headers in 162 bytes (1 switches on core 0) /var/lib/openstack/lib/python3.12/site-packages/pycadf/identifier.py:70: UserWarning: Invalid uuid: neutron. To ensure interoperability, identifiers should be a valid uuid. warnings.warn(('Invalid uuid: %s. To ensure interoperability, '
2026-02-27 00:55:59.685 8 INFO neutron_taas.services.taas.taas_plugin [None req-a446f5ef-fe87-428a-8ca5-9e0c511eb887 fe8048bdbc074387a0b1f4b941ef7985 559f2f6dfa5d4675bec6de3b8b84dc2f - - default default] TaaS: Handle Delete Port: e58901c1-1a5d-46a3-b5f5-434b4aea8663
2026-02-27 00:55:59.688 8 INFO neutron_taas.services.taas.tap_mirror_plugin [None req-a446f5ef-fe87-428a-8ca5-9e0c511eb887 fe8048bdbc074387a0b1f4b941ef7985 559f2f6dfa5d4675bec6de3b8b84dc2f - - default default] Tap Mirror: Handle Delete Port: e58901c1-1a5d-46a3-b5f5-434b4aea8663
2026-02-27 00:55:59.788 7 INFO neutron.db.segments_db [None req-b46d26b5-80fc-4066-8257-3c5808f544a8 d3b2c10c4398406a86fe5b61b267becc 5ec1c49a19b84a4f8dcfe72714c0208d - - default default] Added segment fa86eb67-e0f0-4e99-bd45-dadc948d1c24 of type geneve for network b6f05a60-8b77-4bdc-80ae-c3a88588ae29 [pid: 8|app: 0|req: 632/1341] 10.0.0.233 () {32 vars in 720 bytes} [Fri Feb 27 00:55:59 2026] DELETE /v2.0/ports/e58901c1-1a5d-46a3-b5f5-434b4aea8663 => generated 0 bytes in 251 msecs (HTTP/1.1 204) 3 headers in 131 bytes (1 switches on core 0) [pid: 8|app: 0|req: 633/1342] 10.0.0.233 () {32 vars in 643 bytes} [Fri Feb 27 00:55:59 2026] GET /v2.0/ports => generated 1534 bytes in 81 msecs (HTTP/1.1 200) 4 headers in 158 bytes (1 switches on core 0)
2026-02-27 00:55:59.921 7 INFO neutron.db.ovn_revision_numbers_db [None req-b46d26b5-80fc-4066-8257-3c5808f544a8 d3b2c10c4398406a86fe5b61b267becc 5ec1c49a19b84a4f8dcfe72714c0208d - - default default] Successfully bumped revision number for resource b6f05a60-8b77-4bdc-80ae-c3a88588ae29 (type: networks) to 1
2026-02-27 00:55:59.944 8 INFO neutron.pecan_wsgi.hooks.translation [None req-fc33455c-86c2-40b4-b8ed-a66f9f9b71d0 fe8048bdbc074387a0b1f4b941ef7985 559f2f6dfa5d4675bec6de3b8b84dc2f - - default default] GET failed (client error): The resource could not be found. [pid: 8|app: 0|req: 634/1343] 10.0.0.233 () {32 vars in 717 bytes} [Fri Feb 27 00:55:59 2026] GET /v2.0/ports/e58901c1-1a5d-46a3-b5f5-434b4aea8663 => generated 132 bytes in 22 msecs (HTTP/1.1 404) 4 headers in 164 bytes (1 switches on core 0) [pid: 8|app: 0|req: 635/1344] 10.0.0.233 () {32 vars in 643 bytes} [Fri Feb 27 00:55:59 2026] GET /v2.0/ports => generated 1534 bytes in 38 msecs (HTTP/1.1 200) 4 headers in 158 bytes (1 switches on core 0) [pid: 8|app: 0|req: 636/1345] 10.0.0.233 () {32 vars in 717 bytes} [Fri Feb 27 00:55:59 2026] GET /v2.0/ports/03db1541-e7f3-4c69-882d-a06bc2edc093 => generated 775 bytes in 33 msecs (HTTP/1.1 200) 4 headers in 157 bytes (1 switches on core 0)
2026-02-27 00:56:00.047 8 INFO neutron.pecan_wsgi.hooks.translation [None req-da296e62-8d24-438c-ae78-debdb2ef7889 fe8048bdbc074387a0b1f4b941ef7985 559f2f6dfa5d4675bec6de3b8b84dc2f - - default default] DELETE failed (client error): The resource could not be found. [pid: 8|app: 0|req: 637/1346] 10.0.0.233 () {32 vars in 720 bytes} [Fri Feb 27 00:56:00 2026] DELETE /v2.0/ports/bf976221-156e-4b96-abbe-d5f0cf3d0707 => generated 132 bytes in 16 msecs (HTTP/1.1 404) 4 headers in 164 bytes (1 switches on core 0)
2026-02-27 00:56:00.063 8 INFO neutron.pecan_wsgi.hooks.translation [None req-fda788e5-ab27-46e0-8b98-181a5ecf0832 fe8048bdbc074387a0b1f4b941ef7985 559f2f6dfa5d4675bec6de3b8b84dc2f - - default default] DELETE failed (client error): The resource could not be found. [pid: 8|app: 0|req: 638/1347] 10.0.0.233 () {32 vars in 724 bytes} [Fri Feb 27 00:56:00 2026] DELETE /v2.0/subnets/9ea596cb-1946-4cb5-ad86-b50e1e0688e1 => generated 136 bytes in 12 msecs (HTTP/1.1 404) 4 headers in 164 bytes (1 switches on core 0)
2026-02-27 00:56:00.078 8 INFO neutron.pecan_wsgi.hooks.translation [None req-d17e4f9e-2c86-4ae0-af0e-8429644a6214 fe8048bdbc074387a0b1f4b941ef7985 559f2f6dfa5d4675bec6de3b8b84dc2f - - default default] DELETE failed (client error): The resource could not be found.
2026-02-27 00:56:00.080 7 WARNING neutron.scheduler.dhcp_agent_scheduler [None req-b46d26b5-80fc-4066-8257-3c5808f544a8 d3b2c10c4398406a86fe5b61b267becc 5ec1c49a19b84a4f8dcfe72714c0208d - - default default] No more DHCP agents [pid: 8|app: 0|req: 639/1348] 10.0.0.233 () {32 vars in 724 bytes} [Fri Feb 27 00:56:00 2026] DELETE /v2.0/subnets/95a68618-7c00-4294-a4d4-4baa60208538 => generated 136 bytes in 12 msecs (HTTP/1.1 404) 4 headers in 164 bytes (1 switches on core 0)
2026-02-27 00:56:00.082 7 WARNING neutron.api.rpc.agentnotifiers.dhcp_rpc_agent_api [None req-b46d26b5-80fc-4066-8257-3c5808f544a8 d3b2c10c4398406a86fe5b61b267becc 5ec1c49a19b84a4f8dcfe72714c0208d - - default default] Unable to schedule network b6f05a60-8b77-4bdc-80ae-c3a88588ae29: no agents available; will retry on subsequent port and subnet creation events.
2026-02-27 00:56:00.150 8 INFO neutron.plugins.ml2.drivers.ovn.mech_driver.mech_driver [None req-ab806caf-14e9-4f7c-9b05-640bfd05cdf9 - - - - - -] OVN reports status down for port: c508149e-e369-4ab5-9946-366a4b6f0aab
2026-02-27 00:56:00.154 7 INFO neutron.db.ovn_revision_numbers_db [None req-b46d26b5-80fc-4066-8257-3c5808f544a8 d3b2c10c4398406a86fe5b61b267becc 5ec1c49a19b84a4f8dcfe72714c0208d - - default default] Successfully bumped revision number for resource c508149e-e369-4ab5-9946-366a4b6f0aab (type: ports) to 1 [pid: 7|app: 0|req: 710/1349] 10.0.0.233 () {34 vars in 670 bytes} [Fri Feb 27 00:55:59 2026] POST /v2.0/networks => generated 652 bytes in 500 msecs (HTTP/1.1 201) 4 headers in 162 bytes (1 switches on core 0)
2026-02-27 00:56:00.267 8 INFO neutron_taas.services.taas.taas_plugin [None req-7791b0c3-75b3-42ad-8f11-7a15e11880ac fe8048bdbc074387a0b1f4b941ef7985 559f2f6dfa5d4675bec6de3b8b84dc2f - - default default] TaaS: Handle Delete Port: 03db1541-e7f3-4c69-882d-a06bc2edc093
2026-02-27 00:56:00.270 8 INFO neutron_taas.services.taas.tap_mirror_plugin [None req-7791b0c3-75b3-42ad-8f11-7a15e11880ac fe8048bdbc074387a0b1f4b941ef7985 559f2f6dfa5d4675bec6de3b8b84dc2f - - default default] Tap Mirror: Handle Delete Port: 03db1541-e7f3-4c69-882d-a06bc2edc093 [pid: 8|app: 0|req: 640/1350] 10.0.0.233 () {32 vars in 720 bytes} [Fri Feb 27 00:56:00 2026] DELETE /v2.0/ports/03db1541-e7f3-4c69-882d-a06bc2edc093 => generated 0 bytes in 346 msecs (HTTP/1.1 204) 3 headers in 131 bytes (1 switches on core 0)
2026-02-27 00:56:00.445 7 WARNING neutron.scheduler.dhcp_agent_scheduler [None req-2edd0eb6-5e80-4c4e-97c8-fc10f3f84c1f d3b2c10c4398406a86fe5b61b267becc 5ec1c49a19b84a4f8dcfe72714c0208d - - default default] No more DHCP agents
2026-02-27 00:56:00.446 7 WARNING neutron.api.rpc.agentnotifiers.dhcp_rpc_agent_api [None req-2edd0eb6-5e80-4c4e-97c8-fc10f3f84c1f d3b2c10c4398406a86fe5b61b267becc 5ec1c49a19b84a4f8dcfe72714c0208d - - default default] Unable to schedule network b6f05a60-8b77-4bdc-80ae-c3a88588ae29: no agents available; will retry on subsequent port and subnet creation events.
2026-02-27 00:56:00.471 7 INFO neutron.db.ovn_revision_numbers_db [None req-2edd0eb6-5e80-4c4e-97c8-fc10f3f84c1f d3b2c10c4398406a86fe5b61b267becc 5ec1c49a19b84a4f8dcfe72714c0208d - - default default] Successfully bumped revision number for resource 33c23bde-7d1c-4af4-8bba-e944e6e829a8 (type: subnets) to 0 [pid: 7|app: 0|req: 711/1351] 10.0.0.233 () {34 vars in 669 bytes} [Fri Feb 27 00:56:00 2026] POST /v2.0/subnets => generated 646 bytes in 298 msecs (HTTP/1.1 201) 4 headers in 162 bytes (1 switches on core 0) [pid: 8|app: 0|req: 641/1352] 10.0.0.233 () {32 vars in 740 bytes} [Fri Feb 27 00:56:00 2026] DELETE /v2.0/security-groups/b005849f-bcac-4d02-89c2-2e532876304d => generated 0 bytes in 142 msecs (HTTP/1.1 204) 2 headers in 112 bytes (1 switches on core 0)
2026-02-27 00:56:00.592 7 INFO neutron_taas.services.taas.taas_plugin [None req-51a0c09e-0d6f-4315-9cf3-b74fb2eb4329 fe8048bdbc074387a0b1f4b941ef7985 559f2f6dfa5d4675bec6de3b8b84dc2f - - default default] TaaS: Handle Delete Port: 6f9eb6c8-fb1a-4a6e-9a76-c017cf969798
2026-02-27 00:56:00.595 7 INFO neutron_taas.services.taas.tap_mirror_plugin [None req-51a0c09e-0d6f-4315-9cf3-b74fb2eb4329 fe8048bdbc074387a0b1f4b941ef7985 559f2f6dfa5d4675bec6de3b8b84dc2f - - default default] Tap Mirror: Handle Delete Port: 6f9eb6c8-fb1a-4a6e-9a76-c017cf969798 [pid: 7|app: 0|req: 712/1353] 10.0.0.233 () {32 vars in 726 bytes} [Fri Feb 27 00:56:00 2026] DELETE /v2.0/networks/4c181ae2-dbe1-4eae-8d45-860a20e1b51d => generated 0 bytes in 326 msecs (HTTP/1.1 204) 3 headers in 131 bytes (1 switches on core 0)
2026-02-27 00:56:00.822 7 INFO neutron.api.v2.resource [None req-ed1b91c4-3ca1-4309-8e66-03a27dd3d733 8a3771de362349188d1a233373cad6e9 251747829d474db6a54c04fb961942bc - - default default] show failed (client error): The resource could not be found. [pid: 7|app: 0|req: 713/1354] 10.0.0.233 () {32 vars in 737 bytes} [Fri Feb 27 00:56:00 2026] GET /v2.0/security-groups/b005849f-bcac-4d02-89c2-2e532876304d => generated 146 bytes in 9 msecs (HTTP/1.1 404) 4 headers in 164 bytes (1 switches on core 0)
2026-02-27 00:56:00.854 7 INFO neutron.services.segments.plugin [-] Segment eeb9c837-18df-4e8c-addb-21c9c0927c2a resource provider aggregate not found
2026-02-27 00:56:00.858 7 INFO neutron.services.segments.plugin [-] Segment eeb9c837-18df-4e8c-addb-21c9c0927c2a resource provider aggregate not found
2026-02-27 00:56:00.866 8 WARNING neutron.scheduler.dhcp_agent_scheduler [None req-1c0404cc-c47d-42e7-a713-9b4ca6d90f22 d3b2c10c4398406a86fe5b61b267becc 5ec1c49a19b84a4f8dcfe72714c0208d - - default default] No more DHCP agents [pid: 7|app: 0|req: 714/1355] 10.0.0.226 () {34 vars in 990 bytes} [Fri Feb 27 00:56:00 2026] GET /v2.0/ports?device_id=b300dadb-7959-4cbd-9bc6-a18ccfb534d1 => generated 975 bytes in 46 msecs (HTTP/1.1 200) 4 headers in 157 bytes (1 switches on core 0)
2026-02-27 00:56:00.871 8 WARNING neutron.api.rpc.agentnotifiers.dhcp_rpc_agent_api [None req-1c0404cc-c47d-42e7-a713-9b4ca6d90f22 d3b2c10c4398406a86fe5b61b267becc 5ec1c49a19b84a4f8dcfe72714c0208d - - default default] Unable to schedule network b6f05a60-8b77-4bdc-80ae-c3a88588ae29: no agents available; will retry on subsequent port and subnet creation events.
2026-02-27 00:56:00.877 7 INFO neutron.services.segments.plugin [-] Segment eeb9c837-18df-4e8c-addb-21c9c0927c2a resource provider not found; error: Placement Client Error (4xx): {"errors": [{"status": 404, "title": "Not Found", "detail": "The resource could not be found.\n\n No resource provider with uuid eeb9c837-18df-4e8c-addb-21c9c0927c2a found for delete ", "request_id": "req-b41fad5d-9374-481b-9f9a-f5697a8112e9"}]}
2026-02-27 00:56:00.887 7 INFO neutron.services.segments.plugin [-] Segment eeb9c837-18df-4e8c-addb-21c9c0927c2a resource provider not found; error: Placement Client Error (4xx): {"errors": [{"status": 404, "title": "Not Found", "detail": "The resource could not be found.\n\n No resource provider with uuid eeb9c837-18df-4e8c-addb-21c9c0927c2a found for delete ", "request_id": "req-fcf405fa-522b-4468-9af7-e07fb31326a6"}]}
2026-02-27 00:56:00.940 7 INFO neutron.plugins.ml2.drivers.ovn.mech_driver.mech_driver [None req-bdbc01d6-10c8-4774-9a75-657a2676e85d - - - - - -] OVN reports status down for port: eab2f0cf-4598-4a26-a3e7-8f7c174bd745
2026-02-27 00:56:00.979 8 INFO neutron.db.ovn_revision_numbers_db [None req-1c0404cc-c47d-42e7-a713-9b4ca6d90f22 d3b2c10c4398406a86fe5b61b267becc 5ec1c49a19b84a4f8dcfe72714c0208d - - default default] Successfully bumped revision number for resource eab2f0cf-4598-4a26-a3e7-8f7c174bd745 (type: ports) to 1 [pid: 8|app: 0|req: 642/1356] 10.0.0.233 () {34 vars in 665 bytes} [Fri Feb 27 00:56:00 2026] POST /v2.0/ports => generated 965 bytes in 463 msecs (HTTP/1.1 201) 4 headers in 162 bytes (1 switches on core 0) /var/lib/openstack/lib/python3.12/site-packages/pycadf/identifier.py:70: UserWarning: Invalid uuid: neutron. To ensure interoperability, identifiers should be a valid uuid. warnings.warn(('Invalid uuid: %s. To ensure interoperability, '
2026-02-27 00:56:01.055 7 INFO neutron_taas.services.taas.taas_plugin [None req-cc9090b8-deac-4aaa-93d6-05f7bad11512 8a3771de362349188d1a233373cad6e9 251747829d474db6a54c04fb961942bc - - default default] TaaS: Handle Delete Port: 18dcc8b3-71ce-4aff-8a78-ac888a5b3a05
2026-02-27 00:56:01.058 7 INFO neutron_taas.services.taas.tap_mirror_plugin [None req-cc9090b8-deac-4aaa-93d6-05f7bad11512 8a3771de362349188d1a233373cad6e9 251747829d474db6a54c04fb961942bc - - default default] Tap Mirror: Handle Delete Port: 18dcc8b3-71ce-4aff-8a78-ac888a5b3a05 [pid: 8|app: 0|req: 643/1357] 10.0.0.226 () {34 vars in 1040 bytes} [Fri Feb 27 00:56:01 2026] GET /v2.0/security-groups?id=30b15365-daa4-4c9f-a5db-1ed6e19b09fb&fields=id&fields=name => generated 114 bytes in 24 msecs (HTTP/1.1 200) 4 headers in 157 bytes (1 switches on core 0)
2026-02-27 00:56:01.182 8 INFO neutron_taas.services.taas.taas_plugin [None req-d0c97095-ace5-48a9-bb73-971c25b6705f d3b2c10c4398406a86fe5b61b267becc 5ec1c49a19b84a4f8dcfe72714c0208d - - default default] TaaS: Handle Delete Port: eab2f0cf-4598-4a26-a3e7-8f7c174bd745
2026-02-27 00:56:01.184 8 INFO neutron_taas.services.taas.tap_mirror_plugin [None req-d0c97095-ace5-48a9-bb73-971c25b6705f d3b2c10c4398406a86fe5b61b267becc 5ec1c49a19b84a4f8dcfe72714c0208d - - default default] Tap Mirror: Handle Delete Port: eab2f0cf-4598-4a26-a3e7-8f7c174bd745 [pid: 7|app: 0|req: 715/1358] 10.0.0.233 () {32 vars in 732 bytes} [Fri Feb 27 00:56:00 2026] DELETE /v2.0/floatingips/21817811-bb79-47b8-b2b7-c3ff3398e898 => generated 0 bytes in 348 msecs (HTTP/1.1 204) 2 headers in 112 bytes (1 switches on core 0) [pid: 8|app: 0|req: 644/1359] 10.0.0.233 () {32 vars in 720 bytes} [Fri Feb 27 00:56:01 2026] DELETE /v2.0/ports/eab2f0cf-4598-4a26-a3e7-8f7c174bd745 => generated 0 bytes in 230 msecs (HTTP/1.1 204) 3 headers in 131 bytes (1 switches on core 0)
2026-02-27 00:56:01.309 8 INFO neutron.pecan_wsgi.hooks.translation [None req-d305ec62-dff2-460e-b2f7-3572b048ebfc d3b2c10c4398406a86fe5b61b267becc 5ec1c49a19b84a4f8dcfe72714c0208d - - default default] DELETE failed (client error): The resource could not be found. [pid: 8|app: 0|req: 645/1360] 10.0.0.233 () {32 vars in 720 bytes} [Fri Feb 27 00:56:01 2026] DELETE /v2.0/ports/eab2f0cf-4598-4a26-a3e7-8f7c174bd745 => generated 132 bytes in 16 msecs (HTTP/1.1 404) 4 headers in 164 bytes (1 switches on core 0)
2026-02-27 00:56:01.331 8 INFO neutron.pecan_wsgi.hooks.translation [None req-cf6eb0a5-4155-47f0-aa39-851b1e7740b4 d3b2c10c4398406a86fe5b61b267becc 5ec1c49a19b84a4f8dcfe72714c0208d - - default default] GET failed (client error): The resource could not be found. [pid: 8|app: 0|req: 646/1361] 10.0.0.233 () {32 vars in 717 bytes} [Fri Feb 27 00:56:01 2026] GET /v2.0/ports/eab2f0cf-4598-4a26-a3e7-8f7c174bd745 => generated 132 bytes in 16 msecs (HTTP/1.1 404) 4 headers in 164 bytes (1 switches on core 0) [pid: 8|app: 0|req: 647/1362] 10.0.0.233 () {32 vars in 774 bytes} [Fri Feb 27 00:56:01 2026] GET /v2.0/security-groups?tenant_id=559f2f6dfa5d4675bec6de3b8b84dc2f&name=default => generated 2925 bytes in 104 msecs (HTTP/1.1 200) 4 headers in 158 bytes (1 switches on core 0)
2026-02-27 00:56:01.513 7 INFO neutron_taas.services.taas.taas_plugin [None req-6226f722-23a4-4e41-8ecc-668a81a9f83e ab2cfeda2f754aa2a310b7415210c38d e6b597f572134e97ac3b157b08b06c45 - - default default] TaaS: Handle Delete Port: c86ad9f2-039c-4b2f-8749-65b55c99a07b
2026-02-27 00:56:01.521 7 INFO neutron_taas.services.taas.tap_mirror_plugin [None req-6226f722-23a4-4e41-8ecc-668a81a9f83e ab2cfeda2f754aa2a310b7415210c38d e6b597f572134e97ac3b157b08b06c45 - - default default] Tap Mirror: Handle Delete Port: c86ad9f2-039c-4b2f-8749-65b55c99a07b [pid: 8|app: 0|req: 648/1363] 10.0.0.233 () {32 vars in 724 bytes} [Fri Feb 27 00:56:01 2026] DELETE /v2.0/subnets/33c23bde-7d1c-4af4-8bba-e944e6e829a8 => generated 0 bytes in 127 msecs (HTTP/1.1 204) 3 headers in 131 bytes (1 switches on core 0) [pid: 8|app: 0|req: 649/1364] 10.0.0.233 () {32 vars in 740 bytes} [Fri Feb 27 00:56:01 2026] DELETE /v2.0/security-groups/5c3398b8-86af-4a2d-aab9-db4b8ab9fd52 => generated 0 bytes in 206 msecs (HTTP/1.1 204) 2 headers in 112 bytes (1 switches on core 0)
2026-02-27 00:56:01.897 8 INFO neutron_taas.services.taas.taas_plugin [None req-32ee50cf-993b-4fae-bfb8-1592ce1d8ebd d3b2c10c4398406a86fe5b61b267becc 5ec1c49a19b84a4f8dcfe72714c0208d - - default default] TaaS: Handle Delete Port: c508149e-e369-4ab5-9946-366a4b6f0aab
2026-02-27 00:56:01.904 8 INFO neutron_taas.services.taas.tap_mirror_plugin [None req-32ee50cf-993b-4fae-bfb8-1592ce1d8ebd d3b2c10c4398406a86fe5b61b267becc 5ec1c49a19b84a4f8dcfe72714c0208d - - default default] Tap Mirror: Handle Delete Port: c508149e-e369-4ab5-9946-366a4b6f0aab
2026-02-27 00:56:02.109 8 INFO neutron.services.segments.plugin [-] Segment fa86eb67-e0f0-4e99-bd45-dadc948d1c24 resource provider aggregate not found
2026-02-27 00:56:02.113 8 INFO neutron.services.segments.plugin [-] Segment fa86eb67-e0f0-4e99-bd45-dadc948d1c24 resource provider aggregate not found
2026-02-27 00:56:02.128 8 INFO neutron.services.segments.plugin [-] Segment fa86eb67-e0f0-4e99-bd45-dadc948d1c24 resource provider not found; error: Placement Client Error (4xx): {"errors": [{"status": 404, "title": "Not Found", "detail": "The resource could not be found.\n\n No resource provider with uuid fa86eb67-e0f0-4e99-bd45-dadc948d1c24 found for delete ", "request_id": "req-bb7ad4e1-1b9d-459f-a4c6-b7eb9b3b8748"}]}
2026-02-27 00:56:02.130 8 INFO neutron.services.segments.plugin [-] Segment fa86eb67-e0f0-4e99-bd45-dadc948d1c24 resource provider not found; error: Placement Client Error (4xx): {"errors": [{"status": 404, "title": "Not Found", "detail": "The resource could not be found.\n\n No resource provider with uuid fa86eb67-e0f0-4e99-bd45-dadc948d1c24 found for delete ", "request_id": "req-7991e1db-ea17-4129-8898-4cd5c79cd9fb"}]} [pid: 8|app: 0|req: 650/1365] 10.0.0.233 () {32 vars in 726 bytes} [Fri Feb 27 00:56:01 2026] DELETE /v2.0/networks/b6f05a60-8b77-4bdc-80ae-c3a88588ae29 => generated 0 bytes in 384 msecs (HTTP/1.1 204) 3 headers in 131 bytes (1 switches on core 0) [pid: 7|app: 0|req: 716/1366] 10.0.0.233 () {34 vars in 789 bytes} [Fri Feb 27 00:56:01 2026] PUT /v2.0/routers/223f3526-036b-4c4e-93bd-6a8a69ed2b92/remove_router_interface => generated 309 bytes in 940 msecs (HTTP/1.1 200) 4 headers in 157 bytes (1 switches on core 0) /var/lib/openstack/lib/python3.12/site-packages/pycadf/identifier.py:70: UserWarning: Invalid uuid: neutron. To ensure interoperability, identifiers should be a valid uuid. warnings.warn(('Invalid uuid: %s. To ensure interoperability, ' [pid: 8|app: 0|req: 651/1367] 10.0.0.226 () {34 vars in 990 bytes} [Fri Feb 27 00:56:02 2026] GET /v2.0/ports?device_id=b300dadb-7959-4cbd-9bc6-a18ccfb534d1 => generated 975 bytes in 30 msecs (HTTP/1.1 200) 4 headers in 157 bytes (1 switches on core 0)
2026-02-27 00:56:02.260 7 INFO neutron.db.segments_db [None req-ace0cff7-8fb9-44c2-9a14-d9f0fe1ffb5e d3b2c10c4398406a86fe5b61b267becc 5ec1c49a19b84a4f8dcfe72714c0208d - - default default] Added segment 15ef1850-e3d3-4a49-9c84-6d6c079bf1b2 of type geneve for network 7dc07a08-db3b-4488-ba95-3a3b337de9c5
2026-02-27 00:56:02.359 7 INFO neutron.db.ovn_revision_numbers_db [None req-ace0cff7-8fb9-44c2-9a14-d9f0fe1ffb5e d3b2c10c4398406a86fe5b61b267becc 5ec1c49a19b84a4f8dcfe72714c0208d - - default default] Successfully bumped revision number for resource 7dc07a08-db3b-4488-ba95-3a3b337de9c5 (type: networks) to 1
2026-02-27 00:56:02.469 8 INFO neutron_taas.services.taas.taas_plugin [None req-335a126d-36d6-45b7-ad02-63b357e20da2 ab2cfeda2f754aa2a310b7415210c38d e6b597f572134e97ac3b157b08b06c45 - - default default] TaaS: Handle Delete Port: bd218d38-3283-4a76-ab61-a98bfaa10cee
2026-02-27 00:56:02.472 8 INFO neutron_taas.services.taas.tap_mirror_plugin [None req-335a126d-36d6-45b7-ad02-63b357e20da2 ab2cfeda2f754aa2a310b7415210c38d e6b597f572134e97ac3b157b08b06c45 - - default default] Tap Mirror: Handle Delete Port: bd218d38-3283-4a76-ab61-a98bfaa10cee
2026-02-27 00:56:02.494 7 WARNING neutron.scheduler.dhcp_agent_scheduler [None req-ace0cff7-8fb9-44c2-9a14-d9f0fe1ffb5e d3b2c10c4398406a86fe5b61b267becc 5ec1c49a19b84a4f8dcfe72714c0208d - - default default] No more DHCP agents
2026-02-27 00:56:02.495 7 WARNING neutron.api.rpc.agentnotifiers.dhcp_rpc_agent_api [None req-ace0cff7-8fb9-44c2-9a14-d9f0fe1ffb5e d3b2c10c4398406a86fe5b61b267becc 5ec1c49a19b84a4f8dcfe72714c0208d - - default default] Unable to schedule network 7dc07a08-db3b-4488-ba95-3a3b337de9c5: no agents available; will retry on subsequent port and subnet creation events.
2026-02-27 00:56:02.543 7 INFO neutron.plugins.ml2.drivers.ovn.mech_driver.mech_driver [None req-bdbc01d6-10c8-4774-9a75-657a2676e85d - - - - - -] OVN reports status down for port: d9fbb83e-af57-49da-976c-55e947618e64
2026-02-27 00:56:02.592 7 INFO neutron.db.ovn_revision_numbers_db [None req-ace0cff7-8fb9-44c2-9a14-d9f0fe1ffb5e d3b2c10c4398406a86fe5b61b267becc 5ec1c49a19b84a4f8dcfe72714c0208d - - default default] Successfully bumped revision number for resource d9fbb83e-af57-49da-976c-55e947618e64 (type: ports) to 1 [pid: 7|app: 0|req: 717/1368] 10.0.0.233 () {34 vars in 670 bytes} [Fri Feb 27 00:56:02 2026] POST /v2.0/networks => generated 655 bytes in 473 msecs (HTTP/1.1 201) 4 headers in 162 bytes (1 switches on core 0) [pid: 7|app: 0|req: 718/1369] 10.0.0.226 () {34 vars in 1040 bytes} [Fri Feb 27 00:56:02 2026] GET /v2.0/security-groups?id=30b15365-daa4-4c9f-a5db-1ed6e19b09fb&fields=id&fields=name => generated 114 bytes in 41 msecs (HTTP/1.1 200) 4 headers in 157 bytes (1 switches on core 0) [pid: 8|app: 0|req: 652/1370] 10.0.0.233 () {32 vars in 724 bytes} [Fri Feb 27 00:56:02 2026] DELETE /v2.0/routers/223f3526-036b-4c4e-93bd-6a8a69ed2b92 => generated 0 bytes in 673 msecs (HTTP/1.1 204) 2 headers in 112 bytes (1 switches on core 0) [pid: 8|app: 0|req: 653/1371] 10.0.0.226 () {34 vars in 990 bytes} [Fri Feb 27 00:56:02 2026] GET /v2.0/ports?device_id=b300dadb-7959-4cbd-9bc6-a18ccfb534d1 => generated 975 bytes in 38 msecs (HTTP/1.1 200) 4 headers in 157 bytes (1 switches on core 0)
2026-02-27 00:56:02.912 7 WARNING neutron.scheduler.dhcp_agent_scheduler [None req-f71c67a8-657d-4898-bf54-2fc3297f30ef d3b2c10c4398406a86fe5b61b267becc 5ec1c49a19b84a4f8dcfe72714c0208d - - default default] No more DHCP agents
2026-02-27 00:56:02.915 7 WARNING neutron.api.rpc.agentnotifiers.dhcp_rpc_agent_api [None req-f71c67a8-657d-4898-bf54-2fc3297f30ef d3b2c10c4398406a86fe5b61b267becc 5ec1c49a19b84a4f8dcfe72714c0208d - - default default] Unable to schedule network 7dc07a08-db3b-4488-ba95-3a3b337de9c5: no agents available; will retry on subsequent port and subnet creation events.
2026-02-27 00:56:02.947 7 INFO neutron.db.ovn_revision_numbers_db [None req-f71c67a8-657d-4898-bf54-2fc3297f30ef d3b2c10c4398406a86fe5b61b267becc 5ec1c49a19b84a4f8dcfe72714c0208d - - default default] Successfully bumped revision number for resource 066ec721-87ea-4228-a64a-f300760c0f53 (type: subnets) to 0 [pid: 7|app: 0|req: 719/1372] 10.0.0.233 () {34 vars in 669 bytes} [Fri Feb 27 00:56:02 2026] POST /v2.0/subnets => generated 646 bytes in 286 msecs (HTTP/1.1 201) 4 headers in 162 bytes (1 switches on core 0) [pid: 8|app: 0|req: 654/1373] 10.0.0.233 () {32 vars in 724 bytes} [Fri Feb 27 00:56:02 2026] DELETE /v2.0/subnets/0b1fd609-67f9-4c4c-b19f-290a79915c81 => generated 0 bytes in 151 msecs (HTTP/1.1 204) 3 headers in 131 bytes (1 switches on core 0)
2026-02-27 00:56:03.320 8 WARNING neutron.scheduler.dhcp_agent_scheduler [None req-81984f7e-111d-4258-9b72-afe0346b7343 d3b2c10c4398406a86fe5b61b267becc 5ec1c49a19b84a4f8dcfe72714c0208d - - default default] No more DHCP agents
2026-02-27 00:56:03.321 8 WARNING neutron.api.rpc.agentnotifiers.dhcp_rpc_agent_api [None req-81984f7e-111d-4258-9b72-afe0346b7343 d3b2c10c4398406a86fe5b61b267becc 5ec1c49a19b84a4f8dcfe72714c0208d - - default default] Unable to schedule network 7dc07a08-db3b-4488-ba95-3a3b337de9c5: no agents available; will retry on subsequent port and subnet creation events.
2026-02-27 00:56:03.413 8 INFO neutron.plugins.ml2.drivers.ovn.mech_driver.mech_driver [None req-ab806caf-14e9-4f7c-9b05-640bfd05cdf9 - - - - - -] OVN reports status down for port: 7941c4e2-6db4-490b-bfea-85bbc555ebd7
2026-02-27 00:56:03.472 8 INFO neutron.db.ovn_revision_numbers_db [None req-81984f7e-111d-4258-9b72-afe0346b7343 d3b2c10c4398406a86fe5b61b267becc 5ec1c49a19b84a4f8dcfe72714c0208d - - default default] Successfully bumped revision number for resource 7941c4e2-6db4-490b-bfea-85bbc555ebd7 (type: ports) to 1
2026-02-27 00:56:03.477 7 INFO neutron.db.ovn_revision_numbers_db [None req-fc7b43cf-ee00-4687-9f65-644f792dbc41 526571fd0bf64b5e9509285f6d947421 1cfd44434dc148a497e14f760f413ad5 - - default default] Successfully bumped revision number for resource 02f1bae3-b90c-4bea-85ad-6a3e806461fb (type: floatingips) to 1 [pid: 8|app: 0|req: 655/1374] 10.0.0.233 () {34 vars in 665 bytes} [Fri Feb 27 00:56:03 2026] POST /v2.0/ports => generated 928 bytes in 506 msecs (HTTP/1.1 201) 4 headers in 162 bytes (1 switches on core 0)
2026-02-27 00:56:03.579 7 INFO neutron.db.ovn_revision_numbers_db [None req-fc7b43cf-ee00-4687-9f65-644f792dbc41 526571fd0bf64b5e9509285f6d947421 1cfd44434dc148a497e14f760f413ad5 - - default default] Successfully bumped revision number for resource 02f1bae3-b90c-4bea-85ad-6a3e806461fb (type: floatingips) to 2
2026-02-27 00:56:03.580 7 INFO neutron.db.l3_db [None req-fc7b43cf-ee00-4687-9f65-644f792dbc41 526571fd0bf64b5e9509285f6d947421 1cfd44434dc148a497e14f760f413ad5 - - default default] Floating IP 02f1bae3-b90c-4bea-85ad-6a3e806461fb associated. External IP: 10.96.250.204, port: a8d4cd8d-9db0-4c25-8043-160b27fc3a34. [pid: 7|app: 0|req: 720/1375] 10.0.0.233 () {34 vars in 749 bytes} [Fri Feb 27 00:56:02 2026] PUT /v2.0/floatingips/02f1bae3-b90c-4bea-85ad-6a3e806461fb => generated 856 bytes in 642 msecs (HTTP/1.1 200) 4 headers in 157 bytes (1 switches on core 0)
2026-02-27 00:56:03.648 7 INFO neutron.notifiers.nova [-] Nova event matching ['req-a6807fdc-258a-4d91-a16b-eea84374bd26'] response: {'name': 'network-changed', 'server_uuid': 'b300dadb-7959-4cbd-9bc6-a18ccfb534d1', 'tag': 'a8d4cd8d-9db0-4c25-8043-160b27fc3a34', 'status': 'completed', 'code': 200}
2026-02-27 00:56:03.683 8 INFO neutron_taas.services.taas.taas_plugin [None req-b3151bd3-78b5-44c4-8700-accebe27f3ea ab2cfeda2f754aa2a310b7415210c38d e6b597f572134e97ac3b157b08b06c45 - - default default] TaaS: Handle Delete Port: 4fee2b6b-fb6c-4116-b95b-60bbb236345a
2026-02-27 00:56:03.686 8 INFO neutron_taas.services.taas.tap_mirror_plugin [None req-b3151bd3-78b5-44c4-8700-accebe27f3ea ab2cfeda2f754aa2a310b7415210c38d e6b597f572134e97ac3b157b08b06c45 - - default default] Tap Mirror: Handle Delete Port: 4fee2b6b-fb6c-4116-b95b-60bbb236345a /var/lib/openstack/lib/python3.12/site-packages/pycadf/identifier.py:70: UserWarning: Invalid uuid: neutron. To ensure interoperability, identifiers should be a valid uuid. warnings.warn(('Invalid uuid: %s. To ensure interoperability, ' [pid: 8|app: 0|req: 656/1376] 10.0.0.233 () {32 vars in 726 bytes} [Fri Feb 27 00:56:03 2026] DELETE /v2.0/networks/00d7664c-4755-4113-b793-c24301b38d36 => generated 0 bytes in 319 msecs (HTTP/1.1 204) 3 headers in 131 bytes (1 switches on core 0)
2026-02-27 00:56:03.919 7 INFO neutron.db.ovn_revision_numbers_db [None req-20160914-944e-4b18-8353-e0901449b748 cf9feca96aba4a839f7315cf22a550c2 4e995b2264aa45ba86c25eae616e2323 - - default default] Successfully bumped revision number for resource fba15a5a-be2a-43f0-b297-29feeb4e7950 (type: security_groups) to 1
2026-02-27 00:56:03.929 7 INFO neutron.db.ovn_revision_numbers_db [None req-20160914-944e-4b18-8353-e0901449b748 cf9feca96aba4a839f7315cf22a550c2 4e995b2264aa45ba86c25eae616e2323 - - default default] Successfully bumped revision number for resource 71346030-0b48-4183-96a7-b37f250358b5 (type: security_group_rules) to 0
2026-02-27 00:56:03.941 7 INFO neutron.db.ovn_revision_numbers_db [None req-20160914-944e-4b18-8353-e0901449b748 cf9feca96aba4a839f7315cf22a550c2 4e995b2264aa45ba86c25eae616e2323 - - default default] Successfully bumped revision number for resource 7fcd3cb8-fd7c-43b0-9a7d-227aed86975d (type: security_group_rules) to 0
2026-02-27 00:56:03.952 7 INFO neutron.db.ovn_revision_numbers_db [None req-20160914-944e-4b18-8353-e0901449b748 cf9feca96aba4a839f7315cf22a550c2 4e995b2264aa45ba86c25eae616e2323 - - default default] Successfully bumped revision number for resource 860006e6-e105-46d8-92b5-d50192bb3d0f (type: security_group_rules) to 0
2026-02-27 00:56:03.962 7 INFO neutron.db.ovn_revision_numbers_db [None req-20160914-944e-4b18-8353-e0901449b748 cf9feca96aba4a839f7315cf22a550c2 4e995b2264aa45ba86c25eae616e2323 - - default default] Successfully bumped revision number for resource 8c197cc3-caa4-4747-8126-e50267677a7c (type: security_group_rules) to 0
