Apr 25 16:19:36.753199 np0000170200 neutron-periodic-workers[106057]: DEBUG cotyledon.oslo_config_glue [-] database.connection = **** {{(pid=106057) log_opt_values /opt/stack/data/venv/lib/python3.12/site-packages/oslo_config/cfg.py:3006}}
Apr 25 16:19:36.753278 np0000170200 neutron-periodic-workers[106057]: DEBUG cotyledon.oslo_config_glue [-] database.connection_debug = 0 {{(pid=106057) log_opt_values /opt/stack/data/venv/lib/python3.12/site-packages/oslo_config/cfg.py:3006}}
Apr 25 16:19:36.753324 np0000170200 neutron-periodic-workers[106057]: DEBUG cotyledon.oslo_config_glue [-] database.connection_parameters = {{(pid=106057) log_opt_values /opt/stack/data/venv/lib/python3.12/site-packages/oslo_config/cfg.py:3006}}
Apr 25 16:19:36.753378 np0000170200 neutron-periodic-workers[106057]: DEBUG cotyledon.oslo_config_glue [-] database.connection_recycle_time = 3600 {{(pid=106057) log_opt_values /opt/stack/data/venv/lib/python3.12/site-packages/oslo_config/cfg.py:3006}}
Apr 25 16:19:36.753411 np0000170200 neutron-periodic-workers[106057]: DEBUG cotyledon.oslo_config_glue [-] database.connection_trace = False {{(pid=106057) log_opt_values /opt/stack/data/venv/lib/python3.12/site-packages/oslo_config/cfg.py:3006}}
Apr 25 16:19:36.753457 np0000170200 neutron-periodic-workers[106057]: DEBUG cotyledon.oslo_config_glue [-] database.db_inc_retry_interval = True {{(pid=106057) log_opt_values /opt/stack/data/venv/lib/python3.12/site-packages/oslo_config/cfg.py:3006}}
Apr 25 16:19:36.753487 np0000170200 neutron-periodic-workers[106057]: DEBUG cotyledon.oslo_config_glue [-] database.db_max_retries = 20 {{(pid=106057) log_opt_values /opt/stack/data/venv/lib/python3.12/site-packages/oslo_config/cfg.py:3006}}
Apr 25 16:19:36.753540 np0000170200 neutron-periodic-workers[106057]: DEBUG cotyledon.oslo_config_glue [-] database.db_max_retry_interval = 10 {{(pid=106057) log_opt_values /opt/stack/data/venv/lib/python3.12/site-packages/oslo_config/cfg.py:3006}}
Apr 25 16:19:36.753585 np0000170200 neutron-periodic-workers[106057]: DEBUG cotyledon.oslo_config_glue [-] database.db_retry_interval = 1 {{(pid=106057) log_opt_values /opt/stack/data/venv/lib/python3.12/site-packages/oslo_config/cfg.py:3006}}
Apr 25 16:19:36.753615 np0000170200 neutron-periodic-workers[106057]: DEBUG cotyledon.oslo_config_glue [-] database.max_overflow = 50 {{(pid=106057) log_opt_values /opt/stack/data/venv/lib/python3.12/site-packages/oslo_config/cfg.py:3006}}
Apr 25 16:19:36.753665 np0000170200 neutron-periodic-workers[106057]: DEBUG cotyledon.oslo_config_glue [-] database.max_pool_size = 5 {{(pid=106057) log_opt_values /opt/stack/data/venv/lib/python3.12/site-packages/oslo_config/cfg.py:3006}}
Apr 25 16:19:36.753711 np0000170200 neutron-periodic-workers[106057]: DEBUG cotyledon.oslo_config_glue [-] database.max_retries = 10 {{(pid=106057) log_opt_values /opt/stack/data/venv/lib/python3.12/site-packages/oslo_config/cfg.py:3006}}
Apr 25 16:19:36.753752 np0000170200 neutron-periodic-workers[106057]: DEBUG cotyledon.oslo_config_glue [-] database.mysql_sql_mode = TRADITIONAL {{(pid=106057) log_opt_values /opt/stack/data/venv/lib/python3.12/site-packages/oslo_config/cfg.py:3006}}
Apr 25 16:19:36.753797 np0000170200 neutron-periodic-workers[106057]: DEBUG cotyledon.oslo_config_glue [-] database.mysql_wsrep_sync_wait = None {{(pid=106057) log_opt_values /opt/stack/data/venv/lib/python3.12/site-packages/oslo_config/cfg.py:3006}}
Apr 25 16:19:36.753832 np0000170200 neutron-periodic-workers[106057]: DEBUG cotyledon.oslo_config_glue [-] database.pool_timeout = None {{(pid=106057) log_opt_values /opt/stack/data/venv/lib/python3.12/site-packages/oslo_config/cfg.py:3006}}
Apr 25 16:19:36.753875 np0000170200 neutron-periodic-workers[106057]: DEBUG cotyledon.oslo_config_glue [-] database.retry_interval = 10 {{(pid=106057) log_opt_values /opt/stack/data/venv/lib/python3.12/site-packages/oslo_config/cfg.py:3006}}
Apr 25 16:19:36.753930 np0000170200 neutron-periodic-workers[106057]: DEBUG cotyledon.oslo_config_glue [-] database.slave_connection = **** {{(pid=106057) log_opt_values /opt/stack/data/venv/lib/python3.12/site-packages/oslo_config/cfg.py:3006}}
Apr 25 16:19:36.753964 np0000170200 neutron-periodic-workers[106057]: DEBUG cotyledon.oslo_config_glue [-] database.sqlite_synchronous = True {{(pid=106057) log_opt_values /opt/stack/data/venv/lib/python3.12/site-packages/oslo_config/cfg.py:3006}}
Apr 25 16:19:36.754008 np0000170200 neutron-periodic-workers[106057]: DEBUG cotyledon.oslo_config_glue [-] database.synchronous_reader = True {{(pid=106057) log_opt_values /opt/stack/data/venv/lib/python3.12/site-packages/oslo_config/cfg.py:3006}}
Apr 25 16:19:36.754045 np0000170200 neutron-periodic-workers[106057]: DEBUG cotyledon.oslo_config_glue [-] database.use_db_reconnect = False {{(pid=106057) log_opt_values /opt/stack/data/venv/lib/python3.12/site-packages/oslo_config/cfg.py:3006}}
Apr 25 16:19:36.754118 np0000170200 neutron-periodic-workers[106057]: DEBUG cotyledon.oslo_config_glue [-] ovn.bfd_min_rx = 1000 {{(pid=106057) log_opt_values /opt/stack/data/venv/lib/python3.12/site-packages/oslo_config/cfg.py:3006}}
Apr 25 16:19:36.754157 np0000170200 neutron-periodic-workers[106057]: DEBUG cotyledon.oslo_config_glue [-] ovn.bfd_min_tx = 100 {{(pid=106057) log_opt_values /opt/stack/data/venv/lib/python3.12/site-packages/oslo_config/cfg.py:3006}}
Apr 25 16:19:36.754205 np0000170200 neutron-periodic-workers[106057]: DEBUG cotyledon.oslo_config_glue [-] ovn.bfd_mult = 3 {{(pid=106057) log_opt_values /opt/stack/data/venv/lib/python3.12/site-packages/oslo_config/cfg.py:3006}}
Apr 25 16:19:36.754274 np0000170200 neutron-periodic-workers[106057]: DEBUG cotyledon.oslo_config_glue [-] ovn.broadcast_arps_to_all_routers = True {{(pid=106057) log_opt_values /opt/stack/data/venv/lib/python3.12/site-packages/oslo_config/cfg.py:3006}}
Apr 25 16:19:36.754328 np0000170200 neutron-periodic-workers[106057]: DEBUG cotyledon.oslo_config_glue [-] ovn.dhcp_default_lease_time = 43200 {{(pid=106057) log_opt_values /opt/stack/data/venv/lib/python3.12/site-packages/oslo_config/cfg.py:3006}}
Apr 25 16:19:36.754378 np0000170200 neutron-periodic-workers[106057]: DEBUG cotyledon.oslo_config_glue [-] ovn.disable_ovn_dhcp_for_baremetal_ports = False {{(pid=106057) log_opt_values /opt/stack/data/venv/lib/python3.12/site-packages/oslo_config/cfg.py:3006}}
Apr 25 16:19:36.754416 np0000170200 neutron-periodic-workers[106057]: DEBUG cotyledon.oslo_config_glue [-] ovn.dns_records_ovn_owned = False {{(pid=106057) log_opt_values /opt/stack/data/venv/lib/python3.12/site-packages/oslo_config/cfg.py:3006}}
Apr 25 16:19:36.754470 np0000170200 neutron-periodic-workers[106057]: DEBUG cotyledon.oslo_config_glue [-] ovn.dns_servers = [] {{(pid=106057) log_opt_values /opt/stack/data/venv/lib/python3.12/site-packages/oslo_config/cfg.py:3006}}
Apr 25 16:19:36.754500 np0000170200 neutron-periodic-workers[106057]: DEBUG cotyledon.oslo_config_glue [-] ovn.enable_distributed_floating_ip = False {{(pid=106057) log_opt_values /opt/stack/data/venv/lib/python3.12/site-packages/oslo_config/cfg.py:3006}}
Apr 25 16:19:36.754548 np0000170200 neutron-periodic-workers[106057]: DEBUG cotyledon.oslo_config_glue [-] ovn.fdb_age_threshold = 300 {{(pid=106057) log_opt_values /opt/stack/data/venv/lib/python3.12/site-packages/oslo_config/cfg.py:3006}}
Apr 25 16:19:36.754588 np0000170200 neutron-periodic-workers[106057]: DEBUG cotyledon.oslo_config_glue [-] ovn.ha_failover_strategy = normal {{(pid=106057) log_opt_values /opt/stack/data/venv/lib/python3.12/site-packages/oslo_config/cfg.py:3006}}
Apr 25 16:19:36.754628 np0000170200 neutron-periodic-workers[106057]: DEBUG cotyledon.oslo_config_glue [-] ovn.live_migration_activation_strategy = rarp {{(pid=106057) log_opt_values /opt/stack/data/venv/lib/python3.12/site-packages/oslo_config/cfg.py:3006}}
Apr 25 16:19:36.754673 np0000170200 neutron-periodic-workers[106057]: DEBUG cotyledon.oslo_config_glue [-] ovn.localnet_learn_fdb = False {{(pid=106057) log_opt_values /opt/stack/data/venv/lib/python3.12/site-packages/oslo_config/cfg.py:3006}}
Apr 25 16:19:36.754702 np0000170200 neutron-periodic-workers[106057]: DEBUG cotyledon.oslo_config_glue [-] ovn.mac_binding_age_threshold = 300 {{(pid=106057) log_opt_values /opt/stack/data/venv/lib/python3.12/site-packages/oslo_config/cfg.py:3006}}
Apr 25 16:19:36.754753 np0000170200 neutron-periodic-workers[106057]: DEBUG cotyledon.oslo_config_glue [-] ovn.neutron_sync_mode = log {{(pid=106057) log_opt_values /opt/stack/data/venv/lib/python3.12/site-packages/oslo_config/cfg.py:3006}}
Apr 25 16:19:36.754787 np0000170200 neutron-periodic-workers[106057]: DEBUG cotyledon.oslo_config_glue [-] ovn.ovn_dhcp4_global_options = {} {{(pid=106057) log_opt_values /opt/stack/data/venv/lib/python3.12/site-packages/oslo_config/cfg.py:3006}}
Apr 25 16:19:36.754833 np0000170200 neutron-periodic-workers[106057]: DEBUG cotyledon.oslo_config_glue [-] ovn.ovn_dhcp6_global_options = {} {{(pid=106057) log_opt_values /opt/stack/data/venv/lib/python3.12/site-packages/oslo_config/cfg.py:3006}}
Apr 25 16:19:36.754878 np0000170200 neutron-periodic-workers[106057]: DEBUG cotyledon.oslo_config_glue [-] ovn.ovn_l3_scheduler = leastloaded {{(pid=106057) log_opt_values /opt/stack/data/venv/lib/python3.12/site-packages/oslo_config/cfg.py:3006}}
Apr 25 16:19:36.754926 np0000170200 neutron-periodic-workers[106057]: DEBUG cotyledon.oslo_config_glue [-] ovn.ovn_metadata_enabled = True {{(pid=106057) log_opt_values /opt/stack/data/venv/lib/python3.12/site-packages/oslo_config/cfg.py:3006}}
Apr 25 16:19:36.754964 np0000170200 neutron-periodic-workers[106057]: DEBUG cotyledon.oslo_config_glue [-] ovn.ovn_nb_ca_cert = /opt/stack/data/CA/int-ca/ca-chain.pem {{(pid=106057) log_opt_values /opt/stack/data/venv/lib/python3.12/site-packages/oslo_config/cfg.py:3006}}
Apr 25 16:19:36.755012 np0000170200 neutron-periodic-workers[106057]: DEBUG cotyledon.oslo_config_glue [-] ovn.ovn_nb_certificate = /opt/stack/data/CA/int-ca/devstack-cert.crt {{(pid=106057) log_opt_values /opt/stack/data/venv/lib/python3.12/site-packages/oslo_config/cfg.py:3006}}
Apr 25 16:19:36.755053 np0000170200 neutron-periodic-workers[106057]: DEBUG cotyledon.oslo_config_glue [-] ovn.ovn_nb_connection = ['ssl:199.204.45.169:6641'] {{(pid=106057) log_opt_values /opt/stack/data/venv/lib/python3.12/site-packages/oslo_config/cfg.py:3006}}
Apr 25 16:19:36.755098 np0000170200 neutron-periodic-workers[106057]: DEBUG cotyledon.oslo_config_glue [-] ovn.ovn_nb_private_key = /opt/stack/data/CA/int-ca/private/devstack-cert.key {{(pid=106057) log_opt_values /opt/stack/data/venv/lib/python3.12/site-packages/oslo_config/cfg.py:3006}}
Apr 25 16:19:36.755128 np0000170200 neutron-periodic-workers[106057]: DEBUG cotyledon.oslo_config_glue [-] ovn.ovn_router_indirect_snat = False {{(pid=106057) log_opt_values /opt/stack/data/venv/lib/python3.12/site-packages/oslo_config/cfg.py:3006}}
Apr 25 16:19:36.755162 np0000170200 neutron-periodic-workers[106057]: DEBUG cotyledon.oslo_config_glue [-] ovn.ovn_sb_ca_cert = /opt/stack/data/CA/int-ca/ca-chain.pem {{(pid=106057) log_opt_values /opt/stack/data/venv/lib/python3.12/site-packages/oslo_config/cfg.py:3006}}
Apr 25 16:19:36.755209 np0000170200 neutron-periodic-workers[106057]: DEBUG cotyledon.oslo_config_glue [-] ovn.ovn_sb_certificate = /opt/stack/data/CA/int-ca/devstack-cert.crt {{(pid=106057) log_opt_values /opt/stack/data/venv/lib/python3.12/site-packages/oslo_config/cfg.py:3006}}
Apr 25 16:19:36.755284 np0000170200 neutron-periodic-workers[106057]: DEBUG cotyledon.oslo_config_glue [-] ovn.ovn_sb_connection = ['ssl:199.204.45.169:6642'] {{(pid=106057) log_opt_values /opt/stack/data/venv/lib/python3.12/site-packages/oslo_config/cfg.py:3006}}
Apr 25 16:19:36.755338 np0000170200 neutron-periodic-workers[106057]: DEBUG cotyledon.oslo_config_glue [-] ovn.ovn_sb_private_key = /opt/stack/data/CA/int-ca/private/devstack-cert.key {{(pid=106057) log_opt_values /opt/stack/data/venv/lib/python3.12/site-packages/oslo_config/cfg.py:3006}}
Apr 25 16:19:36.755401 np0000170200 neutron-periodic-workers[106057]: DEBUG cotyledon.oslo_config_glue [-] ovn.ovs_create_tap = False {{(pid=106057) log_opt_values /opt/stack/data/venv/lib/python3.12/site-packages/oslo_config/cfg.py:3006}}
Apr 25 16:19:36.755457 np0000170200 neutron-periodic-workers[106057]: DEBUG cotyledon.oslo_config_glue [-] ovn.ovsdb_connection_timeout = 180 {{(pid=106057) log_opt_values /opt/stack/data/venv/lib/python3.12/site-packages/oslo_config/cfg.py:3006}}
Apr 25 16:19:36.755502 np0000170200 neutron-periodic-workers[106057]: DEBUG cotyledon.oslo_config_glue [-] ovn.ovsdb_log_level = INFO {{(pid=106057) log_opt_values /opt/stack/data/venv/lib/python3.12/site-packages/oslo_config/cfg.py:3006}}
Apr 25 16:19:36.755541 np0000170200 neutron-periodic-workers[106057]: DEBUG cotyledon.oslo_config_glue [-] ovn.ovsdb_probe_interval = 60000 {{(pid=106057) log_opt_values /opt/stack/data/venv/lib/python3.12/site-packages/oslo_config/cfg.py:3006}}
Apr 25 16:19:36.755575 np0000170200 neutron-periodic-workers[106057]: DEBUG cotyledon.oslo_config_glue [-] ovn.ovsdb_retry_max_interval = 180 {{(pid=106057) log_opt_values /opt/stack/data/venv/lib/python3.12/site-packages/oslo_config/cfg.py:3006}}
Apr 25 16:19:36.755626 np0000170200 neutron-periodic-workers[106057]: DEBUG cotyledon.oslo_config_glue [-] ovn.stateless_nat_enabled = False {{(pid=106057) log_opt_values /opt/stack/data/venv/lib/python3.12/site-packages/oslo_config/cfg.py:3006}}
Apr 25 16:19:36.755667 np0000170200 neutron-periodic-workers[106057]: DEBUG cotyledon.oslo_config_glue [-] ovn.vhost_sock_dir = /var/run/openvswitch {{(pid=106057) log_opt_values /opt/stack/data/venv/lib/python3.12/site-packages/oslo_config/cfg.py:3006}}
Apr 25 16:19:36.755723 np0000170200 neutron-periodic-workers[106057]: DEBUG cotyledon.oslo_config_glue [-] OVS.bridge_mac_table_size = 50000 {{(pid=106057) log_opt_values /opt/stack/data/venv/lib/python3.12/site-packages/oslo_config/cfg.py:3006}}
Apr 25 16:19:36.755787 np0000170200 neutron-periodic-workers[106057]: DEBUG cotyledon.oslo_config_glue [-] OVS.igmp_flood = False {{(pid=106057) log_opt_values /opt/stack/data/venv/lib/python3.12/site-packages/oslo_config/cfg.py:3006}}
Apr 25 16:19:36.755836 np0000170200 neutron-periodic-workers[106057]: DEBUG cotyledon.oslo_config_glue [-] OVS.igmp_flood_reports = True {{(pid=106057) log_opt_values /opt/stack/data/venv/lib/python3.12/site-packages/oslo_config/cfg.py:3006}}
Apr 25 16:19:36.755883 np0000170200 neutron-periodic-workers[106057]: DEBUG cotyledon.oslo_config_glue [-] OVS.igmp_flood_unregistered = False {{(pid=106057) log_opt_values /opt/stack/data/venv/lib/python3.12/site-packages/oslo_config/cfg.py:3006}}
Apr 25 16:19:36.755930 np0000170200 neutron-periodic-workers[106057]: DEBUG cotyledon.oslo_config_glue [-] OVS.igmp_snooping_enable = False {{(pid=106057) log_opt_values /opt/stack/data/venv/lib/python3.12/site-packages/oslo_config/cfg.py:3006}}
Apr 25 16:19:36.755964 np0000170200 neutron-periodic-workers[106057]: DEBUG cotyledon.oslo_config_glue [-] OVS.ovsdb_timeout = 10 {{(pid=106057) log_opt_values /opt/stack/data/venv/lib/python3.12/site-packages/oslo_config/cfg.py:3006}}
Apr 25 16:19:36.756027 np0000170200 neutron-periodic-workers[106057]: DEBUG cotyledon.oslo_config_glue [-] ovn_nb_global.fdb_removal_limit = 0 {{(pid=106057) log_opt_values /opt/stack/data/venv/lib/python3.12/site-packages/oslo_config/cfg.py:3006}}
Apr 25 16:19:36.756073 np0000170200 neutron-periodic-workers[106057]: DEBUG cotyledon.oslo_config_glue [-] ovn_nb_global.ignore_lsp_down = False {{(pid=106057) log_opt_values /opt/stack/data/venv/lib/python3.12/site-packages/oslo_config/cfg.py:3006}}
Apr 25 16:19:36.756120 np0000170200 neutron-periodic-workers[106057]: DEBUG cotyledon.oslo_config_glue [-] ovn_nb_global.mac_binding_removal_limit = 0 {{(pid=106057) log_opt_values /opt/stack/data/venv/lib/python3.12/site-packages/oslo_config/cfg.py:3006}}
Apr 25 16:19:36.756165 np0000170200 neutron-periodic-workers[106057]: DEBUG cotyledon.oslo_config_glue [-] ******************************************************************************** {{(pid=106057) log_opt_values /opt/stack/data/venv/lib/python3.12/site-packages/oslo_config/cfg.py:3013}}
Apr 25 16:19:36.756347 np0000170200 neutron-periodic-workers[106057]: DEBUG cotyledon._service_worker [-] Run service ServiceWrapper(0) [106057] {{(pid=106057) wait_forever /opt/stack/data/venv/lib/python3.12/site-packages/cotyledon/_service_worker.py:218}}
Apr 25 16:19:46.403337 np0000170200 neutron-periodic-workers[105250]: DEBUG dbcounter [-] [105250] Writing DB stats neutron:SELECT=4 {{(pid=105250) stat_writer /opt/stack/data/venv/lib/python3.12/site-packages/dbcounter.py:115}}
Apr 25 16:20:10.709507 np0000170200 neutron-periodic-workers[106021]: DEBUG oslo_db.sqlalchemy.engines [None req-d2f91e6e-8bee-4172-9f06-dbcb1215a845 None None] Parent process 105250 forked (106021) with an open database connection, which is being discarded and recreated. {{(pid=106021) checkout /opt/stack/data/venv/lib/python3.12/site-packages/oslo_db/sqlalchemy/engines.py:402}}
Apr 25 16:20:10.736934 np0000170200 neutron-periodic-workers[106021]: DEBUG dbcounter [-] [106021] Writer thread running {{(pid=106021) stat_writer /opt/stack/data/venv/lib/python3.12/site-packages/dbcounter.py:102}}
Apr 25 16:20:10.745786 np0000170200 neutron-periodic-workers[106021]: DEBUG oslo.service.backend._threading.loopingcall [None req-d2f91e6e-8bee-4172-9f06-dbcb1215a845 None None] Fixed interval looping call 'neutron.services.ovn_l3.plugin.L3_NAT_dbonly_mixin._clean_garbage' sleeping for 299.95 seconds {{(pid=106021) _run_loop /opt/stack/data/venv/lib/python3.12/site-packages/oslo_service/backend/_threading/loopingcall.py:125}}
Apr 25 16:20:20.737676 np0000170200 neutron-periodic-workers[106021]: DEBUG dbcounter [-] [106021] Writing DB stats neutron:SELECT=1 {{(pid=106021) stat_writer /opt/stack/data/venv/lib/python3.12/site-packages/dbcounter.py:115}}
Apr 25 16:20:30.731301 np0000170200 neutron-periodic-workers[106037]: DEBUG dbcounter [-] [106037] Writer thread running {{(pid=106037) stat_writer /opt/stack/data/venv/lib/python3.12/site-packages/dbcounter.py:102}}
Apr 25 16:20:30.740072 np0000170200 neutron-periodic-workers[106037]: DEBUG oslo.service.backend._threading.loopingcall [None req-72027250-242d-4c42-81cf-6cbb6e5bca3e None None] Fixed interval looping call 'neutron.plugins.ml2.plugin.DhcpAgentSchedulerDbMixin.remove_networks_from_down_agents' sleeping for 36.98 seconds {{(pid=106037) _run_loop /opt/stack/data/venv/lib/python3.12/site-packages/oslo_service/backend/_threading/loopingcall.py:125}}
Apr 25 16:20:30.753815 np0000170200 neutron-periodic-workers[106046]: DEBUG dbcounter [-] [106046] Writer thread running {{(pid=106046) stat_writer /opt/stack/data/venv/lib/python3.12/site-packages/dbcounter.py:102}}
Apr 25 16:20:30.757767 np0000170200 neutron-periodic-workers[106046]: DEBUG neutron.db.agents_db [None req-97a39a8f-1429-4825-b4e6-01d843589150 None None] Agent healthcheck: found 0 active agents {{(pid=106046) agent_health_check /opt/stack/neutron/neutron/db/agents_db.py:317}}
Apr 25 16:20:30.757921 np0000170200 neutron-periodic-workers[106046]: DEBUG oslo.service.backend._threading.loopingcall [None req-97a39a8f-1429-4825-b4e6-01d843589150 None None] Fixed interval looping call 'neutron.plugins.ml2.plugin.AgentDbMixin.agent_health_check' sleeping for 36.98 seconds {{(pid=106046) _run_loop /opt/stack/data/venv/lib/python3.12/site-packages/oslo_service/backend/_threading/loopingcall.py:125}}
Apr 25 16:20:40.738956 np0000170200 neutron-periodic-workers[106037]: DEBUG dbcounter [-] [106037] Writing DB stats neutron:SELECT=3 {{(pid=106037) stat_writer /opt/stack/data/venv/lib/python3.12/site-packages/dbcounter.py:115}}
Apr 25 16:20:40.754434 np0000170200 neutron-periodic-workers[106046]: DEBUG dbcounter [-] [106046] Writing DB stats neutron:SELECT=1 {{(pid=106046) stat_writer /opt/stack/data/venv/lib/python3.12/site-packages/dbcounter.py:115}}
Apr 25 16:21:07.743993 np0000170200 neutron-periodic-workers[106046]: DEBUG neutron.db.agents_db [None req-97a39a8f-1429-4825-b4e6-01d843589150 None None] Agent healthcheck: found 0 active agents {{(pid=106046) agent_health_check /opt/stack/neutron/neutron/db/agents_db.py:317}}
Apr 25 16:21:07.860774 np0000170200 neutron-periodic-workers[106046]: DEBUG oslo.service.backend._threading.loopingcall [None req-97a39a8f-1429-4825-b4e6-01d843589150 None None] Fixed interval looping call 'neutron.plugins.ml2.plugin.AgentDbMixin.agent_health_check' sleeping for 36.99 seconds {{(pid=106046) _run_loop /opt/stack/data/venv/lib/python3.12/site-packages/oslo_service/backend/_threading/loopingcall.py:125}}
Apr 25 16:21:07.861075 np0000170200 neutron-periodic-workers[106037]: DEBUG oslo.service.backend._threading.loopingcall [None req-72027250-242d-4c42-81cf-6cbb6e5bca3e None None] Fixed interval looping call 'neutron.plugins.ml2.plugin.DhcpAgentSchedulerDbMixin.remove_networks_from_down_agents' sleeping for 36.97 seconds {{(pid=106037) _run_loop /opt/stack/data/venv/lib/python3.12/site-packages/oslo_service/backend/_threading/loopingcall.py:125}}
Apr 25 16:21:17.742426 np0000170200 neutron-periodic-workers[106046]: DEBUG dbcounter [-] [106046] Writing DB stats neutron:SELECT=1 {{(pid=106046) stat_writer /opt/stack/data/venv/lib/python3.12/site-packages/dbcounter.py:115}}
Apr 25 16:21:17.749883 np0000170200 neutron-periodic-workers[106037]: DEBUG dbcounter [-] [106037] Writing DB stats neutron:SELECT=3 {{(pid=106037) stat_writer /opt/stack/data/venv/lib/python3.12/site-packages/dbcounter.py:115}}
Apr 25 16:21:36.774241 np0000170200 neutron-periodic-workers[106057]: DEBUG dbcounter [-] [106057] Writer thread running {{(pid=106057) stat_writer /opt/stack/data/venv/lib/python3.12/site-packages/dbcounter.py:102}}
Apr 25 16:21:36.776359 np0000170200 neutron-periodic-workers[106057]: DEBUG oslo.service.backend._threading.loopingcall [None req-816dfc69-70ac-4a78-a84f-d59c43af1410 None None] Fixed interval looping call 'neutron.db.quota.driver_nolock.DbQuotaNoLockDriver._remove_expired_reservations' sleeping for 119.98 seconds {{(pid=106057) _run_loop /opt/stack/data/venv/lib/python3.12/site-packages/oslo_service/backend/_threading/loopingcall.py:125}}
Apr 25 16:21:44.732950 np0000170200 neutron-periodic-workers[106037]: DEBUG oslo.service.backend._threading.loopingcall [None req-72027250-242d-4c42-81cf-6cbb6e5bca3e None None] Fixed interval looping call 'neutron.plugins.ml2.plugin.DhcpAgentSchedulerDbMixin.remove_networks_from_down_agents' sleeping for 36.99 seconds {{(pid=106037) _run_loop /opt/stack/data/venv/lib/python3.12/site-packages/oslo_service/backend/_threading/loopingcall.py:125}}
Apr 25 16:21:44.740517 np0000170200 neutron-periodic-workers[106046]: DEBUG neutron.db.agents_db [None req-97a39a8f-1429-4825-b4e6-01d843589150 None None] Agent healthcheck: found 0 active agents {{(pid=106046) agent_health_check /opt/stack/neutron/neutron/db/agents_db.py:317}}
Apr 25 16:21:44.740942 np0000170200 neutron-periodic-workers[106046]: DEBUG oslo.service.backend._threading.loopingcall [None req-97a39a8f-1429-4825-b4e6-01d843589150 None None] Fixed interval looping call 'neutron.plugins.ml2.plugin.AgentDbMixin.agent_health_check' sleeping for 36.99 seconds {{(pid=106046) _run_loop /opt/stack/data/venv/lib/python3.12/site-packages/oslo_service/backend/_threading/loopingcall.py:125}}
Apr 25 16:21:54.731936 np0000170200 neutron-periodic-workers[106037]: DEBUG dbcounter [-] [106037] Writing DB stats neutron:SELECT=3 {{(pid=106037) stat_writer /opt/stack/data/venv/lib/python3.12/site-packages/dbcounter.py:115}}
Apr 25 16:21:54.738933 np0000170200 neutron-periodic-workers[106046]: DEBUG dbcounter [-] [106046] Writing DB stats neutron:SELECT=1 {{(pid=106046) stat_writer /opt/stack/data/venv/lib/python3.12/site-packages/dbcounter.py:115}}
Apr 25 16:21:56.775002 np0000170200 neutron-periodic-workers[106057]: DEBUG dbcounter [-] [106057] Writing DB stats neutron:DELETE=1 {{(pid=106057) stat_writer /opt/stack/data/venv/lib/python3.12/site-packages/dbcounter.py:115}}
Apr 25 16:22:21.731875 np0000170200 neutron-periodic-workers[106037]: DEBUG oslo.service.backend._threading.loopingcall [None req-72027250-242d-4c42-81cf-6cbb6e5bca3e None None] Fixed interval looping call 'neutron.plugins.ml2.plugin.DhcpAgentSchedulerDbMixin.remove_networks_from_down_agents' sleeping for 36.99 seconds {{(pid=106037) _run_loop /opt/stack/data/venv/lib/python3.12/site-packages/oslo_service/backend/_threading/loopingcall.py:125}}
Apr 25 16:22:21.735910 np0000170200 neutron-periodic-workers[106046]: DEBUG neutron.db.agents_db [None req-97a39a8f-1429-4825-b4e6-01d843589150 None None] Agent healthcheck: found 0 active agents {{(pid=106046) agent_health_check /opt/stack/neutron/neutron/db/agents_db.py:317}}
Apr 25 16:22:21.736378 np0000170200 neutron-periodic-workers[106046]: DEBUG oslo.service.backend._threading.loopingcall [None req-97a39a8f-1429-4825-b4e6-01d843589150 None None] Fixed interval looping call 'neutron.plugins.ml2.plugin.AgentDbMixin.agent_health_check' sleeping for 37.00 seconds {{(pid=106046) _run_loop /opt/stack/data/venv/lib/python3.12/site-packages/oslo_service/backend/_threading/loopingcall.py:125}}
Apr 25 16:22:31.731184 np0000170200 neutron-periodic-workers[106037]: DEBUG dbcounter [-] [106037] Writing DB stats neutron:SELECT=3 {{(pid=106037) stat_writer /opt/stack/data/venv/lib/python3.12/site-packages/dbcounter.py:115}}
Apr 25 16:22:31.735454 np0000170200 neutron-periodic-workers[106046]: DEBUG dbcounter [-] [106046] Writing DB stats neutron:SELECT=1 {{(pid=106046) stat_writer /opt/stack/data/venv/lib/python3.12/site-packages/dbcounter.py:115}}
Apr 25 16:22:58.731440 np0000170200 neutron-periodic-workers[106037]: DEBUG oslo.service.backend._threading.loopingcall [None req-72027250-242d-4c42-81cf-6cbb6e5bca3e None None] Fixed interval looping call 'neutron.plugins.ml2.plugin.DhcpAgentSchedulerDbMixin.remove_networks_from_down_agents' sleeping for 36.99 seconds {{(pid=106037) _run_loop /opt/stack/data/venv/lib/python3.12/site-packages/oslo_service/backend/_threading/loopingcall.py:125}}
Apr 25 16:22:58.743517 np0000170200 neutron-periodic-workers[106046]: DEBUG neutron.db.agents_db [None req-97a39a8f-1429-4825-b4e6-01d843589150 None None] Agent healthcheck: found 0 active agents {{(pid=106046) agent_health_check /opt/stack/neutron/neutron/db/agents_db.py:317}}
Apr 25 16:22:58.743938 np0000170200 neutron-periodic-workers[106046]: DEBUG oslo.service.backend._threading.loopingcall [None req-97a39a8f-1429-4825-b4e6-01d843589150 None None] Fixed interval looping call 'neutron.plugins.ml2.plugin.AgentDbMixin.agent_health_check' sleeping for 36.99 seconds {{(pid=106046) _run_loop /opt/stack/data/venv/lib/python3.12/site-packages/oslo_service/backend/_threading/loopingcall.py:125}}
Apr 25 16:23:08.730662 np0000170200 neutron-periodic-workers[106037]: DEBUG dbcounter [-] [106037] Writing DB stats neutron:SELECT=3 {{(pid=106037) stat_writer /opt/stack/data/venv/lib/python3.12/site-packages/dbcounter.py:115}}
Apr 25 16:23:08.741406 np0000170200 neutron-periodic-workers[106046]: DEBUG dbcounter [-] [106046] Writing DB stats neutron:SELECT=1 {{(pid=106046) stat_writer /opt/stack/data/venv/lib/python3.12/site-packages/dbcounter.py:115}}
Apr 25 16:23:35.730870 np0000170200 neutron-periodic-workers[106037]: DEBUG oslo.service.backend._threading.loopingcall [None req-72027250-242d-4c42-81cf-6cbb6e5bca3e None None] Fixed interval looping call 'neutron.plugins.ml2.plugin.DhcpAgentSchedulerDbMixin.remove_networks_from_down_agents' sleeping for 36.99 seconds {{(pid=106037) _run_loop /opt/stack/data/venv/lib/python3.12/site-packages/oslo_service/backend/_threading/loopingcall.py:125}}
Apr 25 16:23:35.740615 np0000170200 neutron-periodic-workers[106046]: DEBUG neutron.db.agents_db [None req-97a39a8f-1429-4825-b4e6-01d843589150 None None] Agent healthcheck: found 0 active agents {{(pid=106046) agent_health_check /opt/stack/neutron/neutron/db/agents_db.py:317}}
Apr 25 16:23:35.741054 np0000170200 neutron-periodic-workers[106046]: DEBUG oslo.service.backend._threading.loopingcall [None req-97a39a8f-1429-4825-b4e6-01d843589150 None None] Fixed interval looping call 'neutron.plugins.ml2.plugin.AgentDbMixin.agent_health_check' sleeping for 36.99 seconds {{(pid=106046) _run_loop /opt/stack/data/venv/lib/python3.12/site-packages/oslo_service/backend/_threading/loopingcall.py:125}}
Apr 25 16:23:36.761374 np0000170200 neutron-periodic-workers[106057]: DEBUG oslo.service.backend._threading.loopingcall [None req-816dfc69-70ac-4a78-a84f-d59c43af1410 None None] Fixed interval looping call 'neutron.db.quota.driver_nolock.DbQuotaNoLockDriver._remove_expired_reservations' sleeping for 120.00 seconds {{(pid=106057) _run_loop /opt/stack/data/venv/lib/python3.12/site-packages/oslo_service/backend/_threading/loopingcall.py:125}}
Apr 25 16:23:45.729871 np0000170200 neutron-periodic-workers[106037]: DEBUG dbcounter [-] [106037] Writing DB stats neutron:SELECT=3 {{(pid=106037) stat_writer /opt/stack/data/venv/lib/python3.12/site-packages/dbcounter.py:115}}
Apr 25 16:23:45.738380 np0000170200 neutron-periodic-workers[106046]: DEBUG dbcounter [-] [106046] Writing DB stats neutron:SELECT=1 {{(pid=106046) stat_writer /opt/stack/data/venv/lib/python3.12/site-packages/dbcounter.py:115}}
Apr 25 16:23:46.760155 np0000170200 neutron-periodic-workers[106057]: DEBUG dbcounter [-] [106057] Writing DB stats neutron:DELETE=1 {{(pid=106057) stat_writer /opt/stack/data/venv/lib/python3.12/site-packages/dbcounter.py:115}}
Apr 25 16:24:12.731257 np0000170200 neutron-periodic-workers[106037]: DEBUG oslo.service.backend._threading.loopingcall [None req-72027250-242d-4c42-81cf-6cbb6e5bca3e None None] Fixed interval looping call 'neutron.plugins.ml2.plugin.DhcpAgentSchedulerDbMixin.remove_networks_from_down_agents' sleeping for 36.99 seconds {{(pid=106037) _run_loop /opt/stack/data/venv/lib/python3.12/site-packages/oslo_service/backend/_threading/loopingcall.py:125}}
Apr 25 16:24:12.735510 np0000170200 neutron-periodic-workers[106046]: DEBUG neutron.db.agents_db [None req-97a39a8f-1429-4825-b4e6-01d843589150 None None] Agent healthcheck: found 0 active agents {{(pid=106046) agent_health_check /opt/stack/neutron/neutron/db/agents_db.py:317}}
Apr 25 16:24:12.735992 np0000170200 neutron-periodic-workers[106046]: DEBUG oslo.service.backend._threading.loopingcall [None req-97a39a8f-1429-4825-b4e6-01d843589150 None None] Fixed interval looping call 'neutron.plugins.ml2.plugin.AgentDbMixin.agent_health_check' sleeping for 37.00 seconds {{(pid=106046) _run_loop /opt/stack/data/venv/lib/python3.12/site-packages/oslo_service/backend/_threading/loopingcall.py:125}}
Apr 25 16:24:22.730193 np0000170200 neutron-periodic-workers[106037]: DEBUG dbcounter [-] [106037] Writing DB stats neutron:SELECT=3 {{(pid=106037) stat_writer /opt/stack/data/venv/lib/python3.12/site-packages/dbcounter.py:115}}
Apr 25 16:24:22.734038 np0000170200 neutron-periodic-workers[106046]: DEBUG dbcounter [-] [106046] Writing DB stats neutron:SELECT=1 {{(pid=106046) stat_writer /opt/stack/data/venv/lib/python3.12/site-packages/dbcounter.py:115}}
Apr 25 16:24:49.731907 np0000170200 neutron-periodic-workers[106037]: DEBUG oslo.service.backend._threading.loopingcall [None req-72027250-242d-4c42-81cf-6cbb6e5bca3e None None] Fixed interval looping call 'neutron.plugins.ml2.plugin.DhcpAgentSchedulerDbMixin.remove_networks_from_down_agents' sleeping for 36.99 seconds {{(pid=106037) _run_loop /opt/stack/data/venv/lib/python3.12/site-packages/oslo_service/backend/_threading/loopingcall.py:125}}
Apr 25 16:24:49.741063 np0000170200 neutron-periodic-workers[106046]: DEBUG neutron.db.agents_db [None req-97a39a8f-1429-4825-b4e6-01d843589150 None None] Agent healthcheck: found 0 active agents {{(pid=106046) agent_health_check /opt/stack/neutron/neutron/db/agents_db.py:317}}
Apr 25 16:24:49.741555 np0000170200 neutron-periodic-workers[106046]: DEBUG oslo.service.backend._threading.loopingcall [None req-97a39a8f-1429-4825-b4e6-01d843589150 None None] Fixed interval looping call 'neutron.plugins.ml2.plugin.AgentDbMixin.agent_health_check' sleeping for 36.99 seconds {{(pid=106046) _run_loop /opt/stack/data/venv/lib/python3.12/site-packages/oslo_service/backend/_threading/loopingcall.py:125}}
Apr 25 16:24:59.730778 np0000170200 neutron-periodic-workers[106037]: DEBUG dbcounter [-] [106037] Writing DB stats neutron:SELECT=3 {{(pid=106037) stat_writer /opt/stack/data/venv/lib/python3.12/site-packages/dbcounter.py:115}}
Apr 25 16:24:59.739287 np0000170200 neutron-periodic-workers[106046]: DEBUG dbcounter [-] [106046] Writing DB stats neutron:SELECT=1 {{(pid=106046) stat_writer /opt/stack/data/venv/lib/python3.12/site-packages/dbcounter.py:115}}
Apr 25 16:25:10.708310 np0000170200 neutron-periodic-workers[106021]: DEBUG oslo.service.backend._threading.loopingcall [None req-d2f91e6e-8bee-4172-9f06-dbcb1215a845 None None] Fixed interval looping call 'neutron.services.ovn_l3.plugin.L3_NAT_dbonly_mixin._clean_garbage' sleeping for 299.99 seconds {{(pid=106021) _run_loop /opt/stack/data/venv/lib/python3.12/site-packages/oslo_service/backend/_threading/loopingcall.py:125}}
Apr 25 16:25:20.702726 np0000170200 neutron-periodic-workers[106021]: DEBUG dbcounter [-] [106021] Writing DB stats neutron:SELECT=1 {{(pid=106021) stat_writer /opt/stack/data/venv/lib/python3.12/site-packages/dbcounter.py:115}}
Apr 25 16:25:26.733745 np0000170200 neutron-periodic-workers[106037]: DEBUG oslo.service.backend._threading.loopingcall [None req-72027250-242d-4c42-81cf-6cbb6e5bca3e None None] Fixed interval looping call 'neutron.plugins.ml2.plugin.DhcpAgentSchedulerDbMixin.remove_networks_from_down_agents' sleeping for 36.99 seconds {{(pid=106037) _run_loop /opt/stack/data/venv/lib/python3.12/site-packages/oslo_service/backend/_threading/loopingcall.py:125}}
Apr 25 16:25:26.737516 np0000170200 neutron-periodic-workers[106046]: DEBUG neutron.db.agents_db [None req-97a39a8f-1429-4825-b4e6-01d843589150 None None] Agent healthcheck: found 0 active agents {{(pid=106046) agent_health_check /opt/stack/neutron/neutron/db/agents_db.py:317}}
Apr 25 16:25:26.737960 np0000170200 neutron-periodic-workers[106046]: DEBUG oslo.service.backend._threading.loopingcall [None req-97a39a8f-1429-4825-b4e6-01d843589150 None None] Fixed interval looping call 'neutron.plugins.ml2.plugin.AgentDbMixin.agent_health_check' sleeping for 36.99 seconds {{(pid=106046) _run_loop /opt/stack/data/venv/lib/python3.12/site-packages/oslo_service/backend/_threading/loopingcall.py:125}}
Apr 25 16:25:36.733529 np0000170200 neutron-periodic-workers[106037]: DEBUG dbcounter [-] [106037] Writing DB stats neutron:SELECT=3 {{(pid=106037) stat_writer /opt/stack/data/venv/lib/python3.12/site-packages/dbcounter.py:115}}
Apr 25 16:25:36.735369 np0000170200 neutron-periodic-workers[106046]: DEBUG dbcounter [-] [106046] Writing DB stats neutron:SELECT=1 {{(pid=106046) stat_writer /opt/stack/data/venv/lib/python3.12/site-packages/dbcounter.py:115}}
Apr 25 16:25:36.767687 np0000170200 neutron-periodic-workers[106057]: DEBUG oslo.service.backend._threading.loopingcall [None req-816dfc69-70ac-4a78-a84f-d59c43af1410 None None] Fixed interval looping call 'neutron.db.quota.driver_nolock.DbQuotaNoLockDriver._remove_expired_reservations' sleeping for 119.99 seconds {{(pid=106057) _run_loop /opt/stack/data/venv/lib/python3.12/site-packages/oslo_service/backend/_threading/loopingcall.py:125}}
Apr 25 16:25:46.766405 np0000170200 neutron-periodic-workers[106057]: DEBUG dbcounter [-] [106057] Writing DB stats neutron:DELETE=1 {{(pid=106057) stat_writer /opt/stack/data/venv/lib/python3.12/site-packages/dbcounter.py:115}}
Apr 25 16:26:03.732132 np0000170200 neutron-periodic-workers[106037]: DEBUG oslo.service.backend._threading.loopingcall [None req-72027250-242d-4c42-81cf-6cbb6e5bca3e None None] Fixed interval looping call 'neutron.plugins.ml2.plugin.DhcpAgentSchedulerDbMixin.remove_networks_from_down_agents' sleeping for 36.99 seconds {{(pid=106037) _run_loop /opt/stack/data/venv/lib/python3.12/site-packages/oslo_service/backend/_threading/loopingcall.py:125}}
Apr 25 16:26:03.733124 np0000170200 neutron-periodic-workers[106046]: DEBUG neutron.db.agents_db [None req-97a39a8f-1429-4825-b4e6-01d843589150 None None] Agent healthcheck: found 0 active agents {{(pid=106046) agent_health_check /opt/stack/neutron/neutron/db/agents_db.py:317}}
Apr 25 16:26:03.733415 np0000170200 neutron-periodic-workers[106046]: DEBUG oslo.service.backend._threading.loopingcall [None req-97a39a8f-1429-4825-b4e6-01d843589150 None None] Fixed interval looping call 'neutron.plugins.ml2.plugin.AgentDbMixin.agent_health_check' sleeping for 36.99 seconds {{(pid=106046) _run_loop /opt/stack/data/venv/lib/python3.12/site-packages/oslo_service/backend/_threading/loopingcall.py:125}}
Apr 25 16:26:13.731549 np0000170200 neutron-periodic-workers[106046]: DEBUG dbcounter [-] [106046] Writing DB stats neutron:SELECT=1 {{(pid=106046) stat_writer /opt/stack/data/venv/lib/python3.12/site-packages/dbcounter.py:115}}
Apr 25 16:26:13.732504 np0000170200 neutron-periodic-workers[106037]: DEBUG dbcounter [-] [106037] Writing DB stats neutron:SELECT=3 {{(pid=106037) stat_writer /opt/stack/data/venv/lib/python3.12/site-packages/dbcounter.py:115}}
Apr 25 16:26:40.728656 np0000170200 neutron-periodic-workers[106046]: DEBUG neutron.db.agents_db [None req-97a39a8f-1429-4825-b4e6-01d843589150 None None] Agent healthcheck: found 0 active agents {{(pid=106046) agent_health_check /opt/stack/neutron/neutron/db/agents_db.py:317}}
Apr 25 16:26:40.729344 np0000170200 neutron-periodic-workers[106046]: DEBUG oslo.service.backend._threading.loopingcall [None req-97a39a8f-1429-4825-b4e6-01d843589150 None None] Fixed interval looping call 'neutron.plugins.ml2.plugin.AgentDbMixin.agent_health_check' sleeping for 36.99 seconds {{(pid=106046) _run_loop /opt/stack/data/venv/lib/python3.12/site-packages/oslo_service/backend/_threading/loopingcall.py:125}}
Apr 25 16:26:40.730367 np0000170200 neutron-periodic-workers[106037]: DEBUG oslo.service.backend._threading.loopingcall [None req-72027250-242d-4c42-81cf-6cbb6e5bca3e None None] Fixed interval looping call 'neutron.plugins.ml2.plugin.DhcpAgentSchedulerDbMixin.remove_networks_from_down_agents' sleeping for 36.99 seconds {{(pid=106037) _run_loop /opt/stack/data/venv/lib/python3.12/site-packages/oslo_service/backend/_threading/loopingcall.py:125}}
Apr 25 16:26:50.726982 np0000170200 neutron-periodic-workers[106046]: DEBUG dbcounter [-] [106046] Writing DB stats neutron:SELECT=1 {{(pid=106046) stat_writer /opt/stack/data/venv/lib/python3.12/site-packages/dbcounter.py:115}}
Apr 25 16:26:50.729771 np0000170200 neutron-periodic-workers[106037]: DEBUG dbcounter [-] [106037] Writing DB stats neutron:SELECT=3 {{(pid=106037) stat_writer /opt/stack/data/venv/lib/python3.12/site-packages/dbcounter.py:115}}
Apr 25 16:27:17.726609 np0000170200 neutron-periodic-workers[106046]: DEBUG neutron.db.agents_db [None req-97a39a8f-1429-4825-b4e6-01d843589150 None None] Agent healthcheck: found 0 active agents {{(pid=106046) agent_health_check /opt/stack/neutron/neutron/db/agents_db.py:317}}
Apr 25 16:27:17.726609 np0000170200 neutron-periodic-workers[106046]: DEBUG oslo.service.backend._threading.loopingcall [None req-97a39a8f-1429-4825-b4e6-01d843589150 None None] Fixed interval looping call 'neutron.plugins.ml2.plugin.AgentDbMixin.agent_health_check' sleeping for 36.99 seconds {{(pid=106046) _run_loop /opt/stack/data/venv/lib/python3.12/site-packages/oslo_service/backend/_threading/loopingcall.py:125}}
Apr 25 16:27:17.731841 np0000170200 neutron-periodic-workers[106037]: DEBUG oslo.service.backend._threading.loopingcall [None req-72027250-242d-4c42-81cf-6cbb6e5bca3e None None] Fixed interval looping call 'neutron.plugins.ml2.plugin.DhcpAgentSchedulerDbMixin.remove_networks_from_down_agents' sleeping for 36.99 seconds {{(pid=106037) _run_loop /opt/stack/data/venv/lib/python3.12/site-packages/oslo_service/backend/_threading/loopingcall.py:125}}
Apr 25 16:27:27.724463 np0000170200 neutron-periodic-workers[106046]: DEBUG dbcounter [-] [106046] Writing DB stats neutron:SELECT=1 {{(pid=106046) stat_writer /opt/stack/data/venv/lib/python3.12/site-packages/dbcounter.py:115}}
Apr 25 16:27:27.730398 np0000170200 neutron-periodic-workers[106037]: DEBUG dbcounter [-] [106037] Writing DB stats neutron:SELECT=3 {{(pid=106037) stat_writer /opt/stack/data/venv/lib/python3.12/site-packages/dbcounter.py:115}}
Apr 25 16:27:36.764336 np0000170200 neutron-periodic-workers[106057]: DEBUG oslo.service.backend._threading.loopingcall [None req-816dfc69-70ac-4a78-a84f-d59c43af1410 None None] Fixed interval looping call 'neutron.db.quota.driver_nolock.DbQuotaNoLockDriver._remove_expired_reservations' sleeping for 119.99 seconds {{(pid=106057) _run_loop /opt/stack/data/venv/lib/python3.12/site-packages/oslo_service/backend/_threading/loopingcall.py:125}}
Apr 25 16:27:46.762581 np0000170200 neutron-periodic-workers[106057]: DEBUG dbcounter [-] [106057] Writing DB stats neutron:DELETE=1 {{(pid=106057) stat_writer /opt/stack/data/venv/lib/python3.12/site-packages/dbcounter.py:115}}
Apr 25 16:27:54.721635 np0000170200 neutron-periodic-workers[106046]: DEBUG neutron.db.agents_db [None req-97a39a8f-1429-4825-b4e6-01d843589150 None None] Agent healthcheck: found 0 active agents {{(pid=106046) agent_health_check /opt/stack/neutron/neutron/db/agents_db.py:317}}
Apr 25 16:27:54.722122 np0000170200 neutron-periodic-workers[106046]: DEBUG oslo.service.backend._threading.loopingcall [None req-97a39a8f-1429-4825-b4e6-01d843589150 None None] Fixed interval looping call 'neutron.plugins.ml2.plugin.AgentDbMixin.agent_health_check' sleeping for 37.00 seconds {{(pid=106046) _run_loop /opt/stack/data/venv/lib/python3.12/site-packages/oslo_service/backend/_threading/loopingcall.py:125}}
Apr 25 16:27:54.728489 np0000170200 neutron-periodic-workers[106037]: DEBUG oslo.service.backend._threading.loopingcall [None req-72027250-242d-4c42-81cf-6cbb6e5bca3e None None] Fixed interval looping call 'neutron.plugins.ml2.plugin.DhcpAgentSchedulerDbMixin.remove_networks_from_down_agents' sleeping for 37.00 seconds {{(pid=106037) _run_loop /opt/stack/data/venv/lib/python3.12/site-packages/oslo_service/backend/_threading/loopingcall.py:125}}
Apr 25 16:28:04.720116 np0000170200 neutron-periodic-workers[106046]: DEBUG dbcounter [-] [106046] Writing DB stats neutron:SELECT=1 {{(pid=106046) stat_writer /opt/stack/data/venv/lib/python3.12/site-packages/dbcounter.py:115}}
Apr 25 16:28:04.728970 np0000170200 neutron-periodic-workers[106037]: DEBUG dbcounter [-] [106037] Writing DB stats neutron:SELECT=3 {{(pid=106037) stat_writer /opt/stack/data/venv/lib/python3.12/site-packages/dbcounter.py:115}}
Apr 25 16:28:31.726479 np0000170200 neutron-periodic-workers[106046]: DEBUG neutron.db.agents_db [None req-97a39a8f-1429-4825-b4e6-01d843589150 None None] Agent healthcheck: found 0 active agents {{(pid=106046) agent_health_check /opt/stack/neutron/neutron/db/agents_db.py:317}}
Apr 25 16:28:31.727178 np0000170200 neutron-periodic-workers[106046]: DEBUG oslo.service.backend._threading.loopingcall [None req-97a39a8f-1429-4825-b4e6-01d843589150 None None] Fixed interval looping call 'neutron.plugins.ml2.plugin.AgentDbMixin.agent_health_check' sleeping for 37.00 seconds {{(pid=106046) _run_loop /opt/stack/data/venv/lib/python3.12/site-packages/oslo_service/backend/_threading/loopingcall.py:125}}
Apr 25 16:28:31.737842 np0000170200 neutron-periodic-workers[106037]: DEBUG oslo.service.backend._threading.loopingcall [None req-72027250-242d-4c42-81cf-6cbb6e5bca3e None None] Fixed interval looping call 'neutron.plugins.ml2.plugin.DhcpAgentSchedulerDbMixin.remove_networks_from_down_agents' sleeping for 36.99 seconds {{(pid=106037) _run_loop /opt/stack/data/venv/lib/python3.12/site-packages/oslo_service/backend/_threading/loopingcall.py:125}}
Apr 25 16:28:41.725284 np0000170200 neutron-periodic-workers[106046]: DEBUG dbcounter [-] [106046] Writing DB stats neutron:SELECT=1 {{(pid=106046) stat_writer /opt/stack/data/venv/lib/python3.12/site-packages/dbcounter.py:115}}
Apr 25 16:28:41.737392 np0000170200 neutron-periodic-workers[106037]: DEBUG dbcounter [-] [106037] Writing DB stats neutron:SELECT=3 {{(pid=106037) stat_writer /opt/stack/data/venv/lib/python3.12/site-packages/dbcounter.py:115}}
Apr 25 16:29:08.732668 np0000170200 neutron-periodic-workers[106046]: DEBUG neutron.db.agents_db [None req-97a39a8f-1429-4825-b4e6-01d843589150 None None] Agent healthcheck: found 0 active agents {{(pid=106046) agent_health_check /opt/stack/neutron/neutron/db/agents_db.py:317}}
Apr 25 16:29:08.733175 np0000170200 neutron-periodic-workers[106046]: DEBUG oslo.service.backend._threading.loopingcall [None req-97a39a8f-1429-4825-b4e6-01d843589150 None None] Fixed interval looping call 'neutron.plugins.ml2.plugin.AgentDbMixin.agent_health_check' sleeping for 36.99 seconds {{(pid=106046) _run_loop /opt/stack/data/venv/lib/python3.12/site-packages/oslo_service/backend/_threading/loopingcall.py:125}}
Apr 25 16:29:08.736304 np0000170200 neutron-periodic-workers[106037]: DEBUG oslo.service.backend._threading.loopingcall [None req-72027250-242d-4c42-81cf-6cbb6e5bca3e None None] Fixed interval looping call 'neutron.plugins.ml2.plugin.DhcpAgentSchedulerDbMixin.remove_networks_from_down_agents' sleeping for 36.99 seconds {{(pid=106037) _run_loop /opt/stack/data/venv/lib/python3.12/site-packages/oslo_service/backend/_threading/loopingcall.py:125}}
Apr 25 16:29:18.731190 np0000170200 neutron-periodic-workers[106046]: DEBUG dbcounter [-] [106046] Writing DB stats neutron:SELECT=1 {{(pid=106046) stat_writer /opt/stack/data/venv/lib/python3.12/site-packages/dbcounter.py:115}}
Apr 25 16:29:18.735424 np0000170200 neutron-periodic-workers[106037]: DEBUG dbcounter [-] [106037] Writing DB stats neutron:SELECT=3 {{(pid=106037) stat_writer /opt/stack/data/venv/lib/python3.12/site-packages/dbcounter.py:115}}
Apr 25 16:29:36.759638 np0000170200 neutron-periodic-workers[106057]: DEBUG oslo.service.backend._threading.loopingcall [None req-816dfc69-70ac-4a78-a84f-d59c43af1410 None None] Fixed interval looping call 'neutron.db.quota.driver_nolock.DbQuotaNoLockDriver._remove_expired_reservations' sleeping for 120.00 seconds {{(pid=106057) _run_loop /opt/stack/data/venv/lib/python3.12/site-packages/oslo_service/backend/_threading/loopingcall.py:125}}
Apr 25 16:29:45.728285 np0000170200 neutron-periodic-workers[106046]: DEBUG neutron.db.agents_db [None req-97a39a8f-1429-4825-b4e6-01d843589150 None None] Agent healthcheck: found 0 active agents {{(pid=106046) agent_health_check /opt/stack/neutron/neutron/db/agents_db.py:317}}
Apr 25 16:29:45.729307 np0000170200 neutron-periodic-workers[106046]: DEBUG oslo.service.backend._threading.loopingcall [None req-97a39a8f-1429-4825-b4e6-01d843589150 None None] Fixed interval looping call 'neutron.plugins.ml2.plugin.AgentDbMixin.agent_health_check' sleeping for 36.99 seconds {{(pid=106046) _run_loop /opt/stack/data/venv/lib/python3.12/site-packages/oslo_service/backend/_threading/loopingcall.py:125}}
Apr 25 16:29:45.735857 np0000170200 neutron-periodic-workers[106037]: DEBUG oslo.service.backend._threading.loopingcall [None req-72027250-242d-4c42-81cf-6cbb6e5bca3e None None] Fixed interval looping call 'neutron.plugins.ml2.plugin.DhcpAgentSchedulerDbMixin.remove_networks_from_down_agents' sleeping for 36.99 seconds {{(pid=106037) _run_loop /opt/stack/data/venv/lib/python3.12/site-packages/oslo_service/backend/_threading/loopingcall.py:125}}
Apr 25 16:29:46.757897 np0000170200 neutron-periodic-workers[106057]: DEBUG dbcounter [-] [106057] Writing DB stats neutron:DELETE=1 {{(pid=106057) stat_writer /opt/stack/data/venv/lib/python3.12/site-packages/dbcounter.py:115}}
Apr 25 16:29:55.726478 np0000170200 neutron-periodic-workers[106046]: DEBUG dbcounter [-] [106046] Writing DB stats neutron:SELECT=1 {{(pid=106046) stat_writer /opt/stack/data/venv/lib/python3.12/site-packages/dbcounter.py:115}}
Apr 25 16:29:55.734805 np0000170200 neutron-periodic-workers[106037]: DEBUG dbcounter [-] [106037] Writing DB stats neutron:SELECT=3 {{(pid=106037) stat_writer /opt/stack/data/venv/lib/python3.12/site-packages/dbcounter.py:115}}
Apr 25 16:30:10.709594 np0000170200 neutron-periodic-workers[106021]: DEBUG oslo.service.backend._threading.loopingcall [None req-d2f91e6e-8bee-4172-9f06-dbcb1215a845 None None] Fixed interval looping call 'neutron.services.ovn_l3.plugin.L3_NAT_dbonly_mixin._clean_garbage' sleeping for 299.99 seconds {{(pid=106021) _run_loop /opt/stack/data/venv/lib/python3.12/site-packages/oslo_service/backend/_threading/loopingcall.py:125}}
Apr 25 16:30:20.702071 np0000170200 neutron-periodic-workers[106021]: DEBUG dbcounter [-] [106021] Writing DB stats neutron:SELECT=1 {{(pid=106021) stat_writer /opt/stack/data/venv/lib/python3.12/site-packages/dbcounter.py:115}}
Apr 25 16:30:22.723875 np0000170200 neutron-periodic-workers[106046]: DEBUG neutron.db.agents_db [None req-97a39a8f-1429-4825-b4e6-01d843589150 None None] Agent healthcheck: found 0 active agents {{(pid=106046) agent_health_check /opt/stack/neutron/neutron/db/agents_db.py:317}}
Apr 25 16:30:22.724658 np0000170200 neutron-periodic-workers[106046]: DEBUG oslo.service.backend._threading.loopingcall [None req-97a39a8f-1429-4825-b4e6-01d843589150 None None] Fixed interval looping call 'neutron.plugins.ml2.plugin.AgentDbMixin.agent_health_check' sleeping for 36.99 seconds {{(pid=106046) _run_loop /opt/stack/data/venv/lib/python3.12/site-packages/oslo_service/backend/_threading/loopingcall.py:125}}
