Apr 25 16:25:15.562569 np0000170200 devstack@neutron-api.service[104254]: DEBUG neutron.plugins.ml2.drivers.ovn.mech_driver.mech_driver [None req-fff6983b-add5-4b06-a323-c030d345e11a admin admin] Validating network segment with type geneve, segmentation ID 3503, physical network None {{(pid=104254) _validate_network_segments /opt/stack/neutron/neutron/plugins/ml2/drivers/ovn/mech_driver/mech_driver.py:641}}
Apr 25 16:25:15.562706 np0000170200 devstack@neutron-api.service[104254]: DEBUG neutron.db.ovn_revision_numbers_db [None req-fff6983b-add5-4b06-a323-c030d345e11a admin admin] create_initial_revision uuid=e82838e5-0df5-428f-9b2e-a7bb3c206f3d, type=networks, rev=-1 {{(pid=104254) create_initial_revision /opt/stack/neutron/neutron/db/ovn_revision_numbers_db.py:98}}
Apr 25 16:25:15.835951 np0000170200 devstack@neutron-api.service[104254]: DEBUG neutron_lib.callbacks.manager [None req-fff6983b-add5-4b06-a323-c030d345e11a admin admin] Publish callbacks ['neutron.plugins.ml2.ovo_rpc._ObjectChangeHandler.handle_event-7408012'] for network (e82838e5-0df5-428f-9b2e-a7bb3c206f3d), after_create {{(pid=104254) _notify_loop /opt/stack/data/venv/lib/python3.12/site-packages/neutron_lib/callbacks/manager.py:184}}
Apr 25 16:25:15.853526 np0000170200 devstack@neutron-api.service[104254]: DEBUG neutron.api.rpc.handlers.resources_rpc [None req-fff6983b-add5-4b06-a323-c030d345e11a admin admin] Pushing event updated for resources: {'Network': ['ID=e82838e5-0df5-428f-9b2e-a7bb3c206f3d,revision_number=1']} {{(pid=104254) push /opt/stack/neutron/neutron/api/rpc/handlers/resources_rpc.py:237}}
Apr 25 16:25:15.860675 np0000170200 devstack@neutron-api.service[104254]: DEBUG ovsdbapp.backend.ovs_idl.transaction [None req-47b66a6f-4c97-440c-9916-da601b01c4a4 None None] Running txn n=1 command(idx=0): AddNetworkCommand(_result=None, network_uuid=e82838e5-0df5-428f-9b2e-a7bb3c206f3d, may_exist=True, columns={'external_ids': {'neutron:network_name': 'admin_net', 'neutron:mtu': '1372', 'neutron:revision_number': '1', 'neutron:availability_zone_hints': '', 'neutron:provnet-network-type': 'geneve'}, 'other_config': {'mcast_snoop': 'false', 'mcast_flood_unregistered': 'false', 'vlan-passthru': 'false'}}) {{(pid=104254) do_commit /opt/stack/data/venv/lib/python3.12/site-packages/ovsdbapp/backend/ovs_idl/transaction.py:89}}
Apr 25 16:25:15.921359 np0000170200 devstack@neutron-api.service[104255]: DEBUG neutron.plugins.ml2.drivers.ovn.mech_driver.ovsdb.ovsdb_monitor [None req-f8f9df52-2315-4168-8679-70c983716818 None None] Touching Hash Ring node "6344d9648e0458d29ad13f5bb93d995a" from IDL notify handler {{(pid=104255) notify /opt/stack/neutron/neutron/plugins/ml2/drivers/ovn/mech_driver/ovsdb/ovsdb_monitor.py:906}}
Apr 25 16:25:15.923935 np0000170200 devstack@neutron-api.service[104256]: DEBUG neutron.plugins.ml2.drivers.ovn.mech_driver.ovsdb.ovsdb_monitor [None req-5fa293c0-c807-49dc-a021-c0831055d684 None None] Hash Ring: Node 65c4dbf0f0265ec389dbb506f58830a4 (host: np0000170200) handling event "create" for row bb6c44b6-c708-49ce-8b66-b4a570f1b4bb (table: Datapath_Binding) {{(pid=104256) notify /opt/stack/neutron/neutron/plugins/ml2/drivers/ovn/mech_driver/ovsdb/ovsdb_monitor.py:914}}
Apr 25 16:25:16.118646 np0000170200 devstack@neutron-api.service[104255]: DEBUG neutron.plugins.ml2.drivers.ovn.mech_driver.ovsdb.ovsdb_monitor [None req-f8f9df52-2315-4168-8679-70c983716818 None None] Hash Ring: Node 6344d9648e0458d29ad13f5bb93d995a (host: np0000170200) handling event "create" for row e82838e5-0df5-428f-9b2e-a7bb3c206f3d (table: Logical_Switch) {{(pid=104255) notify /opt/stack/neutron/neutron/plugins/ml2/drivers/ovn/mech_driver/ovsdb/ovsdb_monitor.py:914}}
Apr 25 16:25:16.286518 np0000170200 devstack@neutron-api.service[104254]: INFO neutron.db.ovn_revision_numbers_db [None req-fff6983b-add5-4b06-a323-c030d345e11a admin admin] Successfully bumped revision number for resource e82838e5-0df5-428f-9b2e-a7bb3c206f3d (type: networks) to 1
Apr 25 16:25:16.303099 np0000170200 devstack@neutron-api.service[104254]: DEBUG neutron_lib.callbacks.manager [None req-fff6983b-add5-4b06-a323-c030d345e11a admin admin] Publish callbacks ['neutron.plugins.ml2.plugin.SecurityGroupDbMixin._ensure_default_security_group_handler-1161921'] for port (None), before_create {{(pid=104254) _notify_loop /opt/stack/data/venv/lib/python3.12/site-packages/neutron_lib/callbacks/manager.py:184}}
Apr 25 16:25:16.368881 np0000170200 devstack@neutron-api.service[104254]: DEBUG neutron_lib.callbacks.manager [None req-fff6983b-add5-4b06-a323-c030d345e11a admin admin] Publish callbacks ['neutron.plugins.ml2.drivers.ovn.mech_driver.mech_driver.OVNMechanismDriver._validate_allowed_address_pairs-8186526'] for allowed_address_pair (c5e0ea7d-e2b2-4584-857b-a09b003d5df9), before_create {{(pid=104254) _notify_loop /opt/stack/data/venv/lib/python3.12/site-packages/neutron_lib/callbacks/manager.py:184}}
Apr 25 16:25:16.369238 np0000170200 devstack@neutron-api.service[104254]: DEBUG neutron_lib.callbacks.manager [None req-fff6983b-add5-4b06-a323-c030d345e11a admin admin] Publish callbacks [] for port (c5e0ea7d-e2b2-4584-857b-a09b003d5df9), precommit_create {{(pid=104254) _notify_loop /opt/stack/data/venv/lib/python3.12/site-packages/neutron_lib/callbacks/manager.py:184}}
Apr 25 16:25:16.369395 np0000170200 devstack@neutron-api.service[104254]: DEBUG neutron.plugins.ml2.drivers.ovn.mech_driver.mech_driver [None req-fff6983b-add5-4b06-a323-c030d345e11a admin admin] No provisioning block for port c5e0ea7d-e2b2-4584-857b-a09b003d5df9 since it does not have a host {{(pid=104254) _is_port_provisioning_required /opt/stack/neutron/neutron/plugins/ml2/drivers/ovn/mech_driver/mech_driver.py:894}}
Apr 25 16:25:16.369491 np0000170200 devstack@neutron-api.service[104254]: DEBUG neutron.db.ovn_revision_numbers_db [None req-fff6983b-add5-4b06-a323-c030d345e11a admin admin] create_initial_revision uuid=c5e0ea7d-e2b2-4584-857b-a09b003d5df9, type=ports, rev=-1 {{(pid=104254) create_initial_revision /opt/stack/neutron/neutron/db/ovn_revision_numbers_db.py:98}}
Apr 25 16:25:16.504538 np0000170200 devstack@neutron-api.service[104254]: DEBUG neutron_lib.callbacks.manager [None req-fff6983b-add5-4b06-a323-c030d345e11a admin admin] Publish callbacks ['neutron.plugins.ml2.ovo_rpc._ObjectChangeHandler.handle_event-7408023'] for port (c5e0ea7d-e2b2-4584-857b-a09b003d5df9), after_create {{(pid=104254) _notify_loop /opt/stack/data/venv/lib/python3.12/site-packages/neutron_lib/callbacks/manager.py:184}}
Apr 25 16:25:16.543253 np0000170200 devstack@neutron-api.service[104254]: DEBUG neutron.api.rpc.handlers.resources_rpc [None req-fff6983b-add5-4b06-a323-c030d345e11a admin admin] Pushing event updated for resources: {'Port': ['ID=c5e0ea7d-e2b2-4584-857b-a09b003d5df9,revision_number=1']} {{(pid=104254) push /opt/stack/neutron/neutron/api/rpc/handlers/resources_rpc.py:237}}
Apr 25 16:25:16.550414 np0000170200 devstack@neutron-api.service[104254]: DEBUG ovsdbapp.backend.ovs_idl.transaction [None req-47b66a6f-4c97-440c-9916-da601b01c4a4 None None] Running txn n=1 command(idx=0): AddLSwitchPortCommand(_result=None, lport=c5e0ea7d-e2b2-4584-857b-a09b003d5df9, lswitch=neutron-e82838e5-0df5-428f-9b2e-a7bb3c206f3d, may_exist=True, network_uuid=e82838e5-0df5-428f-9b2e-a7bb3c206f3d, columns={'addresses': ['fa:16:3e:b8:cb:f2'], 'external_ids': {'neutron:port_name': '', 'neutron:device_id': 'ovnmeta-e82838e5-0df5-428f-9b2e-a7bb3c206f3d', 'neutron:project_id': 'e605a638439845d1b6f8f2713865d07c', 'neutron:cidrs': '', 'neutron:device_owner': 'network:distributed', 'neutron:subnet_pool_addr_scope4': '', 'neutron:subnet_pool_addr_scope6': '', 'neutron:network_name': 'neutron-e82838e5-0df5-428f-9b2e-a7bb3c206f3d', 'neutron:security_group_ids': '', 'neutron:revision_number': '1', 'neutron:vnic_type': 'normal', 'neutron:port_capabilities': '', 'neutron:mtu': ''}, 'parent_name': [], 'tag': [], 'enabled': True, 'options': {}, 'type': 'localport', 'port_security': [], 'dhcpv4_options': [], 'dhcpv6_options': []}) {{(pid=104254) do_commit /opt/stack/data/venv/lib/python3.12/site-packages/ovsdbapp/backend/ovs_idl/transaction.py:89}}
Apr 25 16:25:16.550993 np0000170200 devstack@neutron-api.service[104254]: DEBUG ovsdbapp.backend.ovs_idl.transaction [None req-47b66a6f-4c97-440c-9916-da601b01c4a4 None None] Running txn n=1 command(idx=1): QoSDelCommand(_result=None, switch=neutron-e82838e5-0df5-428f-9b2e-a7bb3c206f3d, conditions=[('direction', '=', 'to-lport'), ('priority', '=', 2002), ('match', '=', 'outport == "c5e0ea7d-e2b2-4584-857b-a09b003d5df9"')], if_exists=True) {{(pid=104254) do_commit /opt/stack/data/venv/lib/python3.12/site-packages/ovsdbapp/backend/ovs_idl/transaction.py:89}}
Apr 25 16:25:16.551192 np0000170200 devstack@neutron-api.service[104254]: DEBUG ovsdbapp.backend.ovs_idl.transaction [None req-47b66a6f-4c97-440c-9916-da601b01c4a4 None None] Running txn n=1 command(idx=2): QoSDelCommand(_result=None, switch=neutron-e82838e5-0df5-428f-9b2e-a7bb3c206f3d, conditions=[('direction', '=', 'from-lport'), ('priority', '=', 2002), ('match', '=', 'inport == "c5e0ea7d-e2b2-4584-857b-a09b003d5df9"')], if_exists=True) {{(pid=104254) do_commit /opt/stack/data/venv/lib/python3.12/site-packages/ovsdbapp/backend/ovs_idl/transaction.py:89}}
Apr 25 16:25:16.554724 np0000170200 devstack@neutron-api.service[104254]: DEBUG neutron.plugins.ml2.drivers.ovn.mech_driver.ovsdb.ovsdb_monitor [None req-47b66a6f-4c97-440c-9916-da601b01c4a4 None None] Touching Hash Ring node "5018a6dfca525f4aad74081f4f7d9525" from IDL notify handler {{(pid=104254) notify /opt/stack/neutron/neutron/plugins/ml2/drivers/ovn/mech_driver/ovsdb/ovsdb_monitor.py:906}}
Apr 25 16:25:16.558070 np0000170200 devstack@neutron-api.service[104255]: DEBUG neutron.plugins.ml2.drivers.ovn.mech_driver.ovsdb.ovsdb_monitor [None req-f8f9df52-2315-4168-8679-70c983716818 None None] Touching Hash Ring node "6344d9648e0458d29ad13f5bb93d995a" from IDL notify handler {{(pid=104255) notify /opt/stack/neutron/neutron/plugins/ml2/drivers/ovn/mech_driver/ovsdb/ovsdb_monitor.py:906}}
Apr 25 16:25:16.563790 np0000170200 devstack@neutron-api.service[104256]: DEBUG neutron.plugins.ml2.drivers.ovn.mech_driver.ovsdb.ovsdb_monitor [None req-5fa293c0-c807-49dc-a021-c0831055d684 None None] Hash Ring: Node 65c4dbf0f0265ec389dbb506f58830a4 (host: np0000170200) handling event "create" for row c747a57e-3866-4dfc-911c-ac7a7158d1f4 (table: Port_Binding) {{(pid=104256) notify /opt/stack/neutron/neutron/plugins/ml2/drivers/ovn/mech_driver/ovsdb/ovsdb_monitor.py:914}}
Apr 25 16:25:16.573028 np0000170200 devstack@neutron-api.service[104254]: DEBUG neutron.plugins.ml2.drivers.ovn.mech_driver.ovsdb.ovsdb_monitor [None req-47b66a6f-4c97-440c-9916-da601b01c4a4 None None] Hash Ring: Node 5018a6dfca525f4aad74081f4f7d9525 (host: np0000170200) handling event "create" for row 5b3803bb-6ef5-49c8-ac9f-a75c4069c34e (table: Logical_Switch_Port) {{(pid=104254) notify /opt/stack/neutron/neutron/plugins/ml2/drivers/ovn/mech_driver/ovsdb/ovsdb_monitor.py:914}}
Apr 25 16:25:16.573028 np0000170200 devstack@neutron-api.service[104254]: DEBUG ovsdbapp.backend.ovs_idl.event [None req-47b66a6f-4c97-440c-9916-da601b01c4a4 None None] Matched CREATE: LogicalSwitchPortCreateEvent(events=('create',), table='Logical_Switch_Port', conditions=[], old_conditions=None), priority=20 to row=Logical_Switch_Port(uuid=5b3803bb-6ef5-49c8-ac9f-a75c4069c34e, addresses=['fa:16:3e:b8:cb:f2'], dhcpv4_options=[], dhcpv6_options=[], dynamic_addresses=[], enabled=True, external_ids={'neutron:cidrs': '', 'neutron:device_id': 'ovnmeta-e82838e5-0df5-428f-9b2e-a7bb3c206f3d', 'neutron:device_owner': 'network:distributed', 'neutron:mtu': '', 'neutron:network_name': 'neutron-e82838e5-0df5-428f-9b2e-a7bb3c206f3d', 'neutron:port_capabilities': '', 'neutron:port_name': '', 'neutron:project_id': 'e605a638439845d1b6f8f2713865d07c', 'neutron:revision_number': '1', 'neutron:security_group_ids': '', 'neutron:subnet_pool_addr_scope4': '', 'neutron:subnet_pool_addr_scope6': '', 'neutron:vnic_type': 'normal'}, ha_chassis_group=[], mirror_rules=[], name='c5e0ea7d-e2b2-4584-857b-a09b003d5df9', options={}, parent_name=[], port_security=[], tag=[], tag_request=[], type='localport', up=[]) old= {{(pid=104254) matches /opt/stack/data/venv/lib/python3.12/site-packages/ovsdbapp/backend/ovs_idl/event.py:55}}
Apr 25 16:25:16.573028 np0000170200 devstack@neutron-api.service[104254]: INFO neutron.plugins.ml2.drivers.ovn.mech_driver.mech_driver [None req-313a531d-acaf-41c5-98bc-bc52a8a174bb None None] OVN reports status down for port: c5e0ea7d-e2b2-4584-857b-a09b003d5df9
Apr 25 16:25:16.573028 np0000170200 devstack@neutron-api.service[104254]: DEBUG neutron.plugins.ml2.drivers.ovn.mech_driver.ovsdb.ovsdb_monitor [None req-47b66a6f-4c97-440c-9916-da601b01c4a4 None None] Touching Hash Ring node "5018a6dfca525f4aad74081f4f7d9525" from IDL notify handler {{(pid=104254) notify /opt/stack/neutron/neutron/plugins/ml2/drivers/ovn/mech_driver/ovsdb/ovsdb_monitor.py:906}}
Apr 25 16:25:16.573974 np0000170200 devstack@neutron-api.service[104254]: DEBUG neutron.plugins.ml2.drivers.ovn.mech_driver.ovsdb.ovsdb_monitor [None req-47b66a6f-4c97-440c-9916-da601b01c4a4 None None] Hash Ring: Node 5018a6dfca525f4aad74081f4f7d9525 (host: np0000170200) handling event "update" for row 5b3803bb-6ef5-49c8-ac9f-a75c4069c34e (table: Logical_Switch_Port) {{(pid=104254) notify /opt/stack/neutron/neutron/plugins/ml2/drivers/ovn/mech_driver/ovsdb/ovsdb_monitor.py:914}}
Apr 25 16:25:16.597850 np0000170200 devstack@neutron-api.service[104255]: DEBUG neutron.plugins.ml2.drivers.ovn.mech_driver.ovsdb.ovsdb_monitor [None req-f8f9df52-2315-4168-8679-70c983716818 None None] Hash Ring: Node 6344d9648e0458d29ad13f5bb93d995a (host: np0000170200) handling event "update" for row e82838e5-0df5-428f-9b2e-a7bb3c206f3d (table: Logical_Switch) {{(pid=104255) notify /opt/stack/neutron/neutron/plugins/ml2/drivers/ovn/mech_driver/ovsdb/ovsdb_monitor.py:914}}
Apr 25 16:25:16.631183 np0000170200 devstack@neutron-api.service[104254]: DEBUG neutron.db.provisioning_blocks [None req-313a531d-acaf-41c5-98bc-bc52a8a174bb None None] Transition to ACTIVE for port object c5e0ea7d-e2b2-4584-857b-a09b003d5df9 will not be triggered until provisioned by entity L2. {{(pid=104254) add_provisioning_component /opt/stack/neutron/neutron/db/provisioning_blocks.py:74}}
Apr 25 16:25:16.661248 np0000170200 devstack@neutron-api.service[104254]: INFO neutron.db.ovn_revision_numbers_db [None req-fff6983b-add5-4b06-a323-c030d345e11a admin admin] Successfully bumped revision number for resource c5e0ea7d-e2b2-4584-857b-a09b003d5df9 (type: ports) to 1
Apr 25 16:25:16.670058 np0000170200 devstack@neutron-api.service[104254]: DEBUG neutron.pecan_wsgi.hooks.policy_enforcement [None req-fff6983b-add5-4b06-a323-c030d345e11a admin admin] Attributes excluded by policy engine: ['standard_attr_id'] {{(pid=104254) _exclude_attributes_by_policy /opt/stack/neutron/neutron/pecan_wsgi/hooks/policy_enforcement.py:256}}
Apr 25 16:25:16.670340 np0000170200 devstack@neutron-api.service[104254]: DEBUG neutron_lib.callbacks.manager [None req-fff6983b-add5-4b06-a323-c030d345e11a admin admin] Publish callbacks [] for network (None), before_response {{(pid=104254) _notify_loop /opt/stack/data/venv/lib/python3.12/site-packages/neutron_lib/callbacks/manager.py:184}}
Apr 25 16:25:16.721319 np0000170200 devstack@neutron-api.service[104254]: DEBUG neutron.plugins.ml2.plugin [None req-313a531d-acaf-41c5-98bc-bc52a8a174bb None None] Current status of the port c5e0ea7d-e2b2-4584-857b-a09b003d5df9 is: DOWN; New status is: DOWN {{(pid=104254) _update_individual_port_db_status /opt/stack/neutron/neutron/plugins/ml2/plugin.py:2468}}
Apr 25 16:25:16.722697 np0000170200 devstack@neutron-api.service[104254]: DEBUG ovsdbapp.backend.ovs_idl.transaction [None req-47b66a6f-4c97-440c-9916-da601b01c4a4 None None] Running txn n=1 command(idx=0): DbRemoveCommand(_result=None, table=Logical_Switch_Port, record=c5e0ea7d-e2b2-4584-857b-a09b003d5df9, column=external_ids, values=('neutron:host_id',), keyvalues={}, if_exists=True) {{(pid=104254) do_commit /opt/stack/data/venv/lib/python3.12/site-packages/ovsdbapp/backend/ovs_idl/transaction.py:89}}
Apr 25 16:25:16.738960 np0000170200 devstack@neutron-api.service[104254]: [pid: 104254|app: 0|req: 23/93] 199.204.45.169 () {68 vars in 1358 bytes} [Sat Apr 25 16:25:13 2026] POST /networking/v2.0/networks => generated 682 bytes in 3322 msecs (HTTP/1.1 201) 4 headers in 162 bytes (1 switches on core 0)
Apr 25 16:25:16.958205 np0000170200 devstack@neutron-api.service[104256]: INFO neutron.pecan_wsgi.hooks.translation [None req-d9bd1422-9d57-4633-a03a-95fe92b7c9f3 admin admin] GET failed (client error): The resource could not be found.
Apr 25 16:25:16.958799 np0000170200 devstack@neutron-api.service[104256]: [pid: 104256|app: 0|req: 25/94] 199.204.45.169 () {64 vars in 1334 bytes} [Sat Apr 25 16:25:16 2026] GET /networking/v2.0/networks/admin_net => generated 111 bytes in 14 msecs (HTTP/1.1 404) 4 headers in 164 bytes (1 switches on core 0)
Apr 25 16:25:17.006448 np0000170200 devstack@neutron-api.service[104255]: DEBUG neutron.pecan_wsgi.hooks.policy_enforcement [None req-1687251b-134e-4347-a81a-c499fa7e1962 admin admin] Attributes excluded by policy engine: ['standard_attr_id'] {{(pid=104255) _exclude_attributes_by_policy /opt/stack/neutron/neutron/pecan_wsgi/hooks/policy_enforcement.py:256}}
Apr 25 16:25:17.007397 np0000170200 devstack@neutron-api.service[104255]: [pid: 104255|app: 0|req: 24/95] 199.204.45.169 () {64 vars in 1346 bytes} [Sat Apr 25 16:25:16 2026] GET /networking/v2.0/networks?name=admin_net => generated 666 bytes in 39 msecs (HTTP/1.1 200) 4 headers in 157 bytes (1 switches on core 0)
Apr 25 16:25:17.219391 np0000170200 devstack@neutron-api.service[104257]: INFO neutron.pecan_wsgi.hooks.translation [None req-215e7ec1-206c-46ba-a030-c1745fc478f9 admin admin] GET failed (client error): The resource could not be found.
Apr 25 16:25:17.220525 np0000170200 devstack@neutron-api.service[104257]: [pid: 104257|app: 0|req: 24/96] 199.204.45.169 () {64 vars in 1340 bytes} [Sat Apr 25 16:25:17 2026] GET /networking/v2.0/subnets/admin_subnet => generated 112 bytes in 16 msecs (HTTP/1.1 404) 4 headers in 164 bytes (1 switches on core 0)
Apr 25 16:25:17.251322 np0000170200 devstack@neutron-api.service[104254]: [pid: 104254|app: 0|req: 24/97] 199.204.45.169 () {64 vars in 1349 bytes} [Sat Apr 25 16:25:17 2026] GET /networking/v2.0/subnets?name=admin_subnet => generated 14 bytes in 22 msecs (HTTP/1.1 200) 4 headers in 156 bytes (1 switches on core 0)
Apr 25 16:25:17.507463 np0000170200 devstack@neutron-api.service[104256]: DEBUG neutron.pecan_wsgi.hooks.policy_enforcement [None req-fc9ba45a-eca0-4b2c-8131-c1a86027fe2e admin admin] Attributes excluded by policy engine: ['standard_attr_id'] {{(pid=104256) _exclude_attributes_by_policy /opt/stack/neutron/neutron/pecan_wsgi/hooks/policy_enforcement.py:256}}
Apr 25 16:25:17.507989 np0000170200 devstack@neutron-api.service[104256]: [pid: 104256|app: 0|req: 26/98] 199.204.45.169 () {64 vars in 1415 bytes} [Sat Apr 25 16:25:17 2026] GET /networking/v2.0/networks/e82838e5-0df5-428f-9b2e-a7bb3c206f3d => generated 663 bytes in 27 msecs (HTTP/1.1 200) 4 headers in 157 bytes (1 switches on core 0)
Apr 25 16:25:17.547489 np0000170200 devstack@neutron-api.service[104255]: DEBUG neutron.api.v2.base [None req-a6576436-4c98-4143-94fd-02da49ab6d75 admin admin] Request body: {'subnet': {'gateway_ip': None, 'project_id': 'e605a638439845d1b6f8f2713865d07c', 'network_id': 'e82838e5-0df5-428f-9b2e-a7bb3c206f3d', 'cidr': '10.2.5.0/24', 'ip_version': 4, 'name': 'admin_subnet'}} {{(pid=104255) prepare_request_body /opt/stack/neutron/neutron/api/v2/base.py:727}}
Apr 25 16:25:18.061837 np0000170200 devstack@neutron-api.service[104255]: DEBUG neutron.pecan_wsgi.hooks.quota_enforcement [None req-a6576436-4c98-4143-94fd-02da49ab6d75 admin admin] Made reservation on behalf of e605a638439845d1b6f8f2713865d07c for: {'subnet': 1} {{(pid=104255) before /opt/stack/neutron/neutron/pecan_wsgi/hooks/quota_enforcement.py:66}}
Apr 25 16:25:18.066453 np0000170200 devstack@neutron-api.service[104255]: DEBUG neutron_lib.callbacks.manager [None req-a6576436-4c98-4143-94fd-02da49ab6d75 admin admin] Publish callbacks [] for subnet (None), before_create {{(pid=104255) _notify_loop /opt/stack/data/venv/lib/python3.12/site-packages/neutron_lib/callbacks/manager.py:184}}
Apr 25 16:25:18.133341 np0000170200 devstack@neutron-api.service[104255]: DEBUG neutron.db.ovn_revision_numbers_db [None req-a6576436-4c98-4143-94fd-02da49ab6d75 admin admin] create_initial_revision uuid=08e6fc27-8f5e-4451-b34d-15562153ede7, type=subnets, rev=-1 {{(pid=104255) create_initial_revision /opt/stack/neutron/neutron/db/ovn_revision_numbers_db.py:98}}
Apr 25 16:25:18.296083 np0000170200 devstack@neutron-api.service[104255]: DEBUG neutron_lib.callbacks.manager [None req-a6576436-4c98-4143-94fd-02da49ab6d75 admin admin] Publish callbacks ['neutron.plugins.ml2.ovo_rpc._ObjectChangeHandler.handle_event-7763394'] for subnet (08e6fc27-8f5e-4451-b34d-15562153ede7), after_create {{(pid=104255) _notify_loop /opt/stack/data/venv/lib/python3.12/site-packages/neutron_lib/callbacks/manager.py:184}}
Apr 25 16:25:18.311753 np0000170200 devstack@neutron-api.service[104255]: DEBUG neutron.api.rpc.handlers.resources_rpc [None req-a6576436-4c98-4143-94fd-02da49ab6d75 admin admin] Pushing event updated for resources: {'Subnet': ['ID=08e6fc27-8f5e-4451-b34d-15562153ede7,revision_number=0']} {{(pid=104255) push /opt/stack/neutron/neutron/api/rpc/handlers/resources_rpc.py:237}}
Apr 25 16:25:18.354747 np0000170200 devstack@neutron-api.service[104255]: DEBUG neutron_lib.callbacks.manager [None req-a6576436-4c98-4143-94fd-02da49ab6d75 admin admin] Publish callbacks ['neutron.plugins.ml2.plugin.SecurityGroupDbMixin._ensure_default_security_group_handler-328227', 'neutron.services.ovn_l3.plugin.OVNL3RouterPlugin._port_update-8236156777252', 'neutron.db.l3_db.L3_NAT_dbonly_mixin._prevent_internal_ip_change_for_fip-8236157836482'] for port (c5e0ea7d-e2b2-4584-857b-a09b003d5df9), before_update {{(pid=104255) _notify_loop /opt/stack/data/venv/lib/python3.12/site-packages/neutron_lib/callbacks/manager.py:184}}
Apr 25 16:25:18.442033 np0000170200 devstack@neutron-api.service[104255]: DEBUG neutron.db.db_base_plugin_common [None req-a6576436-4c98-4143-94fd-02da49ab6d75 admin admin] Allocated IP 10.2.5.1 (e82838e5-0df5-428f-9b2e-a7bb3c206f3d/08e6fc27-8f5e-4451-b34d-15562153ede7/c5e0ea7d-e2b2-4584-857b-a09b003d5df9) {{(pid=104255) _store_ip_allocation /opt/stack/neutron/neutron/db/db_base_plugin_common.py:131}}
Apr 25 16:25:18.501582 np0000170200 devstack@neutron-api.service[104255]: DEBUG neutron_lib.callbacks.manager [None req-a6576436-4c98-4143-94fd-02da49ab6d75 admin admin] Publish callbacks [] for port (c5e0ea7d-e2b2-4584-857b-a09b003d5df9), precommit_update {{(pid=104255) _notify_loop /opt/stack/data/venv/lib/python3.12/site-packages/neutron_lib/callbacks/manager.py:184}}
Apr 25 16:25:18.501753 np0000170200 devstack@neutron-api.service[104255]: DEBUG neutron.plugins.ml2.drivers.ovn.mech_driver.mech_driver [None req-a6576436-4c98-4143-94fd-02da49ab6d75 admin admin] No provisioning block for port c5e0ea7d-e2b2-4584-857b-a09b003d5df9 since it does not have a host {{(pid=104255) _is_port_provisioning_required /opt/stack/neutron/neutron/plugins/ml2/drivers/ovn/mech_driver/mech_driver.py:894}}
Apr 25 16:25:19.059176 np0000170200 devstack@neutron-api.service[104255]: DEBUG neutron_lib.callbacks.manager [None req-a6576436-4c98-4143-94fd-02da49ab6d75 admin admin] Publish callbacks ['neutron.plugins.ml2.ovo_rpc._ObjectChangeHandler.handle_event-7763403', 'neutron.db.l3_db.L3RpcNotifierMixin._notify_gateway_port_ip_changed-8236157841852', 'neutron.services.ovn_l3.plugin.OVNL3RouterPlugin._port_update-8236156777252'] for port (c5e0ea7d-e2b2-4584-857b-a09b003d5df9), after_update {{(pid=104255) _notify_loop /opt/stack/data/venv/lib/python3.12/site-packages/neutron_lib/callbacks/manager.py:184}}
Apr 25 16:25:19.091467 np0000170200 devstack@neutron-api.service[104255]: DEBUG neutron.api.rpc.handlers.resources_rpc [None req-a6576436-4c98-4143-94fd-02da49ab6d75 admin admin] Pushing event updated for resources: {'Port': ['ID=c5e0ea7d-e2b2-4584-857b-a09b003d5df9,revision_number=2']} {{(pid=104255) push /opt/stack/neutron/neutron/api/rpc/handlers/resources_rpc.py:237}}
Apr 25 16:25:19.179387 np0000170200 devstack@neutron-api.service[104255]: DEBUG ovsdbapp.backend.ovs_idl.transaction [None req-f8f9df52-2315-4168-8679-70c983716818 None None] Running txn n=1 command(idx=0): CheckRevisionNumberCommand(_result=None, name=c5e0ea7d-e2b2-4584-857b-a09b003d5df9, resource={'id': 'c5e0ea7d-e2b2-4584-857b-a09b003d5df9', 'name': '', 'network_id': 'e82838e5-0df5-428f-9b2e-a7bb3c206f3d', 'project_id': 'e605a638439845d1b6f8f2713865d07c', 'mac_address': 'fa:16:3e:b8:cb:f2', 'admin_state_up': True, 'status': 'DOWN', 'device_id': 'ovnmeta-e82838e5-0df5-428f-9b2e-a7bb3c206f3d', 'device_owner': 'network:distributed', 'standard_attr_id': 44, 'fixed_ips': [{'subnet_id': '08e6fc27-8f5e-4451-b34d-15562153ede7', 'ip_address': '10.2.5.1'}], 'allowed_address_pairs': [], 'extra_dhcp_opts': [], 'security_groups': [], 'description': '', 'binding:vnic_type': 'normal', 'binding:profile': {}, 'binding:host_id': '', 'binding:vif_type': 'unbound', 'binding:vif_details': {}, 'port_security_enabled': False, 'tags': [], 'created_at': '2026-04-25T16:25:16Z', 'updated_at': '2026-04-25T16:25:18Z', 'revision_number': 2, 'tenant_id': 'e605a638439845d1b6f8f2713865d07c', 'network': {'id': 'e82838e5-0df5-428f-9b2e-a7bb3c206f3d', 'name': 'admin_net', 'tenant_id': 'e605a638439845d1b6f8f2713865d07c', 'project_id': 'e605a638439845d1b6f8f2713865d07c', 'admin_state_up': True, 'mtu': 1372, 'status': 'ACTIVE', 'subnets': ['08e6fc27-8f5e-4451-b34d-15562153ede7'], 'standard_attr_id': 42, 'shared': False, 'availability_zone_hints': [], 'availability_zones': [], 'ipv4_address_scope': None, 'ipv6_address_scope': None, 'router:external': False, 'qinq': False, 'vlan_transparent': False, 'description': '', 'port_security_enabled': True, 'tags': [], 'created_at': '2026-04-25T16:25:15Z', 'updated_at': '2026-04-25T16:25:18Z', 'revision_number': 2, 'provider:network_type': 'geneve', 'provider:physical_network': None, 'provider:segmentation_id': 3503}}, resource_type=ports, if_exists=True) {{(pid=104255) do_commit /opt/stack/data/venv/lib/python3.12/site-packages/ovsdbapp/backend/ovs_idl/transaction.py:89}}
Apr 25 16:25:19.179965 np0000170200 devstack@neutron-api.service[104255]: DEBUG ovsdbapp.backend.ovs_idl.transaction [None req-f8f9df52-2315-4168-8679-70c983716818 None None] Running txn n=1 command(idx=1): AddDHCPOptionsCommand(_result=None, columns={'cidr': '10.2.5.0/24', 'options': {'server_id': '10.2.5.1', 'lease_time': '43200', 'mtu': '1372', 'server_mac': 'fa:16:3e:90:96:55', 'dns_server': '{127.0.0.53}', 'classless_static_route': '{169.254.169.254/32,10.2.5.1}'}, 'external_ids': {'subnet_id': '08e6fc27-8f5e-4451-b34d-15562153ede7', 'neutron:network_id': 'e82838e5-0df5-428f-9b2e-a7bb3c206f3d', 'neutron:revision_number': '0'}}, may_exist=True, subnet_id=08e6fc27-8f5e-4451-b34d-15562153ede7, port_id=None, new_insert=False) {{(pid=104255) do_commit /opt/stack/data/venv/lib/python3.12/site-packages/ovsdbapp/backend/ovs_idl/transaction.py:89}}
Apr 25 16:25:19.180621 np0000170200 devstack@neutron-api.service[104255]: DEBUG ovsdbapp.backend.ovs_idl.transaction [None req-f8f9df52-2315-4168-8679-70c983716818 None None] Running txn n=1 command(idx=2): SetLSwitchPortCommand(_result=None, lport=c5e0ea7d-e2b2-4584-857b-a09b003d5df9, external_ids_update=None, columns={'external_ids': {'neutron:port_name': '', 'neutron:device_id': 'ovnmeta-e82838e5-0df5-428f-9b2e-a7bb3c206f3d', 'neutron:project_id': 'e605a638439845d1b6f8f2713865d07c', 'neutron:cidrs': '10.2.5.1/24', 'neutron:device_owner': 'network:distributed', 'neutron:subnet_pool_addr_scope4': '', 'neutron:subnet_pool_addr_scope6': '', 'neutron:network_name': 'neutron-e82838e5-0df5-428f-9b2e-a7bb3c206f3d', 'neutron:security_group_ids': '', 'neutron:revision_number': '2', 'neutron:vnic_type': 'normal', 'neutron:port_capabilities': '', 'neutron:mtu': ''}, 'parent_name': [], 'tag': [], 'options': {}, 'enabled': True, 'port_security': [], 'dhcpv4_options': [], 'dhcpv6_options': [], 'type': 'localport', 'addresses': ['fa:16:3e:b8:cb:f2 10.2.5.1'], 'ha_chassis_group': []}, if_exists=False) {{(pid=104255) do_commit /opt/stack/data/venv/lib/python3.12/site-packages/ovsdbapp/backend/ovs_idl/transaction.py:89}}
Apr 25 16:25:19.181982 np0000170200 devstack@neutron-api.service[104255]: DEBUG ovsdbapp.backend.ovs_idl.transaction [None req-f8f9df52-2315-4168-8679-70c983716818 None None] Running txn n=1 command(idx=3): PgDelPortCommand(_result=None, port_group=neutron_pg_drop, lsp=['c5e0ea7d-e2b2-4584-857b-a09b003d5df9'], if_exists=False) {{(pid=104255) do_commit /opt/stack/data/venv/lib/python3.12/site-packages/ovsdbapp/backend/ovs_idl/transaction.py:89}}
Apr 25 16:25:19.188638 np0000170200 devstack@neutron-api.service[104254]: DEBUG neutron.plugins.ml2.drivers.ovn.mech_driver.ovsdb.ovsdb_monitor [None req-47b66a6f-4c97-440c-9916-da601b01c4a4 None None] Touching Hash Ring node "5018a6dfca525f4aad74081f4f7d9525" from IDL notify handler {{(pid=104254) notify /opt/stack/neutron/neutron/plugins/ml2/drivers/ovn/mech_driver/ovsdb/ovsdb_monitor.py:906}}
Apr 25 16:25:19.192517 np0000170200 devstack@neutron-api.service[104256]: DEBUG neutron.plugins.ml2.drivers.ovn.mech_driver.ovsdb.ovsdb_monitor [None req-2ce8e23e-479a-4a29-a9d0-d544d6df305f None None] Touching Hash Ring node "65c4dbf0f0265ec389dbb506f58830a4" from IDL notify handler {{(pid=104256) notify /opt/stack/neutron/neutron/plugins/ml2/drivers/ovn/mech_driver/ovsdb/ovsdb_monitor.py:906}}
Apr 25 16:25:19.194239 np0000170200 devstack@neutron-api.service[104256]: DEBUG neutron.plugins.ml2.drivers.ovn.mech_driver.ovsdb.ovsdb_monitor [None req-5fa293c0-c807-49dc-a021-c0831055d684 None None] Hash Ring: Node 65c4dbf0f0265ec389dbb506f58830a4 (host: np0000170200) handling event "update" for row c747a57e-3866-4dfc-911c-ac7a7158d1f4 (table: Port_Binding) {{(pid=104256) notify /opt/stack/neutron/neutron/plugins/ml2/drivers/ovn/mech_driver/ovsdb/ovsdb_monitor.py:914}}
Apr 25 16:25:19.870072 np0000170200 devstack@neutron-api.service[104254]: DEBUG neutron.plugins.ml2.drivers.ovn.mech_driver.ovsdb.ovsdb_monitor [None req-47b66a6f-4c97-440c-9916-da601b01c4a4 None None] Hash Ring: Node 5018a6dfca525f4aad74081f4f7d9525 (host: np0000170200) handling event "update" for row 5b3803bb-6ef5-49c8-ac9f-a75c4069c34e (table: Logical_Switch_Port) {{(pid=104254) notify /opt/stack/neutron/neutron/plugins/ml2/drivers/ovn/mech_driver/ovsdb/ovsdb_monitor.py:914}}
Apr 25 16:25:19.870359 np0000170200 devstack@neutron-api.service[104256]: DEBUG neutron.plugins.ml2.drivers.ovn.mech_driver.ovsdb.ovsdb_monitor [None req-2ce8e23e-479a-4a29-a9d0-d544d6df305f None None] Hash Ring: Node 65c4dbf0f0265ec389dbb506f58830a4 (host: np0000170200) handling event "create" for row 03b857b3-806f-4c20-8e6b-4e5e1ea42a57 (table: DHCP_Options) {{(pid=104256) notify /opt/stack/neutron/neutron/plugins/ml2/drivers/ovn/mech_driver/ovsdb/ovsdb_monitor.py:914}}
Apr 25 16:25:19.870472 np0000170200 devstack@neutron-api.service[104255]: INFO neutron.db.ovn_revision_numbers_db [None req-a6576436-4c98-4143-94fd-02da49ab6d75 admin admin] Successfully bumped revision number for resource c5e0ea7d-e2b2-4584-857b-a09b003d5df9 (type: ports) to 2
Apr 25 16:25:19.885000 np0000170200 devstack@neutron-api.service[104255]: DEBUG neutron.plugins.ml2.plugin [None req-a6576436-4c98-4143-94fd-02da49ab6d75 admin admin] In _notify_port_updated(), no bound segment for port c5e0ea7d-e2b2-4584-857b-a09b003d5df9 on network e82838e5-0df5-428f-9b2e-a7bb3c206f3d {{(pid=104255) _notify_port_updated /opt/stack/neutron/neutron/plugins/ml2/plugin.py:1036}}
Apr 25 16:25:19.911026 np0000170200 devstack@neutron-api.service[104255]: INFO neutron.db.ovn_revision_numbers_db [None req-a6576436-4c98-4143-94fd-02da49ab6d75 admin admin] Successfully bumped revision number for resource 08e6fc27-8f5e-4451-b34d-15562153ede7 (type: subnets) to 0
Apr 25 16:25:19.913895 np0000170200 devstack@neutron-api.service[104255]: DEBUG neutron.pecan_wsgi.hooks.policy_enforcement [None req-a6576436-4c98-4143-94fd-02da49ab6d75 admin admin] Attributes excluded by policy engine: ['standard_attr_id', 'shared', 'network'] {{(pid=104255) _exclude_attributes_by_policy /opt/stack/neutron/neutron/pecan_wsgi/hooks/policy_enforcement.py:256}}
Apr 25 16:25:19.914287 np0000170200 devstack@neutron-api.service[104255]: DEBUG neutron_lib.callbacks.manager [None req-a6576436-4c98-4143-94fd-02da49ab6d75 admin admin] Publish callbacks [] for subnet (None), before_response {{(pid=104255) _notify_loop /opt/stack/data/venv/lib/python3.12/site-packages/neutron_lib/callbacks/manager.py:184}}
Apr 25 16:25:19.928659 np0000170200 devstack@neutron-api.service[104255]: [pid: 104255|app: 0|req: 25/99] 199.204.45.169 () {68 vars in 1355 bytes} [Sat Apr 25 16:25:17 2026] POST /networking/v2.0/subnets => generated 625 bytes in 2407 msecs (HTTP/1.1 201) 4 headers in 162 bytes (1 switches on core 0)
Apr 25 16:25:20.125090 np0000170200 devstack@neutron-api.service[104257]: INFO neutron.pecan_wsgi.hooks.translation [None req-821fad78-4348-427f-b3c9-9886af3f61a1 admin admin] GET failed (client error): The resource could not be found.
Apr 25 16:25:20.125733 np0000170200 devstack@neutron-api.service[104257]: [pid: 104257|app: 0|req: 25/100] 199.204.45.169 () {64 vars in 1340 bytes} [Sat Apr 25 16:25:20 2026] GET /networking/v2.0/subnets/admin_subnet => generated 112 bytes in 13 msecs (HTTP/1.1 404) 4 headers in 164 bytes (1 switches on core 0)
Apr 25 16:25:20.163092 np0000170200 devstack@neutron-api.service[104254]: DEBUG neutron.pecan_wsgi.hooks.policy_enforcement [None req-0d1a7dc9-6420-4737-aa4c-b1a7f9f2e0f3 admin admin] Attributes excluded by policy engine: ['standard_attr_id', 'shared'] {{(pid=104254) _exclude_attributes_by_policy /opt/stack/neutron/neutron/pecan_wsgi/hooks/policy_enforcement.py:256}}
Apr 25 16:25:20.164523 np0000170200 devstack@neutron-api.service[104254]: [pid: 104254|app: 0|req: 25/101] 199.204.45.169 () {64 vars in 1349 bytes} [Sat Apr 25 16:25:20 2026] GET /networking/v2.0/subnets?name=admin_subnet => generated 628 bytes in 27 msecs (HTTP/1.1 200) 4 headers in 157 bytes (1 switches on core 0)
Apr 25 16:25:20.658930 np0000170200 devstack@neutron-api.service[104256]: DEBUG futurist.periodics [-] Submitting periodic callback 'neutron.plugins.ml2.drivers.ovn.mech_driver.ovsdb.maintenance.HashRingHealthCheckPeriodics.touch_hash_ring_node' {{(pid=104256) _process_scheduled /opt/stack/data/venv/lib/python3.12/site-packages/futurist/periodics.py:784}}
Apr 25 16:25:20.659577 np0000170200 devstack@neutron-api.service[104256]: DEBUG neutron.plugins.ml2.drivers.ovn.mech_driver.ovsdb.maintenance [-] Touching Hash Ring node "65c4dbf0f0265ec389dbb506f58830a4" from periodic health check thread {{(pid=104256) touch_hash_ring_node /opt/stack/neutron/neutron/plugins/ml2/drivers/ovn/mech_driver/ovsdb/maintenance.py:1449}}
Apr 25 16:25:21.573958 np0000170200 devstack@neutron-api.service[104255]: DEBUG futurist.periodics [-] Submitting periodic callback 'neutron.plugins.ml2.drivers.ovn.mech_driver.ovsdb.maintenance.HashRingHealthCheckPeriodics.touch_hash_ring_node' {{(pid=104255) _process_scheduled /opt/stack/data/venv/lib/python3.12/site-packages/futurist/periodics.py:784}}
Apr 25 16:25:21.574357 np0000170200 devstack@neutron-api.service[104255]: DEBUG neutron.plugins.ml2.drivers.ovn.mech_driver.ovsdb.maintenance [-] Touching Hash Ring node "6344d9648e0458d29ad13f5bb93d995a" from periodic health check thread {{(pid=104255) touch_hash_ring_node /opt/stack/neutron/neutron/plugins/ml2/drivers/ovn/mech_driver/ovsdb/maintenance.py:1449}}
Apr 25 16:25:21.601556 np0000170200 devstack@neutron-api.service[104254]: DEBUG futurist.periodics [-] Submitting periodic callback 'neutron.plugins.ml2.drivers.ovn.mech_driver.ovsdb.maintenance.HashRingHealthCheckPeriodics.touch_hash_ring_node' {{(pid=104254) _process_scheduled /opt/stack/data/venv/lib/python3.12/site-packages/futurist/periodics.py:784}}
Apr 25 16:25:21.602078 np0000170200 devstack@neutron-api.service[104254]: DEBUG neutron.plugins.ml2.drivers.ovn.mech_driver.ovsdb.maintenance [-] Touching Hash Ring node "5018a6dfca525f4aad74081f4f7d9525" from periodic health check thread {{(pid=104254) touch_hash_ring_node /opt/stack/neutron/neutron/plugins/ml2/drivers/ovn/mech_driver/ovsdb/maintenance.py:1449}}
Apr 25 16:25:21.618478 np0000170200 devstack@neutron-api.service[104257]: DEBUG futurist.periodics [-] Submitting periodic callback 'neutron.plugins.ml2.drivers.ovn.mech_driver.ovsdb.maintenance.HashRingHealthCheckPeriodics.touch_hash_ring_node' {{(pid=104257) _process_scheduled /opt/stack/data/venv/lib/python3.12/site-packages/futurist/periodics.py:784}}
Apr 25 16:25:21.619026 np0000170200 devstack@neutron-api.service[104257]: DEBUG neutron.plugins.ml2.drivers.ovn.mech_driver.ovsdb.maintenance [-] Touching Hash Ring node "2687012896725f79a77dc2fe9d00357b" from periodic health check thread {{(pid=104257) touch_hash_ring_node /opt/stack/neutron/neutron/plugins/ml2/drivers/ovn/mech_driver/ovsdb/maintenance.py:1449}}
Apr 25 16:25:24.219548 np0000170200 devstack@neutron-api.service[104257]: DEBUG neutron.plugins.ml2.drivers.ovn.mech_driver.ovsdb.ovsdb_monitor [None req-585a40ee-2a17-4930-9cfd-0bc867108549 None None] ChassisOVNAgentWriteEvent : Matched Chassis_Private, update, None None {{(pid=104257) matches /opt/stack/neutron/neutron/plugins/ml2/drivers/ovn/mech_driver/ovsdb/ovsdb_monitor.py:64}}
Apr 25 16:25:24.222293 np0000170200 devstack@neutron-api.service[104255]: DEBUG neutron.plugins.ml2.drivers.ovn.mech_driver.ovsdb.ovsdb_monitor [None req-8144cdbd-e0fe-4ce7-88e1-9c639b082d91 None None] ChassisOVNAgentWriteEvent : Matched Chassis_Private, update, None None {{(pid=104255) matches /opt/stack/neutron/neutron/plugins/ml2/drivers/ovn/mech_driver/ovsdb/ovsdb_monitor.py:64}}
Apr 25 16:25:24.223060 np0000170200 devstack@neutron-api.service[104254]: DEBUG neutron.plugins.ml2.drivers.ovn.mech_driver.ovsdb.ovsdb_monitor [None req-6a9ac85d-5a20-40e1-bbb1-a8d98a4f5510 None None] ChassisOVNAgentWriteEvent : Matched Chassis_Private, update, None None {{(pid=104254) matches /opt/stack/neutron/neutron/plugins/ml2/drivers/ovn/mech_driver/ovsdb/ovsdb_monitor.py:64}}
Apr 25 16:25:24.223914 np0000170200 devstack@neutron-api.service[104256]: DEBUG neutron.plugins.ml2.drivers.ovn.mech_driver.ovsdb.ovsdb_monitor [None req-5fa293c0-c807-49dc-a021-c0831055d684 None None] ChassisOVNAgentWriteEvent : Matched Chassis_Private, update, None None {{(pid=104256) matches /opt/stack/neutron/neutron/plugins/ml2/drivers/ovn/mech_driver/ovsdb/ovsdb_monitor.py:64}}
Apr 25 16:25:24.224789 np0000170200 devstack@neutron-api.service[104254]: DEBUG neutron.plugins.ml2.drivers.ovn.mech_driver.ovsdb.ovsdb_monitor [None req-6a9ac85d-5a20-40e1-bbb1-a8d98a4f5510 None None] Hash Ring: Node 5018a6dfca525f4aad74081f4f7d9525 (host: np0000170200) handling event "update" for row 50e2a943-9844-41c1-90d6-28029c8857ef (table: Chassis_Private) {{(pid=104254) notify /opt/stack/neutron/neutron/plugins/ml2/drivers/ovn/mech_driver/ovsdb/ovsdb_monitor.py:914}}
Apr 25 16:25:24.766830 np0000170200 devstack@neutron-api.service[104256]: [pid: 104256|app: 0|req: 27/102] 199.204.45.169 () {64 vars in 1369 bytes} [Sat Apr 25 16:25:24 2026] GET /networking/v2.0/ports?device_id=manila-admin-share&binding%3Ahost_id=np0000170200 => generated 12 bytes in 69 msecs (HTTP/1.1 200) 4 headers in 156 bytes (1 switches on core 0)
Apr 25 16:25:24.814607 np0000170200 devstack@neutron-api.service[104255]: DEBUG neutron.api.wsgi [None req-efb6c1f5-1f27-4553-889d-2f8c9139ea6d service neutron] Missing Content-Type {{(pid=104255) get_content_type /opt/stack/neutron/neutron/api/wsgi.py:80}}
Apr 25 16:25:24.814955 np0000170200 devstack@neutron-api.service[104255]: DEBUG neutron.api.wsgi [None req-efb6c1f5-1f27-4553-889d-2f8c9139ea6d service neutron] https://199.204.45.169/networking/v2.0/extensions returned with HTTP 200 {{(pid=104255) __call__ /opt/stack/neutron/neutron/api/wsgi.py:540}}
Apr 25 16:25:24.815258 np0000170200 devstack@neutron-api.service[104255]: [pid: 104255|app: 0|req: 26/103] 199.204.45.169 () {64 vars in 1265 bytes} [Sat Apr 25 16:25:24 2026] GET /networking/v2.0/extensions => generated 15209 bytes in 4 msecs (HTTP/1.1 200) 4 headers in 159 bytes (1 switches on core 0)
Apr 25 16:25:24.851965 np0000170200 devstack@neutron-api.service[104257]: DEBUG neutron.api.v2.base [None req-8227915b-dde5-4ec5-ab37-584807de43d1 service neutron] Request body: {'port': {'network_id': 'e82838e5-0df5-428f-9b2e-a7bb3c206f3d', 'admin_state_up': True, 'tenant_id': 'e605a638439845d1b6f8f2713865d07c', 'port_security_enabled': False, 'binding:host_id': 'np0000170200', 'fixed_ips': [{'subnet_id': '08e6fc27-8f5e-4451-b34d-15562153ede7'}], 'device_owner': 'manila:share', 'device_id': 'manila-admin-share'}} {{(pid=104257) prepare_request_body /opt/stack/neutron/neutron/api/v2/base.py:727}}
Apr 25 16:25:24.867266 np0000170200 devstack@neutron-api.service[104257]: DEBUG neutron.pecan_wsgi.hooks.quota_enforcement [None req-8227915b-dde5-4ec5-ab37-584807de43d1 service neutron] Made reservation on behalf of e605a638439845d1b6f8f2713865d07c for: {'port': 1} {{(pid=104257) before /opt/stack/neutron/neutron/pecan_wsgi/hooks/quota_enforcement.py:66}}
Apr 25 16:25:24.870744 np0000170200 devstack@neutron-api.service[104257]: DEBUG neutron_lib.callbacks.manager [None req-8227915b-dde5-4ec5-ab37-584807de43d1 service neutron] Publish callbacks ['neutron.plugins.ml2.plugin.SecurityGroupDbMixin._ensure_default_security_group_handler-923858'] for port (None), before_create {{(pid=104257) _notify_loop /opt/stack/data/venv/lib/python3.12/site-packages/neutron_lib/callbacks/manager.py:184}}
Apr 25 16:25:25.117432 np0000170200 devstack@neutron-api.service[104257]: DEBUG neutron.db.db_base_plugin_common [None req-8227915b-dde5-4ec5-ab37-584807de43d1 service neutron] Allocated IP 10.2.5.20 (e82838e5-0df5-428f-9b2e-a7bb3c206f3d/08e6fc27-8f5e-4451-b34d-15562153ede7/0100d641-bbbf-4d96-ab01-e3c419b026cf) {{(pid=104257) _store_ip_allocation /opt/stack/neutron/neutron/db/db_base_plugin_common.py:131}}
Apr 25 16:25:25.172756 np0000170200 devstack@neutron-api.service[104257]: DEBUG neutron_lib.callbacks.manager [None req-8227915b-dde5-4ec5-ab37-584807de43d1 service neutron] Publish callbacks ['neutron.plugins.ml2.drivers.ovn.mech_driver.mech_driver.OVNMechanismDriver._validate_allowed_address_pairs-8184027'] for allowed_address_pair (0100d641-bbbf-4d96-ab01-e3c419b026cf), before_create {{(pid=104257) _notify_loop /opt/stack/data/venv/lib/python3.12/site-packages/neutron_lib/callbacks/manager.py:184}}
Apr 25 16:25:25.175505 np0000170200 devstack@neutron-api.service[104257]: DEBUG neutron_lib.callbacks.manager [None req-8227915b-dde5-4ec5-ab37-584807de43d1 service neutron] Publish callbacks [] for port (0100d641-bbbf-4d96-ab01-e3c419b026cf), precommit_create {{(pid=104257) _notify_loop /opt/stack/data/venv/lib/python3.12/site-packages/neutron_lib/callbacks/manager.py:184}}
Apr 25 16:25:25.180781 np0000170200 devstack@neutron-api.service[104257]: DEBUG neutron.db.provisioning_blocks [None req-8227915b-dde5-4ec5-ab37-584807de43d1 service neutron] Transition to ACTIVE for port object 0100d641-bbbf-4d96-ab01-e3c419b026cf will not be triggered until provisioned by entity L2. {{(pid=104257) add_provisioning_component /opt/stack/neutron/neutron/db/provisioning_blocks.py:74}}
Apr 25 16:25:25.180933 np0000170200 devstack@neutron-api.service[104257]: DEBUG neutron.db.ovn_revision_numbers_db [None req-8227915b-dde5-4ec5-ab37-584807de43d1 service neutron] create_initial_revision uuid=0100d641-bbbf-4d96-ab01-e3c419b026cf, type=ports, rev=-1 {{(pid=104257) create_initial_revision /opt/stack/neutron/neutron/db/ovn_revision_numbers_db.py:98}}
Apr 25 16:25:25.192153 np0000170200 devstack@neutron-api.service[104257]: DEBUG neutron_lib.callbacks.manager [None req-8227915b-dde5-4ec5-ab37-584807de43d1 service neutron] Publish callbacks ['neutron.plugins.ml2.ovo_rpc._ObjectChangeHandler.handle_event-89547'] for port (0100d641-bbbf-4d96-ab01-e3c419b026cf), after_create {{(pid=104257) _notify_loop /opt/stack/data/venv/lib/python3.12/site-packages/neutron_lib/callbacks/manager.py:184}}
Apr 25 16:25:25.217826 np0000170200 devstack@neutron-api.service[104257]: DEBUG neutron.api.rpc.handlers.resources_rpc [None req-8227915b-dde5-4ec5-ab37-584807de43d1 service neutron] Pushing event updated for resources: {'Port': ['ID=0100d641-bbbf-4d96-ab01-e3c419b026cf,revision_number=1']} {{(pid=104257) push /opt/stack/neutron/neutron/api/rpc/handlers/resources_rpc.py:237}}
Apr 25 16:25:25.223670 np0000170200 devstack@neutron-api.service[104257]: DEBUG neutron.api.rpc.callbacks.version_manager [None req-8227915b-dde5-4ec5-ab37-584807de43d1 service neutron] Tracked resource versions report:
Apr 25 16:25:25.223670 np0000170200 devstack@neutron-api.service[104257]: pushed versions:
Apr 25 16:25:25.223670 np0000170200 devstack@neutron-api.service[104257]: { 'AddressGroup': {'1.2'},
Apr 25 16:25:25.223670 np0000170200 devstack@neutron-api.service[104257]: 'Agent': {'1.1'},
Apr 25 16:25:25.223670 np0000170200 devstack@neutron-api.service[104257]: 'ConntrackHelper': {'1.0'},
Apr 25 16:25:25.223670 np0000170200 devstack@neutron-api.service[104257]: 'LocalIPAssociation': {'1.0'},
Apr 25 16:25:25.223670 np0000170200 devstack@neutron-api.service[104257]: 'Log': {'1.0'},
Apr 25 16:25:25.223670 np0000170200 devstack@neutron-api.service[104257]: 'NDPProxy': {'1.0'},
Apr 25 16:25:25.223670 np0000170200 devstack@neutron-api.service[104257]: 'Network': {'1.2'},
Apr 25 16:25:25.223670 np0000170200 devstack@neutron-api.service[104257]: 'Port': {'1.10'},
Apr 25 16:25:25.223670 np0000170200 devstack@neutron-api.service[104257]: 'PortForwarding': {'1.3'},
Apr 25 16:25:25.223670 np0000170200 devstack@neutron-api.service[104257]: 'QosPolicy': {'1.10'},
Apr 25 16:25:25.223670 np0000170200 devstack@neutron-api.service[104257]: 'SecurityGroup': {'1.6'},
Apr 25 16:25:25.223670 np0000170200 devstack@neutron-api.service[104257]: 'SecurityGroupRule': {'1.3'},
Apr 25 16:25:25.223670 np0000170200 devstack@neutron-api.service[104257]: 'SubPort': {'1.0'},
Apr 25 16:25:25.223670 np0000170200 devstack@neutron-api.service[104257]: 'Subnet': {'1.2'},
Apr 25 16:25:25.223670 np0000170200 devstack@neutron-api.service[104257]: 'Trunk': {'1.1'}}
Apr 25 16:25:25.223670 np0000170200 devstack@neutron-api.service[104257]: consumer versions:
Apr 25 16:25:25.223670 np0000170200 devstack@neutron-api.service[104257]: { OVN Neutron agent@np0000170200: {},
Apr 25 16:25:25.223670 np0000170200 devstack@neutron-api.service[104257]: OVN Controller Gateway agent@np0000170200: {}}
Apr 25 16:25:25.223670 np0000170200 devstack@neutron-api.service[104257]: {{(pid=104257) report /opt/stack/neutron/neutron/api/rpc/callbacks/version_manager.py:183}}
Apr 25 16:25:25.256372 np0000170200 devstack@neutron-api.service[104257]: DEBUG ovsdbapp.backend.ovs_idl.transaction [None req-3a84771c-5b3d-410c-ab0f-90cf18524f5c None None] Running txn n=1 command(idx=0): AddLSwitchPortCommand(_result=None, lport=0100d641-bbbf-4d96-ab01-e3c419b026cf, lswitch=neutron-e82838e5-0df5-428f-9b2e-a7bb3c206f3d, may_exist=True, network_uuid=e82838e5-0df5-428f-9b2e-a7bb3c206f3d, columns={'addresses': ['fa:16:3e:fb:d2:19 10.2.5.20', 'unknown'], 'external_ids': {'neutron:port_name': '', 'neutron:device_id': 'manila-admin-share', 'neutron:project_id': 'e605a638439845d1b6f8f2713865d07c', 'neutron:cidrs': '10.2.5.20/24', 'neutron:device_owner': 'manila:share', 'neutron:subnet_pool_addr_scope4': '', 'neutron:subnet_pool_addr_scope6': '', 'neutron:network_name': 'neutron-e82838e5-0df5-428f-9b2e-a7bb3c206f3d', 'neutron:security_group_ids': '', 'neutron:revision_number': '1', 'neutron:vnic_type': 'normal', 'neutron:port_capabilities': '', 'neutron:mtu': ''}, 'parent_name': [], 'tag': [], 'enabled': True, 'options': {'requested-chassis': 'np0000170200'}, 'type': '', 'port_security': [], 'dhcpv4_options': [UUID('03b857b3-806f-4c20-8e6b-4e5e1ea42a57')], 'dhcpv6_options': []}) {{(pid=104257) do_commit /opt/stack/data/venv/lib/python3.12/site-packages/ovsdbapp/backend/ovs_idl/transaction.py:89}}
Apr 25 16:25:25.257760 np0000170200 devstack@neutron-api.service[104257]: DEBUG ovsdbapp.backend.ovs_idl.transaction [None req-3a84771c-5b3d-410c-ab0f-90cf18524f5c None None] Running txn n=1 command(idx=1): QoSDelCommand(_result=None, switch=neutron-e82838e5-0df5-428f-9b2e-a7bb3c206f3d, conditions=[('direction', '=', 'to-lport'), ('priority', '=', 2002), ('match', '=', 'outport == "0100d641-bbbf-4d96-ab01-e3c419b026cf"')], if_exists=True) {{(pid=104257) do_commit /opt/stack/data/venv/lib/python3.12/site-packages/ovsdbapp/backend/ovs_idl/transaction.py:89}}
Apr 25 16:25:25.257760 np0000170200 devstack@neutron-api.service[104257]: DEBUG ovsdbapp.backend.ovs_idl.transaction [None req-3a84771c-5b3d-410c-ab0f-90cf18524f5c None None] Running txn n=1 command(idx=2): QoSDelCommand(_result=None, switch=neutron-e82838e5-0df5-428f-9b2e-a7bb3c206f3d, conditions=[('direction', '=', 'from-lport'), ('priority', '=', 2002), ('match', '=', 'inport == "0100d641-bbbf-4d96-ab01-e3c419b026cf"')], if_exists=True) {{(pid=104257) do_commit /opt/stack/data/venv/lib/python3.12/site-packages/ovsdbapp/backend/ovs_idl/transaction.py:89}}
