Jun 29 06:01:54.428104 np0000183452 devstack@neutron-api.service[103426]: DEBUG oslo_concurrency.processutils [None req-58c168d0-b49f-4c9c-a669-4ac0d0de42fd None None] Running cmd (subprocess): ovsdb-client transact ssl:199.204.45.157:6641 --timeout 180 -p /opt/stack/data/CA/int-ca/private/devstack-cert.key -c /opt/stack/data/CA/int-ca/devstack-cert.crt -C /opt/stack/data/CA/int-ca/ca-chain.pem ["OVN_Northbound", {"op": "wait", "timeout": 0, "table": "Port_Group", "where": [["name", "==", "pvlan_pg_drop"]], "until": "==", "rows": []}, {"op": "insert", "table": "ACL", "row": {"action": "drop", "direction": "to-lport", "match": "outport == @pvlan_pg_drop && ip", "priority": 1010}, "uuid-name": "pvlandroptoport"}, {"op": "insert", "table": "ACL", "row": {"action": "drop", "direction": "from-lport", "match": "inport == @pvlan_pg_drop && ip", "priority": 1010}, "uuid-name": "pvlandropfromport"}, {"op": "insert", "table": "Port_Group", "row": {"name": "pvlan_pg_drop", "acls": ["set", [["named-uuid", "pvlandroptoport"], ["named-uuid", "pvlandropfromport"]]]}}] {{(pid=103426) execute /opt/stack/data/venv/lib/python3.12/site-packages/oslo_concurrency/processutils.py:440}}
Jun 29 06:01:54.468443 np0000183452 devstack@neutron-api.service[103426]: DEBUG oslo_concurrency.processutils [None req-58c168d0-b49f-4c9c-a669-4ac0d0de42fd None None] CMD "ovsdb-client transact ssl:199.204.45.157:6641 --timeout 180 -p /opt/stack/data/CA/int-ca/private/devstack-cert.key -c /opt/stack/data/CA/int-ca/devstack-cert.crt -C /opt/stack/data/CA/int-ca/ca-chain.pem ["OVN_Northbound", {"op": "wait", "timeout": 0, "table": "Port_Group", "where": [["name", "==", "pvlan_pg_drop"]], "until": "==", "rows": []}, {"op": "insert", "table": "ACL", "row": {"action": "drop", "direction": "to-lport", "match": "outport == @pvlan_pg_drop && ip", "priority": 1010}, "uuid-name": "pvlandroptoport"}, {"op": "insert", "table": "ACL", "row": {"action": "drop", "direction": "from-lport", "match": "inport == @pvlan_pg_drop && ip", "priority": 1010}, "uuid-name": "pvlandropfromport"}, {"op": "insert", "table": "Port_Group", "row": {"name": "pvlan_pg_drop", "acls": ["set", [["named-uuid", "pvlandroptoport"], ["named-uuid", "pvlandropfromport"]]]}}]" returned: 0 in 0.040s {{(pid=103426) execute /opt/stack/data/venv/lib/python3.12/site-packages/oslo_concurrency/processutils.py:468}}
Jun 29 06:01:54.468660 np0000183452 devstack@neutron-api.service[103427]: DEBUG oslo_concurrency.processutils [None req-2da45d1f-5425-4558-8cd1-b6df30c0e8b5 None None] CMD "ovsdb-client transact ssl:199.204.45.157:6641 --timeout 180 -p /opt/stack/data/CA/int-ca/private/devstack-cert.key -c /opt/stack/data/CA/int-ca/devstack-cert.crt -C /opt/stack/data/CA/int-ca/ca-chain.pem ["OVN_Northbound", {"op": "wait", "timeout": 0, "table": "Port_Group", "where": [["name", "==", "pvlan_pg_drop"]], "until": "==", "rows": []}, {"op": "insert", "table": "ACL", "row": {"action": "drop", "direction": "to-lport", "match": "outport == @pvlan_pg_drop && ip", "priority": 1010}, "uuid-name": "pvlandroptoport"}, {"op": "insert", "table": "ACL", "row": {"action": "drop", "direction": "from-lport", "match": "inport == @pvlan_pg_drop && ip", "priority": 1010}, "uuid-name": "pvlandropfromport"}, {"op": "insert", "table": "Port_Group", "row": {"name": "pvlan_pg_drop", "acls": ["set", [["named-uuid", "pvlandroptoport"], ["named-uuid", "pvlandropfromport"]]]}}]" returned: 0 in 0.046s {{(pid=103427) execute /opt/stack/data/venv/lib/python3.12/site-packages/oslo_concurrency/processutils.py:468}}
Jun 29 06:01:54.471177 np0000183452 devstack@neutron-api.service[103426]: WSGI app 0 (mountpoint='') ready in 7 seconds on interpreter 0x7eed292a3668 pid: 103426 (default app)
Jun 29 06:01:54.472331 np0000183452 devstack@neutron-api.service[103427]: WSGI app 0 (mountpoint='') ready in 7 seconds on interpreter 0x7eed292a3668 pid: 103427 (default app)
Jun 29 06:01:56.729837 np0000183452 devstack@neutron-api.service[103424]: DEBUG neutron.plugins.ml2.drivers.ovn.mech_driver.ovsdb.ovsdb_monitor [-] Hash Ring: Node 9de334dadac250ffa23a8dafd8c81f27 (host: np0000183452) handling event "update" for row a7880e43-6ec4-4703-8b7a-0dc098968970 (table: Connection) {{(pid=103424) notify /opt/stack/neutron/neutron/plugins/ml2/drivers/ovn/mech_driver/ovsdb/ovsdb_monitor.py:1015}}
Jun 29 06:01:56.730803 np0000183452 devstack@neutron-api.service[103426]: DEBUG neutron.plugins.ml2.drivers.ovn.mech_driver.ovsdb.ovsdb_monitor [-] Hash Ring: Node c3f75ec2852e566aa03d76158a9d79cf (host: np0000183452) handling event "update" for row a7880e43-6ec4-4703-8b7a-0dc098968970 (table: Connection) {{(pid=103426) notify /opt/stack/neutron/neutron/plugins/ml2/drivers/ovn/mech_driver/ovsdb/ovsdb_monitor.py:1015}}
Jun 29 06:01:59.229860 np0000183452 devstack@neutron-api.service[103424]: DEBUG neutron.plugins.ml2.drivers.ovn.mech_driver.ovsdb.ovsdb_monitor [-] Hash Ring: Node 9de334dadac250ffa23a8dafd8c81f27 (host: np0000183452) handling event "update" for row a7880e43-6ec4-4703-8b7a-0dc098968970 (table: Connection) {{(pid=103424) notify /opt/stack/neutron/neutron/plugins/ml2/drivers/ovn/mech_driver/ovsdb/ovsdb_monitor.py:1015}}
Jun 29 06:01:59.231390 np0000183452 devstack@neutron-api.service[103426]: DEBUG neutron.plugins.ml2.drivers.ovn.mech_driver.ovsdb.ovsdb_monitor [-] Hash Ring: Node c3f75ec2852e566aa03d76158a9d79cf (host: np0000183452) handling event "update" for row a7880e43-6ec4-4703-8b7a-0dc098968970 (table: Connection) {{(pid=103426) notify /opt/stack/neutron/neutron/plugins/ml2/drivers/ovn/mech_driver/ovsdb/ovsdb_monitor.py:1015}}
Jun 29 06:02:00.506331 np0000183452 devstack@neutron-api.service[103424]: DEBUG neutron.api.wsgi [None req-1a406c10-e340-49c1-8d8e-3985ae5e1604 admin admin] Missing Content-Type {{(pid=103424) get_content_type /opt/stack/neutron/neutron/api/wsgi.py:80}}
Jun 29 06:02:00.506934 np0000183452 devstack@neutron-api.service[103424]: DEBUG neutron.api.wsgi [None req-1a406c10-e340-49c1-8d8e-3985ae5e1604 admin admin] https://199.204.45.157/networking/v2.0/extensions returned with HTTP 200 {{(pid=103424) __call__ /opt/stack/neutron/neutron/api/wsgi.py:540}}
Jun 29 06:02:00.507594 np0000183452 devstack@neutron-api.service[103424]: [pid: 103424|app: 0|req: 2/2] 199.204.45.157 () {64 vars in 1323 bytes} [Mon Jun 29 06:02:00 2026] GET /networking/v2.0/extensions => generated 16171 bytes in 407 msecs (HTTP/1.1 200) 4 headers in 159 bytes (1 switches on core 0)
Jun 29 06:02:00.907297 np0000183452 devstack@neutron-api.service[103425]: DEBUG neutron.api.v2.base [None req-77b36005-730c-4b25-8c50-1a60f2e2ad0e admin admin] Request body: {'subnetpool': {'is_default': True, 'name': 'shared-default-subnetpool-v4', 'prefixes': ['10.1.0.0/20'], 'shared': True, 'default_prefixlen': 26}} {{(pid=103425) prepare_request_body /opt/stack/neutron/neutron/api/v2/base.py:727}}
Jun 29 06:02:01.140125 np0000183452 devstack@neutron-api.service[103425]: DEBUG neutron.policy [None req-77b36005-730c-4b25-8c50-1a60f2e2ad0e admin admin] Loaded default policies from ['neutron'] under neutron.policies entry points {{(pid=103425) register_rules /opt/stack/neutron/neutron/policy.py:65}}
Jun 29 06:02:01.309932 np0000183452 devstack@neutron-api.service[103425]: DEBUG neutron_lib.callbacks.manager [None req-77b36005-730c-4b25-8c50-1a60f2e2ad0e admin admin] Publish callbacks ['neutron.objects.securitygroup.RbacNeutronDbObjectMixin.validate_rbac_policy_change-2251185860516', 'neutron.objects.address_group.RbacNeutronDbObjectMixin.validate_rbac_policy_change-2251185878546', 'neutron.objects.network.RbacNeutronDbObjectMixin.validate_rbac_policy_change-2251186617806', 'neutron.objects.qos.policy.RbacNeutronDbObjectMixin.validate_rbac_policy_change-2251186614517', 'neutron.objects.subnetpool.RbacNeutronDbObjectMixin.validate_rbac_policy_change-2251186569385', 'neutron.objects.address_scope.RbacNeutronDbObjectMixin.validate_rbac_policy_change-2251186614650', 'neutron.plugins.ml2.plugin.External_net_db_mixin._process_ext_policy_create-1849045', 'neutron.plugins.ml2.plugin.NeutronDbPluginV2.validate_network_rbac_policy_change-2037501'] for rbac-policy (None), before_create {{(pid=103425) _notify_loop /opt/stack/data/venv/lib/python3.12/site-packages/neutron_lib/callbacks/manager.py:184}}
Jun 29 06:02:01.368876 np0000183452 devstack@neutron-api.service[103425]: DEBUG neutron_lib.callbacks.manager [None req-77b36005-730c-4b25-8c50-1a60f2e2ad0e admin admin] Publish callbacks [] for subnetpool (None), before_response {{(pid=103425) _notify_loop /opt/stack/data/venv/lib/python3.12/site-packages/neutron_lib/callbacks/manager.py:184}}
Jun 29 06:02:01.369985 np0000183452 devstack@neutron-api.service[103425]: [pid: 103425|app: 0|req: 1/3] 199.204.45.157 () {68 vars in 1367 bytes} [Mon Jun 29 06:02:00 2026] POST /networking/v2.0/subnetpools => generated 533 bytes in 579 msecs (HTTP/1.1 201) 4 headers in 162 bytes (1 switches on core 0)
Jun 29 06:02:01.702918 np0000183452 devstack@neutron-api.service[103426]: DEBUG neutron.api.v2.base [None req-7123af49-bfea-45bb-90c1-49cde7330cb4 admin admin] Request body: {'subnetpool': {'is_default': True, 'name': 'shared-default-subnetpool-v6', 'prefixes': ['fdb6:01b1:b02d::/56'], 'shared': True, 'default_prefixlen': 64}} {{(pid=103426) prepare_request_body /opt/stack/neutron/neutron/api/v2/base.py:727}}
Jun 29 06:02:01.885858 np0000183452 devstack@neutron-api.service[103426]: DEBUG neutron.policy [None req-7123af49-bfea-45bb-90c1-49cde7330cb4 admin admin] Loaded default policies from ['neutron'] under neutron.policies entry points {{(pid=103426) register_rules /opt/stack/neutron/neutron/policy.py:65}}
Jun 29 06:02:02.041032 np0000183452 devstack@neutron-api.service[103426]: DEBUG neutron_lib.callbacks.manager [None req-7123af49-bfea-45bb-90c1-49cde7330cb4 admin admin] Publish callbacks ['neutron.objects.securitygroup.RbacNeutronDbObjectMixin.validate_rbac_policy_change-2251185918482', 'neutron.objects.address_group.RbacNeutronDbObjectMixin.validate_rbac_policy_change-2251185909537', 'neutron.objects.network.RbacNeutronDbObjectMixin.validate_rbac_policy_change-2251186543399', 'neutron.objects.qos.policy.RbacNeutronDbObjectMixin.validate_rbac_policy_change-2251186549756', 'neutron.objects.subnetpool.RbacNeutronDbObjectMixin.validate_rbac_policy_change-2251186539154', 'neutron.objects.address_scope.RbacNeutronDbObjectMixin.validate_rbac_policy_change-2251186549261', 'neutron.plugins.ml2.plugin.External_net_db_mixin._process_ext_policy_create-60795', 'neutron.plugins.ml2.plugin.NeutronDbPluginV2.validate_network_rbac_policy_change-257619'] for rbac-policy (None), before_create {{(pid=103426) _notify_loop /opt/stack/data/venv/lib/python3.12/site-packages/neutron_lib/callbacks/manager.py:184}}
Jun 29 06:02:02.092338 np0000183452 devstack@neutron-api.service[103426]: DEBUG neutron_lib.callbacks.manager [None req-7123af49-bfea-45bb-90c1-49cde7330cb4 admin admin] Publish callbacks [] for subnetpool (None), before_response {{(pid=103426) _notify_loop /opt/stack/data/venv/lib/python3.12/site-packages/neutron_lib/callbacks/manager.py:184}}
Jun 29 06:02:02.093136 np0000183452 devstack@neutron-api.service[103426]: [pid: 103426|app: 0|req: 1/4] 199.204.45.157 () {68 vars in 1367 bytes} [Mon Jun 29 06:02:01 2026] POST /networking/v2.0/subnetpools => generated 542 bytes in 516 msecs (HTTP/1.1 201) 4 headers in 162 bytes (1 switches on core 0)
Jun 29 06:02:02.514453 np0000183452 devstack@neutron-api.service[103427]: DEBUG neutron.api.v2.base [None req-4f786806-654b-41c1-8ce3-4e0907c1eb72 admin admin] Request body: {'network': {'admin_state_up': True, 'name': 'private'}} {{(pid=103427) prepare_request_body /opt/stack/neutron/neutron/api/v2/base.py:727}}
Jun 29 06:02:02.548187 np0000183452 devstack@neutron-api.service[103427]: DEBUG neutron.pecan_wsgi.hooks.quota_enforcement [None req-4f786806-654b-41c1-8ce3-4e0907c1eb72 admin admin] Made reservation on behalf of ce703e991f564d82bb4643f21b16f72f for: {'network': 1} {{(pid=103427) before /opt/stack/neutron/neutron/pecan_wsgi/hooks/quota_enforcement.py:66}}
Jun 29 06:02:02.726959 np0000183452 devstack@neutron-api.service[103427]: DEBUG neutron.policy [None req-4f786806-654b-41c1-8ce3-4e0907c1eb72 admin admin] Loaded default policies from ['neutron'] under neutron.policies entry points {{(pid=103427) register_rules /opt/stack/neutron/neutron/policy.py:65}}
Jun 29 06:02:02.828453 np0000183452 devstack@neutron-api.service[103427]: DEBUG neutron_lib.callbacks.manager [None req-4f786806-654b-41c1-8ce3-4e0907c1eb72 admin admin] Publish callbacks ['neutron.plugins.ml2.plugin.SecurityGroupDbMixin._ensure_default_security_group_handler-1963290'] for network (None), before_create {{(pid=103427) _notify_loop /opt/stack/data/venv/lib/python3.12/site-packages/neutron_lib/callbacks/manager.py:184}}
Jun 29 06:02:02.846512 np0000183452 devstack@neutron-api.service[103427]: DEBUG neutron_lib.callbacks.manager [None req-4f786806-654b-41c1-8ce3-4e0907c1eb72 admin admin] Publish callbacks [] for security_group (None), before_create {{(pid=103427) _notify_loop /opt/stack/data/venv/lib/python3.12/site-packages/neutron_lib/callbacks/manager.py:184}}
Jun 29 06:02:02.939006 np0000183452 devstack@neutron-api.service[103427]: DEBUG neutron_lib.callbacks.manager [None req-4f786806-654b-41c1-8ce3-4e0907c1eb72 admin admin] Publish callbacks ['neutron.plugins.ml2.drivers.ovn.mech_driver.mech_driver.OVNMechanismDriver._create_security_group_precommit-4012195'] for security_group (5104ea3d-96a8-431f-9864-20b614d1148e), precommit_create {{(pid=103427) _notify_loop /opt/stack/data/venv/lib/python3.12/site-packages/neutron_lib/callbacks/manager.py:184}}
Jun 29 06:02:02.939174 np0000183452 devstack@neutron-api.service[103427]: DEBUG neutron.db.ovn_revision_numbers_db [None req-4f786806-654b-41c1-8ce3-4e0907c1eb72 admin admin] create_initial_revision uuid=5104ea3d-96a8-431f-9864-20b614d1148e, type=security_groups, rev=-1 {{(pid=103427) create_initial_revision /opt/stack/neutron/neutron/db/ovn_revision_numbers_db.py:98}}
Jun 29 06:02:02.941266 np0000183452 devstack@neutron-api.service[103427]: DEBUG neutron.db.ovn_revision_numbers_db [None req-4f786806-654b-41c1-8ce3-4e0907c1eb72 admin admin] create_initial_revision uuid=3bc29fa6-b469-487c-9066-ba4f5f768df4, type=security_group_rules, rev=-1 {{(pid=103427) create_initial_revision /opt/stack/neutron/neutron/db/ovn_revision_numbers_db.py:98}}
Jun 29 06:02:02.942464 np0000183452 devstack@neutron-api.service[103427]: DEBUG neutron.db.ovn_revision_numbers_db [None req-4f786806-654b-41c1-8ce3-4e0907c1eb72 admin admin] create_initial_revision uuid=5f0ed4b2-9a48-4d2a-84dc-9a168a4c6d94, type=security_group_rules, rev=-1 {{(pid=103427) create_initial_revision /opt/stack/neutron/neutron/db/ovn_revision_numbers_db.py:98}}
Jun 29 06:02:02.943455 np0000183452 devstack@neutron-api.service[103427]: DEBUG neutron.db.ovn_revision_numbers_db [None req-4f786806-654b-41c1-8ce3-4e0907c1eb72 admin admin] create_initial_revision uuid=6b9aa889-dc7d-4438-a900-879d5ce17b5f, type=security_group_rules, rev=-1 {{(pid=103427) create_initial_revision /opt/stack/neutron/neutron/db/ovn_revision_numbers_db.py:98}}
Jun 29 06:02:02.944348 np0000183452 devstack@neutron-api.service[103427]: DEBUG neutron.db.ovn_revision_numbers_db [None req-4f786806-654b-41c1-8ce3-4e0907c1eb72 admin admin] create_initial_revision uuid=9788e736-ea3d-462f-afef-0c2eb74b048f, type=security_group_rules, rev=-1 {{(pid=103427) create_initial_revision /opt/stack/neutron/neutron/db/ovn_revision_numbers_db.py:98}}
Jun 29 06:02:02.950547 np0000183452 devstack@neutron-api.service[103427]: DEBUG neutron_lib.callbacks.manager [None req-4f786806-654b-41c1-8ce3-4e0907c1eb72 admin admin] Publish callbacks ['neutron.plugins.ml2.drivers.ovn.mech_driver.mech_driver.OVNMechanismDriver._create_security_group-4012201', 'neutron.plugins.ml2.ovo_rpc._ObjectChangeHandler.handle_event-3017118'] for security_group (5104ea3d-96a8-431f-9864-20b614d1148e), after_create {{(pid=103427) _notify_loop /opt/stack/data/venv/lib/python3.12/site-packages/neutron_lib/callbacks/manager.py:184}}
Jun 29 06:02:02.950938 np0000183452 devstack@neutron-api.service[103427]: INFO neutron.plugins.ml2.drivers.ovn.mech_driver.ovsdb.extensions.qos [None req-4f786806-654b-41c1-8ce3-4e0907c1eb72 admin admin] Starting OVNClientQosExtension
Jun 29 06:02:02.951175 np0000183452 devstack@neutron-api.service[103427]: INFO neutron.plugins.ml2.drivers.ovn.mech_driver.ovsdb.extensions.placement [None req-4f786806-654b-41c1-8ce3-4e0907c1eb72 admin admin] Starting OVNClientPlacementExtension
Jun 29 06:02:02.952790 np0000183452 devstack@neutron-api.service[103427]: DEBUG ovsdbapp.backend.ovs_idl.transaction [-] Running txn n=1 command(idx=0): PgAddCommand(_result=None, name=pg_5104ea3d_96a8_431f_9864_20b614d1148e, may_exist=False, columns={'acls': [], 'external_ids': {'neutron:security_group_id': '5104ea3d-96a8-431f-9864-20b614d1148e'}}) {{(pid=103427) do_commit /opt/stack/data/venv/lib/python3.12/site-packages/ovsdbapp/backend/ovs_idl/transaction.py:89}}
Jun 29 06:02:02.954905 np0000183452 devstack@neutron-api.service[103427]: DEBUG ovsdbapp.backend.ovs_idl.transaction [-] Running txn n=1 command(idx=1): PgAclAddCommand(_result=None, entity=pg_5104ea3d_96a8_431f_9864_20b614d1148e, direction=to-lport, priority=1002, match=outport == @pg_5104ea3d_96a8_431f_9864_20b614d1148e && ip6 && ip6.src == $pg_5104ea3d_96a8_431f_9864_20b614d1148e_ip6, action=allow-related, log=False, may_exist=True, severity=[], name=[], meter=[], external_ids={'neutron:security_group_rule_id': '3bc29fa6-b469-487c-9066-ba4f5f768df4'}) {{(pid=103427) do_commit /opt/stack/data/venv/lib/python3.12/site-packages/ovsdbapp/backend/ovs_idl/transaction.py:89}}
Jun 29 06:02:02.955545 np0000183452 devstack@neutron-api.service[103427]: DEBUG ovsdbapp.backend.ovs_idl.transaction [-] Running txn n=1 command(idx=2): PgAclAddCommand(_result=None, entity=pg_5104ea3d_96a8_431f_9864_20b614d1148e, direction=from-lport, priority=1002, match=inport == @pg_5104ea3d_96a8_431f_9864_20b614d1148e && ip4, action=allow-related, log=False, may_exist=True, severity=[], name=[], meter=[], external_ids={'neutron:security_group_rule_id': '5f0ed4b2-9a48-4d2a-84dc-9a168a4c6d94'}) {{(pid=103427) do_commit /opt/stack/data/venv/lib/python3.12/site-packages/ovsdbapp/backend/ovs_idl/transaction.py:89}}
Jun 29 06:02:02.956037 np0000183452 devstack@neutron-api.service[103427]: DEBUG ovsdbapp.backend.ovs_idl.transaction [-] Running txn n=1 command(idx=3): PgAclAddCommand(_result=None, entity=pg_5104ea3d_96a8_431f_9864_20b614d1148e, direction=from-lport, priority=1002, match=inport == @pg_5104ea3d_96a8_431f_9864_20b614d1148e && ip6, action=allow-related, log=False, may_exist=True, severity=[], name=[], meter=[], external_ids={'neutron:security_group_rule_id': '6b9aa889-dc7d-4438-a900-879d5ce17b5f'}) {{(pid=103427) do_commit /opt/stack/data/venv/lib/python3.12/site-packages/ovsdbapp/backend/ovs_idl/transaction.py:89}}
Jun 29 06:02:02.956739 np0000183452 devstack@neutron-api.service[103427]: DEBUG ovsdbapp.backend.ovs_idl.transaction [-] Running txn n=1 command(idx=4): PgAclAddCommand(_result=None, entity=pg_5104ea3d_96a8_431f_9864_20b614d1148e, direction=to-lport, priority=1002, match=outport == @pg_5104ea3d_96a8_431f_9864_20b614d1148e && ip4 && ip4.src == $pg_5104ea3d_96a8_431f_9864_20b614d1148e_ip4, action=allow-related, log=False, may_exist=True, severity=[], name=[], meter=[], external_ids={'neutron:security_group_rule_id': '9788e736-ea3d-462f-afef-0c2eb74b048f'}) {{(pid=103427) do_commit /opt/stack/data/venv/lib/python3.12/site-packages/ovsdbapp/backend/ovs_idl/transaction.py:89}}
Jun 29 06:02:03.000210 np0000183452 devstack@neutron-api.service[103427]: DEBUG neutron.plugins.ml2.drivers.ovn.mech_driver.ovsdb.ovsdb_monitor [-] Hash Ring: Node 072c72913c30516fa88afeb75bb9388c (host: np0000183452) handling event "create" for row 81df1339-d1bd-442c-b635-b469d25b2b9b (table: ACL) {{(pid=103427) notify /opt/stack/neutron/neutron/plugins/ml2/drivers/ovn/mech_driver/ovsdb/ovsdb_monitor.py:1015}}
Jun 29 06:02:03.002205 np0000183452 devstack@neutron-api.service[103426]: DEBUG neutron.plugins.ml2.drivers.ovn.mech_driver.ovsdb.ovsdb_monitor [-] Hash Ring: Node c3f75ec2852e566aa03d76158a9d79cf (host: np0000183452) handling event "create" for row c865faeb-d2a0-4466-9cce-714a59ede6cd (table: ACL) {{(pid=103426) notify /opt/stack/neutron/neutron/plugins/ml2/drivers/ovn/mech_driver/ovsdb/ovsdb_monitor.py:1015}}
Jun 29 06:02:03.002205 np0000183452 devstack@neutron-api.service[103426]: DEBUG neutron.plugins.ml2.drivers.ovn.mech_driver.ovsdb.ovsdb_monitor [-] Hash Ring: Node c3f75ec2852e566aa03d76158a9d79cf (host: np0000183452) handling event "create" for row e8a77ed2-8c8d-4cbb-a52d-af33e12a4cc0 (table: ACL) {{(pid=103426) notify /opt/stack/neutron/neutron/plugins/ml2/drivers/ovn/mech_driver/ovsdb/ovsdb_monitor.py:1015}}
Jun 29 06:02:03.002205 np0000183452 devstack@neutron-api.service[103426]: DEBUG neutron.plugins.ml2.drivers.ovn.mech_driver.ovsdb.ovsdb_monitor [-] Hash Ring: Node c3f75ec2852e566aa03d76158a9d79cf (host: np0000183452) handling event "create" for row 3dc14539-432b-425c-8006-089a53686e7b (table: Port_Group) {{(pid=103426) notify /opt/stack/neutron/neutron/plugins/ml2/drivers/ovn/mech_driver/ovsdb/ovsdb_monitor.py:1015}}
Jun 29 06:02:03.002997 np0000183452 devstack@neutron-api.service[103424]: DEBUG neutron.plugins.ml2.drivers.ovn.mech_driver.ovsdb.ovsdb_monitor [-] Hash Ring: Node 9de334dadac250ffa23a8dafd8c81f27 (host: np0000183452) handling event "create" for row 81df1339-d1bd-442c-b635-b469d25b2b9b (table: ACL) {{(pid=103424) notify /opt/stack/neutron/neutron/plugins/ml2/drivers/ovn/mech_driver/ovsdb/ovsdb_monitor.py:1015}}
Jun 29 06:02:03.003645 np0000183452 devstack@neutron-api.service[103424]: DEBUG neutron.plugins.ml2.drivers.ovn.mech_driver.ovsdb.ovsdb_monitor [-] Hash Ring: Node 9de334dadac250ffa23a8dafd8c81f27 (host: np0000183452) handling event "create" for row c865faeb-d2a0-4466-9cce-714a59ede6cd (table: ACL) {{(pid=103424) notify /opt/stack/neutron/neutron/plugins/ml2/drivers/ovn/mech_driver/ovsdb/ovsdb_monitor.py:1015}}
Jun 29 06:02:03.003645 np0000183452 devstack@neutron-api.service[103424]: DEBUG neutron.plugins.ml2.drivers.ovn.mech_driver.ovsdb.ovsdb_monitor [-] Hash Ring: Node 9de334dadac250ffa23a8dafd8c81f27 (host: np0000183452) handling event "create" for row e8a77ed2-8c8d-4cbb-a52d-af33e12a4cc0 (table: ACL) {{(pid=103424) notify /opt/stack/neutron/neutron/plugins/ml2/drivers/ovn/mech_driver/ovsdb/ovsdb_monitor.py:1015}}
Jun 29 06:02:03.004174 np0000183452 devstack@neutron-api.service[103424]: DEBUG neutron.plugins.ml2.drivers.ovn.mech_driver.ovsdb.ovsdb_monitor [-] Hash Ring: Node 9de334dadac250ffa23a8dafd8c81f27 (host: np0000183452) handling event "create" for row f3f21719-18b8-45c5-b5f8-ceae1f0ac8fb (table: ACL) {{(pid=103424) notify /opt/stack/neutron/neutron/plugins/ml2/drivers/ovn/mech_driver/ovsdb/ovsdb_monitor.py:1015}}
Jun 29 06:02:03.004945 np0000183452 devstack@neutron-api.service[103424]: DEBUG neutron.plugins.ml2.drivers.ovn.mech_driver.ovsdb.ovsdb_monitor [-] Hash Ring: Node 9de334dadac250ffa23a8dafd8c81f27 (host: np0000183452) handling event "create" for row 3dc14539-432b-425c-8006-089a53686e7b (table: Port_Group) {{(pid=103424) notify /opt/stack/neutron/neutron/plugins/ml2/drivers/ovn/mech_driver/ovsdb/ovsdb_monitor.py:1015}}
Jun 29 06:02:03.028777 np0000183452 devstack@neutron-api.service[103427]: INFO neutron.db.ovn_revision_numbers_db [None req-4f786806-654b-41c1-8ce3-4e0907c1eb72 admin admin] Successfully bumped revision number for resource 5104ea3d-96a8-431f-9864-20b614d1148e (type: security_groups) to 1
Jun 29 06:02:03.044257 np0000183452 devstack@neutron-api.service[103427]: INFO neutron.db.ovn_revision_numbers_db [None req-4f786806-654b-41c1-8ce3-4e0907c1eb72 admin admin] Successfully bumped revision number for resource 3bc29fa6-b469-487c-9066-ba4f5f768df4 (type: security_group_rules) to 0
Jun 29 06:02:03.057127 np0000183452 devstack@neutron-api.service[103427]: INFO neutron.db.ovn_revision_numbers_db [None req-4f786806-654b-41c1-8ce3-4e0907c1eb72 admin admin] Successfully bumped revision number for resource 5f0ed4b2-9a48-4d2a-84dc-9a168a4c6d94 (type: security_group_rules) to 0
Jun 29 06:02:03.069193 np0000183452 devstack@neutron-api.service[103427]: INFO neutron.db.ovn_revision_numbers_db [None req-4f786806-654b-41c1-8ce3-4e0907c1eb72 admin admin] Successfully bumped revision number for resource 6b9aa889-dc7d-4438-a900-879d5ce17b5f (type: security_group_rules) to 0
Jun 29 06:02:03.086947 np0000183452 devstack@neutron-api.service[103427]: INFO neutron.db.ovn_revision_numbers_db [None req-4f786806-654b-41c1-8ce3-4e0907c1eb72 admin admin] Successfully bumped revision number for resource 9788e736-ea3d-462f-afef-0c2eb74b048f (type: security_group_rules) to 0
Jun 29 06:02:03.111545 np0000183452 devstack@neutron-api.service[103427]: DEBUG neutron.api.rpc.handlers.resources_rpc [None req-4f786806-654b-41c1-8ce3-4e0907c1eb72 admin admin] Pushing event updated for resources: {'SecurityGroup': ['ID=5104ea3d-96a8-431f-9864-20b614d1148e,revision_number=1']} {{(pid=103427) push /opt/stack/neutron/neutron/api/rpc/handlers/resources_rpc.py:237}}
Jun 29 06:02:03.118781 np0000183452 devstack@neutron-api.service[103427]: DEBUG ovsdbapp.backend.ovs_idl.transaction [-] Running txn n=1 command(idx=0): CheckLivenessCommand(_result=None) {{(pid=103427) do_commit /opt/stack/data/venv/lib/python3.12/site-packages/ovsdbapp/backend/ovs_idl/transaction.py:89}}
Jun 29 06:02:03.123587 np0000183452 devstack@neutron-api.service[103426]: DEBUG neutron.plugins.ml2.drivers.ovn.mech_driver.ovsdb.ovsdb_monitor [-] Hash Ring: Node c3f75ec2852e566aa03d76158a9d79cf (host: np0000183452) handling event "update" for row 7a579ec8-acd4-4317-81ed-1d6dc9ef3cf5 (table: NB_Global) {{(pid=103426) notify /opt/stack/neutron/neutron/plugins/ml2/drivers/ovn/mech_driver/ovsdb/ovsdb_monitor.py:1015}}
Jun 29 06:02:03.125513 np0000183452 devstack@neutron-api.service[103426]: DEBUG neutron.plugins.ml2.drivers.ovn.mech_driver.ovsdb.ovsdb_monitor [-] Hash Ring: Node c3f75ec2852e566aa03d76158a9d79cf (host: np0000183452) handling event "update" for row 7a579ec8-acd4-4317-81ed-1d6dc9ef3cf5 (table: NB_Global) {{(pid=103426) notify /opt/stack/neutron/neutron/plugins/ml2/drivers/ovn/mech_driver/ovsdb/ovsdb_monitor.py:1015}}
Jun 29 06:02:03.125728 np0000183452 devstack@neutron-api.service[103424]: DEBUG neutron.plugins.ml2.drivers.ovn.mech_driver.ovsdb.ovsdb_monitor [-] Hash Ring: Node 9de334dadac250ffa23a8dafd8c81f27 (host: np0000183452) handling event "update" for row 7a579ec8-acd4-4317-81ed-1d6dc9ef3cf5 (table: NB_Global) {{(pid=103424) notify /opt/stack/neutron/neutron/plugins/ml2/drivers/ovn/mech_driver/ovsdb/ovsdb_monitor.py:1015}}
Jun 29 06:02:03.126825 np0000183452 devstack@neutron-api.service[103424]: DEBUG neutron.plugins.ml2.drivers.ovn.mech_driver.ovsdb.ovsdb_monitor [-] ChassisAgentWriteEvent : Matched Chassis_Private, update, None None {{(pid=103424) matches /opt/stack/neutron/neutron/plugins/ml2/drivers/ovn/mech_driver/ovsdb/ovsdb_monitor.py:64}}
Jun 29 06:02:03.128556 np0000183452 devstack@neutron-api.service[103426]: DEBUG neutron.plugins.ml2.drivers.ovn.mech_driver.ovsdb.ovsdb_monitor [-] Hash Ring: Node c3f75ec2852e566aa03d76158a9d79cf (host: np0000183452) handling event "update" for row 7a579ec8-acd4-4317-81ed-1d6dc9ef3cf5 (table: NB_Global) {{(pid=103426) notify /opt/stack/neutron/neutron/plugins/ml2/drivers/ovn/mech_driver/ovsdb/ovsdb_monitor.py:1015}}
Jun 29 06:02:03.128780 np0000183452 devstack@neutron-api.service[103424]: DEBUG neutron.plugins.ml2.drivers.ovn.mech_driver.ovsdb.ovsdb_monitor [-] Hash Ring: Node 9de334dadac250ffa23a8dafd8c81f27 (host: np0000183452) handling event "update" for row 7a579ec8-acd4-4317-81ed-1d6dc9ef3cf5 (table: NB_Global) {{(pid=103424) notify /opt/stack/neutron/neutron/plugins/ml2/drivers/ovn/mech_driver/ovsdb/ovsdb_monitor.py:1015}}
Jun 29 06:02:03.129667 np0000183452 devstack@neutron-api.service[103426]: DEBUG neutron.plugins.ml2.drivers.ovn.mech_driver.ovsdb.ovsdb_monitor [-] ChassisAgentWriteEvent : Matched Chassis_Private, update, None None {{(pid=103426) matches /opt/stack/neutron/neutron/plugins/ml2/drivers/ovn/mech_driver/ovsdb/ovsdb_monitor.py:64}}
Jun 29 06:02:03.130811 np0000183452 devstack@neutron-api.service[103425]: DEBUG neutron.plugins.ml2.drivers.ovn.mech_driver.ovsdb.ovsdb_monitor [-] ChassisAgentWriteEvent : Matched Chassis_Private, update, None None {{(pid=103425) matches /opt/stack/neutron/neutron/plugins/ml2/drivers/ovn/mech_driver/ovsdb/ovsdb_monitor.py:64}}
Jun 29 06:02:03.131078 np0000183452 devstack@neutron-api.service[103424]: DEBUG neutron.plugins.ml2.drivers.ovn.mech_driver.ovsdb.ovsdb_monitor [-] Hash Ring: Node 9de334dadac250ffa23a8dafd8c81f27 (host: np0000183452) handling event "update" for row 7a579ec8-acd4-4317-81ed-1d6dc9ef3cf5 (table: NB_Global) {{(pid=103424) notify /opt/stack/neutron/neutron/plugins/ml2/drivers/ovn/mech_driver/ovsdb/ovsdb_monitor.py:1015}}
Jun 29 06:02:03.131452 np0000183452 devstack@neutron-api.service[103427]: DEBUG neutron.plugins.ml2.drivers.ovn.mech_driver.ovsdb.ovsdb_monitor [-] ChassisAgentWriteEvent : Matched Chassis_Private, update, None None {{(pid=103427) matches /opt/stack/neutron/neutron/plugins/ml2/drivers/ovn/mech_driver/ovsdb/ovsdb_monitor.py:64}}
Jun 29 06:02:03.132365 np0000183452 devstack@neutron-api.service[103426]: DEBUG neutron.plugins.ml2.drivers.ovn.mech_driver.ovsdb.ovsdb_monitor [-] Hash Ring: Node c3f75ec2852e566aa03d76158a9d79cf (host: np0000183452) handling event "update" for row 7a579ec8-acd4-4317-81ed-1d6dc9ef3cf5 (table: NB_Global) {{(pid=103426) notify /opt/stack/neutron/neutron/plugins/ml2/drivers/ovn/mech_driver/ovsdb/ovsdb_monitor.py:1015}}
Jun 29 06:02:03.132954 np0000183452 devstack@neutron-api.service[103424]: DEBUG neutron.plugins.ml2.drivers.ovn.mech_driver.ovsdb.ovsdb_monitor [-] Hash Ring: Node 9de334dadac250ffa23a8dafd8c81f27 (host: np0000183452) handling event "update" for row 7a579ec8-acd4-4317-81ed-1d6dc9ef3cf5 (table: NB_Global) {{(pid=103424) notify /opt/stack/neutron/neutron/plugins/ml2/drivers/ovn/mech_driver/ovsdb/ovsdb_monitor.py:1015}}
Jun 29 06:02:03.133380 np0000183452 devstack@neutron-api.service[103424]: DEBUG neutron.common.ovn.hash_ring_manager [-] Allow caching, nodes 4>=4 {{(pid=103424) _wait_startup_before_caching /opt/stack/neutron/neutron/common/ovn/hash_ring_manager.py:71}}
Jun 29 06:02:03.133710 np0000183452 devstack@neutron-api.service[103424]: DEBUG neutron.plugins.ml2.drivers.ovn.mech_driver.ovsdb.ovsdb_monitor [-] Hash Ring: Node 9de334dadac250ffa23a8dafd8c81f27 (host: np0000183452) handling event "update" for row 0141657e-665d-4b22-9917-47f4358813ed (table: Chassis_Private) {{(pid=103424) notify /opt/stack/neutron/neutron/plugins/ml2/drivers/ovn/mech_driver/ovsdb/ovsdb_monitor.py:1015}}
Jun 29 06:02:03.134865 np0000183452 devstack@neutron-api.service[103424]: DEBUG neutron.plugins.ml2.drivers.ovn.mech_driver.ovsdb.ovsdb_monitor [-] ChassisOVNAgentWriteEvent : Matched Chassis_Private, update, None None {{(pid=103424) matches /opt/stack/neutron/neutron/plugins/ml2/drivers/ovn/mech_driver/ovsdb/ovsdb_monitor.py:64}}
Jun 29 06:02:03.135342 np0000183452 devstack@neutron-api.service[103424]: DEBUG neutron.plugins.ml2.drivers.ovn.mech_driver.ovsdb.ovsdb_monitor [-] Hash Ring: Node 9de334dadac250ffa23a8dafd8c81f27 (host: np0000183452) handling event "update" for row 0141657e-665d-4b22-9917-47f4358813ed (table: Chassis_Private) {{(pid=103424) notify /opt/stack/neutron/neutron/plugins/ml2/drivers/ovn/mech_driver/ovsdb/ovsdb_monitor.py:1015}}
Jun 29 06:02:03.136013 np0000183452 devstack@neutron-api.service[103426]: DEBUG neutron.plugins.ml2.drivers.ovn.mech_driver.ovsdb.ovsdb_monitor [-] ChassisOVNAgentWriteEvent : Matched Chassis_Private, update, None None {{(pid=103426) matches /opt/stack/neutron/neutron/plugins/ml2/drivers/ovn/mech_driver/ovsdb/ovsdb_monitor.py:64}}
Jun 29 06:02:03.136800 np0000183452 devstack@neutron-api.service[103425]: DEBUG neutron.plugins.ml2.drivers.ovn.mech_driver.ovsdb.ovsdb_monitor [-] ChassisOVNAgentWriteEvent : Matched Chassis_Private, update, None None {{(pid=103425) matches /opt/stack/neutron/neutron/plugins/ml2/drivers/ovn/mech_driver/ovsdb/ovsdb_monitor.py:64}}
Jun 29 06:02:03.137784 np0000183452 devstack@neutron-api.service[103427]: DEBUG neutron.api.rpc.callbacks.version_manager [None req-4f786806-654b-41c1-8ce3-4e0907c1eb72 admin admin] Tracked resource versions report:
Jun 29 06:02:03.137784 np0000183452 devstack@neutron-api.service[103427]: pushed versions:
Jun 29 06:02:03.137784 np0000183452 devstack@neutron-api.service[103427]: { 'AddressGroup': {'1.2'},
Jun 29 06:02:03.137784 np0000183452 devstack@neutron-api.service[103427]: 'Agent': {'1.1'},
Jun 29 06:02:03.137784 np0000183452 devstack@neutron-api.service[103427]: 'ConntrackHelper': {'1.0'},
Jun 29 06:02:03.137784 np0000183452 devstack@neutron-api.service[103427]: 'LocalIPAssociation': {'1.0'},
Jun 29 06:02:03.137784 np0000183452 devstack@neutron-api.service[103427]: 'Log': {'1.0'},
Jun 29 06:02:03.137784 np0000183452 devstack@neutron-api.service[103427]: 'NDPProxy': {'1.0'},
Jun 29 06:02:03.137784 np0000183452 devstack@neutron-api.service[103427]: 'Network': {'1.3'},
Jun 29 06:02:03.137784 np0000183452 devstack@neutron-api.service[103427]: 'Port': {'1.11'},
Jun 29 06:02:03.137784 np0000183452 devstack@neutron-api.service[103427]: 'PortForwarding': {'1.3'},
Jun 29 06:02:03.137784 np0000183452 devstack@neutron-api.service[103427]: 'QosPolicy': {'1.10'},
Jun 29 06:02:03.137784 np0000183452 devstack@neutron-api.service[103427]: 'SecurityGroup': {'1.6'},
Jun 29 06:02:03.137784 np0000183452 devstack@neutron-api.service[103427]: 'SecurityGroupRule': {'1.3'},
Jun 29 06:02:03.137784 np0000183452 devstack@neutron-api.service[103427]: 'SubPort': {'1.0'},
Jun 29 06:02:03.137784 np0000183452 devstack@neutron-api.service[103427]: 'Subnet': {'1.2'},
Jun 29 06:02:03.137784 np0000183452 devstack@neutron-api.service[103427]: 'Trunk': {'1.1'}}
Jun 29 06:02:03.137784 np0000183452 devstack@neutron-api.service[103427]: consumer versions:
Jun 29 06:02:03.137784 np0000183452 devstack@neutron-api.service[103427]: {OVN Controller Gateway agent@np0000183452: {}}
Jun 29 06:02:03.137784 np0000183452 devstack@neutron-api.service[103427]: {{(pid=103427) report /opt/stack/neutron/neutron/api/rpc/callbacks/version_manager.py:183}}
Jun 29 06:02:03.144199 np0000183452 devstack@neutron-api.service[103427]: DEBUG neutron.plugins.ml2.drivers.ovn.mech_driver.ovsdb.ovsdb_monitor [-] ChassisOVNAgentWriteEvent : Matched Chassis_Private, update, None None {{(pid=103427) matches /opt/stack/neutron/neutron/plugins/ml2/drivers/ovn/mech_driver/ovsdb/ovsdb_monitor.py:64}}
Jun 29 06:02:03.194934 np0000183452 devstack@neutron-api.service[103427]: DEBUG neutron.plugins.ml2.drivers.helpers [None req-4f786806-654b-41c1-8ce3-4e0907c1eb72 admin admin] geneve segment allocate from pool success with {'geneve_vni': 13260} {{(pid=103427) allocate_partially_specified_segment /opt/stack/neutron/neutron/plugins/ml2/drivers/helpers.py:142}}
Jun 29 06:02:03.207308 np0000183452 devstack@neutron-api.service[103427]: DEBUG neutron_lib.callbacks.manager [None req-4f786806-654b-41c1-8ce3-4e0907c1eb72 admin admin] Publish callbacks ['neutron.services.segments.db._add_segment_host_mapping_for_segment-8722309293740', 'neutron.plugins.ml2.plugin.Ml2Plugin._handle_segment_change-1554104'] for segment (48759c03-3a79-42f2-97bc-fd1032f75cba), precommit_create {{(pid=103427) _notify_loop /opt/stack/data/venv/lib/python3.12/site-packages/neutron_lib/callbacks/manager.py:184}}
Jun 29 06:02:03.207478 np0000183452 devstack@neutron-api.service[103427]: INFO neutron.db.segments_db [None req-4f786806-654b-41c1-8ce3-4e0907c1eb72 admin admin] Added segment 48759c03-3a79-42f2-97bc-fd1032f75cba of type geneve for network de50f492-4f5c-4ad8-8dab-49fbed790e4e
Jun 29 06:02:03.253732 np0000183452 devstack@neutron-api.service[103427]: DEBUG neutron_lib.callbacks.manager [None req-4f786806-654b-41c1-8ce3-4e0907c1eb72 admin admin] Publish callbacks ['neutron.services.auto_allocate.db._ensure_external_network_default_value_callback-8722308038156'] for network (de50f492-4f5c-4ad8-8dab-49fbed790e4e), precommit_create {{(pid=103427) _notify_loop /opt/stack/data/venv/lib/python3.12/site-packages/neutron_lib/callbacks/manager.py:184}}
Jun 29 06:02:03.269367 np0000183452 devstack@neutron-api.service[103427]: DEBUG neutron.plugins.ml2.drivers.ovn.mech_driver.mech_driver [None req-4f786806-654b-41c1-8ce3-4e0907c1eb72 admin admin] Validating network segment with type geneve, segmentation ID 13260, physical network None {{(pid=103427) _validate_network_segments /opt/stack/neutron/neutron/plugins/ml2/drivers/ovn/mech_driver/mech_driver.py:646}}
Jun 29 06:02:03.269496 np0000183452 devstack@neutron-api.service[103427]: DEBUG neutron.db.ovn_revision_numbers_db [None req-4f786806-654b-41c1-8ce3-4e0907c1eb72 admin admin] create_initial_revision uuid=de50f492-4f5c-4ad8-8dab-49fbed790e4e, type=networks, rev=-1 {{(pid=103427) create_initial_revision /opt/stack/neutron/neutron/db/ovn_revision_numbers_db.py:98}}
Jun 29 06:02:03.292050 np0000183452 devstack@neutron-api.service[103427]: DEBUG neutron_lib.callbacks.manager [None req-4f786806-654b-41c1-8ce3-4e0907c1eb72 admin admin] Publish callbacks ['neutron.plugins.ml2.ovo_rpc._ObjectChangeHandler.handle_event-3017091'] for network (de50f492-4f5c-4ad8-8dab-49fbed790e4e), after_create {{(pid=103427) _notify_loop /opt/stack/data/venv/lib/python3.12/site-packages/neutron_lib/callbacks/manager.py:184}}
Jun 29 06:02:03.339972 np0000183452 devstack@neutron-api.service[103427]: DEBUG neutron.api.rpc.handlers.resources_rpc [None req-4f786806-654b-41c1-8ce3-4e0907c1eb72 admin admin] Pushing event updated for resources: {'Network': ['ID=de50f492-4f5c-4ad8-8dab-49fbed790e4e,revision_number=1']} {{(pid=103427) push /opt/stack/neutron/neutron/api/rpc/handlers/resources_rpc.py:237}}
Jun 29 06:02:03.347772 np0000183452 devstack@neutron-api.service[103427]: DEBUG ovsdbapp.backend.ovs_idl.transaction [-] Running txn n=1 command(idx=0): AddNetworkCommand(_result=None, network_uuid=de50f492-4f5c-4ad8-8dab-49fbed790e4e, may_exist=True, columns={'external_ids': {'neutron:network_name': 'private', 'neutron:mtu': '1372', 'neutron:revision_number': '1', 'neutron:availability_zone_hints': '', 'neutron:provnet-network-type': 'geneve'}, 'other_config': {'mcast_snoop': 'false', 'mcast_flood_unregistered': 'false', 'vlan-passthru': 'false'}}) {{(pid=103427) do_commit /opt/stack/data/venv/lib/python3.12/site-packages/ovsdbapp/backend/ovs_idl/transaction.py:89}}
Jun 29 06:02:03.348534 np0000183452 devstack@neutron-api.service[103427]: DEBUG neutron.common.ovn.utils [-] OVS persist_uuid supported=True {{(pid=103427) ovs_persist_uuid_supported /opt/stack/neutron/neutron/common/ovn/utils.py:1544}}
Jun 29 06:02:03.351681 np0000183452 devstack@neutron-api.service[103424]: DEBUG neutron.plugins.ml2.drivers.ovn.mech_driver.ovsdb.ovsdb_monitor [-] Hash Ring: Node 9de334dadac250ffa23a8dafd8c81f27 (host: np0000183452) handling event "create" for row de50f492-4f5c-4ad8-8dab-49fbed790e4e (table: Logical_Switch) {{(pid=103424) notify /opt/stack/neutron/neutron/plugins/ml2/drivers/ovn/mech_driver/ovsdb/ovsdb_monitor.py:1015}}
Jun 29 06:02:03.353157 np0000183452 devstack@neutron-api.service[103427]: DEBUG neutron.plugins.ml2.drivers.ovn.mech_driver.ovsdb.ovsdb_monitor [-] Hash Ring: Node 072c72913c30516fa88afeb75bb9388c (host: np0000183452) handling event "create" for row de50f492-4f5c-4ad8-8dab-49fbed790e4e (table: Logical_Switch) {{(pid=103427) notify /opt/stack/neutron/neutron/plugins/ml2/drivers/ovn/mech_driver/ovsdb/ovsdb_monitor.py:1015}}
Jun 29 06:02:03.358063 np0000183452 devstack@neutron-api.service[103424]: DEBUG neutron.plugins.ml2.drivers.ovn.mech_driver.ovsdb.ovsdb_monitor [-] Hash Ring: Node 9de334dadac250ffa23a8dafd8c81f27 (host: np0000183452) handling event "create" for row 8a389e0c-e172-453d-a22e-1475dbc0d386 (table: Datapath_Binding) {{(pid=103424) notify /opt/stack/neutron/neutron/plugins/ml2/drivers/ovn/mech_driver/ovsdb/ovsdb_monitor.py:1015}}
Jun 29 06:02:03.367478 np0000183452 devstack@neutron-api.service[103427]: DEBUG neutron.plugins.ml2.drivers.ovn.mech_driver.ovsdb.ovsdb_monitor [-] Hash Ring: Node 072c72913c30516fa88afeb75bb9388c (host: np0000183452) handling event "create" for row 8a389e0c-e172-453d-a22e-1475dbc0d386 (table: Datapath_Binding) {{(pid=103427) notify /opt/stack/neutron/neutron/plugins/ml2/drivers/ovn/mech_driver/ovsdb/ovsdb_monitor.py:1015}}
Jun 29 06:02:03.388701 np0000183452 devstack@neutron-api.service[103427]: INFO neutron.db.ovn_revision_numbers_db [None req-4f786806-654b-41c1-8ce3-4e0907c1eb72 admin admin] Successfully bumped revision number for resource de50f492-4f5c-4ad8-8dab-49fbed790e4e (type: networks) to 1
Jun 29 06:02:03.460754 np0000183452 devstack@neutron-api.service[103427]: DEBUG neutron_lib.callbacks.manager [None req-4f786806-654b-41c1-8ce3-4e0907c1eb72 admin admin] Publish callbacks ['neutron.plugins.ml2.plugin.SecurityGroupDbMixin._ensure_default_security_group_handler-1963290'] for port (None), before_create {{(pid=103427) _notify_loop /opt/stack/data/venv/lib/python3.12/site-packages/neutron_lib/callbacks/manager.py:184}}
Jun 29 06:02:03.716313 np0000183452 devstack@neutron-api.service[103427]: DEBUG neutron_lib.callbacks.manager [None req-4f786806-654b-41c1-8ce3-4e0907c1eb72 admin admin] Publish callbacks ['neutron.plugins.ml2.drivers.ovn.mech_driver.mech_driver.OVNMechanismDriver._validate_allowed_address_pairs-4012859'] for allowed_address_pair (a9424018-648a-478a-86e9-0d17b07b2598), before_create {{(pid=103427) _notify_loop /opt/stack/data/venv/lib/python3.12/site-packages/neutron_lib/callbacks/manager.py:184}}
Jun 29 06:02:03.716922 np0000183452 devstack@neutron-api.service[103427]: DEBUG neutron_lib.callbacks.manager [None req-4f786806-654b-41c1-8ce3-4e0907c1eb72 admin admin] Publish callbacks [] for port (a9424018-648a-478a-86e9-0d17b07b2598), precommit_create {{(pid=103427) _notify_loop /opt/stack/data/venv/lib/python3.12/site-packages/neutron_lib/callbacks/manager.py:184}}
Jun 29 06:02:03.717079 np0000183452 devstack@neutron-api.service[103427]: DEBUG neutron.plugins.ml2.drivers.ovn.mech_driver.mech_driver [None req-4f786806-654b-41c1-8ce3-4e0907c1eb72 admin admin] No provisioning block for port a9424018-648a-478a-86e9-0d17b07b2598 since it does not have a host {{(pid=103427) _is_port_provisioning_required /opt/stack/neutron/neutron/plugins/ml2/drivers/ovn/mech_driver/mech_driver.py:899}}
Jun 29 06:02:03.717181 np0000183452 devstack@neutron-api.service[103427]: DEBUG neutron.db.ovn_revision_numbers_db [None req-4f786806-654b-41c1-8ce3-4e0907c1eb72 admin admin] create_initial_revision uuid=a9424018-648a-478a-86e9-0d17b07b2598, type=ports, rev=-1 {{(pid=103427) create_initial_revision /opt/stack/neutron/neutron/db/ovn_revision_numbers_db.py:98}}
Jun 29 06:02:03.778030 np0000183452 devstack@neutron-api.service[103427]: DEBUG neutron_lib.callbacks.manager [None req-4f786806-654b-41c1-8ce3-4e0907c1eb72 admin admin] Publish callbacks ['neutron.plugins.ml2.ovo_rpc._ObjectChangeHandler.handle_event-3016811'] for port (a9424018-648a-478a-86e9-0d17b07b2598), after_create {{(pid=103427) _notify_loop /opt/stack/data/venv/lib/python3.12/site-packages/neutron_lib/callbacks/manager.py:184}}
Jun 29 06:02:03.834535 np0000183452 devstack@neutron-api.service[103427]: DEBUG neutron.api.rpc.handlers.resources_rpc [None req-4f786806-654b-41c1-8ce3-4e0907c1eb72 admin admin] Pushing event updated for resources: {'Port': ['ID=a9424018-648a-478a-86e9-0d17b07b2598,revision_number=1']} {{(pid=103427) push /opt/stack/neutron/neutron/api/rpc/handlers/resources_rpc.py:237}}
Jun 29 06:02:03.876277 np0000183452 devstack@neutron-api.service[103427]: DEBUG neutron.plugins.ml2.drivers.ovn.mech_driver.ovsdb.commands [None req-4f786806-654b-41c1-8ce3-4e0907c1eb72 admin admin] Converting tag [] to a tag_request {{(pid=103427) _tag_column_to_tag_request /opt/stack/neutron/neutron/plugins/ml2/drivers/ovn/mech_driver/ovsdb/commands.py:205}}
Jun 29 06:02:03.877140 np0000183452 devstack@neutron-api.service[103427]: DEBUG ovsdbapp.backend.ovs_idl.transaction [-] Running txn n=1 command(idx=0): AddLSwitchPortCommand(_result=None, lport=a9424018-648a-478a-86e9-0d17b07b2598, lswitch=neutron-de50f492-4f5c-4ad8-8dab-49fbed790e4e, may_exist=True, network_uuid=de50f492-4f5c-4ad8-8dab-49fbed790e4e, columns={'addresses': ['fa:16:3e:81:25:e8'], 'external_ids': {'neutron:port_name': '', 'neutron:device_id': 'ovnmeta-de50f492-4f5c-4ad8-8dab-49fbed790e4e', 'neutron:project_id': 'ce703e991f564d82bb4643f21b16f72f', 'neutron:cidrs': '', 'neutron:device_owner': 'network:distributed', 'neutron:subnet_pool_addr_scope4': '', 'neutron:subnet_pool_addr_scope6': '', 'neutron:network_name': 'neutron-de50f492-4f5c-4ad8-8dab-49fbed790e4e', 'neutron:security_group_ids': '', 'neutron:revision_number': '1', 'neutron:vnic_type': 'normal', 'neutron:port_capabilities': '', 'neutron:mtu': '1372'}, 'parent_name': [], 'enabled': True, 'options': {}, 'type': 'localport', 'port_security': [], 'dhcpv4_options': [], 'dhcpv6_options': [], 'tag_request': []}) {{(pid=103427) do_commit /opt/stack/data/venv/lib/python3.12/site-packages/ovsdbapp/backend/ovs_idl/transaction.py:89}}
Jun 29 06:02:03.878005 np0000183452 devstack@neutron-api.service[103427]: DEBUG ovsdbapp.backend.ovs_idl.transaction [-] Running txn n=1 command(idx=1): QoSDelCommand(_result=None, switch=neutron-de50f492-4f5c-4ad8-8dab-49fbed790e4e, conditions=[('direction', '=', 'to-lport'), ('priority', '=', 2002), ('match', '=', 'outport == "a9424018-648a-478a-86e9-0d17b07b2598"')], if_exists=True) {{(pid=103427) do_commit /opt/stack/data/venv/lib/python3.12/site-packages/ovsdbapp/backend/ovs_idl/transaction.py:89}}
Jun 29 06:02:03.878290 np0000183452 devstack@neutron-api.service[103427]: DEBUG ovsdbapp.backend.ovs_idl.transaction [-] Running txn n=1 command(idx=2): QoSDelCommand(_result=None, switch=neutron-de50f492-4f5c-4ad8-8dab-49fbed790e4e, conditions=[('direction', '=', 'from-lport'), ('priority', '=', 2002), ('match', '=', 'inport == "a9424018-648a-478a-86e9-0d17b07b2598"')], if_exists=True) {{(pid=103427) do_commit /opt/stack/data/venv/lib/python3.12/site-packages/ovsdbapp/backend/ovs_idl/transaction.py:89}}
Jun 29 06:02:03.882364 np0000183452 devstack@neutron-api.service[103427]: DEBUG neutron.plugins.ml2.drivers.ovn.mech_driver.ovsdb.ovsdb_monitor [-] Hash Ring: Node 072c72913c30516fa88afeb75bb9388c (host: np0000183452) handling event "update" for row de50f492-4f5c-4ad8-8dab-49fbed790e4e (table: Logical_Switch) {{(pid=103427) notify /opt/stack/neutron/neutron/plugins/ml2/drivers/ovn/mech_driver/ovsdb/ovsdb_monitor.py:1015}}
Jun 29 06:02:03.883372 np0000183452 devstack@neutron-api.service[103424]: DEBUG neutron.plugins.ml2.drivers.ovn.mech_driver.ovsdb.ovsdb_monitor [-] Hash Ring: Node 9de334dadac250ffa23a8dafd8c81f27 (host: np0000183452) handling event "update" for row de50f492-4f5c-4ad8-8dab-49fbed790e4e (table: Logical_Switch) {{(pid=103424) notify /opt/stack/neutron/neutron/plugins/ml2/drivers/ovn/mech_driver/ovsdb/ovsdb_monitor.py:1015}}
Jun 29 06:02:03.885010 np0000183452 devstack@neutron-api.service[103425]: DEBUG neutron.plugins.ml2.drivers.ovn.mech_driver.ovsdb.ovsdb_monitor [-] Hash Ring: Node 98bc469a41a551808f69d328ace7b6af (host: np0000183452) handling event "create" for row 93f17237-8d04-41c2-b4eb-39bdfec36efa (table: Logical_Switch_Port) {{(pid=103425) notify /opt/stack/neutron/neutron/plugins/ml2/drivers/ovn/mech_driver/ovsdb/ovsdb_monitor.py:1015}}
Jun 29 06:02:03.885597 np0000183452 devstack@neutron-api.service[103424]: DEBUG neutron.plugins.ml2.drivers.ovn.mech_driver.ovsdb.ovsdb_monitor [-] Hash Ring: Node 9de334dadac250ffa23a8dafd8c81f27 (host: np0000183452) handling event "create" for row 93f17237-8d04-41c2-b4eb-39bdfec36efa (table: Logical_Switch_Port) {{(pid=103424) notify /opt/stack/neutron/neutron/plugins/ml2/drivers/ovn/mech_driver/ovsdb/ovsdb_monitor.py:1015}}
Jun 29 06:02:03.886136 np0000183452 devstack@neutron-api.service[103425]: DEBUG ovsdbapp.backend.ovs_idl.event [-] Matched CREATE: LogicalSwitchPortCreateEvent(events=('create',), table='Logical_Switch_Port', conditions=[], old_conditions=None), priority=20 to row=Logical_Switch_Port(uuid=93f17237-8d04-41c2-b4eb-39bdfec36efa, addresses=['fa:16:3e:81:25:e8'], dhcpv4_options=[], dhcpv6_options=[], dynamic_addresses=[], enabled=True, external_ids={'neutron:cidrs': '', 'neutron:device_id': 'ovnmeta-de50f492-4f5c-4ad8-8dab-49fbed790e4e', 'neutron:device_owner': 'network:distributed', 'neutron:mtu': '1372', 'neutron:network_name': 'neutron-de50f492-4f5c-4ad8-8dab-49fbed790e4e', 'neutron:port_capabilities': '', 'neutron:port_name': '', 'neutron:project_id': 'ce703e991f564d82bb4643f21b16f72f', 'neutron:revision_number': '1', 'neutron:security_group_ids': '', 'neutron:subnet_pool_addr_scope4': '', 'neutron:subnet_pool_addr_scope6': '', 'neutron:vnic_type': 'normal'}, ha_chassis_group=[], mirror_rules=[], name='a9424018-648a-478a-86e9-0d17b07b2598', options={}, parent_name=[], port_security=[], tag=[], tag_request=[], type='localport', up=[]) old= {{(pid=103425) matches /opt/stack/data/venv/lib/python3.12/site-packages/ovsdbapp/backend/ovs_idl/event.py:55}}
