Jun 29 06:01:53.825748 np0000183452 devstack@neutron-api.service[103427]: INFO neutron.services.logapi.drivers.ovn.driver [None req-2da45d1f-5425-4558-8cd1-b6df30c0e8b5 None None] OVN logging driver registered
Jun 29 06:01:53.825808 np0000183452 devstack@neutron-api.service[103426]: INFO neutron.api.extensions [None req-58c168d0-b49f-4c9c-a669-4ac0d0de42fd None None] Extension router-admin-state-down-before-update not supported by any of loaded plugins
Jun 29 06:01:53.825842 np0000183452 devstack@neutron-api.service[103427]: DEBUG neutron_lib.callbacks.manager [None req-2da45d1f-5425-4558-8cd1-b6df30c0e8b5 None None] Subscribe: ._register_pvlan_driver at 0x7eed20ccefc0> pvlan_plugin before_spawn 55550000, False {{(pid=103427) subscribe /opt/stack/data/venv/lib/python3.12/site-packages/neutron_lib/callbacks/manager.py:52}}
Jun 29 06:01:53.825894 np0000183452 devstack@neutron-api.service[103426]: DEBUG neutron.api.extensions [None req-58c168d0-b49f-4c9c-a669-4ac0d0de42fd None None] Loading extension file: agent.py {{(pid=103426) _load_all_extensions_from_path /opt/stack/neutron/neutron/api/extensions.py:449}}
Jun 29 06:01:53.825989 np0000183452 devstack@neutron-api.service[103427]: DEBUG neutron_lib.callbacks.manager [None req-2da45d1f-5425-4558-8cd1-b6df30c0e8b5 None None] Subscribe: process after_init 55550000, False {{(pid=103427) subscribe /opt/stack/data/venv/lib/python3.12/site-packages/neutron_lib/callbacks/manager.py:52}}
Jun 29 06:01:53.826173 np0000183452 devstack@neutron-api.service[103425]: DEBUG neutron.manager [None req-b44d8f01-b4a7-44d6-af27-3577ec79d0a5 None None] Successfully loaded TAG plugin. Description: Tag support {{(pid=103425) _create_and_add_service_plugin /opt/stack/neutron/neutron/manager.py:236}}
Jun 29 06:01:53.826204 np0000183452 devstack@neutron-api.service[103426]: DEBUG neutron.api.extensions [None req-58c168d0-b49f-4c9c-a669-4ac0d0de42fd None None] Ext name="agent" alias="agent" description="The agent management extension." updated="2013-02-03T10:00:00-00:00" {{(pid=103426) _check_extension /opt/stack/neutron/neutron/api/extensions.py:415}}
Jun 29 06:01:53.826238 np0000183452 devstack@neutron-api.service[103425]: INFO neutron.manager [None req-b44d8f01-b4a7-44d6-af27-3577ec79d0a5 None None] Loading Plugin: timestamp
Jun 29 06:01:53.826329 np0000183452 devstack@neutron-api.service[103426]: INFO neutron.api.extensions [None req-58c168d0-b49f-4c9c-a669-4ac0d0de42fd None None] Loaded extension: agent
Jun 29 06:01:53.826420 np0000183452 devstack@neutron-api.service[103426]: DEBUG neutron.api.extensions [None req-58c168d0-b49f-4c9c-a669-4ac0d0de42fd None None] Loading extension file: agent_resources_synced.py {{(pid=103426) _load_all_extensions_from_path /opt/stack/neutron/neutron/api/extensions.py:449}}
Jun 29 06:01:53.826679 np0000183452 devstack@neutron-api.service[103426]: DEBUG neutron.api.extensions [None req-58c168d0-b49f-4c9c-a669-4ac0d0de42fd None None] Ext name="Agent's Resource View Synced to Placement" alias="agent-resources-synced" description="Stores success/failure of last sync to Placement" updated="2018-12-19T00:00:00-00:00" {{(pid=103426) _check_extension /opt/stack/neutron/neutron/api/extensions.py:415}}
Jun 29 06:01:53.826877 np0000183452 devstack@neutron-api.service[103426]: INFO neutron.api.extensions [None req-58c168d0-b49f-4c9c-a669-4ac0d0de42fd None None] Extension agent-resources-synced not supported by any of loaded plugins
Jun 29 06:01:53.826956 np0000183452 devstack@neutron-api.service[103426]: DEBUG neutron.api.extensions [None req-58c168d0-b49f-4c9c-a669-4ac0d0de42fd None None] Loading extension file: agent_sort_key.py {{(pid=103426) _load_all_extensions_from_path /opt/stack/neutron/neutron/api/extensions.py:449}}
Jun 29 06:01:53.827196 np0000183452 devstack@neutron-api.service[103426]: DEBUG neutron.api.extensions [None req-58c168d0-b49f-4c9c-a669-4ac0d0de42fd None None] Ext name="Agents Sort Key" alias="agent_sort_key" description="Enabling the keyword sort_key for sorting in agents." updated="2013-02-03T10:00:00-00:00" {{(pid=103426) _check_extension /opt/stack/neutron/neutron/api/extensions.py:415}}
Jun 29 06:01:53.827337 np0000183452 devstack@neutron-api.service[103427]: DEBUG neutron.plugins.ml2.plugin [None req-2da45d1f-5425-4558-8cd1-b6df30c0e8b5 None None] neutron.plugins.ml2.plugin.Ml2Plugin method _start_rpc_notifiers called with arguments () {} {{(pid=103427) wrapper /opt/stack/data/venv/lib/python3.12/site-packages/oslo_log/helpers.py:77}}
Jun 29 06:01:53.827401 np0000183452 devstack@neutron-api.service[103426]: INFO neutron.api.extensions [None req-58c168d0-b49f-4c9c-a669-4ac0d0de42fd None None] Extension agent_sort_key not supported by any of loaded plugins
Jun 29 06:01:53.827470 np0000183452 devstack@neutron-api.service[103425]: DEBUG neutron.manager [None req-b44d8f01-b4a7-44d6-af27-3577ec79d0a5 None None] Successfully loaded timestamp plugin. Description: Adds timestamps to Neutron resources with standard attributes {{(pid=103425) _create_and_add_service_plugin /opt/stack/neutron/neutron/manager.py:236}}
Jun 29 06:01:53.827539 np0000183452 devstack@neutron-api.service[103426]: DEBUG neutron.api.extensions [None req-58c168d0-b49f-4c9c-a669-4ac0d0de42fd None None] Loading extension file: allowedaddresspairs.py {{(pid=103426) _load_all_extensions_from_path /opt/stack/neutron/neutron/api/extensions.py:449}}
Jun 29 06:01:53.827570 np0000183452 devstack@neutron-api.service[103425]: INFO neutron.manager [None req-b44d8f01-b4a7-44d6-af27-3577ec79d0a5 None None] Loading Plugin: network_ip_availability
Jun 29 06:01:53.827667 np0000183452 devstack@neutron-api.service[103427]: DEBUG neutron_lib.callbacks.manager [None req-2da45d1f-5425-4558-8cd1-b6df30c0e8b5 None None] Subscribe: > port after_create 55550000, False {{(pid=103427) subscribe /opt/stack/data/venv/lib/python3.12/site-packages/neutron_lib/callbacks/manager.py:52}}
Jun 29 06:01:53.827762 np0000183452 devstack@neutron-api.service[103427]: DEBUG neutron_lib.callbacks.manager [None req-2da45d1f-5425-4558-8cd1-b6df30c0e8b5 None None] Subscribe: > port after_update 55550000, False {{(pid=103427) subscribe /opt/stack/data/venv/lib/python3.12/site-packages/neutron_lib/callbacks/manager.py:52}}
Jun 29 06:01:53.827819 np0000183452 devstack@neutron-api.service[103427]: DEBUG neutron_lib.callbacks.manager [None req-2da45d1f-5425-4558-8cd1-b6df30c0e8b5 None None] Subscribe: > port after_delete 55550000, False {{(pid=103427) subscribe /opt/stack/data/venv/lib/python3.12/site-packages/neutron_lib/callbacks/manager.py:52}}
Jun 29 06:01:53.827919 np0000183452 devstack@neutron-api.service[103427]: DEBUG neutron_lib.callbacks.manager [None req-2da45d1f-5425-4558-8cd1-b6df30c0e8b5 None None] Subscribe: > subnet after_create 55550000, False {{(pid=103427) subscribe /opt/stack/data/venv/lib/python3.12/site-packages/neutron_lib/callbacks/manager.py:52}}
Jun 29 06:01:53.828023 np0000183452 devstack@neutron-api.service[103427]: DEBUG neutron_lib.callbacks.manager [None req-2da45d1f-5425-4558-8cd1-b6df30c0e8b5 None None] Subscribe: > subnet after_update 55550000, False {{(pid=103427) subscribe /opt/stack/data/venv/lib/python3.12/site-packages/neutron_lib/callbacks/manager.py:52}}
Jun 29 06:01:53.828156 np0000183452 devstack@neutron-api.service[103427]: DEBUG neutron_lib.callbacks.manager [None req-2da45d1f-5425-4558-8cd1-b6df30c0e8b5 None None] Subscribe: > subnet after_delete 55550000, False {{(pid=103427) subscribe /opt/stack/data/venv/lib/python3.12/site-packages/neutron_lib/callbacks/manager.py:52}}
Jun 29 06:01:53.828211 np0000183452 devstack@neutron-api.service[103427]: DEBUG neutron_lib.callbacks.manager [None req-2da45d1f-5425-4558-8cd1-b6df30c0e8b5 None None] Subscribe: > network after_create 55550000, False {{(pid=103427) subscribe /opt/stack/data/venv/lib/python3.12/site-packages/neutron_lib/callbacks/manager.py:52}}
Jun 29 06:01:53.828242 np0000183452 devstack@neutron-api.service[103426]: DEBUG neutron.api.extensions [None req-58c168d0-b49f-4c9c-a669-4ac0d0de42fd None None] Ext name="Allowed Address Pairs" alias="allowed-address-pairs" description="Provides allowed address pairs" updated="2013-07-23T10:00:00-00:00" {{(pid=103426) _check_extension /opt/stack/neutron/neutron/api/extensions.py:415}}
Jun 29 06:01:53.828363 np0000183452 devstack@neutron-api.service[103427]: DEBUG neutron_lib.callbacks.manager [None req-2da45d1f-5425-4558-8cd1-b6df30c0e8b5 None None] Subscribe: > network after_update 55550000, False {{(pid=103427) subscribe /opt/stack/data/venv/lib/python3.12/site-packages/neutron_lib/callbacks/manager.py:52}}
Jun 29 06:01:53.828438 np0000183452 devstack@neutron-api.service[103426]: INFO neutron.api.extensions [None req-58c168d0-b49f-4c9c-a669-4ac0d0de42fd None None] Loaded extension: allowed-address-pairs
Jun 29 06:01:53.828505 np0000183452 devstack@neutron-api.service[103427]: DEBUG neutron_lib.callbacks.manager [None req-2da45d1f-5425-4558-8cd1-b6df30c0e8b5 None None] Subscribe: > network after_delete 55550000, False {{(pid=103427) subscribe /opt/stack/data/venv/lib/python3.12/site-packages/neutron_lib/callbacks/manager.py:52}}
Jun 29 06:01:53.828602 np0000183452 devstack@neutron-api.service[103426]: DEBUG neutron.api.extensions [None req-58c168d0-b49f-4c9c-a669-4ac0d0de42fd None None] Loading extension file: auto_allocated_topology.py {{(pid=103426) _load_all_extensions_from_path /opt/stack/neutron/neutron/api/extensions.py:449}}
Jun 29 06:01:53.828655 np0000183452 devstack@neutron-api.service[103427]: DEBUG neutron_lib.callbacks.manager [None req-2da45d1f-5425-4558-8cd1-b6df30c0e8b5 None None] Subscribe: > security_group after_create 55550000, False {{(pid=103427) subscribe /opt/stack/data/venv/lib/python3.12/site-packages/neutron_lib/callbacks/manager.py:52}}
Jun 29 06:01:53.828655 np0000183452 devstack@neutron-api.service[103427]: DEBUG neutron_lib.callbacks.manager [None req-2da45d1f-5425-4558-8cd1-b6df30c0e8b5 None None] Subscribe: > security_group after_update 55550000, False {{(pid=103427) subscribe /opt/stack/data/venv/lib/python3.12/site-packages/neutron_lib/callbacks/manager.py:52}}
Jun 29 06:01:53.828711 np0000183452 devstack@neutron-api.service[103427]: DEBUG neutron_lib.callbacks.manager [None req-2da45d1f-5425-4558-8cd1-b6df30c0e8b5 None None] Subscribe: > security_group after_delete 55550000, False {{(pid=103427) subscribe /opt/stack/data/venv/lib/python3.12/site-packages/neutron_lib/callbacks/manager.py:52}}
Jun 29 06:01:53.828796 np0000183452 devstack@neutron-api.service[103426]: DEBUG neutron.api.extensions [None req-58c168d0-b49f-4c9c-a669-4ac0d0de42fd None None] Ext name="Auto Allocated Topology Services" alias="auto-allocated-topology" description="Auto Allocated Topology Services." updated="2016-01-01T00:00:00-00:00" {{(pid=103426) _check_extension /opt/stack/neutron/neutron/api/extensions.py:415}}
Jun 29 06:01:53.828826 np0000183452 devstack@neutron-api.service[103427]: DEBUG neutron_lib.callbacks.manager [None req-2da45d1f-5425-4558-8cd1-b6df30c0e8b5 None None] Subscribe: > security_group_rule after_create 55550000, False {{(pid=103427) subscribe /opt/stack/data/venv/lib/python3.12/site-packages/neutron_lib/callbacks/manager.py:52}}
Jun 29 06:01:53.828906 np0000183452 devstack@neutron-api.service[103427]: DEBUG neutron_lib.callbacks.manager [None req-2da45d1f-5425-4558-8cd1-b6df30c0e8b5 None None] Subscribe: > security_group_rule after_update 55550000, False {{(pid=103427) subscribe /opt/stack/data/venv/lib/python3.12/site-packages/neutron_lib/callbacks/manager.py:52}}
Jun 29 06:01:53.828973 np0000183452 devstack@neutron-api.service[103426]: INFO neutron.api.extensions [None req-58c168d0-b49f-4c9c-a669-4ac0d0de42fd None None] Loaded extension: auto-allocated-topology
Jun 29 06:01:53.829001 np0000183452 devstack@neutron-api.service[103426]: DEBUG neutron.api.extensions [None req-58c168d0-b49f-4c9c-a669-4ac0d0de42fd None None] Loading extension file: availability_zone.py {{(pid=103426) _load_all_extensions_from_path /opt/stack/neutron/neutron/api/extensions.py:449}}
Jun 29 06:01:53.829059 np0000183452 devstack@neutron-api.service[103427]: DEBUG neutron_lib.callbacks.manager [None req-2da45d1f-5425-4558-8cd1-b6df30c0e8b5 None None] Subscribe: > security_group_rule after_delete 55550000, False {{(pid=103427) subscribe /opt/stack/data/venv/lib/python3.12/site-packages/neutron_lib/callbacks/manager.py:52}}
Jun 29 06:01:53.829141 np0000183452 devstack@neutron-api.service[103427]: DEBUG neutron_lib.callbacks.manager [None req-2da45d1f-5425-4558-8cd1-b6df30c0e8b5 None None] Subscribe: > address_group after_create 55550000, False {{(pid=103427) subscribe /opt/stack/data/venv/lib/python3.12/site-packages/neutron_lib/callbacks/manager.py:52}}
Jun 29 06:01:53.829202 np0000183452 devstack@neutron-api.service[103427]: DEBUG neutron_lib.callbacks.manager [None req-2da45d1f-5425-4558-8cd1-b6df30c0e8b5 None None] Subscribe: > address_group after_update 55550000, False {{(pid=103427) subscribe /opt/stack/data/venv/lib/python3.12/site-packages/neutron_lib/callbacks/manager.py:52}}
Jun 29 06:01:53.829288 np0000183452 devstack@neutron-api.service[103427]: DEBUG neutron_lib.callbacks.manager [None req-2da45d1f-5425-4558-8cd1-b6df30c0e8b5 None None] Subscribe: > address_group after_delete 55550000, False {{(pid=103427) subscribe /opt/stack/data/venv/lib/python3.12/site-packages/neutron_lib/callbacks/manager.py:52}}
Jun 29 06:01:53.829417 np0000183452 devstack@neutron-api.service[103426]: DEBUG neutron.api.extensions [None req-58c168d0-b49f-4c9c-a669-4ac0d0de42fd None None] Ext name="Availability Zone" alias="availability_zone" description="The availability zone extension." updated="2015-01-01T10:00:00-00:00" {{(pid=103426) _check_extension /opt/stack/neutron/neutron/api/extensions.py:415}}
Jun 29 06:01:53.829465 np0000183452 devstack@neutron-api.service[103427]: DEBUG neutron.plugins.ml2.ovo_rpc [None req-2da45d1f-5425-4558-8cd1-b6df30c0e8b5 None None] ML2 OVO RPC backend initialized. {{(pid=103427) __init__ /opt/stack/neutron/neutron/plugins/ml2/ovo_rpc.py:117}}
Jun 29 06:01:53.829597 np0000183452 devstack@neutron-api.service[103426]: INFO neutron.api.extensions [None req-58c168d0-b49f-4c9c-a669-4ac0d0de42fd None None] Loaded extension: availability_zone
Jun 29 06:01:53.829758 np0000183452 devstack@neutron-api.service[103426]: DEBUG neutron.api.extensions [None req-58c168d0-b49f-4c9c-a669-4ac0d0de42fd None None] Loading extension file: availability_zone_filter.py {{(pid=103426) _load_all_extensions_from_path /opt/stack/neutron/neutron/api/extensions.py:449}}
Jun 29 06:01:53.830006 np0000183452 devstack@neutron-api.service[103426]: DEBUG neutron.api.extensions [None req-58c168d0-b49f-4c9c-a669-4ac0d0de42fd None None] Ext name="Availability Zone Filter Extension" alias="availability_zone_filter" description="Add filter parameters to AvailabilityZone resource" updated="2018-06-22T10:00:00-00:00" {{(pid=103426) _check_extension /opt/stack/neutron/neutron/api/extensions.py:415}}
Jun 29 06:01:53.830112 np0000183452 devstack@neutron-api.service[103427]: INFO neutron.quota [None req-2da45d1f-5425-4558-8cd1-b6df30c0e8b5 None None] Loaded quota_driver: .
Jun 29 06:01:53.830198 np0000183452 devstack@neutron-api.service[103426]: INFO neutron.api.extensions [None req-58c168d0-b49f-4c9c-a669-4ac0d0de42fd None None] Extension availability_zone_filter not supported by any of loaded plugins
Jun 29 06:01:53.830230 np0000183452 devstack@neutron-api.service[103427]: INFO neutron.plugins.ml2.plugin [None req-2da45d1f-5425-4558-8cd1-b6df30c0e8b5 None None] Modular L2 Plugin initialization complete
Jun 29 06:01:53.830294 np0000183452 devstack@neutron-api.service[103426]: DEBUG neutron.api.extensions [None req-58c168d0-b49f-4c9c-a669-4ac0d0de42fd None None] Loading extension file: data_plane_status.py {{(pid=103426) _load_all_extensions_from_path /opt/stack/neutron/neutron/api/extensions.py:449}}
Jun 29 06:01:53.830357 np0000183452 devstack@neutron-api.service[103427]: DEBUG neutron.manager [None req-2da45d1f-5425-4558-8cd1-b6df30c0e8b5 None None] Loading services supported by the core plugin {{(pid=103427) _load_services_from_core_plugin /opt/stack/neutron/neutron/manager.py:167}}
Jun 29 06:01:53.830472 np0000183452 devstack@neutron-api.service[103427]: INFO neutron.plugins.ml2.managers [None req-2da45d1f-5425-4558-8cd1-b6df30c0e8b5 None None] Got port-security extension from driver 'port_security'
Jun 29 06:01:53.830543 np0000183452 devstack@neutron-api.service[103426]: DEBUG neutron.api.extensions [None req-58c168d0-b49f-4c9c-a669-4ac0d0de42fd None None] Ext name="Port data plane status extension" alias="data-plane-status" description="Expose status of underlying data plane" updated="2017-01-24T10:00:00-00:00" {{(pid=103426) _check_extension /opt/stack/neutron/neutron/api/extensions.py:415}}
Jun 29 06:01:53.830710 np0000183452 devstack@neutron-api.service[103426]: INFO neutron.api.extensions [None req-58c168d0-b49f-4c9c-a669-4ac0d0de42fd None None] Extension data-plane-status not supported by any of loaded plugins
Jun 29 06:01:53.830739 np0000183452 devstack@neutron-api.service[103427]: DEBUG neutron.manager [None req-2da45d1f-5425-4558-8cd1-b6df30c0e8b5 None None] Loading service plugins: ['ovn-router', 'auto_allocate', 'tag', 'timestamp', 'network_ip_availability', 'flavors', 'revisions'] {{(pid=103427) _load_service_plugins /opt/stack/neutron/neutron/manager.py:192}}
Jun 29 06:01:53.830775 np0000183452 devstack@neutron-api.service[103426]: DEBUG neutron.api.extensions [None req-58c168d0-b49f-4c9c-a669-4ac0d0de42fd None None] Loading extension file: default_subnetpools.py {{(pid=103426) _load_all_extensions_from_path /opt/stack/neutron/neutron/api/extensions.py:449}}
Jun 29 06:01:53.830868 np0000183452 devstack@neutron-api.service[103427]: INFO neutron.manager [None req-2da45d1f-5425-4558-8cd1-b6df30c0e8b5 None None] Loading Plugin: ovn-router
Jun 29 06:01:53.831018 np0000183452 devstack@neutron-api.service[103426]: DEBUG neutron.api.extensions [None req-58c168d0-b49f-4c9c-a669-4ac0d0de42fd None None] Ext name="Default Subnetpools" alias="default-subnetpools" description="Provides ability to mark and use a subnetpool as the default." updated="2016-02-18T18:00:00-00:00" {{(pid=103426) _check_extension /opt/stack/neutron/neutron/api/extensions.py:415}}
Jun 29 06:01:53.831188 np0000183452 devstack@neutron-api.service[103426]: INFO neutron.api.extensions [None req-58c168d0-b49f-4c9c-a669-4ac0d0de42fd None None] Loaded extension: default-subnetpools
Jun 29 06:01:53.831278 np0000183452 devstack@neutron-api.service[103426]: DEBUG neutron.api.extensions [None req-58c168d0-b49f-4c9c-a669-4ac0d0de42fd None None] Loading extension file: dhcpagentscheduler.py {{(pid=103426) _load_all_extensions_from_path /opt/stack/neutron/neutron/api/extensions.py:449}}
Jun 29 06:01:53.831668 np0000183452 devstack@neutron-api.service[103426]: DEBUG neutron.api.extensions [None req-58c168d0-b49f-4c9c-a669-4ac0d0de42fd None None] Ext name="DHCP Agent Scheduler" alias="dhcp_agent_scheduler" description="Schedule networks among dhcp agents" updated="2013-02-07T10:00:00-00:00" {{(pid=103426) _check_extension /opt/stack/neutron/neutron/api/extensions.py:415}}
Jun 29 06:01:53.831845 np0000183452 devstack@neutron-api.service[103426]: INFO neutron.api.extensions [None req-58c168d0-b49f-4c9c-a669-4ac0d0de42fd None None] Loaded extension: dhcp_agent_scheduler
Jun 29 06:01:53.831931 np0000183452 devstack@neutron-api.service[103426]: DEBUG neutron.api.extensions [None req-58c168d0-b49f-4c9c-a669-4ac0d0de42fd None None] Loading extension file: dns.py {{(pid=103426) _load_all_extensions_from_path /opt/stack/neutron/neutron/api/extensions.py:449}}
Jun 29 06:01:53.832151 np0000183452 devstack@neutron-api.service[103426]: DEBUG neutron.api.extensions [None req-58c168d0-b49f-4c9c-a669-4ac0d0de42fd None None] Ext name="DNS Integration" alias="dns-integration" description="Provides integration with DNS." updated="2015-08-15T18:00:00-00:00" {{(pid=103426) _check_extension /opt/stack/neutron/neutron/api/extensions.py:415}}
Jun 29 06:01:53.832319 np0000183452 devstack@neutron-api.service[103426]: INFO neutron.api.extensions [None req-58c168d0-b49f-4c9c-a669-4ac0d0de42fd None None] Loaded extension: dns-integration
Jun 29 06:01:53.832409 np0000183452 devstack@neutron-api.service[103426]: DEBUG neutron.api.extensions [None req-58c168d0-b49f-4c9c-a669-4ac0d0de42fd None None] Loading extension file: dns_domain_ports.py {{(pid=103426) _load_all_extensions_from_path /opt/stack/neutron/neutron/api/extensions.py:449}}
Jun 29 06:01:53.832636 np0000183452 devstack@neutron-api.service[103426]: DEBUG neutron.api.extensions [None req-58c168d0-b49f-4c9c-a669-4ac0d0de42fd None None] Ext name="dns_domain for ports" alias="dns-domain-ports" description="Allows the DNS domain to be specified for a network port." updated="2017-04-24T10:00:00-00:00" {{(pid=103426) _check_extension /opt/stack/neutron/neutron/api/extensions.py:415}}
Jun 29 06:01:53.832823 np0000183452 devstack@neutron-api.service[103426]: INFO neutron.api.extensions [None req-58c168d0-b49f-4c9c-a669-4ac0d0de42fd None None] Loaded extension: dns-domain-ports
Jun 29 06:01:53.832918 np0000183452 devstack@neutron-api.service[103426]: DEBUG neutron.api.extensions [None req-58c168d0-b49f-4c9c-a669-4ac0d0de42fd None None] Loading extension file: dns_integration_domain_keywords.py {{(pid=103426) _load_all_extensions_from_path /opt/stack/neutron/neutron/api/extensions.py:449}}
Jun 29 06:01:53.833153 np0000183452 devstack@neutron-api.service[103426]: DEBUG neutron.api.extensions [None req-58c168d0-b49f-4c9c-a669-4ac0d0de42fd None None] Ext name="DNS domain names with keywords allowed" alias="dns-integration-domain-keywords" description="Allows to use keywords like , , and as DNS domain name" updated="2020-06-15T18:00:00-00:00" {{(pid=103426) _check_extension /opt/stack/neutron/neutron/api/extensions.py:415}}
Jun 29 06:01:53.833306 np0000183452 devstack@neutron-api.service[103426]: INFO neutron.api.extensions [None req-58c168d0-b49f-4c9c-a669-4ac0d0de42fd None None] Loaded extension: dns-integration-domain-keywords
Jun 29 06:01:53.833398 np0000183452 devstack@neutron-api.service[103426]: DEBUG neutron.api.extensions [None req-58c168d0-b49f-4c9c-a669-4ac0d0de42fd None None] Loading extension file: dvr.py {{(pid=103426) _load_all_extensions_from_path /opt/stack/neutron/neutron/api/extensions.py:449}}
Jun 29 06:01:53.833664 np0000183452 devstack@neutron-api.service[103426]: DEBUG neutron.api.extensions [None req-58c168d0-b49f-4c9c-a669-4ac0d0de42fd None None] Ext name="Distributed Virtual Router" alias="dvr" description="Enables configuration of Distributed Virtual Routers." updated="2014-06-1T10:00:00-00:00" {{(pid=103426) _check_extension /opt/stack/neutron/neutron/api/extensions.py:415}}
Jun 29 06:01:53.833838 np0000183452 devstack@neutron-api.service[103426]: INFO neutron.api.extensions [None req-58c168d0-b49f-4c9c-a669-4ac0d0de42fd None None] Extension dvr not supported by any of loaded plugins
Jun 29 06:01:53.833929 np0000183452 devstack@neutron-api.service[103426]: DEBUG neutron.api.extensions [None req-58c168d0-b49f-4c9c-a669-4ac0d0de42fd None None] Loading extension file: ecmp_routes.py {{(pid=103426) _load_all_extensions_from_path /opt/stack/neutron/neutron/api/extensions.py:449}}
Jun 29 06:01:53.834174 np0000183452 devstack@neutron-api.service[103426]: DEBUG neutron.api.extensions [None req-58c168d0-b49f-4c9c-a669-4ac0d0de42fd None None] Ext name="Equal Cost Multipath Routing" alias="ecmp_routes" description="Allows traffic to reach thesame destination via multiple different links " updated="2020-11-26T18:00:00-00:00" {{(pid=103426) _check_extension /opt/stack/neutron/neutron/api/extensions.py:415}}
Jun 29 06:01:53.834364 np0000183452 devstack@neutron-api.service[103426]: INFO neutron.api.extensions [None req-58c168d0-b49f-4c9c-a669-4ac0d0de42fd None None] Extension ecmp_routes not supported by any of loaded plugins
Jun 29 06:01:53.834405 np0000183452 devstack@neutron-api.service[103426]: DEBUG neutron.api.extensions [None req-58c168d0-b49f-4c9c-a669-4ac0d0de42fd None None] Loading extension file: empty_string_filtering.py {{(pid=103426) _load_all_extensions_from_path /opt/stack/neutron/neutron/api/extensions.py:449}}
Jun 29 06:01:53.834637 np0000183452 devstack@neutron-api.service[103426]: DEBUG neutron.api.extensions [None req-58c168d0-b49f-4c9c-a669-4ac0d0de42fd None None] Ext name="Empty String Filtering Extension" alias="empty-string-filtering" description="Allow filtering by attributes with empty string value" updated="2018-05-01T10:00:00-00:00" {{(pid=103426) _check_extension /opt/stack/neutron/neutron/api/extensions.py:415}}
Jun 29 06:01:53.834809 np0000183452 devstack@neutron-api.service[103426]: INFO neutron.api.extensions [None req-58c168d0-b49f-4c9c-a669-4ac0d0de42fd None None] Loaded extension: empty-string-filtering
Jun 29 06:01:53.834928 np0000183452 devstack@neutron-api.service[103426]: DEBUG neutron.api.extensions [None req-58c168d0-b49f-4c9c-a669-4ac0d0de42fd None None] Loading extension file: evpn.py {{(pid=103426) _load_all_extensions_from_path /opt/stack/neutron/neutron/api/extensions.py:449}}
Jun 29 06:01:53.835144 np0000183452 devstack@neutron-api.service[103426]: DEBUG neutron.api.extensions [None req-58c168d0-b49f-4c9c-a669-4ac0d0de42fd None None] Ext name="EVPN" alias="evpn" description="Router extension to support EVPN Type-5 route advertisement" updated="2026-04-28T00:00:00-00:00" {{(pid=103426) _check_extension /opt/stack/neutron/neutron/api/extensions.py:415}}
Jun 29 06:01:53.835313 np0000183452 devstack@neutron-api.service[103426]: INFO neutron.api.extensions [None req-58c168d0-b49f-4c9c-a669-4ac0d0de42fd None None] Extension evpn not supported by any of loaded plugins
Jun 29 06:01:53.835458 np0000183452 devstack@neutron-api.service[103426]: DEBUG neutron.api.extensions [None req-58c168d0-b49f-4c9c-a669-4ac0d0de42fd None None] Loading extension file: expose_l3_conntrack_helper.py {{(pid=103426) _load_all_extensions_from_path /opt/stack/neutron/neutron/api/extensions.py:449}}
Jun 29 06:01:53.835633 np0000183452 devstack@neutron-api.service[103426]: DEBUG neutron.api.extensions [None req-58c168d0-b49f-4c9c-a669-4ac0d0de42fd None None] Ext name="Expose CT target rules for conntrack helper" alias="expose-l3-conntrack-helper" description="Expose allow adding CT target rules for conntrack helper" updated="2019-04-04T10:00:00-00:00" {{(pid=103426) _check_extension /opt/stack/neutron/neutron/api/extensions.py:415}}
Jun 29 06:01:53.835802 np0000183452 devstack@neutron-api.service[103426]: INFO neutron.api.extensions [None req-58c168d0-b49f-4c9c-a669-4ac0d0de42fd None None] Extension expose-l3-conntrack-helper not supported by any of loaded plugins
Jun 29 06:01:53.835886 np0000183452 devstack@neutron-api.service[103426]: DEBUG neutron.api.extensions [None req-58c168d0-b49f-4c9c-a669-4ac0d0de42fd None None] Loading extension file: expose_port_forwarding_in_fip.py {{(pid=103426) _load_all_extensions_from_path /opt/stack/neutron/neutron/api/extensions.py:449}}
Jun 29 06:01:53.836134 np0000183452 devstack@neutron-api.service[103426]: DEBUG neutron.api.extensions [None req-58c168d0-b49f-4c9c-a669-4ac0d0de42fd None None] Ext name="Expose Floating IP port forwardings" alias="expose-port-forwarding-in-fip" description="Expose port forwarding fields in floating IP response" updated="2018-06-28T16:00:00-00:00" {{(pid=103426) _check_extension /opt/stack/neutron/neutron/api/extensions.py:415}}
Jun 29 06:01:53.836296 np0000183452 devstack@neutron-api.service[103426]: INFO neutron.api.extensions [None req-58c168d0-b49f-4c9c-a669-4ac0d0de42fd None None] Extension expose-port-forwarding-in-fip not supported by any of loaded plugins
Jun 29 06:01:53.836362 np0000183452 devstack@neutron-api.service[103426]: DEBUG neutron.api.extensions [None req-58c168d0-b49f-4c9c-a669-4ac0d0de42fd None None] Loading extension file: external_net.py {{(pid=103426) _load_all_extensions_from_path /opt/stack/neutron/neutron/api/extensions.py:449}}
Jun 29 06:01:53.836595 np0000183452 devstack@neutron-api.service[103426]: DEBUG neutron.api.extensions [None req-58c168d0-b49f-4c9c-a669-4ac0d0de42fd None None] Ext name="Neutron external network" alias="external-net" description="Adds external network attribute to network resource." updated="2013-01-14T10:00:00-00:00" {{(pid=103426) _check_extension /opt/stack/neutron/neutron/api/extensions.py:415}}
Jun 29 06:01:53.836764 np0000183452 devstack@neutron-api.service[103426]: INFO neutron.api.extensions [None req-58c168d0-b49f-4c9c-a669-4ac0d0de42fd None None] Loaded extension: external-net
Jun 29 06:01:53.836864 np0000183452 devstack@neutron-api.service[103426]: DEBUG neutron.api.extensions [None req-58c168d0-b49f-4c9c-a669-4ac0d0de42fd None None] Loading extension file: extra_dhcp_opt.py {{(pid=103426) _load_all_extensions_from_path /opt/stack/neutron/neutron/api/extensions.py:449}}
Jun 29 06:01:53.837073 np0000183452 devstack@neutron-api.service[103426]: DEBUG neutron.api.extensions [None req-58c168d0-b49f-4c9c-a669-4ac0d0de42fd None None] Ext name="Neutron Extra DHCP options" alias="extra_dhcp_opt" description="Extra options configuration for DHCP. For example PXE boot options to DHCP clients can be specified (e.g. tftp-server, server-ip-address, bootfile-name)" updated="2013-03-17T12:00:00-00:00" {{(pid=103426) _check_extension /opt/stack/neutron/neutron/api/extensions.py:415}}
Jun 29 06:01:53.837243 np0000183452 devstack@neutron-api.service[103426]: INFO neutron.api.extensions [None req-58c168d0-b49f-4c9c-a669-4ac0d0de42fd None None] Loaded extension: extra_dhcp_opt
Jun 29 06:01:53.837361 np0000183452 devstack@neutron-api.service[103426]: DEBUG neutron.api.extensions [None req-58c168d0-b49f-4c9c-a669-4ac0d0de42fd None None] Loading extension file: extraroute.py {{(pid=103426) _load_all_extensions_from_path /opt/stack/neutron/neutron/api/extensions.py:449}}
Jun 29 06:01:53.837599 np0000183452 devstack@neutron-api.service[103426]: DEBUG neutron.api.extensions [None req-58c168d0-b49f-4c9c-a669-4ac0d0de42fd None None] Ext name="Neutron Extra Route" alias="extraroute" description="Extra routes configuration for L3 router" updated="2013-02-01T10:00:00-00:00" {{(pid=103426) _check_extension /opt/stack/neutron/neutron/api/extensions.py:415}}
Jun 29 06:01:53.837761 np0000183452 devstack@neutron-api.service[103426]: INFO neutron.api.extensions [None req-58c168d0-b49f-4c9c-a669-4ac0d0de42fd None None] Loaded extension: extraroute
Jun 29 06:01:53.837843 np0000183452 devstack@neutron-api.service[103426]: DEBUG neutron.api.extensions [None req-58c168d0-b49f-4c9c-a669-4ac0d0de42fd None None] Loading extension file: extraroute_atomic.py {{(pid=103426) _load_all_extensions_from_path /opt/stack/neutron/neutron/api/extensions.py:449}}
Jun 29 06:01:53.838083 np0000183452 devstack@neutron-api.service[103426]: DEBUG neutron.api.extensions [None req-58c168d0-b49f-4c9c-a669-4ac0d0de42fd None None] Ext name="Atomically add/remove extra routes" alias="extraroute-atomic" description="Edit extra routes of a router on server side by atomically adding/removing extra routes" updated="2019-07-10T00:00:00+00:00" {{(pid=103426) _check_extension /opt/stack/neutron/neutron/api/extensions.py:415}}
Jun 29 06:01:53.838238 np0000183452 devstack@neutron-api.service[103426]: INFO neutron.api.extensions [None req-58c168d0-b49f-4c9c-a669-4ac0d0de42fd None None] Loaded extension: extraroute-atomic
Jun 29 06:01:53.838320 np0000183452 devstack@neutron-api.service[103426]: DEBUG neutron.api.extensions [None req-58c168d0-b49f-4c9c-a669-4ac0d0de42fd None None] Loading extension file: filter_validation.py {{(pid=103426) _load_all_extensions_from_path /opt/stack/neutron/neutron/api/extensions.py:449}}
Jun 29 06:01:53.838558 np0000183452 devstack@neutron-api.service[103426]: DEBUG neutron.api.extensions [None req-58c168d0-b49f-4c9c-a669-4ac0d0de42fd None None] Ext name="Filter parameters validation" alias="filter-validation" description="Provides validation on filter parameters." updated="2018-07-04T10:00:00-00:00" {{(pid=103426) _check_extension /opt/stack/neutron/neutron/api/extensions.py:415}}
Jun 29 06:01:53.838727 np0000183452 devstack@neutron-api.service[103426]: INFO neutron.api.extensions [None req-58c168d0-b49f-4c9c-a669-4ac0d0de42fd None None] Loaded extension: filter-validation
Jun 29 06:01:53.838840 np0000183452 devstack@neutron-api.service[103426]: DEBUG neutron.api.extensions [None req-58c168d0-b49f-4c9c-a669-4ac0d0de42fd None None] Loading extension file: fip_pf_description.py {{(pid=103426) _load_all_extensions_from_path /opt/stack/neutron/neutron/api/extensions.py:449}}
Jun 29 06:01:53.839061 np0000183452 devstack@neutron-api.service[103426]: DEBUG neutron.api.extensions [None req-58c168d0-b49f-4c9c-a669-4ac0d0de42fd None None] Ext name="Floating IP Port Forwarding new attribute description" alias="floating-ip-port-forwarding-description" description="Add a description field to Port Forwarding rules" updated="2019-11-01T10:00:00-00:00" {{(pid=103426) _check_extension /opt/stack/neutron/neutron/api/extensions.py:415}}
Jun 29 06:01:53.839221 np0000183452 devstack@neutron-api.service[103426]: INFO neutron.api.extensions [None req-58c168d0-b49f-4c9c-a669-4ac0d0de42fd None None] Extension floating-ip-port-forwarding-description not supported by any of loaded plugins
Jun 29 06:01:53.839305 np0000183452 devstack@neutron-api.service[103426]: DEBUG neutron.api.extensions [None req-58c168d0-b49f-4c9c-a669-4ac0d0de42fd None None] Loading extension file: fip_pf_detail.py {{(pid=103426) _load_all_extensions_from_path /opt/stack/neutron/neutron/api/extensions.py:449}}
Jun 29 06:01:53.839565 np0000183452 devstack@neutron-api.service[103426]: DEBUG neutron.api.extensions [None req-58c168d0-b49f-4c9c-a669-4ac0d0de42fd None None] Ext name="Floating IP port forwarding detail" alias="floating-ip-port-forwarding-detail" description="Allow list floating ip return more port forwarding data, include'id' and 'internal_port_id'" updated="2022-05-06T10:00:00-00:00" {{(pid=103426) _check_extension /opt/stack/neutron/neutron/api/extensions.py:415}}
Jun 29 06:01:53.839732 np0000183452 devstack@neutron-api.service[103426]: INFO neutron.api.extensions [None req-58c168d0-b49f-4c9c-a669-4ac0d0de42fd None None] Loaded extension: floating-ip-port-forwarding-detail
Jun 29 06:01:53.839818 np0000183452 devstack@neutron-api.service[103426]: DEBUG neutron.api.extensions [None req-58c168d0-b49f-4c9c-a669-4ac0d0de42fd None None] Loading extension file: fip_pf_port_range.py {{(pid=103426) _load_all_extensions_from_path /opt/stack/neutron/neutron/api/extensions.py:449}}
Jun 29 06:01:53.840001 np0000183452 devstack@neutron-api.service[103426]: DEBUG neutron.api.extensions [None req-58c168d0-b49f-4c9c-a669-4ac0d0de42fd None None] Ext name="Floating IP Port Forwarding support port ranges" alias="floating-ip-port-forwarding-port-ranges" description="Add support to port ranges" updated="2020-07-01T10:00:00-00:00" {{(pid=103426) _check_extension /opt/stack/neutron/neutron/api/extensions.py:415}}
Jun 29 06:01:53.840093 np0000183452 devstack@neutron-api.service[103427]: DEBUG neutron_lib.callbacks.manager [None req-2da45d1f-5425-4558-8cd1-b6df30c0e8b5 None None] Subscribe: > router before_delete 55550000, False {{(pid=103427) subscribe /opt/stack/data/venv/lib/python3.12/site-packages/neutron_lib/callbacks/manager.py:52}}
Jun 29 06:01:53.840184 np0000183452 devstack@neutron-api.service[103426]: INFO neutron.api.extensions [None req-58c168d0-b49f-4c9c-a669-4ac0d0de42fd None None] Extension floating-ip-port-forwarding-port-ranges not supported by any of loaded plugins
Jun 29 06:01:53.840253 np0000183452 devstack@neutron-api.service[103427]: DEBUG neutron_lib.callbacks.manager [None req-2da45d1f-5425-4558-8cd1-b6df30c0e8b5 None None] Subscribe: port before_update 55550000, False {{(pid=103427) subscribe /opt/stack/data/venv/lib/python3.12/site-packages/neutron_lib/callbacks/manager.py:52}}
Jun 29 06:01:53.840283 np0000183452 devstack@neutron-api.service[103426]: DEBUG neutron.api.extensions [None req-58c168d0-b49f-4c9c-a669-4ac0d0de42fd None None] Loading extension file: fip_port_details.py {{(pid=103426) _load_all_extensions_from_path /opt/stack/neutron/neutron/api/extensions.py:449}}
Jun 29 06:01:53.840366 np0000183452 devstack@neutron-api.service[103427]: DEBUG neutron_lib.callbacks.manager [None req-2da45d1f-5425-4558-8cd1-b6df30c0e8b5 None None] Subscribe: port after_update 55550000, False {{(pid=103427) subscribe /opt/stack/data/venv/lib/python3.12/site-packages/neutron_lib/callbacks/manager.py:52}}
Jun 29 06:01:53.840471 np0000183452 devstack@neutron-api.service[103427]: DEBUG neutron_lib.callbacks.manager [None req-2da45d1f-5425-4558-8cd1-b6df30c0e8b5 None None] Subscribe: > port precommit_delete 55550000, False {{(pid=103427) subscribe /opt/stack/data/venv/lib/python3.12/site-packages/neutron_lib/callbacks/manager.py:52}}
Jun 29 06:01:53.840558 np0000183452 devstack@neutron-api.service[103427]: DEBUG neutron_lib.callbacks.manager [None req-2da45d1f-5425-4558-8cd1-b6df30c0e8b5 None None] Subscribe: port before_update 55550000, False {{(pid=103427) subscribe /opt/stack/data/venv/lib/python3.12/site-packages/neutron_lib/callbacks/manager.py:52}}
Jun 29 06:01:53.840588 np0000183452 devstack@neutron-api.service[103426]: DEBUG neutron.api.extensions [None req-58c168d0-b49f-4c9c-a669-4ac0d0de42fd None None] Ext name="Floating IP Port Details Extension" alias="fip-port-details" description="Add port_details attribute to Floating IP resource" updated="2018-04-09T10:00:00-00:00" {{(pid=103426) _check_extension /opt/stack/neutron/neutron/api/extensions.py:415}}
Jun 29 06:01:53.840654 np0000183452 devstack@neutron-api.service[103427]: DEBUG neutron_lib.callbacks.manager [None req-2da45d1f-5425-4558-8cd1-b6df30c0e8b5 None None] Subscribe: port before_delete 55550000, False {{(pid=103427) subscribe /opt/stack/data/venv/lib/python3.12/site-packages/neutron_lib/callbacks/manager.py:52}}
Jun 29 06:01:53.840748 np0000183452 devstack@neutron-api.service[103426]: INFO neutron.api.extensions [None req-58c168d0-b49f-4c9c-a669-4ac0d0de42fd None None] Loaded extension: fip-port-details
Jun 29 06:01:53.840786 np0000183452 devstack@neutron-api.service[103427]: DEBUG neutron_lib.callbacks.manager [None req-2da45d1f-5425-4558-8cd1-b6df30c0e8b5 None None] Subscribe: > router precommit_create 55550000, False {{(pid=103427) subscribe /opt/stack/data/venv/lib/python3.12/site-packages/neutron_lib/callbacks/manager.py:52}}
Jun 29 06:01:53.840875 np0000183452 devstack@neutron-api.service[103426]: DEBUG neutron.api.extensions [None req-58c168d0-b49f-4c9c-a669-4ac0d0de42fd None None] Loading extension file: flavors.py {{(pid=103426) _load_all_extensions_from_path /opt/stack/neutron/neutron/api/extensions.py:449}}
Jun 29 06:01:53.840904 np0000183452 devstack@neutron-api.service[103427]: DEBUG neutron_lib.callbacks.manager [None req-2da45d1f-5425-4558-8cd1-b6df30c0e8b5 None None] Subscribe: > router precommit_create 55550000, False {{(pid=103427) subscribe /opt/stack/data/venv/lib/python3.12/site-packages/neutron_lib/callbacks/manager.py:52}}
Jun 29 06:01:53.840959 np0000183452 devstack@neutron-api.service[103427]: DEBUG neutron_lib.callbacks.manager [None req-2da45d1f-5425-4558-8cd1-b6df30c0e8b5 None None] Subscribe: > router precommit_update 55550000, False {{(pid=103427) subscribe /opt/stack/data/venv/lib/python3.12/site-packages/neutron_lib/callbacks/manager.py:52}}
Jun 29 06:01:53.841058 np0000183452 devstack@neutron-api.service[103427]: DEBUG neutron_lib.callbacks.manager [None req-2da45d1f-5425-4558-8cd1-b6df30c0e8b5 None None] Subscribe: subnet after_update 55550000, False {{(pid=103427) subscribe /opt/stack/data/venv/lib/python3.12/site-packages/neutron_lib/callbacks/manager.py:52}}
Jun 29 06:01:53.841095 np0000183452 devstack@neutron-api.service[103426]: DEBUG neutron.api.extensions [None req-58c168d0-b49f-4c9c-a669-4ac0d0de42fd None None] Ext name="Neutron Service Flavors" alias="flavors" description="Flavor specification for Neutron advanced services." updated="2015-09-17T10:00:00-00:00" {{(pid=103426) _check_extension /opt/stack/neutron/neutron/api/extensions.py:415}}
Jun 29 06:01:53.841269 np0000183452 devstack@neutron-api.service[103427]: DEBUG neutron.quota.resource_registry [None req-2da45d1f-5425-4558-8cd1-b6df30c0e8b5 None None] Tracking information for resource: router configured {{(pid=103427) set_tracked_resource /opt/stack/neutron/neutron/quota/resource_registry.py:203}}
Jun 29 06:01:53.841299 np0000183452 devstack@neutron-api.service[103426]: INFO neutron.api.extensions [None req-58c168d0-b49f-4c9c-a669-4ac0d0de42fd None None] Loaded extension: flavors
Jun 29 06:01:53.841330 np0000183452 devstack@neutron-api.service[103427]: DEBUG neutron.quota.resource_registry [None req-2da45d1f-5425-4558-8cd1-b6df30c0e8b5 None None] Tracking information for resource: floatingip configured {{(pid=103427) set_tracked_resource /opt/stack/neutron/neutron/quota/resource_registry.py:203}}
Jun 29 06:01:53.841388 np0000183452 devstack@neutron-api.service[103426]: DEBUG neutron.api.extensions [None req-58c168d0-b49f-4c9c-a669-4ac0d0de42fd None None] Loading extension file: floating_ip_port_forwarding.py {{(pid=103426) _load_all_extensions_from_path /opt/stack/neutron/neutron/api/extensions.py:449}}
Jun 29 06:01:53.841455 np0000183452 devstack@neutron-api.service[103427]: INFO neutron.services.ovn_l3.plugin [None req-2da45d1f-5425-4558-8cd1-b6df30c0e8b5 None None] Starting OVNL3RouterPlugin
Jun 29 06:01:53.841649 np0000183452 devstack@neutron-api.service[103427]: DEBUG neutron_lib.callbacks.manager [None req-2da45d1f-5425-4558-8cd1-b6df30c0e8b5 None None] Subscribe: > port_forwarding_plugin after_init 55550000, False {{(pid=103427) subscribe /opt/stack/data/venv/lib/python3.12/site-packages/neutron_lib/callbacks/manager.py:52}}
Jun 29 06:01:53.841732 np0000183452 devstack@neutron-api.service[103426]: DEBUG neutron.api.extensions [None req-58c168d0-b49f-4c9c-a669-4ac0d0de42fd None None] Ext name="Floating IP Port Forwarding" alias="floating-ip-port-forwarding" description="Allow port forwarding from floating IP port to an internal port" updated="2018-01-19T10:00:00-00:00" {{(pid=103426) _check_extension /opt/stack/neutron/neutron/api/extensions.py:415}}
Jun 29 06:01:53.841855 np0000183452 devstack@neutron-api.service[103427]: DEBUG neutron_lib.callbacks.manager [None req-2da45d1f-5425-4558-8cd1-b6df30c0e8b5 None None] Subscribe: > router before_create 55550100, False {{(pid=103427) subscribe /opt/stack/data/venv/lib/python3.12/site-packages/neutron_lib/callbacks/manager.py:52}}
Jun 29 06:01:53.841905 np0000183452 devstack@neutron-api.service[103426]: INFO neutron.api.extensions [None req-58c168d0-b49f-4c9c-a669-4ac0d0de42fd None None] Extension floating-ip-port-forwarding not supported by any of loaded plugins
Jun 29 06:01:53.841968 np0000183452 devstack@neutron-api.service[103427]: DEBUG neutron_lib.callbacks.manager [None req-2da45d1f-5425-4558-8cd1-b6df30c0e8b5 None None] Subscribe: > router precommit_delete 55550100, False {{(pid=103427) subscribe /opt/stack/data/venv/lib/python3.12/site-packages/neutron_lib/callbacks/manager.py:52}}
Jun 29 06:01:53.842002 np0000183452 devstack@neutron-api.service[103426]: DEBUG neutron.api.extensions [None req-58c168d0-b49f-4c9c-a669-4ac0d0de42fd None None] Loading extension file: floatingip_pools.py {{(pid=103426) _load_all_extensions_from_path /opt/stack/neutron/neutron/api/extensions.py:449}}
Jun 29 06:01:53.842093 np0000183452 devstack@neutron-api.service[103427]: DEBUG neutron_lib.callbacks.manager [None req-2da45d1f-5425-4558-8cd1-b6df30c0e8b5 None None] Subscribe: > router precommit_create 55550100, False {{(pid=103427) subscribe /opt/stack/data/venv/lib/python3.12/site-packages/neutron_lib/callbacks/manager.py:52}}
Jun 29 06:01:53.842180 np0000183452 devstack@neutron-api.service[103427]: DEBUG neutron_lib.callbacks.manager [None req-2da45d1f-5425-4558-8cd1-b6df30c0e8b5 None None] Subscribe: > router precommit_update 55550100, False {{(pid=103427) subscribe /opt/stack/data/venv/lib/python3.12/site-packages/neutron_lib/callbacks/manager.py:52}}
Jun 29 06:01:53.842262 np0000183452 devstack@neutron-api.service[103426]: DEBUG neutron.api.extensions [None req-58c168d0-b49f-4c9c-a669-4ac0d0de42fd None None] Ext name="Floating IP Pools Extension" alias="floatingip-pools" description="Provides a floating IP pools API." updated="2018-03-21T10:00:00-00:00" {{(pid=103426) _check_extension /opt/stack/neutron/neutron/api/extensions.py:415}}
Jun 29 06:01:53.842445 np0000183452 devstack@neutron-api.service[103426]: INFO neutron.api.extensions [None req-58c168d0-b49f-4c9c-a669-4ac0d0de42fd None None] Loaded extension: floatingip-pools
Jun 29 06:01:53.842533 np0000183452 devstack@neutron-api.service[103426]: DEBUG neutron.api.extensions [None req-58c168d0-b49f-4c9c-a669-4ac0d0de42fd None None] Loading extension file: ip_allocation.py {{(pid=103426) _load_all_extensions_from_path /opt/stack/neutron/neutron/api/extensions.py:449}}
Jun 29 06:01:53.842741 np0000183452 devstack@neutron-api.service[103426]: DEBUG neutron.api.extensions [None req-58c168d0-b49f-4c9c-a669-4ac0d0de42fd None None] Ext name="IP Allocation" alias="ip_allocation" description="IP allocation extension." updated="2016-06-10T23:00:00-00:00" {{(pid=103426) _check_extension /opt/stack/neutron/neutron/api/extensions.py:415}}
Jun 29 06:01:53.842908 np0000183452 devstack@neutron-api.service[103426]: INFO neutron.api.extensions [None req-58c168d0-b49f-4c9c-a669-4ac0d0de42fd None None] Extension ip_allocation not supported by any of loaded plugins
Jun 29 06:01:53.843050 np0000183452 devstack@neutron-api.service[103426]: DEBUG neutron.api.extensions [None req-58c168d0-b49f-4c9c-a669-4ac0d0de42fd None None] Loading extension file: ip_substring_port_filtering.py {{(pid=103426) _load_all_extensions_from_path /opt/stack/neutron/neutron/api/extensions.py:449}}
Jun 29 06:01:53.843255 np0000183452 devstack@neutron-api.service[103426]: DEBUG neutron.api.extensions [None req-58c168d0-b49f-4c9c-a669-4ac0d0de42fd None None] Ext name="IP address substring filtering" alias="ip-substring-filtering" description="Provides IP address substring filtering when listing ports" updated="2017-11-28T09:00:00-00:00" {{(pid=103426) _check_extension /opt/stack/neutron/neutron/api/extensions.py:415}}
Jun 29 06:01:53.843447 np0000183452 devstack@neutron-api.service[103426]: INFO neutron.api.extensions [None req-58c168d0-b49f-4c9c-a669-4ac0d0de42fd None None] Extension ip-substring-filtering not supported by any of loaded plugins
Jun 29 06:01:53.843587 np0000183452 devstack@neutron-api.service[103426]: DEBUG neutron.api.extensions [None req-58c168d0-b49f-4c9c-a669-4ac0d0de42fd None None] Loading extension file: l2_adjacency.py {{(pid=103426) _load_all_extensions_from_path /opt/stack/neutron/neutron/api/extensions.py:449}}
Jun 29 06:01:53.843825 np0000183452 devstack@neutron-api.service[103426]: DEBUG neutron.api.extensions [None req-58c168d0-b49f-4c9c-a669-4ac0d0de42fd None None] Ext name="L2 Adjacency" alias="l2_adjacency" description="Display L2 Adjacency for Neutron Networks." updated="2016-04-12T16:00:00-00:00" {{(pid=103426) _check_extension /opt/stack/neutron/neutron/api/extensions.py:415}}
Jun 29 06:01:53.843993 np0000183452 devstack@neutron-api.service[103426]: INFO neutron.api.extensions [None req-58c168d0-b49f-4c9c-a669-4ac0d0de42fd None None] Extension l2_adjacency not supported by any of loaded plugins
Jun 29 06:01:53.844081 np0000183452 devstack@neutron-api.service[103426]: DEBUG neutron.api.extensions [None req-58c168d0-b49f-4c9c-a669-4ac0d0de42fd None None] Loading extension file: l3.py {{(pid=103426) _load_all_extensions_from_path /opt/stack/neutron/neutron/api/extensions.py:449}}
Jun 29 06:01:53.844503 np0000183452 devstack@neutron-api.service[103426]: DEBUG neutron.api.extensions [None req-58c168d0-b49f-4c9c-a669-4ac0d0de42fd None None] Ext name="Neutron L3 Router" alias="router" description="Router abstraction for basic L3 forwarding between L2 Neutron networks and access to external networks via a NAT gateway." updated="2012-07-20T10:00:00-00:00" {{(pid=103426) _check_extension /opt/stack/neutron/neutron/api/extensions.py:415}}
Jun 29 06:01:53.844667 np0000183452 devstack@neutron-api.service[103426]: INFO neutron.api.extensions [None req-58c168d0-b49f-4c9c-a669-4ac0d0de42fd None None] Loaded extension: router
Jun 29 06:01:53.844763 np0000183452 devstack@neutron-api.service[103426]: DEBUG neutron.api.extensions [None req-58c168d0-b49f-4c9c-a669-4ac0d0de42fd None None] Loading extension file: l3_agent_scheduler_ha_chassis_priority.py {{(pid=103426) _load_all_extensions_from_path /opt/stack/neutron/neutron/api/extensions.py:449}}
Jun 29 06:01:53.845005 np0000183452 devstack@neutron-api.service[103426]: DEBUG neutron.api.extensions [None req-58c168d0-b49f-4c9c-a669-4ac0d0de42fd None None] Ext name="L3 Agent Scheduler HA Chassis Priority" alias="l3-agent-scheduler-ha-chassis-priority" description="Exposes the HA_Chassis priority in the L3 Agent Scheduler API responses and allows setting priority when scheduling a router to a chassis." updated="2026-03-31T00:00:00-00:00" {{(pid=103426) _check_extension /opt/stack/neutron/neutron/api/extensions.py:415}}
Jun 29 06:01:53.845153 np0000183452 devstack@neutron-api.service[103426]: INFO neutron.api.extensions [None req-58c168d0-b49f-4c9c-a669-4ac0d0de42fd None None] Loaded extension: l3-agent-scheduler-ha-chassis-priority
Jun 29 06:01:53.845247 np0000183452 devstack@neutron-api.service[103426]: DEBUG neutron.api.extensions [None req-58c168d0-b49f-4c9c-a669-4ac0d0de42fd None None] Loading extension file: l3_conntrack_helper.py {{(pid=103426) _load_all_extensions_from_path /opt/stack/neutron/neutron/api/extensions.py:449}}
