Sep 02 14:35:19.893361 np0000191838 devstack@n-api-meta.service[107516]: DEBUG nova.api.openstack.wsgi_app [None req-86800bb9-0d9e-4f71-abdc-005b3f4cfdb7 None None] oslo_messaging_rabbit.kombu_failover_strategy = round-robin {{(pid=107516) log_opt_values /opt/stack/data/venv/lib/python3.12/site-packages/oslo_config/cfg.py:3560}}
Sep 02 14:35:19.893545 np0000191838 devstack@n-api-meta.service[107516]: DEBUG nova.api.openstack.wsgi_app [None req-86800bb9-0d9e-4f71-abdc-005b3f4cfdb7 None None] oslo_messaging_rabbit.kombu_missing_consumer_retry_timeout = 60 {{(pid=107516) log_opt_values /opt/stack/data/venv/lib/python3.12/site-packages/oslo_config/cfg.py:3560}}
Sep 02 14:35:19.893686 np0000191838 devstack@n-api-meta.service[107516]: DEBUG nova.api.openstack.wsgi_app [None req-86800bb9-0d9e-4f71-abdc-005b3f4cfdb7 None None] oslo_messaging_rabbit.kombu_reconnect_delay = 1.0 {{(pid=107516) log_opt_values /opt/stack/data/venv/lib/python3.12/site-packages/oslo_config/cfg.py:3560}}
Sep 02 14:35:19.893810 np0000191838 devstack@n-api-meta.service[107516]: DEBUG nova.api.openstack.wsgi_app [None req-86800bb9-0d9e-4f71-abdc-005b3f4cfdb7 None None] oslo_messaging_rabbit.kombu_reconnect_splay = 0.0 {{(pid=107516) log_opt_values /opt/stack/data/venv/lib/python3.12/site-packages/oslo_config/cfg.py:3560}}
Sep 02 14:35:19.893937 np0000191838 devstack@n-api-meta.service[107516]: DEBUG nova.api.openstack.wsgi_app [None req-86800bb9-0d9e-4f71-abdc-005b3f4cfdb7 None None] oslo_messaging_rabbit.processname = uwsgi {{(pid=107516) log_opt_values /opt/stack/data/venv/lib/python3.12/site-packages/oslo_config/cfg.py:3560}}
Sep 02 14:35:19.894058 np0000191838 devstack@n-api-meta.service[107516]: DEBUG nova.api.openstack.wsgi_app [None req-86800bb9-0d9e-4f71-abdc-005b3f4cfdb7 None None] oslo_messaging_rabbit.rabbit_ha_queues = False {{(pid=107516) log_opt_values /opt/stack/data/venv/lib/python3.12/site-packages/oslo_config/cfg.py:3560}}
Sep 02 14:35:19.894226 np0000191838 devstack@n-api-meta.service[107516]: DEBUG nova.api.openstack.wsgi_app [None req-86800bb9-0d9e-4f71-abdc-005b3f4cfdb7 None None] oslo_messaging_rabbit.rabbit_interval_max = 30 {{(pid=107516) log_opt_values /opt/stack/data/venv/lib/python3.12/site-packages/oslo_config/cfg.py:3560}}
Sep 02 14:35:19.894389 np0000191838 devstack@n-api-meta.service[107516]: DEBUG nova.api.openstack.wsgi_app [None req-86800bb9-0d9e-4f71-abdc-005b3f4cfdb7 None None] oslo_messaging_rabbit.rabbit_login_method = AMQPLAIN {{(pid=107516) log_opt_values /opt/stack/data/venv/lib/python3.12/site-packages/oslo_config/cfg.py:3560}}
Sep 02 14:35:19.894565 np0000191838 devstack@n-api-meta.service[107516]: DEBUG nova.api.openstack.wsgi_app [None req-86800bb9-0d9e-4f71-abdc-005b3f4cfdb7 None None] oslo_messaging_rabbit.rabbit_qos_prefetch_count = 0 {{(pid=107516) log_opt_values /opt/stack/data/venv/lib/python3.12/site-packages/oslo_config/cfg.py:3560}}
Sep 02 14:35:19.894689 np0000191838 devstack@n-api-meta.service[107516]: DEBUG nova.api.openstack.wsgi_app [None req-86800bb9-0d9e-4f71-abdc-005b3f4cfdb7 None None] oslo_messaging_rabbit.rabbit_quorum_delivery_limit = 0 {{(pid=107516) log_opt_values /opt/stack/data/venv/lib/python3.12/site-packages/oslo_config/cfg.py:3560}}
Sep 02 14:35:19.894809 np0000191838 devstack@n-api-meta.service[107516]: DEBUG nova.api.openstack.wsgi_app [None req-86800bb9-0d9e-4f71-abdc-005b3f4cfdb7 None None] oslo_messaging_rabbit.rabbit_quorum_max_memory_bytes = 0 {{(pid=107516) log_opt_values /opt/stack/data/venv/lib/python3.12/site-packages/oslo_config/cfg.py:3560}}
Sep 02 14:35:19.894932 np0000191838 devstack@n-api-meta.service[107516]: DEBUG nova.api.openstack.wsgi_app [None req-86800bb9-0d9e-4f71-abdc-005b3f4cfdb7 None None] oslo_messaging_rabbit.rabbit_quorum_max_memory_length = 0 {{(pid=107516) log_opt_values /opt/stack/data/venv/lib/python3.12/site-packages/oslo_config/cfg.py:3560}}
Sep 02 14:35:19.895053 np0000191838 devstack@n-api-meta.service[107516]: DEBUG nova.api.openstack.wsgi_app [None req-86800bb9-0d9e-4f71-abdc-005b3f4cfdb7 None None] oslo_messaging_rabbit.rabbit_quorum_queue = False {{(pid=107516) log_opt_values /opt/stack/data/venv/lib/python3.12/site-packages/oslo_config/cfg.py:3560}}
Sep 02 14:35:19.895216 np0000191838 devstack@n-api-meta.service[107516]: DEBUG nova.api.openstack.wsgi_app [None req-86800bb9-0d9e-4f71-abdc-005b3f4cfdb7 None None] oslo_messaging_rabbit.rabbit_retry_backoff = 2 {{(pid=107516) log_opt_values /opt/stack/data/venv/lib/python3.12/site-packages/oslo_config/cfg.py:3560}}
Sep 02 14:35:19.895370 np0000191838 devstack@n-api-meta.service[107516]: DEBUG nova.api.openstack.wsgi_app [None req-86800bb9-0d9e-4f71-abdc-005b3f4cfdb7 None None] oslo_messaging_rabbit.rabbit_retry_interval = 1 {{(pid=107516) log_opt_values /opt/stack/data/venv/lib/python3.12/site-packages/oslo_config/cfg.py:3560}}
Sep 02 14:35:19.895537 np0000191838 devstack@n-api-meta.service[107516]: DEBUG nova.api.openstack.wsgi_app [None req-86800bb9-0d9e-4f71-abdc-005b3f4cfdb7 None None] oslo_messaging_rabbit.rabbit_stream_fanout = False {{(pid=107516) log_opt_values /opt/stack/data/venv/lib/python3.12/site-packages/oslo_config/cfg.py:3560}}
Sep 02 14:35:19.895660 np0000191838 devstack@n-api-meta.service[107516]: DEBUG nova.api.openstack.wsgi_app [None req-86800bb9-0d9e-4f71-abdc-005b3f4cfdb7 None None] oslo_messaging_rabbit.rabbit_transient_queues_ttl = 1800 {{(pid=107516) log_opt_values /opt/stack/data/venv/lib/python3.12/site-packages/oslo_config/cfg.py:3560}}
Sep 02 14:35:19.895778 np0000191838 devstack@n-api-meta.service[107516]: DEBUG nova.api.openstack.wsgi_app [None req-86800bb9-0d9e-4f71-abdc-005b3f4cfdb7 None None] oslo_messaging_rabbit.rabbit_transient_quorum_queue = False {{(pid=107516) log_opt_values /opt/stack/data/venv/lib/python3.12/site-packages/oslo_config/cfg.py:3560}}
Sep 02 14:35:19.895899 np0000191838 devstack@n-api-meta.service[107516]: DEBUG nova.api.openstack.wsgi_app [None req-86800bb9-0d9e-4f71-abdc-005b3f4cfdb7 None None] oslo_messaging_rabbit.rpc_conn_pool_size = 30 {{(pid=107516) log_opt_values /opt/stack/data/venv/lib/python3.12/site-packages/oslo_config/cfg.py:3560}}
Sep 02 14:35:19.896020 np0000191838 devstack@n-api-meta.service[107516]: DEBUG nova.api.openstack.wsgi_app [None req-86800bb9-0d9e-4f71-abdc-005b3f4cfdb7 None None] oslo_messaging_rabbit.ssl = False {{(pid=107516) log_opt_values /opt/stack/data/venv/lib/python3.12/site-packages/oslo_config/cfg.py:3560}}
Sep 02 14:35:19.896180 np0000191838 devstack@n-api-meta.service[107516]: DEBUG nova.api.openstack.wsgi_app [None req-86800bb9-0d9e-4f71-abdc-005b3f4cfdb7 None None] oslo_messaging_rabbit.ssl_ca_file = {{(pid=107516) log_opt_values /opt/stack/data/venv/lib/python3.12/site-packages/oslo_config/cfg.py:3560}}
Sep 02 14:35:19.896341 np0000191838 devstack@n-api-meta.service[107516]: DEBUG nova.api.openstack.wsgi_app [None req-86800bb9-0d9e-4f71-abdc-005b3f4cfdb7 None None] oslo_messaging_rabbit.ssl_cert_file = {{(pid=107516) log_opt_values /opt/stack/data/venv/lib/python3.12/site-packages/oslo_config/cfg.py:3560}}
Sep 02 14:35:19.896490 np0000191838 devstack@n-api-meta.service[107516]: DEBUG nova.api.openstack.wsgi_app [None req-86800bb9-0d9e-4f71-abdc-005b3f4cfdb7 None None] oslo_messaging_rabbit.ssl_enforce_fips_mode = False {{(pid=107516) log_opt_values /opt/stack/data/venv/lib/python3.12/site-packages/oslo_config/cfg.py:3560}}
Sep 02 14:35:19.896633 np0000191838 devstack@n-api-meta.service[107516]: DEBUG nova.api.openstack.wsgi_app [None req-86800bb9-0d9e-4f71-abdc-005b3f4cfdb7 None None] oslo_messaging_rabbit.ssl_enforce_hostname_verification = True {{(pid=107516) log_opt_values /opt/stack/data/venv/lib/python3.12/site-packages/oslo_config/cfg.py:3560}}
Sep 02 14:35:19.896758 np0000191838 devstack@n-api-meta.service[107516]: DEBUG nova.api.openstack.wsgi_app [None req-86800bb9-0d9e-4f71-abdc-005b3f4cfdb7 None None] oslo_messaging_rabbit.ssl_key_file = {{(pid=107516) log_opt_values /opt/stack/data/venv/lib/python3.12/site-packages/oslo_config/cfg.py:3560}}
Sep 02 14:35:19.896882 np0000191838 devstack@n-api-meta.service[107516]: DEBUG nova.api.openstack.wsgi_app [None req-86800bb9-0d9e-4f71-abdc-005b3f4cfdb7 None None] oslo_messaging_rabbit.ssl_version = {{(pid=107516) log_opt_values /opt/stack/data/venv/lib/python3.12/site-packages/oslo_config/cfg.py:3560}}
Sep 02 14:35:19.897003 np0000191838 devstack@n-api-meta.service[107516]: DEBUG nova.api.openstack.wsgi_app [None req-86800bb9-0d9e-4f71-abdc-005b3f4cfdb7 None None] oslo_messaging_rabbit.use_queue_manager = False {{(pid=107516) log_opt_values /opt/stack/data/venv/lib/python3.12/site-packages/oslo_config/cfg.py:3560}}
Sep 02 14:35:19.897174 np0000191838 devstack@n-api-meta.service[107516]: DEBUG nova.api.openstack.wsgi_app [None req-86800bb9-0d9e-4f71-abdc-005b3f4cfdb7 None None] oslo_messaging_notifications.driver = ['messagingv2'] {{(pid=107516) log_opt_values /opt/stack/data/venv/lib/python3.12/site-packages/oslo_config/cfg.py:3560}}
Sep 02 14:35:19.897333 np0000191838 devstack@n-api-meta.service[107516]: DEBUG nova.api.openstack.wsgi_app [None req-86800bb9-0d9e-4f71-abdc-005b3f4cfdb7 None None] oslo_messaging_notifications.retry = -1 {{(pid=107516) log_opt_values /opt/stack/data/venv/lib/python3.12/site-packages/oslo_config/cfg.py:3560}}
Sep 02 14:35:19.897510 np0000191838 devstack@n-api-meta.service[107516]: DEBUG nova.api.openstack.wsgi_app [None req-86800bb9-0d9e-4f71-abdc-005b3f4cfdb7 None None] oslo_messaging_notifications.topics = ['notifications'] {{(pid=107516) log_opt_values /opt/stack/data/venv/lib/python3.12/site-packages/oslo_config/cfg.py:3560}}
Sep 02 14:35:19.897645 np0000191838 devstack@n-api-meta.service[107516]: DEBUG nova.api.openstack.wsgi_app [None req-86800bb9-0d9e-4f71-abdc-005b3f4cfdb7 None None] oslo_messaging_notifications.transport_url = **** {{(pid=107516) log_opt_values /opt/stack/data/venv/lib/python3.12/site-packages/oslo_config/cfg.py:3560}}
Sep 02 14:35:19.897768 np0000191838 devstack@n-api-meta.service[107516]: DEBUG nova.api.openstack.wsgi_app [None req-86800bb9-0d9e-4f71-abdc-005b3f4cfdb7 None None] oslo_reports.file_event_handler = None {{(pid=107516) log_opt_values /opt/stack/data/venv/lib/python3.12/site-packages/oslo_config/cfg.py:3560}}
Sep 02 14:35:19.897889 np0000191838 devstack@n-api-meta.service[107516]: DEBUG nova.api.openstack.wsgi_app [None req-86800bb9-0d9e-4f71-abdc-005b3f4cfdb7 None None] oslo_reports.file_event_handler_interval = 1 {{(pid=107516) log_opt_values /opt/stack/data/venv/lib/python3.12/site-packages/oslo_config/cfg.py:3560}}
Sep 02 14:35:19.898010 np0000191838 devstack@n-api-meta.service[107516]: DEBUG nova.api.openstack.wsgi_app [None req-86800bb9-0d9e-4f71-abdc-005b3f4cfdb7 None None] oslo_reports.log_dir = None {{(pid=107516) log_opt_values /opt/stack/data/venv/lib/python3.12/site-packages/oslo_config/cfg.py:3560}}
Sep 02 14:35:19.898127 np0000191838 devstack@n-api-meta.service[107516]: DEBUG nova.api.openstack.wsgi_app [None req-86800bb9-0d9e-4f71-abdc-005b3f4cfdb7 None None] ******************************************************************************** {{(pid=107516) log_opt_values /opt/stack/data/venv/lib/python3.12/site-packages/oslo_config/cfg.py:3567}}
Sep 02 14:35:19.898274 np0000191838 devstack@n-api-meta.service[107516]: WSGI app 0 (mountpoint='') ready in 2 seconds on interpreter 0x7a9c284a4668 pid: 107516 (default app)
Sep 02 14:35:29.306447 np0000191838 devstack@n-api-meta.service[107514]: DEBUG dbcounter [-] [107514] Writing DB stats nova_api:SELECT=1 {{(pid=107514) stat_writer /opt/stack/data/venv/lib/python3.12/site-packages/dbcounter.py:115}}
Sep 02 14:35:29.444054 np0000191838 devstack@n-api-meta.service[107517]: DEBUG dbcounter [-] [107517] Writing DB stats nova_api:SELECT=1 {{(pid=107517) stat_writer /opt/stack/data/venv/lib/python3.12/site-packages/dbcounter.py:115}}
Sep 02 14:35:29.451456 np0000191838 devstack@n-api-meta.service[107515]: DEBUG dbcounter [-] [107515] Writing DB stats nova_api:SELECT=1 {{(pid=107515) stat_writer /opt/stack/data/venv/lib/python3.12/site-packages/dbcounter.py:115}}
Sep 02 14:35:29.465877 np0000191838 devstack@n-api-meta.service[107516]: DEBUG dbcounter [-] [107516] Writing DB stats nova_api:SELECT=1 {{(pid=107516) stat_writer /opt/stack/data/venv/lib/python3.12/site-packages/dbcounter.py:115}}
Sep 02 14:35:29.488892 np0000191838 devstack@n-api-meta.service[107514]: DEBUG dbcounter [-] [107514] Writing DB stats nova_cell1:SELECT=1 {{(pid=107514) stat_writer /opt/stack/data/venv/lib/python3.12/site-packages/dbcounter.py:115}}
Sep 02 14:35:29.494264 np0000191838 devstack@n-api-meta.service[107514]: DEBUG dbcounter [-] [107514] Writing DB stats nova_cell0:SELECT=1 {{(pid=107514) stat_writer /opt/stack/data/venv/lib/python3.12/site-packages/dbcounter.py:115}}
Sep 02 14:35:29.559832 np0000191838 devstack@n-api-meta.service[107514]: DEBUG dbcounter [-] [107514] Writing DB stats nova_cell0:SELECT=2,nova_cell0:INSERT=1 {{(pid=107514) stat_writer /opt/stack/data/venv/lib/python3.12/site-packages/dbcounter.py:115}}
Sep 02 14:35:29.623113 np0000191838 devstack@n-api-meta.service[107515]: DEBUG dbcounter [-] [107515] Writing DB stats nova_cell0:SELECT=1 {{(pid=107515) stat_writer /opt/stack/data/venv/lib/python3.12/site-packages/dbcounter.py:115}}
Sep 02 14:35:29.629957 np0000191838 devstack@n-api-meta.service[107517]: DEBUG dbcounter [-] [107517] Writing DB stats nova_cell1:SELECT=1 {{(pid=107517) stat_writer /opt/stack/data/venv/lib/python3.12/site-packages/dbcounter.py:115}}
Sep 02 14:35:29.636189 np0000191838 devstack@n-api-meta.service[107517]: DEBUG dbcounter [-] [107517] Writing DB stats nova_cell0:SELECT=1 {{(pid=107517) stat_writer /opt/stack/data/venv/lib/python3.12/site-packages/dbcounter.py:115}}
Sep 02 14:35:29.637641 np0000191838 devstack@n-api-meta.service[107515]: DEBUG dbcounter [-] [107515] Writing DB stats nova_cell1:SELECT=1 {{(pid=107515) stat_writer /opt/stack/data/venv/lib/python3.12/site-packages/dbcounter.py:115}}
Sep 02 14:35:29.667004 np0000191838 devstack@n-api-meta.service[107516]: DEBUG dbcounter [-] [107516] Writing DB stats nova_cell0:SELECT=1 {{(pid=107516) stat_writer /opt/stack/data/venv/lib/python3.12/site-packages/dbcounter.py:115}}
Sep 02 14:35:29.670261 np0000191838 devstack@n-api-meta.service[107516]: DEBUG dbcounter [-] [107516] Writing DB stats nova_cell1:SELECT=1 {{(pid=107516) stat_writer /opt/stack/data/venv/lib/python3.12/site-packages/dbcounter.py:115}}
Sep 02 14:35:29.683997 np0000191838 devstack@n-api-meta.service[107515]: DEBUG dbcounter [-] [107515] Writing DB stats nova_cell0:SELECT=1 {{(pid=107515) stat_writer /opt/stack/data/venv/lib/python3.12/site-packages/dbcounter.py:115}}
Sep 02 14:35:29.707185 np0000191838 devstack@n-api-meta.service[107517]: DEBUG dbcounter [-] [107517] Writing DB stats nova_cell0:SELECT=1 {{(pid=107517) stat_writer /opt/stack/data/venv/lib/python3.12/site-packages/dbcounter.py:115}}
Sep 02 14:35:29.725357 np0000191838 devstack@n-api-meta.service[107516]: DEBUG dbcounter [-] [107516] Writing DB stats nova_cell0:SELECT=1 {{(pid=107516) stat_writer /opt/stack/data/venv/lib/python3.12/site-packages/dbcounter.py:115}}
Sep 02 14:42:01.888343 np0000191838 devstack@n-api-meta.service[107514]: DEBUG nova.api.metadata.handler [None req-6f7c07d9-7b16-409b-ab7a-059e3e8ccaf0 None None] Metadata request headers: {'Host': '162.253.55.223:8775', 'User-Agent': 'python-requests/2.34.2', 'Accept-Encoding': 'gzip, deflate', 'Accept': '*/*', 'Connection': 'keep-alive', 'X-Forwarded-For': '192.168.24.99', 'X-Instance-Id': 'bdb706f6-bb59-4a8c-8363-ce7dcd3e12e7', 'X-Tenant-Id': '5d41d7abe313494d82516462d9fdddee', 'X-Instance-Id-Signature': 'd2d53df079ae5600cc0600ed5567452471dad2f93736056d33f70df8d4251489'} {{(pid=107514) __call__ /opt/stack/nova/nova/api/metadata/handler.py:109}}
Sep 02 14:42:01.909619 np0000191838 devstack@n-api-meta.service[107514]: DEBUG oslo_concurrency.lockutils [None req-db6d65ae-1461-419e-8f98-1e7f56cf7390 None None] Acquiring lock "329e6ca8-0597-49a9-b410-82eb72fa7f64" by "nova.context.set_target_cell..get_or_set_cached_cell_and_set_connections" {{(pid=107514) inner /opt/stack/data/venv/lib/python3.12/site-packages/oslo_concurrency/lockutils.py:512}}
Sep 02 14:42:01.909979 np0000191838 devstack@n-api-meta.service[107514]: DEBUG oslo_concurrency.lockutils [None req-db6d65ae-1461-419e-8f98-1e7f56cf7390 None None] Lock "329e6ca8-0597-49a9-b410-82eb72fa7f64" acquired by "nova.context.set_target_cell..get_or_set_cached_cell_and_set_connections" :: waited 0.001s {{(pid=107514) inner /opt/stack/data/venv/lib/python3.12/site-packages/oslo_concurrency/lockutils.py:525}}
Sep 02 14:42:01.910258 np0000191838 devstack@n-api-meta.service[107514]: DEBUG oslo_concurrency.lockutils [None req-db6d65ae-1461-419e-8f98-1e7f56cf7390 None None] Lock "329e6ca8-0597-49a9-b410-82eb72fa7f64" "released" by "nova.context.set_target_cell..get_or_set_cached_cell_and_set_connections" :: held 0.000s {{(pid=107514) inner /opt/stack/data/venv/lib/python3.12/site-packages/oslo_concurrency/lockutils.py:544}}
Sep 02 14:42:02.002066 np0000191838 devstack@n-api-meta.service[107514]: WARNING neutronclient.v2_0.client [None req-db6d65ae-1461-419e-8f98-1e7f56cf7390 None None] The python binding code in neutronclient is deprecated in favor of OpenstackSDK, please use that as this will be removed in a future release.
Sep 02 14:42:02.521203 np0000191838 devstack@n-api-meta.service[107514]: [pid: 107514|app: 0|req: 1/1] 162.253.55.223 () {40 vars in 641 bytes} [Wed Sep 2 14:42:01 2026] GET /openstack => generated 116 bytes in 634 msecs (HTTP/1.1 200) 3 headers in 100 bytes (1 switches on core 0)
Sep 02 14:42:02.536716 np0000191838 devstack@n-api-meta.service[107515]: DEBUG nova.api.metadata.handler [None req-95b9219c-24f3-4d74-bec1-00ab900a2ccf None None] Metadata request headers: {'Host': '162.253.55.223:8775', 'User-Agent': 'python-requests/2.34.2', 'Accept-Encoding': 'gzip, deflate', 'Accept': '*/*', 'Connection': 'keep-alive', 'X-Forwarded-For': '192.168.24.99', 'X-Instance-Id': 'bdb706f6-bb59-4a8c-8363-ce7dcd3e12e7', 'X-Tenant-Id': '5d41d7abe313494d82516462d9fdddee', 'X-Instance-Id-Signature': 'd2d53df079ae5600cc0600ed5567452471dad2f93736056d33f70df8d4251489'} {{(pid=107515) __call__ /opt/stack/nova/nova/api/metadata/handler.py:109}}
Sep 02 14:42:02.542963 np0000191838 devstack@n-api-meta.service[107515]: DEBUG nova.api.metadata.handler [None req-95b9219c-24f3-4d74-bec1-00ab900a2ccf None None] Using cached metadata for instance bdb706f6-bb59-4a8c-8363-ce7dcd3e12e7 {{(pid=107515) get_metadata_by_instance_id /opt/stack/nova/nova/api/metadata/handler.py:84}}
Sep 02 14:42:02.543741 np0000191838 devstack@n-api-meta.service[107515]: [pid: 107515|app: 0|req: 1/2] 162.253.55.223 () {40 vars in 642 bytes} [Wed Sep 2 14:42:02 2026] GET /openstack => generated 116 bytes in 9 msecs (HTTP/1.1 200) 3 headers in 100 bytes (1 switches on core 0)
Sep 02 14:42:02.557643 np0000191838 devstack@n-api-meta.service[107517]: DEBUG nova.api.metadata.handler [None req-38c8e542-e1a2-4085-bc1b-2509e96804e7 None None] Metadata request headers: {'Host': '162.253.55.223:8775', 'User-Agent': 'python-requests/2.34.2', 'Accept-Encoding': 'gzip, deflate', 'Accept': '*/*', 'Connection': 'keep-alive', 'X-Forwarded-For': '192.168.24.99', 'X-Instance-Id': 'bdb706f6-bb59-4a8c-8363-ce7dcd3e12e7', 'X-Tenant-Id': '5d41d7abe313494d82516462d9fdddee', 'X-Instance-Id-Signature': 'd2d53df079ae5600cc0600ed5567452471dad2f93736056d33f70df8d4251489'} {{(pid=107517) __call__ /opt/stack/nova/nova/api/metadata/handler.py:109}}
Sep 02 14:42:02.566639 np0000191838 devstack@n-api-meta.service[107517]: DEBUG nova.api.metadata.handler [None req-38c8e542-e1a2-4085-bc1b-2509e96804e7 None None] Using cached metadata for instance bdb706f6-bb59-4a8c-8363-ce7dcd3e12e7 {{(pid=107517) get_metadata_by_instance_id /opt/stack/nova/nova/api/metadata/handler.py:84}}
Sep 02 14:42:02.568194 np0000191838 devstack@n-api-meta.service[107517]: [pid: 107517|app: 0|req: 1/3] 162.253.55.223 () {40 vars in 694 bytes} [Wed Sep 2 14:42:02 2026] GET /openstack/2018-08-27/meta_data.json => generated 946 bytes in 12 msecs (HTTP/1.1 200) 3 headers in 91 bytes (1 switches on core 0)
Sep 02 14:42:02.578633 np0000191838 devstack@n-api-meta.service[107516]: DEBUG nova.api.metadata.handler [None req-86800bb9-0d9e-4f71-abdc-005b3f4cfdb7 None None] Metadata request headers: {'Host': '162.253.55.223:8775', 'User-Agent': 'python-requests/2.34.2', 'Accept-Encoding': 'gzip, deflate', 'Accept': '*/*', 'Connection': 'keep-alive', 'X-Forwarded-For': '192.168.24.99', 'X-Instance-Id': 'bdb706f6-bb59-4a8c-8363-ce7dcd3e12e7', 'X-Tenant-Id': '5d41d7abe313494d82516462d9fdddee', 'X-Instance-Id-Signature': 'd2d53df079ae5600cc0600ed5567452471dad2f93736056d33f70df8d4251489'} {{(pid=107516) __call__ /opt/stack/nova/nova/api/metadata/handler.py:109}}
Sep 02 14:42:02.583037 np0000191838 devstack@n-api-meta.service[107516]: DEBUG nova.api.metadata.handler [None req-86800bb9-0d9e-4f71-abdc-005b3f4cfdb7 None None] Using cached metadata for instance bdb706f6-bb59-4a8c-8363-ce7dcd3e12e7 {{(pid=107516) get_metadata_by_instance_id /opt/stack/nova/nova/api/metadata/handler.py:84}}
Sep 02 14:42:02.583617 np0000191838 devstack@n-api-meta.service[107516]: [pid: 107516|app: 0|req: 1/4] 162.253.55.223 () {40 vars in 684 bytes} [Wed Sep 2 14:42:02 2026] GET /openstack/2018-08-27/user_data => generated 26377 bytes in 6 msecs (HTTP/1.1 200) 3 headers in 102 bytes (1 switches on core 0)
Sep 02 14:42:02.596035 np0000191838 devstack@n-api-meta.service[107514]: DEBUG nova.api.metadata.handler [None req-db6d65ae-1461-419e-8f98-1e7f56cf7390 None None] Metadata request headers: {'Host': '162.253.55.223:8775', 'User-Agent': 'python-requests/2.34.2', 'Accept-Encoding': 'gzip, deflate', 'Accept': '*/*', 'Connection': 'keep-alive', 'X-Forwarded-For': '192.168.24.99', 'X-Instance-Id': 'bdb706f6-bb59-4a8c-8363-ce7dcd3e12e7', 'X-Tenant-Id': '5d41d7abe313494d82516462d9fdddee', 'X-Instance-Id-Signature': 'd2d53df079ae5600cc0600ed5567452471dad2f93736056d33f70df8d4251489'} {{(pid=107514) __call__ /opt/stack/nova/nova/api/metadata/handler.py:109}}
Sep 02 14:42:02.599142 np0000191838 devstack@n-api-meta.service[107514]: DEBUG nova.api.metadata.handler [None req-db6d65ae-1461-419e-8f98-1e7f56cf7390 None None] Using cached metadata for instance bdb706f6-bb59-4a8c-8363-ce7dcd3e12e7 {{(pid=107514) get_metadata_by_instance_id /opt/stack/nova/nova/api/metadata/handler.py:84}}
Sep 02 14:42:02.599983 np0000191838 devstack@n-api-meta.service[107514]: [pid: 107514|app: 0|req: 2/5] 162.253.55.223 () {40 vars in 698 bytes} [Wed Sep 2 14:42:02 2026] GET /openstack/2018-08-27/vendor_data.json => generated 2 bytes in 5 msecs (HTTP/1.1 200) 3 headers in 89 bytes (1 switches on core 0)
Sep 02 14:42:02.609882 np0000191838 devstack@n-api-meta.service[107515]: DEBUG nova.api.metadata.handler [None req-95b9219c-24f3-4d74-bec1-00ab900a2ccf None None] Metadata request headers: {'Host': '162.253.55.223:8775', 'User-Agent': 'python-requests/2.34.2', 'Accept-Encoding': 'gzip, deflate', 'Accept': '*/*', 'Connection': 'keep-alive', 'X-Forwarded-For': '192.168.24.99', 'X-Instance-Id': 'bdb706f6-bb59-4a8c-8363-ce7dcd3e12e7', 'X-Tenant-Id': '5d41d7abe313494d82516462d9fdddee', 'X-Instance-Id-Signature': 'd2d53df079ae5600cc0600ed5567452471dad2f93736056d33f70df8d4251489'} {{(pid=107515) __call__ /opt/stack/nova/nova/api/metadata/handler.py:109}}
Sep 02 14:42:02.611990 np0000191838 devstack@n-api-meta.service[107515]: DEBUG nova.api.metadata.handler [None req-95b9219c-24f3-4d74-bec1-00ab900a2ccf None None] Using cached metadata for instance bdb706f6-bb59-4a8c-8363-ce7dcd3e12e7 {{(pid=107515) get_metadata_by_instance_id /opt/stack/nova/nova/api/metadata/handler.py:84}}
Sep 02 14:42:02.612836 np0000191838 devstack@n-api-meta.service[107515]: [pid: 107515|app: 0|req: 2/6] 162.253.55.223 () {40 vars in 700 bytes} [Wed Sep 2 14:42:02 2026] GET /openstack/2018-08-27/vendor_data2.json => generated 14 bytes in 4 msecs (HTTP/1.1 200) 3 headers in 90 bytes (1 switches on core 0)
Sep 02 14:42:02.622149 np0000191838 devstack@n-api-meta.service[107517]: DEBUG nova.api.metadata.handler [None req-38c8e542-e1a2-4085-bc1b-2509e96804e7 None None] Metadata request headers: {'Host': '162.253.55.223:8775', 'User-Agent': 'python-requests/2.34.2', 'Accept-Encoding': 'gzip, deflate', 'Accept': '*/*', 'Connection': 'keep-alive', 'X-Forwarded-For': '192.168.24.99', 'X-Instance-Id': 'bdb706f6-bb59-4a8c-8363-ce7dcd3e12e7', 'X-Tenant-Id': '5d41d7abe313494d82516462d9fdddee', 'X-Instance-Id-Signature': 'd2d53df079ae5600cc0600ed5567452471dad2f93736056d33f70df8d4251489'} {{(pid=107517) __call__ /opt/stack/nova/nova/api/metadata/handler.py:109}}
Sep 02 14:42:02.624481 np0000191838 devstack@n-api-meta.service[107517]: DEBUG nova.api.metadata.handler [None req-38c8e542-e1a2-4085-bc1b-2509e96804e7 None None] Using cached metadata for instance bdb706f6-bb59-4a8c-8363-ce7dcd3e12e7 {{(pid=107517) get_metadata_by_instance_id /opt/stack/nova/nova/api/metadata/handler.py:84}}
Sep 02 14:42:02.625117 np0000191838 devstack@n-api-meta.service[107517]: [pid: 107517|app: 0|req: 2/7] 162.253.55.223 () {40 vars in 700 bytes} [Wed Sep 2 14:42:02 2026] GET /openstack/2018-08-27/network_data.json => generated 348 bytes in 3 msecs (HTTP/1.1 200) 3 headers in 100 bytes (1 switches on core 0)
Sep 02 14:42:02.633553 np0000191838 devstack@n-api-meta.service[107516]: DEBUG nova.api.metadata.handler [None req-86800bb9-0d9e-4f71-abdc-005b3f4cfdb7 None None] Metadata request headers: {'Host': '162.253.55.223:8775', 'User-Agent': 'python-requests/2.34.2', 'Accept-Encoding': 'gzip, deflate', 'Accept': '*/*', 'Connection': 'keep-alive', 'X-Forwarded-For': '192.168.24.99', 'X-Instance-Id': 'bdb706f6-bb59-4a8c-8363-ce7dcd3e12e7', 'X-Tenant-Id': '5d41d7abe313494d82516462d9fdddee', 'X-Instance-Id-Signature': 'd2d53df079ae5600cc0600ed5567452471dad2f93736056d33f70df8d4251489'} {{(pid=107516) __call__ /opt/stack/nova/nova/api/metadata/handler.py:109}}
Sep 02 14:42:02.635761 np0000191838 devstack@n-api-meta.service[107516]: DEBUG nova.api.metadata.handler [None req-86800bb9-0d9e-4f71-abdc-005b3f4cfdb7 None None] Using cached metadata for instance bdb706f6-bb59-4a8c-8363-ce7dcd3e12e7 {{(pid=107516) get_metadata_by_instance_id /opt/stack/nova/nova/api/metadata/handler.py:84}}
Sep 02 14:42:02.636461 np0000191838 devstack@n-api-meta.service[107516]: [pid: 107516|app: 0|req: 2/8] 162.253.55.223 () {40 vars in 658 bytes} [Wed Sep 2 14:42:02 2026] GET /latest/meta-data/ => generated 210 bytes in 3 msecs (HTTP/1.1 200) 3 headers in 100 bytes (1 switches on core 0)
Sep 02 14:42:02.644948 np0000191838 devstack@n-api-meta.service[107514]: DEBUG nova.api.metadata.handler [None req-db6d65ae-1461-419e-8f98-1e7f56cf7390 None None] Metadata request headers: {'Host': '162.253.55.223:8775', 'User-Agent': 'python-requests/2.34.2', 'Accept-Encoding': 'gzip, deflate', 'Accept': '*/*', 'Connection': 'keep-alive', 'X-Forwarded-For': '192.168.24.99', 'X-Instance-Id': 'bdb706f6-bb59-4a8c-8363-ce7dcd3e12e7', 'X-Tenant-Id': '5d41d7abe313494d82516462d9fdddee', 'X-Instance-Id-Signature': 'd2d53df079ae5600cc0600ed5567452471dad2f93736056d33f70df8d4251489'} {{(pid=107514) __call__ /opt/stack/nova/nova/api/metadata/handler.py:109}}
Sep 02 14:42:02.646881 np0000191838 devstack@n-api-meta.service[107514]: DEBUG nova.api.metadata.handler [None req-db6d65ae-1461-419e-8f98-1e7f56cf7390 None None] Using cached metadata for instance bdb706f6-bb59-4a8c-8363-ce7dcd3e12e7 {{(pid=107514) get_metadata_by_instance_id /opt/stack/nova/nova/api/metadata/handler.py:84}}
Sep 02 14:42:02.647595 np0000191838 devstack@n-api-meta.service[107514]: [pid: 107514|app: 0|req: 3/9] 162.253.55.223 () {40 vars in 700 bytes} [Wed Sep 2 14:42:02 2026] GET /latest/meta-data/block-device-mapping/ => generated 8 bytes in 3 msecs (HTTP/1.1 200) 3 headers in 98 bytes (1 switches on core 0)
Sep 02 14:42:02.655357 np0000191838 devstack@n-api-meta.service[107515]: DEBUG nova.api.metadata.handler [None req-95b9219c-24f3-4d74-bec1-00ab900a2ccf None None] Metadata request headers: {'Host': '162.253.55.223:8775', 'User-Agent': 'python-requests/2.34.2', 'Accept-Encoding': 'gzip, deflate', 'Accept': '*/*', 'Connection': 'keep-alive', 'X-Forwarded-For': '192.168.24.99', 'X-Instance-Id': 'bdb706f6-bb59-4a8c-8363-ce7dcd3e12e7', 'X-Tenant-Id': '5d41d7abe313494d82516462d9fdddee', 'X-Instance-Id-Signature': 'd2d53df079ae5600cc0600ed5567452471dad2f93736056d33f70df8d4251489'} {{(pid=107515) __call__ /opt/stack/nova/nova/api/metadata/handler.py:109}}
Sep 02 14:42:02.657170 np0000191838 devstack@n-api-meta.service[107515]: DEBUG nova.api.metadata.handler [None req-95b9219c-24f3-4d74-bec1-00ab900a2ccf None None] Using cached metadata for instance bdb706f6-bb59-4a8c-8363-ce7dcd3e12e7 {{(pid=107515) get_metadata_by_instance_id /opt/stack/nova/nova/api/metadata/handler.py:84}}
Sep 02 14:42:02.657717 np0000191838 devstack@n-api-meta.service[107515]: [pid: 107515|app: 0|req: 3/10] 162.253.55.223 () {40 vars in 706 bytes} [Wed Sep 2 14:42:02 2026] GET /latest/meta-data/block-device-mapping/ami => generated 3 bytes in 3 msecs (HTTP/1.1 200) 3 headers in 98 bytes (1 switches on core 0)
Sep 02 14:42:02.667399 np0000191838 devstack@n-api-meta.service[107517]: DEBUG nova.api.metadata.handler [None req-38c8e542-e1a2-4085-bc1b-2509e96804e7 None None] Metadata request headers: {'Host': '162.253.55.223:8775', 'User-Agent': 'python-requests/2.34.2', 'Accept-Encoding': 'gzip, deflate', 'Accept': '*/*', 'Connection': 'keep-alive', 'X-Forwarded-For': '192.168.24.99', 'X-Instance-Id': 'bdb706f6-bb59-4a8c-8363-ce7dcd3e12e7', 'X-Tenant-Id': '5d41d7abe313494d82516462d9fdddee', 'X-Instance-Id-Signature': 'd2d53df079ae5600cc0600ed5567452471dad2f93736056d33f70df8d4251489'} {{(pid=107517) __call__ /opt/stack/nova/nova/api/metadata/handler.py:109}}
Sep 02 14:42:02.670285 np0000191838 devstack@n-api-meta.service[107517]: DEBUG nova.api.metadata.handler [None req-38c8e542-e1a2-4085-bc1b-2509e96804e7 None None] Using cached metadata for instance bdb706f6-bb59-4a8c-8363-ce7dcd3e12e7 {{(pid=107517) get_metadata_by_instance_id /opt/stack/nova/nova/api/metadata/handler.py:84}}
Sep 02 14:42:02.671059 np0000191838 devstack@n-api-meta.service[107517]: [pid: 107517|app: 0|req: 3/11] 162.253.55.223 () {40 vars in 708 bytes} [Wed Sep 2 14:42:02 2026] GET /latest/meta-data/block-device-mapping/root => generated 8 bytes in 4 msecs (HTTP/1.1 200) 3 headers in 98 bytes (1 switches on core 0)
Sep 02 14:42:02.681631 np0000191838 devstack@n-api-meta.service[107516]: DEBUG nova.api.metadata.handler [None req-86800bb9-0d9e-4f71-abdc-005b3f4cfdb7 None None] Metadata request headers: {'Host': '162.253.55.223:8775', 'User-Agent': 'python-requests/2.34.2', 'Accept-Encoding': 'gzip, deflate', 'Accept': '*/*', 'Connection': 'keep-alive', 'X-Forwarded-For': '192.168.24.99', 'X-Instance-Id': 'bdb706f6-bb59-4a8c-8363-ce7dcd3e12e7', 'X-Tenant-Id': '5d41d7abe313494d82516462d9fdddee', 'X-Instance-Id-Signature': 'd2d53df079ae5600cc0600ed5567452471dad2f93736056d33f70df8d4251489'} {{(pid=107516) __call__ /opt/stack/nova/nova/api/metadata/handler.py:109}}
Sep 02 14:42:02.684947 np0000191838 devstack@n-api-meta.service[107516]: DEBUG nova.api.metadata.handler [None req-86800bb9-0d9e-4f71-abdc-005b3f4cfdb7 None None] Using cached metadata for instance bdb706f6-bb59-4a8c-8363-ce7dcd3e12e7 {{(pid=107516) get_metadata_by_instance_id /opt/stack/nova/nova/api/metadata/handler.py:84}}
Sep 02 14:42:02.685708 np0000191838 devstack@n-api-meta.service[107516]: [pid: 107516|app: 0|req: 3/12] 162.253.55.223 () {40 vars in 678 bytes} [Wed Sep 2 14:42:02 2026] GET /latest/meta-data/placement/ => generated 17 bytes in 5 msecs (HTTP/1.1 200) 3 headers in 99 bytes (1 switches on core 0)
Sep 02 14:42:02.695224 np0000191838 devstack@n-api-meta.service[107514]: DEBUG nova.api.metadata.handler [None req-db6d65ae-1461-419e-8f98-1e7f56cf7390 None None] Metadata request headers: {'Host': '162.253.55.223:8775', 'User-Agent': 'python-requests/2.34.2', 'Accept-Encoding': 'gzip, deflate', 'Accept': '*/*', 'Connection': 'keep-alive', 'X-Forwarded-For': '192.168.24.99', 'X-Instance-Id': 'bdb706f6-bb59-4a8c-8363-ce7dcd3e12e7', 'X-Tenant-Id': '5d41d7abe313494d82516462d9fdddee', 'X-Instance-Id-Signature': 'd2d53df079ae5600cc0600ed5567452471dad2f93736056d33f70df8d4251489'} {{(pid=107514) __call__ /opt/stack/nova/nova/api/metadata/handler.py:109}}
Sep 02 14:42:02.698811 np0000191838 devstack@n-api-meta.service[107514]: DEBUG nova.api.metadata.handler [None req-db6d65ae-1461-419e-8f98-1e7f56cf7390 None None] Using cached metadata for instance bdb706f6-bb59-4a8c-8363-ce7dcd3e12e7 {{(pid=107514) get_metadata_by_instance_id /opt/stack/nova/nova/api/metadata/handler.py:84}}
Sep 02 14:42:02.699929 np0000191838 devstack@n-api-meta.service[107514]: [pid: 107514|app: 0|req: 4/13] 162.253.55.223 () {40 vars in 712 bytes} [Wed Sep 2 14:42:02 2026] GET /latest/meta-data/placement/availability-zone => generated 4 bytes in 6 msecs (HTTP/1.1 200) 3 headers in 98 bytes (1 switches on core 0)
Sep 02 14:42:02.708707 np0000191838 devstack@n-api-meta.service[107515]: DEBUG nova.api.metadata.handler [None req-95b9219c-24f3-4d74-bec1-00ab900a2ccf None None] Metadata request headers: {'Host': '162.253.55.223:8775', 'User-Agent': 'python-requests/2.34.2', 'Accept-Encoding': 'gzip, deflate', 'Accept': '*/*', 'Connection': 'keep-alive', 'X-Forwarded-For': '192.168.24.99', 'X-Instance-Id': 'bdb706f6-bb59-4a8c-8363-ce7dcd3e12e7', 'X-Tenant-Id': '5d41d7abe313494d82516462d9fdddee', 'X-Instance-Id-Signature': 'd2d53df079ae5600cc0600ed5567452471dad2f93736056d33f70df8d4251489'} {{(pid=107515) __call__ /opt/stack/nova/nova/api/metadata/handler.py:109}}
Sep 02 14:42:02.710400 np0000191838 devstack@n-api-meta.service[107515]: DEBUG nova.api.metadata.handler [None req-95b9219c-24f3-4d74-bec1-00ab900a2ccf None None] Using cached metadata for instance bdb706f6-bb59-4a8c-8363-ce7dcd3e12e7 {{(pid=107515) get_metadata_by_instance_id /opt/stack/nova/nova/api/metadata/handler.py:84}}
Sep 02 14:42:02.710848 np0000191838 devstack@n-api-meta.service[107515]: [pid: 107515|app: 0|req: 4/14] 162.253.55.223 () {40 vars in 670 bytes} [Wed Sep 2 14:42:02 2026] GET /latest/meta-data/ami-id => generated 12 bytes in 3 msecs (HTTP/1.1 200) 3 headers in 99 bytes (1 switches on core 0)
Sep 02 14:42:02.718941 np0000191838 devstack@n-api-meta.service[107517]: DEBUG nova.api.metadata.handler [None req-38c8e542-e1a2-4085-bc1b-2509e96804e7 None None] Metadata request headers: {'Host': '162.253.55.223:8775', 'User-Agent': 'python-requests/2.34.2', 'Accept-Encoding': 'gzip, deflate', 'Accept': '*/*', 'Connection': 'keep-alive', 'X-Forwarded-For': '192.168.24.99', 'X-Instance-Id': 'bdb706f6-bb59-4a8c-8363-ce7dcd3e12e7', 'X-Tenant-Id': '5d41d7abe313494d82516462d9fdddee', 'X-Instance-Id-Signature': 'd2d53df079ae5600cc0600ed5567452471dad2f93736056d33f70df8d4251489'} {{(pid=107517) __call__ /opt/stack/nova/nova/api/metadata/handler.py:109}}
Sep 02 14:42:02.724526 np0000191838 devstack@n-api-meta.service[107517]: DEBUG nova.api.metadata.handler [None req-38c8e542-e1a2-4085-bc1b-2509e96804e7 None None] Using cached metadata for instance bdb706f6-bb59-4a8c-8363-ce7dcd3e12e7 {{(pid=107517) get_metadata_by_instance_id /opt/stack/nova/nova/api/metadata/handler.py:84}}
Sep 02 14:42:02.725282 np0000191838 devstack@n-api-meta.service[107517]: [pid: 107517|app: 0|req: 4/15] 162.253.55.223 () {40 vars in 690 bytes} [Wed Sep 2 14:42:02 2026] GET /latest/meta-data/ami-launch-index => generated 1 bytes in 7 msecs (HTTP/1.1 200) 3 headers in 98 bytes (1 switches on core 0)
Sep 02 14:42:02.734915 np0000191838 devstack@n-api-meta.service[107516]: DEBUG nova.api.metadata.handler [None req-86800bb9-0d9e-4f71-abdc-005b3f4cfdb7 None None] Metadata request headers: {'Host': '162.253.55.223:8775', 'User-Agent': 'python-requests/2.34.2', 'Accept-Encoding': 'gzip, deflate', 'Accept': '*/*', 'Connection': 'keep-alive', 'X-Forwarded-For': '192.168.24.99', 'X-Instance-Id': 'bdb706f6-bb59-4a8c-8363-ce7dcd3e12e7', 'X-Tenant-Id': '5d41d7abe313494d82516462d9fdddee', 'X-Instance-Id-Signature': 'd2d53df079ae5600cc0600ed5567452471dad2f93736056d33f70df8d4251489'} {{(pid=107516) __call__ /opt/stack/nova/nova/api/metadata/handler.py:109}}
Sep 02 14:42:02.739122 np0000191838 devstack@n-api-meta.service[107516]: DEBUG nova.api.metadata.handler [None req-86800bb9-0d9e-4f71-abdc-005b3f4cfdb7 None None] Using cached metadata for instance bdb706f6-bb59-4a8c-8363-ce7dcd3e12e7 {{(pid=107516) get_metadata_by_instance_id /opt/stack/nova/nova/api/metadata/handler.py:84}}
Sep 02 14:42:02.740304 np0000191838 devstack@n-api-meta.service[107516]: [pid: 107516|app: 0|req: 4/16] 162.253.55.223 () {40 vars in 692 bytes} [Wed Sep 2 14:42:02 2026] GET /latest/meta-data/ami-manifest-path => generated 5 bytes in 7 msecs (HTTP/1.1 200) 3 headers in 98 bytes (1 switches on core 0)
Sep 02 14:42:02.754188 np0000191838 devstack@n-api-meta.service[107514]: DEBUG nova.api.metadata.handler [None req-db6d65ae-1461-419e-8f98-1e7f56cf7390 None None] Metadata request headers: {'Host': '162.253.55.223:8775', 'User-Agent': 'python-requests/2.34.2', 'Accept-Encoding': 'gzip, deflate', 'Accept': '*/*', 'Connection': 'keep-alive', 'X-Forwarded-For': '192.168.24.99', 'X-Instance-Id': 'bdb706f6-bb59-4a8c-8363-ce7dcd3e12e7', 'X-Tenant-Id': '5d41d7abe313494d82516462d9fdddee', 'X-Instance-Id-Signature': 'd2d53df079ae5600cc0600ed5567452471dad2f93736056d33f70df8d4251489'} {{(pid=107514) __call__ /opt/stack/nova/nova/api/metadata/handler.py:109}}
Sep 02 14:42:02.757365 np0000191838 devstack@n-api-meta.service[107514]: DEBUG nova.api.metadata.handler [None req-db6d65ae-1461-419e-8f98-1e7f56cf7390 None None] Using cached metadata for instance bdb706f6-bb59-4a8c-8363-ce7dcd3e12e7 {{(pid=107514) get_metadata_by_instance_id /opt/stack/nova/nova/api/metadata/handler.py:84}}
Sep 02 14:42:02.758532 np0000191838 devstack@n-api-meta.service[107514]: [pid: 107514|app: 0|req: 5/17] 162.253.55.223 () {40 vars in 674 bytes} [Wed Sep 2 14:42:02 2026] GET /latest/meta-data/hostname => generated 32 bytes in 5 msecs (HTTP/1.1 200) 3 headers in 99 bytes (1 switches on core 0)
Sep 02 14:42:02.769578 np0000191838 devstack@n-api-meta.service[107515]: DEBUG nova.api.metadata.handler [None req-95b9219c-24f3-4d74-bec1-00ab900a2ccf None None] Metadata request headers: {'Host': '162.253.55.223:8775', 'User-Agent': 'python-requests/2.34.2', 'Accept-Encoding': 'gzip, deflate', 'Accept': '*/*', 'Connection': 'keep-alive', 'X-Forwarded-For': '192.168.24.99', 'X-Instance-Id': 'bdb706f6-bb59-4a8c-8363-ce7dcd3e12e7', 'X-Tenant-Id': '5d41d7abe313494d82516462d9fdddee', 'X-Instance-Id-Signature': 'd2d53df079ae5600cc0600ed5567452471dad2f93736056d33f70df8d4251489'} {{(pid=107515) __call__ /opt/stack/nova/nova/api/metadata/handler.py:109}}
Sep 02 14:42:02.772694 np0000191838 devstack@n-api-meta.service[107515]: DEBUG nova.api.metadata.handler [None req-95b9219c-24f3-4d74-bec1-00ab900a2ccf None None] Using cached metadata for instance bdb706f6-bb59-4a8c-8363-ce7dcd3e12e7 {{(pid=107515) get_metadata_by_instance_id /opt/stack/nova/nova/api/metadata/handler.py:84}}
Sep 02 14:42:02.773555 np0000191838 devstack@n-api-meta.service[107515]: [pid: 107515|app: 0|req: 5/18] 162.253.55.223 () {40 vars in 688 bytes} [Wed Sep 2 14:42:02 2026] GET /latest/meta-data/instance-action => generated 4 bytes in 5 msecs (HTTP/1.1 200) 3 headers in 98 bytes (1 switches on core 0)
Sep 02 14:42:02.783373 np0000191838 devstack@n-api-meta.service[107517]: DEBUG nova.api.metadata.handler [None req-38c8e542-e1a2-4085-bc1b-2509e96804e7 None None] Metadata request headers: {'Host': '162.253.55.223:8775', 'User-Agent': 'python-requests/2.34.2', 'Accept-Encoding': 'gzip, deflate', 'Accept': '*/*', 'Connection': 'keep-alive', 'X-Forwarded-For': '192.168.24.99', 'X-Instance-Id': 'bdb706f6-bb59-4a8c-8363-ce7dcd3e12e7', 'X-Tenant-Id': '5d41d7abe313494d82516462d9fdddee', 'X-Instance-Id-Signature': 'd2d53df079ae5600cc0600ed5567452471dad2f93736056d33f70df8d4251489'} {{(pid=107517) __call__ /opt/stack/nova/nova/api/metadata/handler.py:109}}
Sep 02 14:42:02.785596 np0000191838 devstack@n-api-meta.service[107517]: DEBUG nova.api.metadata.handler [None req-38c8e542-e1a2-4085-bc1b-2509e96804e7 None None] Using cached metadata for instance bdb706f6-bb59-4a8c-8363-ce7dcd3e12e7 {{(pid=107517) get_metadata_by_instance_id /opt/stack/nova/nova/api/metadata/handler.py:84}}
Sep 02 14:42:02.786188 np0000191838 devstack@n-api-meta.service[107517]: [pid: 107517|app: 0|req: 5/19] 162.253.55.223 () {40 vars in 678 bytes} [Wed Sep 2 14:42:02 2026] GET /latest/meta-data/instance-id => generated 10 bytes in 3 msecs (HTTP/1.1 200) 3 headers in 99 bytes (1 switches on core 0)
Sep 02 14:42:02.795229 np0000191838 devstack@n-api-meta.service[107516]: DEBUG nova.api.metadata.handler [None req-86800bb9-0d9e-4f71-abdc-005b3f4cfdb7 None None] Metadata request headers: {'Host': '162.253.55.223:8775', 'User-Agent': 'python-requests/2.34.2', 'Accept-Encoding': 'gzip, deflate', 'Accept': '*/*', 'Connection': 'keep-alive', 'X-Forwarded-For': '192.168.24.99', 'X-Instance-Id': 'bdb706f6-bb59-4a8c-8363-ce7dcd3e12e7', 'X-Tenant-Id': '5d41d7abe313494d82516462d9fdddee', 'X-Instance-Id-Signature': 'd2d53df079ae5600cc0600ed5567452471dad2f93736056d33f70df8d4251489'} {{(pid=107516) __call__ /opt/stack/nova/nova/api/metadata/handler.py:109}}
Sep 02 14:42:02.797032 np0000191838 devstack@n-api-meta.service[107516]: DEBUG nova.api.metadata.handler [None req-86800bb9-0d9e-4f71-abdc-005b3f4cfdb7 None None] Using cached metadata for instance bdb706f6-bb59-4a8c-8363-ce7dcd3e12e7 {{(pid=107516) get_metadata_by_instance_id /opt/stack/nova/nova/api/metadata/handler.py:84}}
Sep 02 14:42:02.797488 np0000191838 devstack@n-api-meta.service[107516]: [pid: 107516|app: 0|req: 5/20] 162.253.55.223 () {40 vars in 683 bytes} [Wed Sep 2 14:42:02 2026] GET /latest/meta-data/instance-type => generated 8 bytes in 3 msecs (HTTP/1.1 200) 3 headers in 98 bytes (1 switches on core 0)
Sep 02 14:42:02.805864 np0000191838 devstack@n-api-meta.service[107514]: DEBUG nova.api.metadata.handler [None req-db6d65ae-1461-419e-8f98-1e7f56cf7390 None None] Metadata request headers: {'Host': '162.253.55.223:8775', 'User-Agent': 'python-requests/2.34.2', 'Accept-Encoding': 'gzip, deflate', 'Accept': '*/*', 'Connection': 'keep-alive', 'X-Forwarded-For': '192.168.24.99', 'X-Instance-Id': 'bdb706f6-bb59-4a8c-8363-ce7dcd3e12e7', 'X-Tenant-Id': '5d41d7abe313494d82516462d9fdddee', 'X-Instance-Id-Signature': 'd2d53df079ae5600cc0600ed5567452471dad2f93736056d33f70df8d4251489'} {{(pid=107514) __call__ /opt/stack/nova/nova/api/metadata/handler.py:109}}
Sep 02 14:42:02.808561 np0000191838 devstack@n-api-meta.service[107514]: DEBUG nova.api.metadata.handler [None req-db6d65ae-1461-419e-8f98-1e7f56cf7390 None None] Using cached metadata for instance bdb706f6-bb59-4a8c-8363-ce7dcd3e12e7 {{(pid=107514) get_metadata_by_instance_id /opt/stack/nova/nova/api/metadata/handler.py:84}}
Sep 02 14:42:02.809531 np0000191838 devstack@n-api-meta.service[107514]: [pid: 107514|app: 0|req: 6/21] 162.253.55.223 () {40 vars in 685 bytes} [Wed Sep 2 14:42:02 2026] GET /latest/meta-data/local-hostname => generated 32 bytes in 4 msecs (HTTP/1.1 200) 3 headers in 99 bytes (1 switches on core 0)
Sep 02 14:42:02.818032 np0000191838 devstack@n-api-meta.service[107515]: DEBUG nova.api.metadata.handler [None req-95b9219c-24f3-4d74-bec1-00ab900a2ccf None None] Metadata request headers: {'Host': '162.253.55.223:8775', 'User-Agent': 'python-requests/2.34.2', 'Accept-Encoding': 'gzip, deflate', 'Accept': '*/*', 'Connection': 'keep-alive', 'X-Forwarded-For': '192.168.24.99', 'X-Instance-Id': 'bdb706f6-bb59-4a8c-8363-ce7dcd3e12e7', 'X-Tenant-Id': '5d41d7abe313494d82516462d9fdddee', 'X-Instance-Id-Signature': 'd2d53df079ae5600cc0600ed5567452471dad2f93736056d33f70df8d4251489'} {{(pid=107515) __call__ /opt/stack/nova/nova/api/metadata/handler.py:109}}
Sep 02 14:42:02.821002 np0000191838 devstack@n-api-meta.service[107515]: DEBUG nova.api.metadata.handler [None req-95b9219c-24f3-4d74-bec1-00ab900a2ccf None None] Using cached metadata for instance bdb706f6-bb59-4a8c-8363-ce7dcd3e12e7 {{(pid=107515) get_metadata_by_instance_id /opt/stack/nova/nova/api/metadata/handler.py:84}}
Sep 02 14:42:02.822002 np0000191838 devstack@n-api-meta.service[107515]: [pid: 107515|app: 0|req: 6/22] 162.253.55.223 () {40 vars in 677 bytes} [Wed Sep 2 14:42:02 2026] GET /latest/meta-data/local-ipv4 => generated 13 bytes in 4 msecs (HTTP/1.1 200) 3 headers in 99 bytes (1 switches on core 0)
Sep 02 14:42:02.830536 np0000191838 devstack@n-api-meta.service[107517]: DEBUG nova.api.metadata.handler [None req-38c8e542-e1a2-4085-bc1b-2509e96804e7 None None] Metadata request headers: {'Host': '162.253.55.223:8775', 'User-Agent': 'python-requests/2.34.2', 'Accept-Encoding': 'gzip, deflate', 'Accept': '*/*', 'Connection': 'keep-alive', 'X-Forwarded-For': '192.168.24.99', 'X-Instance-Id': 'bdb706f6-bb59-4a8c-8363-ce7dcd3e12e7', 'X-Tenant-Id': '5d41d7abe313494d82516462d9fdddee', 'X-Instance-Id-Signature': 'd2d53df079ae5600cc0600ed5567452471dad2f93736056d33f70df8d4251489'} {{(pid=107517) __call__ /opt/stack/nova/nova/api/metadata/handler.py:109}}
Sep 02 14:42:02.832719 np0000191838 devstack@n-api-meta.service[107517]: DEBUG nova.api.metadata.handler [None req-38c8e542-e1a2-4085-bc1b-2509e96804e7 None None] Using cached metadata for instance bdb706f6-bb59-4a8c-8363-ce7dcd3e12e7 {{(pid=107517) get_metadata_by_instance_id /opt/stack/nova/nova/api/metadata/handler.py:84}}
Sep 02 14:42:02.833186 np0000191838 devstack@n-api-meta.service[107517]: [pid: 107517|app: 0|req: 6/23] 162.253.55.223 () {40 vars in 688 bytes} [Wed Sep 2 14:42:02 2026] GET /latest/meta-data/public-hostname => generated 32 bytes in 3 msecs (HTTP/1.1 200) 3 headers in 99 bytes (1 switches on core 0)
Sep 02 14:42:02.843003 np0000191838 devstack@n-api-meta.service[107516]: DEBUG nova.api.metadata.handler [None req-86800bb9-0d9e-4f71-abdc-005b3f4cfdb7 None None] Metadata request headers: {'Host': '162.253.55.223:8775', 'User-Agent': 'python-requests/2.34.2', 'Accept-Encoding': 'gzip, deflate', 'Accept': '*/*', 'Connection': 'keep-alive', 'X-Forwarded-For': '192.168.24.99', 'X-Instance-Id': 'bdb706f6-bb59-4a8c-8363-ce7dcd3e12e7', 'X-Tenant-Id': '5d41d7abe313494d82516462d9fdddee', 'X-Instance-Id-Signature': 'd2d53df079ae5600cc0600ed5567452471dad2f93736056d33f70df8d4251489'} {{(pid=107516) __call__ /opt/stack/nova/nova/api/metadata/handler.py:109}}
Sep 02 14:42:02.844921 np0000191838 devstack@n-api-meta.service[107516]: DEBUG nova.api.metadata.handler [None req-86800bb9-0d9e-4f71-abdc-005b3f4cfdb7 None None] Using cached metadata for instance bdb706f6-bb59-4a8c-8363-ce7dcd3e12e7 {{(pid=107516) get_metadata_by_instance_id /opt/stack/nova/nova/api/metadata/handler.py:84}}
Sep 02 14:42:02.845305 np0000191838 devstack@n-api-meta.service[107516]: [pid: 107516|app: 0|req: 6/24] 162.253.55.223 () {40 vars in 680 bytes} [Wed Sep 2 14:42:02 2026] GET /latest/meta-data/public-ipv4 => generated 0 bytes in 3 msecs (HTTP/1.1 200) 3 headers in 98 bytes (1 switches on core 0)
Sep 02 14:42:02.854277 np0000191838 devstack@n-api-meta.service[107514]: DEBUG nova.api.metadata.handler [None req-db6d65ae-1461-419e-8f98-1e7f56cf7390 None None] Metadata request headers: {'Host': '162.253.55.223:8775', 'User-Agent': 'python-requests/2.34.2', 'Accept-Encoding': 'gzip, deflate', 'Accept': '*/*', 'Connection': 'keep-alive', 'X-Forwarded-For': '192.168.24.99', 'X-Instance-Id': 'bdb706f6-bb59-4a8c-8363-ce7dcd3e12e7', 'X-Tenant-Id': '5d41d7abe313494d82516462d9fdddee', 'X-Instance-Id-Signature': 'd2d53df079ae5600cc0600ed5567452471dad2f93736056d33f70df8d4251489'} {{(pid=107514) __call__ /opt/stack/nova/nova/api/metadata/handler.py:109}}
Sep 02 14:42:02.857308 np0000191838 devstack@n-api-meta.service[107514]: DEBUG nova.api.metadata.handler [None req-db6d65ae-1461-419e-8f98-1e7f56cf7390 None None] Using cached metadata for instance bdb706f6-bb59-4a8c-8363-ce7dcd3e12e7 {{(pid=107514) get_metadata_by_instance_id /opt/stack/nova/nova/api/metadata/handler.py:84}}
Sep 02 14:42:02.858084 np0000191838 devstack@n-api-meta.service[107514]: [pid: 107514|app: 0|req: 7/25] 162.253.55.223 () {40 vars in 684 bytes} [Wed Sep 2 14:42:02 2026] GET /latest/meta-data/reservation-id => generated 10 bytes in 5 msecs (HTTP/1.1 200) 3 headers in 99 bytes (1 switches on core 0)
Sep 02 14:42:02.867408 np0000191838 devstack@n-api-meta.service[107515]: DEBUG nova.api.metadata.handler [None req-95b9219c-24f3-4d74-bec1-00ab900a2ccf None None] Metadata request headers: {'Host': '162.253.55.223:8775', 'User-Agent': 'python-requests/2.34.2', 'Accept-Encoding': 'gzip, deflate', 'Accept': '*/*', 'Connection': 'keep-alive', 'X-Forwarded-For': '192.168.24.99', 'X-Instance-Id': 'bdb706f6-bb59-4a8c-8363-ce7dcd3e12e7', 'X-Tenant-Id': '5d41d7abe313494d82516462d9fdddee', 'X-Instance-Id-Signature': 'd2d53df079ae5600cc0600ed5567452471dad2f93736056d33f70df8d4251489'} {{(pid=107515) __call__ /opt/stack/nova/nova/api/metadata/handler.py:109}}
Sep 02 14:42:02.869191 np0000191838 devstack@n-api-meta.service[107515]: DEBUG nova.api.metadata.handler [None req-95b9219c-24f3-4d74-bec1-00ab900a2ccf None None] Using cached metadata for instance bdb706f6-bb59-4a8c-8363-ce7dcd3e12e7 {{(pid=107515) get_metadata_by_instance_id /opt/stack/nova/nova/api/metadata/handler.py:84}}
Sep 02 14:42:02.869701 np0000191838 devstack@n-api-meta.service[107515]: [pid: 107515|app: 0|req: 7/26] 162.253.55.223 () {40 vars in 687 bytes} [Wed Sep 2 14:42:02 2026] GET /latest/meta-data/security-groups => generated 58 bytes in 3 msecs (HTTP/1.1 200) 3 headers in 99 bytes (1 switches on core 0)
