Sep 02 14:35:17.414831 np0000191838 systemd[1]: Starting devstack@n-api-meta.service - Devstack devstack@n-api-meta.service...
Sep 02 14:35:17.421325 np0000191838 devstack@n-api-meta.service[107513]: [uWSGI] getting INI configuration from /etc/nova/nova-metadata-uwsgi.ini
Sep 02 14:35:17.424130 np0000191838 devstack@n-api-meta.service[107513]: *** Starting uWSGI 2.0.24-debian (64bit) on [Wed Sep 2 14:35:17 2026] ***
Sep 02 14:35:17.424130 np0000191838 devstack@n-api-meta.service[107513]: compiled with version: 13.2.0 on 17 April 2024 16:23:48
Sep 02 14:35:17.424130 np0000191838 devstack@n-api-meta.service[107513]: os: Linux-6.8.0-138-generic #138-Ubuntu SMP PREEMPT_DYNAMIC Fri Jul 31 22:41:49 UTC 2026
Sep 02 14:35:17.424130 np0000191838 devstack@n-api-meta.service[107513]: nodename: np0000191838
Sep 02 14:35:17.424130 np0000191838 devstack@n-api-meta.service[107513]: machine: x86_64
Sep 02 14:35:17.424130 np0000191838 devstack@n-api-meta.service[107513]: clock source: unix
Sep 02 14:35:17.424130 np0000191838 devstack@n-api-meta.service[107513]: pcre jit disabled
Sep 02 14:35:17.424130 np0000191838 devstack@n-api-meta.service[107513]: detected number of CPU cores: 16
Sep 02 14:35:17.424130 np0000191838 devstack@n-api-meta.service[107513]: current working directory: /
Sep 02 14:35:17.424130 np0000191838 devstack@n-api-meta.service[107513]: detected binary path: /usr/bin/uwsgi-core
Sep 02 14:35:17.424130 np0000191838 devstack@n-api-meta.service[107513]: your processes number limit is 256916
Sep 02 14:35:17.424130 np0000191838 devstack@n-api-meta.service[107513]: your memory page size is 4096 bytes
Sep 02 14:35:17.424130 np0000191838 devstack@n-api-meta.service[107513]: detected max file descriptor number: 2048
Sep 02 14:35:17.424130 np0000191838 devstack@n-api-meta.service[107513]: lock engine: pthread robust mutexes
Sep 02 14:35:17.425043 np0000191838 devstack@n-api-meta.service[107513]: thunder lock: enabled
Sep 02 14:35:17.425043 np0000191838 devstack@n-api-meta.service[107513]: uWSGI http bound on 0.0.0.0:8775 fd 5
Sep 02 14:35:17.425043 np0000191838 devstack@n-api-meta.service[107513]: uwsgi socket 0 bound to TCP address 127.0.0.1:33117 (port auto-assigned) fd 4
Sep 02 14:35:17.425043 np0000191838 devstack@n-api-meta.service[107513]: Python version: 3.12.3 (main, Jul 15 2026, 23:46:41) [GCC 13.3.0]
Sep 02 14:35:17.425043 np0000191838 devstack@n-api-meta.service[107513]: PEP 405 virtualenv detected: /opt/stack/data/venv
Sep 02 14:35:17.425043 np0000191838 devstack@n-api-meta.service[107513]: Set PythonHome to /opt/stack/data/venv
Sep 02 14:35:17.462554 np0000191838 devstack@n-api-meta.service[107513]: Python main interpreter initialized at 0x7a9c284a4668
Sep 02 14:35:17.462554 np0000191838 devstack@n-api-meta.service[107513]: python threads support enabled
Sep 02 14:35:17.462554 np0000191838 devstack@n-api-meta.service[107513]: your server socket listen backlog is limited to 100 connections
Sep 02 14:35:17.462554 np0000191838 devstack@n-api-meta.service[107513]: your mercy for graceful operations on workers is 80 seconds
Sep 02 14:35:17.463120 np0000191838 devstack@n-api-meta.service[107513]: mapped 671795 bytes (656 KB) for 4 cores
Sep 02 14:35:17.463265 np0000191838 devstack@n-api-meta.service[107513]: *** Operational MODE: preforking ***
Sep 02 14:35:17.463424 np0000191838 devstack@n-api-meta.service[107513]: *** uWSGI is running in multiple interpreter mode ***
Sep 02 14:35:17.463424 np0000191838 devstack@n-api-meta.service[107513]: spawned uWSGI master process (pid: 107513)
Sep 02 14:35:17.463855 np0000191838 systemd[1]: Started devstack@n-api-meta.service - Devstack devstack@n-api-meta.service.
Sep 02 14:35:17.464170 np0000191838 devstack@n-api-meta.service[107513]: spawned uWSGI worker 1 (pid: 107514, cores: 1)
Sep 02 14:35:17.464688 np0000191838 devstack@n-api-meta.service[107513]: spawned uWSGI worker 2 (pid: 107515, cores: 1)
Sep 02 14:35:17.465161 np0000191838 devstack@n-api-meta.service[107513]: spawned uWSGI worker 3 (pid: 107516, cores: 1)
Sep 02 14:35:17.465956 np0000191838 devstack@n-api-meta.service[107513]: spawned uWSGI worker 4 (pid: 107517, cores: 1)
Sep 02 14:35:17.466435 np0000191838 devstack@n-api-meta.service[107513]: spawned uWSGI http 1 (pid: 107518)
Sep 02 14:35:17.466435 np0000191838 devstack@n-api-meta.service[107513]: running "unix_signal:15 gracefully_kill_them_all" (master-start)...
Sep 02 14:35:19.231734 np0000191838 devstack@n-api-meta.service[107514]: INFO dbcounter [None req-6f7c07d9-7b16-409b-ab7a-059e3e8ccaf0 None None] Registered counter for database nova_api
Sep 02 14:35:19.277434 np0000191838 devstack@n-api-meta.service[107514]: DEBUG oslo_db.sqlalchemy.engines [None req-6f7c07d9-7b16-409b-ab7a-059e3e8ccaf0 None None] MySQL server mode set to STRICT_TRANS_TABLES,STRICT_ALL_TABLES,NO_ZERO_IN_DATE,NO_ZERO_DATE,ERROR_FOR_DIVISION_BY_ZERO,TRADITIONAL,NO_ENGINE_SUBSTITUTION {{(pid=107514) _check_effective_sql_mode /opt/stack/data/venv/lib/python3.12/site-packages/oslo_db/sqlalchemy/engines.py:325}}
Sep 02 14:35:19.305623 np0000191838 devstack@n-api-meta.service[107514]: DEBUG dbcounter [-] [107514] Writer thread running {{(pid=107514) stat_writer /opt/stack/data/venv/lib/python3.12/site-packages/dbcounter.py:102}}
Sep 02 14:35:19.308118 np0000191838 devstack@n-api-meta.service[107514]: DEBUG nova.context [None req-6f7c07d9-7b16-409b-ab7a-059e3e8ccaf0 None None] Found 2 cells: 00000000-0000-0000-0000-000000000000(cell0),329e6ca8-0597-49a9-b410-82eb72fa7f64(cell1) {{(pid=107514) load_cells /opt/stack/nova/nova/context.py:532}}
Sep 02 14:35:19.309896 np0000191838 devstack@n-api-meta.service[107514]: DEBUG oslo_concurrency.lockutils [None req-6f7c07d9-7b16-409b-ab7a-059e3e8ccaf0 None None] Acquiring lock "00000000-0000-0000-0000-000000000000" by "nova.context.set_target_cell..get_or_set_cached_cell_and_set_connections" {{(pid=107514) inner /opt/stack/data/venv/lib/python3.12/site-packages/oslo_concurrency/lockutils.py:512}}
Sep 02 14:35:19.310024 np0000191838 devstack@n-api-meta.service[107514]: DEBUG oslo_concurrency.lockutils [None req-6f7c07d9-7b16-409b-ab7a-059e3e8ccaf0 None None] Lock "00000000-0000-0000-0000-000000000000" acquired by "nova.context.set_target_cell..get_or_set_cached_cell_and_set_connections" :: waited 0.000s {{(pid=107514) inner /opt/stack/data/venv/lib/python3.12/site-packages/oslo_concurrency/lockutils.py:525}}
Sep 02 14:35:19.310423 np0000191838 devstack@n-api-meta.service[107514]: DEBUG oslo_concurrency.lockutils [None req-6f7c07d9-7b16-409b-ab7a-059e3e8ccaf0 None None] Lock "00000000-0000-0000-0000-000000000000" "released" by "nova.context.set_target_cell..get_or_set_cached_cell_and_set_connections" :: held 0.000s {{(pid=107514) inner /opt/stack/data/venv/lib/python3.12/site-packages/oslo_concurrency/lockutils.py:544}}
Sep 02 14:35:19.310646 np0000191838 devstack@n-api-meta.service[107514]: INFO nova.thread_pool_factory [None req-6f7c07d9-7b16-409b-ab7a-059e3e8ccaf0 None None] The cell_worker thread pool MainProcess.cell_worker is initialized
Sep 02 14:35:19.311558 np0000191838 devstack@n-api-meta.service[107514]: DEBUG oslo_concurrency.lockutils [None req-6f7c07d9-7b16-409b-ab7a-059e3e8ccaf0 None None] Acquiring lock "329e6ca8-0597-49a9-b410-82eb72fa7f64" by "nova.context.set_target_cell..get_or_set_cached_cell_and_set_connections" {{(pid=107514) inner /opt/stack/data/venv/lib/python3.12/site-packages/oslo_concurrency/lockutils.py:512}}
Sep 02 14:35:19.311648 np0000191838 devstack@n-api-meta.service[107514]: DEBUG oslo_concurrency.lockutils [None req-6f7c07d9-7b16-409b-ab7a-059e3e8ccaf0 None None] Lock "329e6ca8-0597-49a9-b410-82eb72fa7f64" acquired by "nova.context.set_target_cell..get_or_set_cached_cell_and_set_connections" :: waited 0.000s {{(pid=107514) inner /opt/stack/data/venv/lib/python3.12/site-packages/oslo_concurrency/lockutils.py:525}}
Sep 02 14:35:19.312532 np0000191838 devstack@n-api-meta.service[107514]: DEBUG oslo_concurrency.lockutils [None req-6f7c07d9-7b16-409b-ab7a-059e3e8ccaf0 None None] Lock "329e6ca8-0597-49a9-b410-82eb72fa7f64" "released" by "nova.context.set_target_cell..get_or_set_cached_cell_and_set_connections" :: held 0.001s {{(pid=107514) inner /opt/stack/data/venv/lib/python3.12/site-packages/oslo_concurrency/lockutils.py:544}}
Sep 02 14:35:19.316055 np0000191838 devstack@n-api-meta.service[107514]: INFO dbcounter [None req-6f7c07d9-7b16-409b-ab7a-059e3e8ccaf0 None None] Registered counter for database nova_cell0
Sep 02 14:35:19.325010 np0000191838 devstack@n-api-meta.service[107514]: INFO dbcounter [None req-6f7c07d9-7b16-409b-ab7a-059e3e8ccaf0 None None] Registered counter for database nova_cell1
Sep 02 14:35:19.352248 np0000191838 devstack@n-api-meta.service[107515]: INFO dbcounter [None req-95b9219c-24f3-4d74-bec1-00ab900a2ccf None None] Registered counter for database nova_api
Sep 02 14:35:19.355656 np0000191838 devstack@n-api-meta.service[107517]: INFO dbcounter [None req-38c8e542-e1a2-4085-bc1b-2509e96804e7 None None] Registered counter for database nova_api
Sep 02 14:35:19.379407 np0000191838 devstack@n-api-meta.service[107516]: INFO dbcounter [None req-86800bb9-0d9e-4f71-abdc-005b3f4cfdb7 None None] Registered counter for database nova_api
Sep 02 14:35:19.398584 np0000191838 devstack@n-api-meta.service[107514]: DEBUG oslo_db.sqlalchemy.engines [None req-6f7c07d9-7b16-409b-ab7a-059e3e8ccaf0 None None] MySQL server mode set to STRICT_TRANS_TABLES,STRICT_ALL_TABLES,NO_ZERO_IN_DATE,NO_ZERO_DATE,ERROR_FOR_DIVISION_BY_ZERO,TRADITIONAL,NO_ENGINE_SUBSTITUTION {{(pid=107514) _check_effective_sql_mode /opt/stack/data/venv/lib/python3.12/site-packages/oslo_db/sqlalchemy/engines.py:325}}
Sep 02 14:35:19.409165 np0000191838 devstack@n-api-meta.service[107517]: DEBUG oslo_db.sqlalchemy.engines [None req-38c8e542-e1a2-4085-bc1b-2509e96804e7 None None] MySQL server mode set to STRICT_TRANS_TABLES,STRICT_ALL_TABLES,NO_ZERO_IN_DATE,NO_ZERO_DATE,ERROR_FOR_DIVISION_BY_ZERO,TRADITIONAL,NO_ENGINE_SUBSTITUTION {{(pid=107517) _check_effective_sql_mode /opt/stack/data/venv/lib/python3.12/site-packages/oslo_db/sqlalchemy/engines.py:325}}
Sep 02 14:35:19.416543 np0000191838 devstack@n-api-meta.service[107515]: DEBUG oslo_db.sqlalchemy.engines [None req-95b9219c-24f3-4d74-bec1-00ab900a2ccf None None] MySQL server mode set to STRICT_TRANS_TABLES,STRICT_ALL_TABLES,NO_ZERO_IN_DATE,NO_ZERO_DATE,ERROR_FOR_DIVISION_BY_ZERO,TRADITIONAL,NO_ENGINE_SUBSTITUTION {{(pid=107515) _check_effective_sql_mode /opt/stack/data/venv/lib/python3.12/site-packages/oslo_db/sqlalchemy/engines.py:325}}
Sep 02 14:35:19.428562 np0000191838 devstack@n-api-meta.service[107516]: DEBUG oslo_db.sqlalchemy.engines [None req-86800bb9-0d9e-4f71-abdc-005b3f4cfdb7 None None] MySQL server mode set to STRICT_TRANS_TABLES,STRICT_ALL_TABLES,NO_ZERO_IN_DATE,NO_ZERO_DATE,ERROR_FOR_DIVISION_BY_ZERO,TRADITIONAL,NO_ENGINE_SUBSTITUTION {{(pid=107516) _check_effective_sql_mode /opt/stack/data/venv/lib/python3.12/site-packages/oslo_db/sqlalchemy/engines.py:325}}
Sep 02 14:35:19.442717 np0000191838 devstack@n-api-meta.service[107517]: DEBUG dbcounter [-] [107517] Writer thread running {{(pid=107517) stat_writer /opt/stack/data/venv/lib/python3.12/site-packages/dbcounter.py:102}}
Sep 02 14:35:19.447232 np0000191838 devstack@n-api-meta.service[107517]: DEBUG nova.context [None req-38c8e542-e1a2-4085-bc1b-2509e96804e7 None None] Found 2 cells: 00000000-0000-0000-0000-000000000000(cell0),329e6ca8-0597-49a9-b410-82eb72fa7f64(cell1) {{(pid=107517) load_cells /opt/stack/nova/nova/context.py:532}}
Sep 02 14:35:19.449350 np0000191838 devstack@n-api-meta.service[107517]: DEBUG oslo_concurrency.lockutils [None req-38c8e542-e1a2-4085-bc1b-2509e96804e7 None None] Acquiring lock "00000000-0000-0000-0000-000000000000" by "nova.context.set_target_cell..get_or_set_cached_cell_and_set_connections" {{(pid=107517) inner /opt/stack/data/venv/lib/python3.12/site-packages/oslo_concurrency/lockutils.py:512}}
Sep 02 14:35:19.449580 np0000191838 devstack@n-api-meta.service[107517]: DEBUG oslo_concurrency.lockutils [None req-38c8e542-e1a2-4085-bc1b-2509e96804e7 None None] Lock "00000000-0000-0000-0000-000000000000" acquired by "nova.context.set_target_cell..get_or_set_cached_cell_and_set_connections" :: waited 0.000s {{(pid=107517) inner /opt/stack/data/venv/lib/python3.12/site-packages/oslo_concurrency/lockutils.py:525}}
Sep 02 14:35:19.450019 np0000191838 devstack@n-api-meta.service[107517]: DEBUG oslo_concurrency.lockutils [None req-38c8e542-e1a2-4085-bc1b-2509e96804e7 None None] Lock "00000000-0000-0000-0000-000000000000" "released" by "nova.context.set_target_cell..get_or_set_cached_cell_and_set_connections" :: held 0.000s {{(pid=107517) inner /opt/stack/data/venv/lib/python3.12/site-packages/oslo_concurrency/lockutils.py:544}}
Sep 02 14:35:19.450306 np0000191838 devstack@n-api-meta.service[107517]: INFO nova.thread_pool_factory [None req-38c8e542-e1a2-4085-bc1b-2509e96804e7 None None] The cell_worker thread pool MainProcess.cell_worker is initialized
Sep 02 14:35:19.450519 np0000191838 devstack@n-api-meta.service[107515]: DEBUG dbcounter [-] [107515] Writer thread running {{(pid=107515) stat_writer /opt/stack/data/venv/lib/python3.12/site-packages/dbcounter.py:102}}
Sep 02 14:35:19.451043 np0000191838 devstack@n-api-meta.service[107517]: DEBUG oslo_concurrency.lockutils [None req-38c8e542-e1a2-4085-bc1b-2509e96804e7 None None] Acquiring lock "329e6ca8-0597-49a9-b410-82eb72fa7f64" by "nova.context.set_target_cell..get_or_set_cached_cell_and_set_connections" {{(pid=107517) inner /opt/stack/data/venv/lib/python3.12/site-packages/oslo_concurrency/lockutils.py:512}}
Sep 02 14:35:19.451215 np0000191838 devstack@n-api-meta.service[107517]: DEBUG oslo_concurrency.lockutils [None req-38c8e542-e1a2-4085-bc1b-2509e96804e7 None None] Lock "329e6ca8-0597-49a9-b410-82eb72fa7f64" acquired by "nova.context.set_target_cell..get_or_set_cached_cell_and_set_connections" :: waited 0.000s {{(pid=107517) inner /opt/stack/data/venv/lib/python3.12/site-packages/oslo_concurrency/lockutils.py:525}}
Sep 02 14:35:19.452292 np0000191838 devstack@n-api-meta.service[107517]: DEBUG oslo_concurrency.lockutils [None req-38c8e542-e1a2-4085-bc1b-2509e96804e7 None None] Lock "329e6ca8-0597-49a9-b410-82eb72fa7f64" "released" by "nova.context.set_target_cell..get_or_set_cached_cell_and_set_connections" :: held 0.001s {{(pid=107517) inner /opt/stack/data/venv/lib/python3.12/site-packages/oslo_concurrency/lockutils.py:544}}
Sep 02 14:35:19.453725 np0000191838 devstack@n-api-meta.service[107515]: DEBUG nova.context [None req-95b9219c-24f3-4d74-bec1-00ab900a2ccf None None] Found 2 cells: 00000000-0000-0000-0000-000000000000(cell0),329e6ca8-0597-49a9-b410-82eb72fa7f64(cell1) {{(pid=107515) load_cells /opt/stack/nova/nova/context.py:532}}
Sep 02 14:35:19.453940 np0000191838 devstack@n-api-meta.service[107517]: INFO dbcounter [None req-38c8e542-e1a2-4085-bc1b-2509e96804e7 None None] Registered counter for database nova_cell0
Sep 02 14:35:19.455723 np0000191838 devstack@n-api-meta.service[107515]: DEBUG oslo_concurrency.lockutils [None req-95b9219c-24f3-4d74-bec1-00ab900a2ccf None None] Acquiring lock "00000000-0000-0000-0000-000000000000" by "nova.context.set_target_cell..get_or_set_cached_cell_and_set_connections" {{(pid=107515) inner /opt/stack/data/venv/lib/python3.12/site-packages/oslo_concurrency/lockutils.py:512}}
Sep 02 14:35:19.456649 np0000191838 devstack@n-api-meta.service[107515]: DEBUG oslo_concurrency.lockutils [None req-95b9219c-24f3-4d74-bec1-00ab900a2ccf None None] Lock "00000000-0000-0000-0000-000000000000" acquired by "nova.context.set_target_cell..get_or_set_cached_cell_and_set_connections" :: waited 0.000s {{(pid=107515) inner /opt/stack/data/venv/lib/python3.12/site-packages/oslo_concurrency/lockutils.py:525}}
Sep 02 14:35:19.456649 np0000191838 devstack@n-api-meta.service[107515]: DEBUG oslo_concurrency.lockutils [None req-95b9219c-24f3-4d74-bec1-00ab900a2ccf None None] Lock "00000000-0000-0000-0000-000000000000" "released" by "nova.context.set_target_cell..get_or_set_cached_cell_and_set_connections" :: held 0.000s {{(pid=107515) inner /opt/stack/data/venv/lib/python3.12/site-packages/oslo_concurrency/lockutils.py:544}}
Sep 02 14:35:19.456649 np0000191838 devstack@n-api-meta.service[107515]: INFO nova.thread_pool_factory [None req-95b9219c-24f3-4d74-bec1-00ab900a2ccf None None] The cell_worker thread pool MainProcess.cell_worker is initialized
Sep 02 14:35:19.457290 np0000191838 devstack@n-api-meta.service[107515]: DEBUG oslo_concurrency.lockutils [None req-95b9219c-24f3-4d74-bec1-00ab900a2ccf None None] Acquiring lock "329e6ca8-0597-49a9-b410-82eb72fa7f64" by "nova.context.set_target_cell..get_or_set_cached_cell_and_set_connections" {{(pid=107515) inner /opt/stack/data/venv/lib/python3.12/site-packages/oslo_concurrency/lockutils.py:512}}
Sep 02 14:35:19.457411 np0000191838 devstack@n-api-meta.service[107515]: DEBUG oslo_concurrency.lockutils [None req-95b9219c-24f3-4d74-bec1-00ab900a2ccf None None] Lock "329e6ca8-0597-49a9-b410-82eb72fa7f64" acquired by "nova.context.set_target_cell..get_or_set_cached_cell_and_set_connections" :: waited 0.000s {{(pid=107515) inner /opt/stack/data/venv/lib/python3.12/site-packages/oslo_concurrency/lockutils.py:525}}
Sep 02 14:35:19.458941 np0000191838 devstack@n-api-meta.service[107517]: INFO dbcounter [None req-38c8e542-e1a2-4085-bc1b-2509e96804e7 None None] Registered counter for database nova_cell1
Sep 02 14:35:19.459025 np0000191838 devstack@n-api-meta.service[107514]: DEBUG oslo_db.sqlalchemy.engines [None req-6f7c07d9-7b16-409b-ab7a-059e3e8ccaf0 None None] MySQL server mode set to STRICT_TRANS_TABLES,STRICT_ALL_TABLES,NO_ZERO_IN_DATE,NO_ZERO_DATE,ERROR_FOR_DIVISION_BY_ZERO,TRADITIONAL,NO_ENGINE_SUBSTITUTION {{(pid=107514) _check_effective_sql_mode /opt/stack/data/venv/lib/python3.12/site-packages/oslo_db/sqlalchemy/engines.py:325}}
Sep 02 14:35:19.459080 np0000191838 devstack@n-api-meta.service[107515]: DEBUG oslo_concurrency.lockutils [None req-95b9219c-24f3-4d74-bec1-00ab900a2ccf None None] Lock "329e6ca8-0597-49a9-b410-82eb72fa7f64" "released" by "nova.context.set_target_cell..get_or_set_cached_cell_and_set_connections" :: held 0.001s {{(pid=107515) inner /opt/stack/data/venv/lib/python3.12/site-packages/oslo_concurrency/lockutils.py:544}}
Sep 02 14:35:19.460225 np0000191838 devstack@n-api-meta.service[107515]: INFO dbcounter [None req-95b9219c-24f3-4d74-bec1-00ab900a2ccf None None] Registered counter for database nova_cell0
Sep 02 14:35:19.464768 np0000191838 devstack@n-api-meta.service[107516]: DEBUG dbcounter [-] [107516] Writer thread running {{(pid=107516) stat_writer /opt/stack/data/venv/lib/python3.12/site-packages/dbcounter.py:102}}
Sep 02 14:35:19.466347 np0000191838 devstack@n-api-meta.service[107515]: INFO dbcounter [None req-95b9219c-24f3-4d74-bec1-00ab900a2ccf None None] Registered counter for database nova_cell1
Sep 02 14:35:19.476952 np0000191838 devstack@n-api-meta.service[107516]: DEBUG nova.context [None req-86800bb9-0d9e-4f71-abdc-005b3f4cfdb7 None None] Found 2 cells: 00000000-0000-0000-0000-000000000000(cell0),329e6ca8-0597-49a9-b410-82eb72fa7f64(cell1) {{(pid=107516) load_cells /opt/stack/nova/nova/context.py:532}}
Sep 02 14:35:19.482603 np0000191838 devstack@n-api-meta.service[107516]: DEBUG oslo_concurrency.lockutils [None req-86800bb9-0d9e-4f71-abdc-005b3f4cfdb7 None None] Acquiring lock "00000000-0000-0000-0000-000000000000" by "nova.context.set_target_cell..get_or_set_cached_cell_and_set_connections" {{(pid=107516) inner /opt/stack/data/venv/lib/python3.12/site-packages/oslo_concurrency/lockutils.py:512}}
Sep 02 14:35:19.482799 np0000191838 devstack@n-api-meta.service[107516]: DEBUG oslo_concurrency.lockutils [None req-86800bb9-0d9e-4f71-abdc-005b3f4cfdb7 None None] Lock "00000000-0000-0000-0000-000000000000" acquired by "nova.context.set_target_cell..get_or_set_cached_cell_and_set_connections" :: waited 0.000s {{(pid=107516) inner /opt/stack/data/venv/lib/python3.12/site-packages/oslo_concurrency/lockutils.py:525}}
Sep 02 14:35:19.483232 np0000191838 devstack@n-api-meta.service[107516]: DEBUG oslo_concurrency.lockutils [None req-86800bb9-0d9e-4f71-abdc-005b3f4cfdb7 None None] Lock "00000000-0000-0000-0000-000000000000" "released" by "nova.context.set_target_cell..get_or_set_cached_cell_and_set_connections" :: held 0.000s {{(pid=107516) inner /opt/stack/data/venv/lib/python3.12/site-packages/oslo_concurrency/lockutils.py:544}}
Sep 02 14:35:19.483480 np0000191838 devstack@n-api-meta.service[107516]: INFO nova.thread_pool_factory [None req-86800bb9-0d9e-4f71-abdc-005b3f4cfdb7 None None] The cell_worker thread pool MainProcess.cell_worker is initialized
Sep 02 14:35:19.485709 np0000191838 devstack@n-api-meta.service[107516]: DEBUG oslo_concurrency.lockutils [None req-86800bb9-0d9e-4f71-abdc-005b3f4cfdb7 None None] Acquiring lock "329e6ca8-0597-49a9-b410-82eb72fa7f64" by "nova.context.set_target_cell..get_or_set_cached_cell_and_set_connections" {{(pid=107516) inner /opt/stack/data/venv/lib/python3.12/site-packages/oslo_concurrency/lockutils.py:512}}
Sep 02 14:35:19.485709 np0000191838 devstack@n-api-meta.service[107516]: DEBUG oslo_concurrency.lockutils [None req-86800bb9-0d9e-4f71-abdc-005b3f4cfdb7 None None] Lock "329e6ca8-0597-49a9-b410-82eb72fa7f64" acquired by "nova.context.set_target_cell..get_or_set_cached_cell_and_set_connections" :: waited 0.000s {{(pid=107516) inner /opt/stack/data/venv/lib/python3.12/site-packages/oslo_concurrency/lockutils.py:525}}
Sep 02 14:35:19.485709 np0000191838 devstack@n-api-meta.service[107516]: DEBUG oslo_concurrency.lockutils [None req-86800bb9-0d9e-4f71-abdc-005b3f4cfdb7 None None] Lock "329e6ca8-0597-49a9-b410-82eb72fa7f64" "released" by "nova.context.set_target_cell..get_or_set_cached_cell_and_set_connections" :: held 0.001s {{(pid=107516) inner /opt/stack/data/venv/lib/python3.12/site-packages/oslo_concurrency/lockutils.py:544}}
Sep 02 14:35:19.487230 np0000191838 devstack@n-api-meta.service[107514]: DEBUG dbcounter [-] [107514] Writer thread running {{(pid=107514) stat_writer /opt/stack/data/venv/lib/python3.12/site-packages/dbcounter.py:102}}
Sep 02 14:35:19.488921 np0000191838 devstack@n-api-meta.service[107516]: INFO dbcounter [None req-86800bb9-0d9e-4f71-abdc-005b3f4cfdb7 None None] Registered counter for database nova_cell0
Sep 02 14:35:19.493543 np0000191838 devstack@n-api-meta.service[107514]: DEBUG dbcounter [-] [107514] Writer thread running {{(pid=107514) stat_writer /opt/stack/data/venv/lib/python3.12/site-packages/dbcounter.py:102}}
Sep 02 14:35:19.496300 np0000191838 devstack@n-api-meta.service[107516]: INFO dbcounter [None req-86800bb9-0d9e-4f71-abdc-005b3f4cfdb7 None None] Registered counter for database nova_cell1
Sep 02 14:35:19.496526 np0000191838 devstack@n-api-meta.service[107514]: INFO dbcounter [None req-6f7c07d9-7b16-409b-ab7a-059e3e8ccaf0 None None] Registered counter for database nova_cell0
Sep 02 14:35:19.516882 np0000191838 devstack@n-api-meta.service[107515]: DEBUG oslo_db.sqlalchemy.engines [None req-95b9219c-24f3-4d74-bec1-00ab900a2ccf None None] MySQL server mode set to STRICT_TRANS_TABLES,STRICT_ALL_TABLES,NO_ZERO_IN_DATE,NO_ZERO_DATE,ERROR_FOR_DIVISION_BY_ZERO,TRADITIONAL,NO_ENGINE_SUBSTITUTION {{(pid=107515) _check_effective_sql_mode /opt/stack/data/venv/lib/python3.12/site-packages/oslo_db/sqlalchemy/engines.py:325}}
Sep 02 14:35:19.521336 np0000191838 devstack@n-api-meta.service[107517]: DEBUG oslo_db.sqlalchemy.engines [None req-38c8e542-e1a2-4085-bc1b-2509e96804e7 None None] MySQL server mode set to STRICT_TRANS_TABLES,STRICT_ALL_TABLES,NO_ZERO_IN_DATE,NO_ZERO_DATE,ERROR_FOR_DIVISION_BY_ZERO,TRADITIONAL,NO_ENGINE_SUBSTITUTION {{(pid=107517) _check_effective_sql_mode /opt/stack/data/venv/lib/python3.12/site-packages/oslo_db/sqlalchemy/engines.py:325}}
Sep 02 14:35:19.540941 np0000191838 devstack@n-api-meta.service[107514]: DEBUG oslo_db.sqlalchemy.engines [None req-6f7c07d9-7b16-409b-ab7a-059e3e8ccaf0 None None] MySQL server mode set to STRICT_TRANS_TABLES,STRICT_ALL_TABLES,NO_ZERO_IN_DATE,NO_ZERO_DATE,ERROR_FOR_DIVISION_BY_ZERO,TRADITIONAL,NO_ENGINE_SUBSTITUTION {{(pid=107514) _check_effective_sql_mode /opt/stack/data/venv/lib/python3.12/site-packages/oslo_db/sqlalchemy/engines.py:325}}
Sep 02 14:35:19.550214 np0000191838 devstack@n-api-meta.service[107514]: DEBUG dbcounter [-] [107514] Writer thread running {{(pid=107514) stat_writer /opt/stack/data/venv/lib/python3.12/site-packages/dbcounter.py:102}}
Sep 02 14:35:19.571730 np0000191838 devstack@n-api-meta.service[107516]: DEBUG oslo_db.sqlalchemy.engines [None req-86800bb9-0d9e-4f71-abdc-005b3f4cfdb7 None None] MySQL server mode set to STRICT_TRANS_TABLES,STRICT_ALL_TABLES,NO_ZERO_IN_DATE,NO_ZERO_DATE,ERROR_FOR_DIVISION_BY_ZERO,TRADITIONAL,NO_ENGINE_SUBSTITUTION {{(pid=107516) _check_effective_sql_mode /opt/stack/data/venv/lib/python3.12/site-packages/oslo_db/sqlalchemy/engines.py:325}}
Sep 02 14:35:19.579933 np0000191838 devstack@n-api-meta.service[107517]: DEBUG oslo_db.sqlalchemy.engines [None req-38c8e542-e1a2-4085-bc1b-2509e96804e7 None None] MySQL server mode set to STRICT_TRANS_TABLES,STRICT_ALL_TABLES,NO_ZERO_IN_DATE,NO_ZERO_DATE,ERROR_FOR_DIVISION_BY_ZERO,TRADITIONAL,NO_ENGINE_SUBSTITUTION {{(pid=107517) _check_effective_sql_mode /opt/stack/data/venv/lib/python3.12/site-packages/oslo_db/sqlalchemy/engines.py:325}}
Sep 02 14:35:19.582331 np0000191838 devstack@n-api-meta.service[107516]: DEBUG oslo_db.sqlalchemy.engines [None req-86800bb9-0d9e-4f71-abdc-005b3f4cfdb7 None None] MySQL server mode set to STRICT_TRANS_TABLES,STRICT_ALL_TABLES,NO_ZERO_IN_DATE,NO_ZERO_DATE,ERROR_FOR_DIVISION_BY_ZERO,TRADITIONAL,NO_ENGINE_SUBSTITUTION {{(pid=107516) _check_effective_sql_mode /opt/stack/data/venv/lib/python3.12/site-packages/oslo_db/sqlalchemy/engines.py:325}}
Sep 02 14:35:19.597316 np0000191838 devstack@n-api-meta.service[107514]: WARNING nova.api.metadata.handler [None req-6f7c07d9-7b16-409b-ab7a-059e3e8ccaf0 None None] metadata_proxy_shared_secret is not configured, the metadata information returned by the proxy cannot be trusted
Sep 02 14:35:19.599695 np0000191838 devstack@n-api-meta.service[107514]: DEBUG nova.api.openstack.wsgi_app [None req-6f7c07d9-7b16-409b-ab7a-059e3e8ccaf0 None None] ******************************************************************************** {{(pid=107514) log_opt_values /opt/stack/data/venv/lib/python3.12/site-packages/oslo_config/cfg.py:3533}}
Sep 02 14:35:19.599805 np0000191838 devstack@n-api-meta.service[107514]: DEBUG nova.api.openstack.wsgi_app [None req-6f7c07d9-7b16-409b-ab7a-059e3e8ccaf0 None None] Configuration options gathered from: {{(pid=107514) log_opt_values /opt/stack/data/venv/lib/python3.12/site-packages/oslo_config/cfg.py:3534}}
Sep 02 14:35:19.599893 np0000191838 devstack@n-api-meta.service[107514]: DEBUG nova.api.openstack.wsgi_app [None req-6f7c07d9-7b16-409b-ab7a-059e3e8ccaf0 None None] command line args: [] {{(pid=107514) log_opt_values /opt/stack/data/venv/lib/python3.12/site-packages/oslo_config/cfg.py:3535}}
Sep 02 14:35:19.600059 np0000191838 devstack@n-api-meta.service[107514]: DEBUG nova.api.openstack.wsgi_app [None req-6f7c07d9-7b16-409b-ab7a-059e3e8ccaf0 None None] config files: ['/etc/nova/api-paste.ini', '/etc/nova/nova.conf'] {{(pid=107514) log_opt_values /opt/stack/data/venv/lib/python3.12/site-packages/oslo_config/cfg.py:3536}}
Sep 02 14:35:19.600215 np0000191838 devstack@n-api-meta.service[107514]: DEBUG nova.api.openstack.wsgi_app [None req-6f7c07d9-7b16-409b-ab7a-059e3e8ccaf0 None None] ================================================================================ {{(pid=107514) log_opt_values /opt/stack/data/venv/lib/python3.12/site-packages/oslo_config/cfg.py:3541}}
Sep 02 14:35:19.600370 np0000191838 devstack@n-api-meta.service[107514]: DEBUG nova.api.openstack.wsgi_app [None req-6f7c07d9-7b16-409b-ab7a-059e3e8ccaf0 None None] allow_resize_to_same_host = True {{(pid=107514) log_opt_values /opt/stack/data/venv/lib/python3.12/site-packages/oslo_config/cfg.py:3549}}
Sep 02 14:35:19.600529 np0000191838 devstack@n-api-meta.service[107514]: DEBUG nova.api.openstack.wsgi_app [None req-6f7c07d9-7b16-409b-ab7a-059e3e8ccaf0 None None] arq_binding_timeout = 300 {{(pid=107514) log_opt_values /opt/stack/data/venv/lib/python3.12/site-packages/oslo_config/cfg.py:3549}}
Sep 02 14:35:19.600653 np0000191838 devstack@n-api-meta.service[107514]: DEBUG nova.api.openstack.wsgi_app [None req-6f7c07d9-7b16-409b-ab7a-059e3e8ccaf0 None None] block_device_allocate_retries = 60 {{(pid=107514) log_opt_values /opt/stack/data/venv/lib/python3.12/site-packages/oslo_config/cfg.py:3549}}
Sep 02 14:35:19.600776 np0000191838 devstack@n-api-meta.service[107514]: DEBUG nova.api.openstack.wsgi_app [None req-6f7c07d9-7b16-409b-ab7a-059e3e8ccaf0 None None] block_device_allocate_retries_interval = 3 {{(pid=107514) log_opt_values /opt/stack/data/venv/lib/python3.12/site-packages/oslo_config/cfg.py:3549}}
Sep 02 14:35:19.600897 np0000191838 devstack@n-api-meta.service[107514]: DEBUG nova.api.openstack.wsgi_app [None req-6f7c07d9-7b16-409b-ab7a-059e3e8ccaf0 None None] cell_worker_thread_pool_size = 5 {{(pid=107514) log_opt_values /opt/stack/data/venv/lib/python3.12/site-packages/oslo_config/cfg.py:3549}}
Sep 02 14:35:19.601025 np0000191838 devstack@n-api-meta.service[107514]: DEBUG nova.api.openstack.wsgi_app [None req-6f7c07d9-7b16-409b-ab7a-059e3e8ccaf0 None None] cert = self.pem {{(pid=107514) log_opt_values /opt/stack/data/venv/lib/python3.12/site-packages/oslo_config/cfg.py:3549}}
Sep 02 14:35:19.601178 np0000191838 devstack@n-api-meta.service[107514]: DEBUG nova.api.openstack.wsgi_app [None req-6f7c07d9-7b16-409b-ab7a-059e3e8ccaf0 None None] compute_driver = libvirt.LibvirtDriver {{(pid=107514) log_opt_values /opt/stack/data/venv/lib/python3.12/site-packages/oslo_config/cfg.py:3549}}
Sep 02 14:35:19.601385 np0000191838 devstack@n-api-meta.service[107514]: DEBUG nova.api.openstack.wsgi_app [None req-6f7c07d9-7b16-409b-ab7a-059e3e8ccaf0 None None] compute_monitors = [] {{(pid=107514) log_opt_values /opt/stack/data/venv/lib/python3.12/site-packages/oslo_config/cfg.py:3549}}
Sep 02 14:35:19.601521 np0000191838 devstack@n-api-meta.service[107514]: DEBUG nova.api.openstack.wsgi_app [None req-6f7c07d9-7b16-409b-ab7a-059e3e8ccaf0 None None] concurrency_backend = auto {{(pid=107514) log_opt_values /opt/stack/data/venv/lib/python3.12/site-packages/oslo_config/cfg.py:3549}}
Sep 02 14:35:19.601664 np0000191838 devstack@n-api-meta.service[107514]: DEBUG nova.api.openstack.wsgi_app [None req-6f7c07d9-7b16-409b-ab7a-059e3e8ccaf0 None None] config_dir = [] {{(pid=107514) log_opt_values /opt/stack/data/venv/lib/python3.12/site-packages/oslo_config/cfg.py:3549}}
Sep 02 14:35:19.601866 np0000191838 devstack@n-api-meta.service[107514]: DEBUG nova.api.openstack.wsgi_app [None req-6f7c07d9-7b16-409b-ab7a-059e3e8ccaf0 None None] config_drive_format = iso9660 {{(pid=107514) log_opt_values /opt/stack/data/venv/lib/python3.12/site-packages/oslo_config/cfg.py:3549}}
Sep 02 14:35:19.601951 np0000191838 devstack@n-api-meta.service[107514]: DEBUG nova.api.openstack.wsgi_app [None req-6f7c07d9-7b16-409b-ab7a-059e3e8ccaf0 None None] config_file = ['/etc/nova/api-paste.ini', '/etc/nova/nova.conf'] {{(pid=107514) log_opt_values /opt/stack/data/venv/lib/python3.12/site-packages/oslo_config/cfg.py:3549}}
Sep 02 14:35:19.602077 np0000191838 devstack@n-api-meta.service[107514]: DEBUG nova.api.openstack.wsgi_app [None req-6f7c07d9-7b16-409b-ab7a-059e3e8ccaf0 None None] config_source = [] {{(pid=107514) log_opt_values /opt/stack/data/venv/lib/python3.12/site-packages/oslo_config/cfg.py:3549}}
Sep 02 14:35:19.602238 np0000191838 devstack@n-api-meta.service[107514]: DEBUG nova.api.openstack.wsgi_app [None req-6f7c07d9-7b16-409b-ab7a-059e3e8ccaf0 None None] console_host = np0000191838 {{(pid=107514) log_opt_values /opt/stack/data/venv/lib/python3.12/site-packages/oslo_config/cfg.py:3549}}
Sep 02 14:35:19.602465 np0000191838 devstack@n-api-meta.service[107514]: DEBUG nova.api.openstack.wsgi_app [None req-6f7c07d9-7b16-409b-ab7a-059e3e8ccaf0 None None] control_exchange = nova {{(pid=107514) log_opt_values /opt/stack/data/venv/lib/python3.12/site-packages/oslo_config/cfg.py:3549}}
Sep 02 14:35:19.602610 np0000191838 devstack@n-api-meta.service[107514]: DEBUG nova.api.openstack.wsgi_app [None req-6f7c07d9-7b16-409b-ab7a-059e3e8ccaf0 None None] cpu_allocation_ratio = None {{(pid=107514) log_opt_values /opt/stack/data/venv/lib/python3.12/site-packages/oslo_config/cfg.py:3549}}
Sep 02 14:35:19.602730 np0000191838 devstack@n-api-meta.service[107514]: DEBUG nova.api.openstack.wsgi_app [None req-6f7c07d9-7b16-409b-ab7a-059e3e8ccaf0 None None] daemon = False {{(pid=107514) log_opt_values /opt/stack/data/venv/lib/python3.12/site-packages/oslo_config/cfg.py:3549}}
Sep 02 14:35:19.602856 np0000191838 devstack@n-api-meta.service[107514]: DEBUG nova.api.openstack.wsgi_app [None req-6f7c07d9-7b16-409b-ab7a-059e3e8ccaf0 None None] debug = True {{(pid=107514) log_opt_values /opt/stack/data/venv/lib/python3.12/site-packages/oslo_config/cfg.py:3549}}
Sep 02 14:35:19.602980 np0000191838 devstack@n-api-meta.service[107514]: DEBUG nova.api.openstack.wsgi_app [None req-6f7c07d9-7b16-409b-ab7a-059e3e8ccaf0 None None] default_access_ip_network_name = None {{(pid=107514) log_opt_values /opt/stack/data/venv/lib/python3.12/site-packages/oslo_config/cfg.py:3549}}
Sep 02 14:35:19.603126 np0000191838 devstack@n-api-meta.service[107514]: DEBUG nova.api.openstack.wsgi_app [None req-6f7c07d9-7b16-409b-ab7a-059e3e8ccaf0 None None] default_availability_zone = nova {{(pid=107514) log_opt_values /opt/stack/data/venv/lib/python3.12/site-packages/oslo_config/cfg.py:3549}}
Sep 02 14:35:19.603250 np0000191838 devstack@n-api-meta.service[107514]: DEBUG nova.api.openstack.wsgi_app [None req-6f7c07d9-7b16-409b-ab7a-059e3e8ccaf0 None None] default_ephemeral_format = ext4 {{(pid=107514) log_opt_values /opt/stack/data/venv/lib/python3.12/site-packages/oslo_config/cfg.py:3549}}
Sep 02 14:35:19.603371 np0000191838 devstack@n-api-meta.service[107514]: DEBUG nova.api.openstack.wsgi_app [None req-6f7c07d9-7b16-409b-ab7a-059e3e8ccaf0 None None] default_green_pool_size = 1000 {{(pid=107514) log_opt_values /opt/stack/data/venv/lib/python3.12/site-packages/oslo_config/cfg.py:3549}}
Sep 02 14:35:19.603610 np0000191838 devstack@n-api-meta.service[107514]: DEBUG nova.api.openstack.wsgi_app [None req-6f7c07d9-7b16-409b-ab7a-059e3e8ccaf0 None None] default_log_levels = ['amqp=WARN', 'boto=WARN', 'sqlalchemy=WARN', 'suds=INFO', 'oslo.messaging=INFO', 'oslo_messaging=INFO', 'iso8601=WARN', 'requests.packages.urllib3.connectionpool=WARN', 'urllib3.connectionpool=WARN', 'websocket=WARN', 'requests.packages.urllib3.util.retry=WARN', 'urllib3.util.retry=WARN', 'keystonemiddleware=WARN', 'routes.middleware=WARN', 'stevedore=WARN', 'taskflow=WARN', 'keystoneauth=WARN', 'oslo.cache=INFO', 'oslo_policy=INFO', 'dogpile.core.dogpile=INFO', 'glanceclient=WARN', 'oslo.privsep.daemon=INFO'] {{(pid=107514) log_opt_values /opt/stack/data/venv/lib/python3.12/site-packages/oslo_config/cfg.py:3549}}
Sep 02 14:35:19.603740 np0000191838 devstack@n-api-meta.service[107514]: DEBUG nova.api.openstack.wsgi_app [None req-6f7c07d9-7b16-409b-ab7a-059e3e8ccaf0 None None] default_schedule_zone = None {{(pid=107514) log_opt_values /opt/stack/data/venv/lib/python3.12/site-packages/oslo_config/cfg.py:3549}}
Sep 02 14:35:19.603863 np0000191838 devstack@n-api-meta.service[107514]: DEBUG nova.api.openstack.wsgi_app [None req-6f7c07d9-7b16-409b-ab7a-059e3e8ccaf0 None None] default_thread_pool_size = 10 {{(pid=107514) log_opt_values /opt/stack/data/venv/lib/python3.12/site-packages/oslo_config/cfg.py:3549}}
Sep 02 14:35:19.603994 np0000191838 devstack@n-api-meta.service[107514]: DEBUG nova.api.openstack.wsgi_app [None req-6f7c07d9-7b16-409b-ab7a-059e3e8ccaf0 None None] disk_allocation_ratio = None {{(pid=107514) log_opt_values /opt/stack/data/venv/lib/python3.12/site-packages/oslo_config/cfg.py:3549}}
Sep 02 14:35:19.604135 np0000191838 devstack@n-api-meta.service[107514]: DEBUG nova.api.openstack.wsgi_app [None req-6f7c07d9-7b16-409b-ab7a-059e3e8ccaf0 None None] enable_new_services = True {{(pid=107514) log_opt_values /opt/stack/data/venv/lib/python3.12/site-packages/oslo_config/cfg.py:3549}}
Sep 02 14:35:19.604448 np0000191838 devstack@n-api-meta.service[107514]: DEBUG nova.api.openstack.wsgi_app [None req-6f7c07d9-7b16-409b-ab7a-059e3e8ccaf0 None None] flat_injected = False {{(pid=107514) log_opt_values /opt/stack/data/venv/lib/python3.12/site-packages/oslo_config/cfg.py:3549}}
Sep 02 14:35:19.604603 np0000191838 devstack@n-api-meta.service[107514]: DEBUG nova.api.openstack.wsgi_app [None req-6f7c07d9-7b16-409b-ab7a-059e3e8ccaf0 None None] force_config_drive = False {{(pid=107514) log_opt_values /opt/stack/data/venv/lib/python3.12/site-packages/oslo_config/cfg.py:3549}}
Sep 02 14:35:19.604789 np0000191838 devstack@n-api-meta.service[107514]: DEBUG nova.api.openstack.wsgi_app [None req-6f7c07d9-7b16-409b-ab7a-059e3e8ccaf0 None None] force_raw_images = True {{(pid=107514) log_opt_values /opt/stack/data/venv/lib/python3.12/site-packages/oslo_config/cfg.py:3549}}
Sep 02 14:35:19.604945 np0000191838 devstack@n-api-meta.service[107514]: DEBUG nova.api.openstack.wsgi_app [None req-6f7c07d9-7b16-409b-ab7a-059e3e8ccaf0 None None] graceful_shutdown_timeout = 5 {{(pid=107514) log_opt_values /opt/stack/data/venv/lib/python3.12/site-packages/oslo_config/cfg.py:3549}}
Sep 02 14:35:19.605072 np0000191838 devstack@n-api-meta.service[107514]: DEBUG nova.api.openstack.wsgi_app [None req-6f7c07d9-7b16-409b-ab7a-059e3e8ccaf0 None None] heal_instance_info_cache_interval = -1 {{(pid=107514) log_opt_values /opt/stack/data/venv/lib/python3.12/site-packages/oslo_config/cfg.py:3549}}
Sep 02 14:35:19.605292 np0000191838 devstack@n-api-meta.service[107514]: DEBUG nova.api.openstack.wsgi_app [None req-6f7c07d9-7b16-409b-ab7a-059e3e8ccaf0 None None] host = np0000191838 {{(pid=107514) log_opt_values /opt/stack/data/venv/lib/python3.12/site-packages/oslo_config/cfg.py:3549}}
Sep 02 14:35:19.605435 np0000191838 devstack@n-api-meta.service[107514]: DEBUG nova.api.openstack.wsgi_app [None req-6f7c07d9-7b16-409b-ab7a-059e3e8ccaf0 None None] initial_cpu_allocation_ratio = 4.0 {{(pid=107514) log_opt_values /opt/stack/data/venv/lib/python3.12/site-packages/oslo_config/cfg.py:3549}}
Sep 02 14:35:19.605584 np0000191838 devstack@n-api-meta.service[107514]: DEBUG nova.api.openstack.wsgi_app [None req-6f7c07d9-7b16-409b-ab7a-059e3e8ccaf0 None None] initial_disk_allocation_ratio = 1.0 {{(pid=107514) log_opt_values /opt/stack/data/venv/lib/python3.12/site-packages/oslo_config/cfg.py:3549}}
Sep 02 14:35:19.605708 np0000191838 devstack@n-api-meta.service[107514]: DEBUG nova.api.openstack.wsgi_app [None req-6f7c07d9-7b16-409b-ab7a-059e3e8ccaf0 None None] initial_ram_allocation_ratio = 1.0 {{(pid=107514) log_opt_values /opt/stack/data/venv/lib/python3.12/site-packages/oslo_config/cfg.py:3549}}
Sep 02 14:35:19.605877 np0000191838 devstack@n-api-meta.service[107514]: DEBUG nova.api.openstack.wsgi_app [None req-6f7c07d9-7b16-409b-ab7a-059e3e8ccaf0 None None] injected_network_template = /opt/stack/nova/nova/virt/interfaces.template {{(pid=107514) log_opt_values /opt/stack/data/venv/lib/python3.12/site-packages/oslo_config/cfg.py:3549}}
Sep 02 14:35:19.606152 np0000191838 devstack@n-api-meta.service[107514]: DEBUG nova.api.openstack.wsgi_app [None req-6f7c07d9-7b16-409b-ab7a-059e3e8ccaf0 None None] instance_build_timeout = 0 {{(pid=107514) log_opt_values /opt/stack/data/venv/lib/python3.12/site-packages/oslo_config/cfg.py:3549}}
Sep 02 14:35:19.606311 np0000191838 devstack@n-api-meta.service[107514]: DEBUG nova.api.openstack.wsgi_app [None req-6f7c07d9-7b16-409b-ab7a-059e3e8ccaf0 None None] instance_delete_interval = 300 {{(pid=107514) log_opt_values /opt/stack/data/venv/lib/python3.12/site-packages/oslo_config/cfg.py:3549}}
Sep 02 14:35:19.606417 np0000191838 devstack@n-api-meta.service[107514]: DEBUG nova.api.openstack.wsgi_app [None req-6f7c07d9-7b16-409b-ab7a-059e3e8ccaf0 None None] instance_format = [instance: %(uuid)s] {{(pid=107514) log_opt_values /opt/stack/data/venv/lib/python3.12/site-packages/oslo_config/cfg.py:3549}}
Sep 02 14:35:19.606571 np0000191838 devstack@n-api-meta.service[107514]: DEBUG nova.api.openstack.wsgi_app [None req-6f7c07d9-7b16-409b-ab7a-059e3e8ccaf0 None None] instance_name_template = instance-%08x {{(pid=107514) log_opt_values /opt/stack/data/venv/lib/python3.12/site-packages/oslo_config/cfg.py:3549}}
Sep 02 14:35:19.606694 np0000191838 devstack@n-api-meta.service[107514]: DEBUG nova.api.openstack.wsgi_app [None req-6f7c07d9-7b16-409b-ab7a-059e3e8ccaf0 None None] instance_usage_audit = False {{(pid=107514) log_opt_values /opt/stack/data/venv/lib/python3.12/site-packages/oslo_config/cfg.py:3549}}
Sep 02 14:35:19.606832 np0000191838 devstack@n-api-meta.service[107514]: DEBUG nova.api.openstack.wsgi_app [None req-6f7c07d9-7b16-409b-ab7a-059e3e8ccaf0 None None] instance_usage_audit_period = month {{(pid=107514) log_opt_values /opt/stack/data/venv/lib/python3.12/site-packages/oslo_config/cfg.py:3549}}
Sep 02 14:35:19.606963 np0000191838 devstack@n-api-meta.service[107514]: DEBUG nova.api.openstack.wsgi_app [None req-6f7c07d9-7b16-409b-ab7a-059e3e8ccaf0 None None] instance_uuid_format = [instance: %(uuid)s] {{(pid=107514) log_opt_values /opt/stack/data/venv/lib/python3.12/site-packages/oslo_config/cfg.py:3549}}
Sep 02 14:35:19.607133 np0000191838 devstack@n-api-meta.service[107514]: DEBUG nova.api.openstack.wsgi_app [None req-6f7c07d9-7b16-409b-ab7a-059e3e8ccaf0 None None] instances_path = /opt/stack/data/nova/instances {{(pid=107514) log_opt_values /opt/stack/data/venv/lib/python3.12/site-packages/oslo_config/cfg.py:3549}}
Sep 02 14:35:19.607251 np0000191838 devstack@n-api-meta.service[107514]: DEBUG nova.api.openstack.wsgi_app [None req-6f7c07d9-7b16-409b-ab7a-059e3e8ccaf0 None None] internal_service_availability_zone = internal {{(pid=107514) log_opt_values /opt/stack/data/venv/lib/python3.12/site-packages/oslo_config/cfg.py:3549}}
Sep 02 14:35:19.607381 np0000191838 devstack@n-api-meta.service[107514]: DEBUG nova.api.openstack.wsgi_app [None req-6f7c07d9-7b16-409b-ab7a-059e3e8ccaf0 None None] key = None {{(pid=107514) log_opt_values /opt/stack/data/venv/lib/python3.12/site-packages/oslo_config/cfg.py:3549}}
Sep 02 14:35:19.607531 np0000191838 devstack@n-api-meta.service[107514]: DEBUG nova.api.openstack.wsgi_app [None req-6f7c07d9-7b16-409b-ab7a-059e3e8ccaf0 None None] live_migration_retry_count = 30 {{(pid=107514) log_opt_values /opt/stack/data/venv/lib/python3.12/site-packages/oslo_config/cfg.py:3549}}
Sep 02 14:35:19.607672 np0000191838 devstack@n-api-meta.service[107514]: DEBUG nova.api.openstack.wsgi_app [None req-6f7c07d9-7b16-409b-ab7a-059e3e8ccaf0 None None] log_color = False {{(pid=107514) log_opt_values /opt/stack/data/venv/lib/python3.12/site-packages/oslo_config/cfg.py:3549}}
Sep 02 14:35:19.607806 np0000191838 devstack@n-api-meta.service[107514]: DEBUG nova.api.openstack.wsgi_app [None req-6f7c07d9-7b16-409b-ab7a-059e3e8ccaf0 None None] log_config_append = None {{(pid=107514) log_opt_values /opt/stack/data/venv/lib/python3.12/site-packages/oslo_config/cfg.py:3549}}
Sep 02 14:35:19.607945 np0000191838 devstack@n-api-meta.service[107514]: DEBUG nova.api.openstack.wsgi_app [None req-6f7c07d9-7b16-409b-ab7a-059e3e8ccaf0 None None] log_date_format = %Y-%m-%d %H:%M:%S {{(pid=107514) log_opt_values /opt/stack/data/venv/lib/python3.12/site-packages/oslo_config/cfg.py:3549}}
Sep 02 14:35:19.608106 np0000191838 devstack@n-api-meta.service[107514]: DEBUG nova.api.openstack.wsgi_app [None req-6f7c07d9-7b16-409b-ab7a-059e3e8ccaf0 None None] log_dir = None {{(pid=107514) log_opt_values /opt/stack/data/venv/lib/python3.12/site-packages/oslo_config/cfg.py:3549}}
Sep 02 14:35:19.608235 np0000191838 devstack@n-api-meta.service[107514]: DEBUG nova.api.openstack.wsgi_app [None req-6f7c07d9-7b16-409b-ab7a-059e3e8ccaf0 None None] log_file = None {{(pid=107514) log_opt_values /opt/stack/data/venv/lib/python3.12/site-packages/oslo_config/cfg.py:3549}}
Sep 02 14:35:19.608335 np0000191838 devstack@n-api-meta.service[107514]: DEBUG nova.api.openstack.wsgi_app [None req-6f7c07d9-7b16-409b-ab7a-059e3e8ccaf0 None None] log_options = True {{(pid=107514) log_opt_values /opt/stack/data/venv/lib/python3.12/site-packages/oslo_config/cfg.py:3549}}
Sep 02 14:35:19.608478 np0000191838 devstack@n-api-meta.service[107514]: DEBUG nova.api.openstack.wsgi_app [None req-6f7c07d9-7b16-409b-ab7a-059e3e8ccaf0 None None] log_rotate_interval = 1 {{(pid=107514) log_opt_values /opt/stack/data/venv/lib/python3.12/site-packages/oslo_config/cfg.py:3549}}
Sep 02 14:35:19.608631 np0000191838 devstack@n-api-meta.service[107514]: DEBUG nova.api.openstack.wsgi_app [None req-6f7c07d9-7b16-409b-ab7a-059e3e8ccaf0 None None] log_rotate_interval_type = days {{(pid=107514) log_opt_values /opt/stack/data/venv/lib/python3.12/site-packages/oslo_config/cfg.py:3549}}
Sep 02 14:35:19.608799 np0000191838 devstack@n-api-meta.service[107514]: DEBUG nova.api.openstack.wsgi_app [None req-6f7c07d9-7b16-409b-ab7a-059e3e8ccaf0 None None] log_rotation_type = none {{(pid=107514) log_opt_values /opt/stack/data/venv/lib/python3.12/site-packages/oslo_config/cfg.py:3549}}
Sep 02 14:35:19.609027 np0000191838 devstack@n-api-meta.service[107514]: DEBUG nova.api.openstack.wsgi_app [None req-6f7c07d9-7b16-409b-ab7a-059e3e8ccaf0 None None] logging_context_format_string = %(color)s%(levelname)s %(name)s [%(global_request_id)s %(request_id)s %(project_name)s %(user_name)s%(color)s] %(instance)s%(color)s%(message)s {{(pid=107514) log_opt_values /opt/stack/data/venv/lib/python3.12/site-packages/oslo_config/cfg.py:3549}}
Sep 02 14:35:19.609157 np0000191838 devstack@n-api-meta.service[107514]: DEBUG nova.api.openstack.wsgi_app [None req-6f7c07d9-7b16-409b-ab7a-059e3e8ccaf0 None None] logging_debug_format_suffix = {{(pid=%(process)d) %(funcName)s %(pathname)s:%(lineno)d}} {{(pid=107514) log_opt_values /opt/stack/data/venv/lib/python3.12/site-packages/oslo_config/cfg.py:3549}}
Sep 02 14:35:19.609285 np0000191838 devstack@n-api-meta.service[107514]: DEBUG nova.api.openstack.wsgi_app [None req-6f7c07d9-7b16-409b-ab7a-059e3e8ccaf0 None None] logging_default_format_string = %(color)s%(levelname)s %(name)s [-%(color)s] %(instance)s%(color)s%(message)s {{(pid=107514) log_opt_values /opt/stack/data/venv/lib/python3.12/site-packages/oslo_config/cfg.py:3549}}
Sep 02 14:35:19.609405 np0000191838 devstack@n-api-meta.service[107514]: DEBUG nova.api.openstack.wsgi_app [None req-6f7c07d9-7b16-409b-ab7a-059e3e8ccaf0 None None] logging_exception_prefix = ERROR %(name)s %(instance)s {{(pid=107514) log_opt_values /opt/stack/data/venv/lib/python3.12/site-packages/oslo_config/cfg.py:3549}}
Sep 02 14:35:19.609567 np0000191838 devstack@n-api-meta.service[107514]: DEBUG nova.api.openstack.wsgi_app [None req-6f7c07d9-7b16-409b-ab7a-059e3e8ccaf0 None None] logging_user_identity_format = %(user)s %(project)s %(domain)s %(system_scope)s %(user_domain)s %(project_domain)s {{(pid=107514) log_opt_values /opt/stack/data/venv/lib/python3.12/site-packages/oslo_config/cfg.py:3549}}
Sep 02 14:35:19.609680 np0000191838 devstack@n-api-meta.service[107514]: DEBUG nova.api.openstack.wsgi_app [None req-6f7c07d9-7b16-409b-ab7a-059e3e8ccaf0 None None] long_rpc_timeout = 1800 {{(pid=107514) log_opt_values /opt/stack/data/venv/lib/python3.12/site-packages/oslo_config/cfg.py:3549}}
Sep 02 14:35:19.609842 np0000191838 devstack@n-api-meta.service[107514]: DEBUG nova.api.openstack.wsgi_app [None req-6f7c07d9-7b16-409b-ab7a-059e3e8ccaf0 None None] manager_shutdown_timeout = 160 {{(pid=107514) log_opt_values /opt/stack/data/venv/lib/python3.12/site-packages/oslo_config/cfg.py:3549}}
Sep 02 14:35:19.609963 np0000191838 devstack@n-api-meta.service[107514]: DEBUG nova.api.openstack.wsgi_app [None req-6f7c07d9-7b16-409b-ab7a-059e3e8ccaf0 None None] max_concurrent_builds = 10 {{(pid=107514) log_opt_values /opt/stack/data/venv/lib/python3.12/site-packages/oslo_config/cfg.py:3549}}
Sep 02 14:35:19.610101 np0000191838 devstack@n-api-meta.service[107514]: DEBUG nova.api.openstack.wsgi_app [None req-6f7c07d9-7b16-409b-ab7a-059e3e8ccaf0 None None] max_concurrent_live_migrations = 1 {{(pid=107514) log_opt_values /opt/stack/data/venv/lib/python3.12/site-packages/oslo_config/cfg.py:3549}}
Sep 02 14:35:19.610215 np0000191838 devstack@n-api-meta.service[107514]: DEBUG nova.api.openstack.wsgi_app [None req-6f7c07d9-7b16-409b-ab7a-059e3e8ccaf0 None None] max_concurrent_snapshots = 5 {{(pid=107514) log_opt_values /opt/stack/data/venv/lib/python3.12/site-packages/oslo_config/cfg.py:3549}}
Sep 02 14:35:19.610333 np0000191838 devstack@n-api-meta.service[107514]: DEBUG nova.api.openstack.wsgi_app [None req-6f7c07d9-7b16-409b-ab7a-059e3e8ccaf0 None None] max_local_block_devices = 3 {{(pid=107514) log_opt_values /opt/stack/data/venv/lib/python3.12/site-packages/oslo_config/cfg.py:3549}}
Sep 02 14:35:19.610445 np0000191838 devstack@n-api-meta.service[107514]: DEBUG nova.api.openstack.wsgi_app [None req-6f7c07d9-7b16-409b-ab7a-059e3e8ccaf0 None None] max_logfile_count = 30 {{(pid=107514) log_opt_values /opt/stack/data/venv/lib/python3.12/site-packages/oslo_config/cfg.py:3549}}
Sep 02 14:35:19.610585 np0000191838 devstack@n-api-meta.service[107514]: DEBUG nova.api.openstack.wsgi_app [None req-6f7c07d9-7b16-409b-ab7a-059e3e8ccaf0 None None] max_logfile_size_mb = 200 {{(pid=107514) log_opt_values /opt/stack/data/venv/lib/python3.12/site-packages/oslo_config/cfg.py:3549}}
