Jun 22 04:43:06.907638 np0000182447 devstack@neutron-api.service[103113]: DEBUG neutron.plugins.ml2.drivers.ovn.mech_driver.ovsdb.ovsdb_monitor [None req-4a2c5299-51ca-4585-8f02-51e9f4e373a5 None None] Touching Hash Ring node "166f20ae97fc5d03b5af20dd7348081d" from IDL notify handler {{(pid=103113) notify /opt/stack/neutron/neutron/plugins/ml2/drivers/ovn/mech_driver/ovsdb/ovsdb_monitor.py:1007}}
Jun 22 04:43:06.908544 np0000182447 devstack@neutron-api.service[103111]: DEBUG neutron.plugins.ml2.drivers.ovn.mech_driver.ovsdb.ovsdb_monitor [None req-2f01e5c6-6a49-4837-9dab-dd848c4e9807 None None] Hash Ring: Node d0c37b259f8956cd9d07bc31a7a11a78 (host: np0000182447) handling event "update" for row 63700fbb-9c35-4962-a4a3-21d6114d4d9d (table: Logical_Switch_Port) {{(pid=103111) notify /opt/stack/neutron/neutron/plugins/ml2/drivers/ovn/mech_driver/ovsdb/ovsdb_monitor.py:1015}}
Jun 22 04:43:06.910238 np0000182447 devstack@neutron-api.service[103113]: DEBUG neutron.plugins.ml2.drivers.ovn.mech_driver.ovsdb.ovsdb_monitor [None req-4a2c5299-51ca-4585-8f02-51e9f4e373a5 None None] Hash Ring: Node 166f20ae97fc5d03b5af20dd7348081d (host: np0000182447) handling event "update" for row 59501e7a-e445-407d-9eb8-33bf61d0500c (table: Port_Binding) {{(pid=103113) notify /opt/stack/neutron/neutron/plugins/ml2/drivers/ovn/mech_driver/ovsdb/ovsdb_monitor.py:1015}}
Jun 22 04:43:06.912669 np0000182447 devstack@neutron-api.service[103114]: DEBUG neutron.plugins.ml2.drivers.ovn.mech_driver.ovsdb.ovsdb_monitor [None req-7a45f0d7-9d2f-4fa0-83bf-0cc4ee0959b2 None None] Hash Ring: Node 0cea80f3bbd55dcab94f835337d7f892 (host: np0000182447) handling event "update" for row 59501e7a-e445-407d-9eb8-33bf61d0500c (table: Port_Binding) {{(pid=103114) notify /opt/stack/neutron/neutron/plugins/ml2/drivers/ovn/mech_driver/ovsdb/ovsdb_monitor.py:1015}}
Jun 22 04:43:06.951768 np0000182447 devstack@neutron-api.service[103114]: DEBUG ovsdbapp.backend.ovs_idl.event [None req-ae8bd50e-bfd2-46f9-8212-7434888c7f75 None None] Matched UPDATE: LogicalSwitchPortUpdateLogicalRouterPortEvent(events=('update',), table='Logical_Switch_Port', conditions=None, old_conditions=None), priority=20 to row=Logical_Switch_Port(uuid=63700fbb-9c35-4962-a4a3-21d6114d4d9d, addresses=['router'], dhcpv4_options=[], dhcpv6_options=[], dynamic_addresses=[], enabled=True, external_ids={'neutron:cidrs': '10.1.0.1/26', 'neutron:device_id': '7d8c0ac7-c9f2-4d06-80f0-a87ad3e2bafe', 'neutron:device_owner': 'network:router_interface', 'neutron:mtu': '', 'neutron:network_name': 'neutron-85f95eb4-f5ae-4754-ba37-be5457981f62', 'neutron:port_capabilities': '', 'neutron:port_name': '', 'neutron:project_id': 'a5e3866855134591b40f9b5c09c596e1', 'neutron:revision_number': '2', 'neutron:security_group_ids': '', 'neutron:subnet_pool_addr_scope4': '', 'neutron:subnet_pool_addr_scope6': '', 'neutron:vnic_type': 'normal'}, ha_chassis_group=[], mirror_rules=[], name='2e481a6e-2e55-404a-9cff-6325534ba71a', options={'router-port': 'lrp-2e481a6e-2e55-404a-9cff-6325534ba71a'}, parent_name=[], port_security=[], tag=[], tag_request=[], type='router', up=True) old=Logical_Switch_Port(uuid=63700fbb-9c35-4962-a4a3-21d6114d4d9d, external_ids={'neutron:cidrs': '10.1.0.1/26', 'neutron:device_id': '7d8c0ac7-c9f2-4d06-80f0-a87ad3e2bafe', 'neutron:device_owner': 'network:router_interface', 'neutron:mtu': '', 'neutron:network_name': 'neutron-85f95eb4-f5ae-4754-ba37-be5457981f62', 'neutron:port_capabilities': '', 'neutron:port_name': '', 'neutron:project_id': 'a5e3866855134591b40f9b5c09c596e1', 'neutron:revision_number': '1', 'neutron:security_group_ids': '', 'neutron:subnet_pool_addr_scope4': '', 'neutron:subnet_pool_addr_scope6': '', 'neutron:vnic_type': 'normal'}) {{(pid=103114) matches /opt/stack/data/venv/lib/python3.12/site-packages/ovsdbapp/backend/ovs_idl/event.py:55}}
Jun 22 04:43:06.985990 np0000182447 devstack@neutron-api.service[103114]: INFO neutron.db.ovn_revision_numbers_db [None req-aead9845-c494-45ea-a83a-96d7f88fb44e None None] Successfully bumped revision number for resource 2e481a6e-2e55-404a-9cff-6325534ba71a (type: ports) to 2
Jun 22 04:43:06.989124 np0000182447 devstack@neutron-api.service[103111]: DEBUG ovsdbapp.backend.ovs_idl.event [None req-2f01e5c6-6a49-4837-9dab-dd848c4e9807 None None] Matched UPDATE: LogicalSwitchPortUpdateLogicalRouterPortEvent(events=('update',), table='Logical_Switch_Port', conditions=None, old_conditions=None), priority=20 to row=Logical_Switch_Port(uuid=63700fbb-9c35-4962-a4a3-21d6114d4d9d, addresses=['router'], dhcpv4_options=[], dhcpv6_options=[], dynamic_addresses=[], enabled=True, external_ids={'neutron:cidrs': '10.1.0.1/26', 'neutron:device_id': '7d8c0ac7-c9f2-4d06-80f0-a87ad3e2bafe', 'neutron:device_owner': 'network:router_interface', 'neutron:mtu': '', 'neutron:network_name': 'neutron-85f95eb4-f5ae-4754-ba37-be5457981f62', 'neutron:port_capabilities': '', 'neutron:port_name': '', 'neutron:project_id': 'a5e3866855134591b40f9b5c09c596e1', 'neutron:revision_number': '2', 'neutron:security_group_ids': '', 'neutron:subnet_pool_addr_scope4': '', 'neutron:subnet_pool_addr_scope6': '', 'neutron:vnic_type': 'normal'}, ha_chassis_group=[], mirror_rules=[], name='2e481a6e-2e55-404a-9cff-6325534ba71a', options={'router-port': 'lrp-2e481a6e-2e55-404a-9cff-6325534ba71a'}, parent_name=[], port_security=[], tag=[], tag_request=[], type='router', up=True) old=Logical_Switch_Port(uuid=63700fbb-9c35-4962-a4a3-21d6114d4d9d, external_ids={'neutron:cidrs': '10.1.0.1/26', 'neutron:device_id': '7d8c0ac7-c9f2-4d06-80f0-a87ad3e2bafe', 'neutron:device_owner': 'network:router_interface', 'neutron:mtu': '', 'neutron:network_name': 'neutron-85f95eb4-f5ae-4754-ba37-be5457981f62', 'neutron:port_capabilities': '', 'neutron:port_name': '', 'neutron:project_id': 'a5e3866855134591b40f9b5c09c596e1', 'neutron:revision_number': '1', 'neutron:security_group_ids': '', 'neutron:subnet_pool_addr_scope4': '', 'neutron:subnet_pool_addr_scope6': '', 'neutron:vnic_type': 'normal'}) {{(pid=103111) matches /opt/stack/data/venv/lib/python3.12/site-packages/ovsdbapp/backend/ovs_idl/event.py:55}}
Jun 22 04:43:06.990549 np0000182447 devstack@neutron-api.service[103114]: DEBUG neutron_lib.callbacks.manager [None req-aead9845-c494-45ea-a83a-96d7f88fb44e None None] Publish callbacks ['neutron.plugins.ml2.ovo_rpc._ObjectChangeHandler.handle_event-1119745', 'neutron.services.ovn_l3.plugin.OVNL3RouterPlugin._port_update-7749509730174'] for port (2e481a6e-2e55-404a-9cff-6325534ba71a), after_update {{(pid=103114) _notify_loop /opt/stack/data/venv/lib/python3.12/site-packages/neutron_lib/callbacks/manager.py:184}}
Jun 22 04:43:07.000298 np0000182447 devstack@neutron-api.service[103111]: DEBUG neutron.pecan_wsgi.hooks.policy_enforcement [None req-12e899b1-ebc9-4ab9-bd24-a9c823648ca1 admin admin] Attributes excluded by policy engine: ['standard_attr_id'] {{(pid=103111) _exclude_attributes_by_policy /opt/stack/neutron/neutron/pecan_wsgi/hooks/policy_enforcement.py:259}}
Jun 22 04:43:07.001780 np0000182447 devstack@neutron-api.service[103111]: [pid: 103111|app: 0|req: 5/20] 199.19.213.3 () {64 vars in 1401 bytes} [Mon Jun 22 04:43:06 2026] GET /networking/v2.0/networks/d0dc77b9-de5d-4686-8aa9-6d499d39cac9 => generated 679 bytes in 86 msecs (HTTP/1.1 200) 4 headers in 157 bytes (1 switches on core 0)
Jun 22 04:43:07.012336 np0000182447 devstack@neutron-api.service[103114]: DEBUG neutron.api.rpc.handlers.resources_rpc [None req-f906038f-2441-41e7-a6f4-86f10dc4e98c None None] Pushing event updated for resources: {'Port': ['ID=2e481a6e-2e55-404a-9cff-6325534ba71a,revision_number=2']} {{(pid=103114) push /opt/stack/neutron/neutron/api/rpc/handlers/resources_rpc.py:237}}
Jun 22 04:43:07.020623 np0000182447 devstack@neutron-api.service[103114]: DEBUG neutron.api.v2.base [None req-8bd686b8-e4ea-44ad-a8f7-0614e6761ee5 admin admin] Request body: {'subnet': {'gateway_ip': '172.24.5.1', 'network_id': 'd0dc77b9-de5d-4686-8aa9-6d499d39cac9', 'enable_dhcp': False, 'ip_version': 4, 'cidr': '172.24.5.0/24', 'name': 'public-subnet'}} {{(pid=103114) prepare_request_body /opt/stack/neutron/neutron/api/v2/base.py:727}}
Jun 22 04:43:07.054006 np0000182447 devstack@neutron-api.service[103114]: DEBUG neutron.pecan_wsgi.hooks.quota_enforcement [None req-8bd686b8-e4ea-44ad-a8f7-0614e6761ee5 admin admin] Made reservation on behalf of a5e3866855134591b40f9b5c09c596e1 for: {'subnet': 1} {{(pid=103114) before /opt/stack/neutron/neutron/pecan_wsgi/hooks/quota_enforcement.py:66}}
Jun 22 04:43:07.057635 np0000182447 devstack@neutron-api.service[103114]: DEBUG neutron_lib.callbacks.manager [None req-8bd686b8-e4ea-44ad-a8f7-0614e6761ee5 admin admin] Publish callbacks [] for subnet (None), before_create {{(pid=103114) _notify_loop /opt/stack/data/venv/lib/python3.12/site-packages/neutron_lib/callbacks/manager.py:184}}
Jun 22 04:43:07.140310 np0000182447 devstack@neutron-api.service[103114]: DEBUG neutron.db.ovn_revision_numbers_db [None req-8bd686b8-e4ea-44ad-a8f7-0614e6761ee5 admin admin] create_initial_revision uuid=5106e75d-4b48-4a9d-98a9-857f65f08289, type=subnets, rev=-1 {{(pid=103114) create_initial_revision /opt/stack/neutron/neutron/db/ovn_revision_numbers_db.py:98}}
Jun 22 04:43:07.197121 np0000182447 devstack@neutron-api.service[103114]: DEBUG neutron.objects.ports [None req-8bd686b8-e4ea-44ad-a8f7-0614e6761ee5 admin admin] Time-cost: Fetching 0 ports in 0 security groups {{(pid=103114) get_objects /opt/stack/neutron/neutron/objects/ports.py:506}}
Jun 22 04:43:07.197259 np0000182447 devstack@neutron-api.service[103114]: DEBUG neutron_lib.callbacks.manager [None req-8bd686b8-e4ea-44ad-a8f7-0614e6761ee5 admin admin] Publish callbacks ['neutron.plugins.ml2.ovo_rpc._ObjectChangeHandler.handle_event-1119757'] for subnet (5106e75d-4b48-4a9d-98a9-857f65f08289), after_create {{(pid=103114) _notify_loop /opt/stack/data/venv/lib/python3.12/site-packages/neutron_lib/callbacks/manager.py:184}}
Jun 22 04:43:07.217025 np0000182447 devstack@neutron-api.service[103114]: DEBUG neutron.api.rpc.handlers.resources_rpc [None req-8bd686b8-e4ea-44ad-a8f7-0614e6761ee5 admin admin] Pushing event updated for resources: {'Subnet': ['ID=5106e75d-4b48-4a9d-98a9-857f65f08289,revision_number=0']} {{(pid=103114) push /opt/stack/neutron/neutron/api/rpc/handlers/resources_rpc.py:237}}
Jun 22 04:43:07.227814 np0000182447 devstack@neutron-api.service[103111]: DEBUG neutron.plugins.ml2.plugin [None req-2032886b-e711-4dca-8eb7-7933b4becca6 None None] Current status of the port 2e481a6e-2e55-404a-9cff-6325534ba71a is: ACTIVE; New status is: ACTIVE {{(pid=103111) _update_individual_port_db_status /opt/stack/neutron/neutron/plugins/ml2/plugin.py:2473}}
Jun 22 04:43:07.249240 np0000182447 devstack@neutron-api.service[103114]: INFO neutron.db.ovn_revision_numbers_db [None req-8bd686b8-e4ea-44ad-a8f7-0614e6761ee5 admin admin] Successfully bumped revision number for resource 5106e75d-4b48-4a9d-98a9-857f65f08289 (type: subnets) to 0
Jun 22 04:43:07.250369 np0000182447 devstack@neutron-api.service[103114]: DEBUG neutron.pecan_wsgi.hooks.policy_enforcement [None req-8bd686b8-e4ea-44ad-a8f7-0614e6761ee5 admin admin] Attributes excluded by policy engine: ['standard_attr_id', 'shared', 'network'] {{(pid=103114) _exclude_attributes_by_policy /opt/stack/neutron/neutron/pecan_wsgi/hooks/policy_enforcement.py:259}}
Jun 22 04:43:07.250636 np0000182447 devstack@neutron-api.service[103114]: DEBUG neutron_lib.callbacks.manager [None req-8bd686b8-e4ea-44ad-a8f7-0614e6761ee5 admin admin] Publish callbacks [] for subnet (None), before_response {{(pid=103114) _notify_loop /opt/stack/data/venv/lib/python3.12/site-packages/neutron_lib/callbacks/manager.py:184}}
Jun 22 04:43:07.263275 np0000182447 devstack@neutron-api.service[103114]: [pid: 103114|app: 0|req: 6/21] 199.19.213.3 () {68 vars in 1341 bytes} [Mon Jun 22 04:43:07 2026] POST /networking/v2.0/subnets => generated 640 bytes in 249 msecs (HTTP/1.1 201) 4 headers in 162 bytes (1 switches on core 0)
Jun 22 04:43:07.616424 np0000182447 devstack@neutron-api.service[103112]: DEBUG neutron.api.wsgi [None req-8f0f7d75-e708-4e9c-ac62-7d27f0bda7e5 admin admin] Missing Content-Type {{(pid=103112) get_content_type /opt/stack/neutron/neutron/api/wsgi.py:80}}
Jun 22 04:43:07.667068 np0000182447 devstack@neutron-api.service[103112]: [pid: 103112|app: 0|req: 6/22] 199.19.213.3 () {64 vars in 1398 bytes} [Mon Jun 22 04:43:07 2026] GET /networking/v2.0/routers/7d8c0ac7-c9f2-4d06-80f0-a87ad3e2bafe => generated 599 bytes in 54 msecs (HTTP/1.1 200) 4 headers in 157 bytes (1 switches on core 0)
Jun 22 04:43:07.722858 np0000182447 devstack@neutron-api.service[103113]: DEBUG neutron.pecan_wsgi.hooks.policy_enforcement [None req-23befbe0-7ca9-4a6c-94e2-d4a45a6b293d admin admin] Attributes excluded by policy engine: ['standard_attr_id'] {{(pid=103113) _exclude_attributes_by_policy /opt/stack/neutron/neutron/pecan_wsgi/hooks/policy_enforcement.py:259}}
Jun 22 04:43:07.723912 np0000182447 devstack@neutron-api.service[103113]: [pid: 103113|app: 0|req: 6/23] 199.19.213.3 () {64 vars in 1401 bytes} [Mon Jun 22 04:43:07 2026] GET /networking/v2.0/networks/d0dc77b9-de5d-4686-8aa9-6d499d39cac9 => generated 717 bytes in 41 msecs (HTTP/1.1 200) 4 headers in 157 bytes (1 switches on core 0)
Jun 22 04:43:07.739528 np0000182447 devstack@neutron-api.service[103111]: DEBUG neutron.api.wsgi [None req-7d08ab35-f515-4045-8fe4-37c5f15da967 admin admin] Missing Content-Type {{(pid=103111) get_content_type /opt/stack/neutron/neutron/api/wsgi.py:80}}
Jun 22 04:43:07.740032 np0000182447 devstack@neutron-api.service[103111]: DEBUG neutron.api.wsgi [None req-7d08ab35-f515-4045-8fe4-37c5f15da967 admin admin] https://199.19.213.3/networking/v2.0/extensions/external-gateway-multihoming returned with HTTP 200 {{(pid=103111) __call__ /opt/stack/neutron/neutron/api/wsgi.py:540}}
Jun 22 04:43:07.740032 np0000182447 devstack@neutron-api.service[103111]: [pid: 103111|app: 0|req: 6/24] 199.19.213.3 () {64 vars in 1383 bytes} [Mon Jun 22 04:43:07 2026] GET /networking/v2.0/extensions/external-gateway-multihoming => generated 227 bytes in 2 msecs (HTTP/1.1 200) 4 headers in 157 bytes (1 switches on core 0)
Jun 22 04:43:07.942059 np0000182447 devstack@neutron-api.service[103114]: DEBUG neutron_lib.callbacks.manager [None req-50d959ea-6853-4f7c-8cc5-7afc32651afd admin admin] Publish callbacks [] for router_gateway (7d8c0ac7-c9f2-4d06-80f0-a87ad3e2bafe), precommit_update {{(pid=103114) _notify_loop /opt/stack/data/venv/lib/python3.12/site-packages/neutron_lib/callbacks/manager.py:184}}
Jun 22 04:43:08.020863 np0000182447 devstack@neutron-api.service[103114]: DEBUG neutron_lib.callbacks.manager [None req-50d959ea-6853-4f7c-8cc5-7afc32651afd admin admin] Publish callbacks [] for router_gateway (7d8c0ac7-c9f2-4d06-80f0-a87ad3e2bafe), before_create {{(pid=103114) _notify_loop /opt/stack/data/venv/lib/python3.12/site-packages/neutron_lib/callbacks/manager.py:184}}
Jun 22 04:43:08.038613 np0000182447 devstack@neutron-api.service[103114]: DEBUG neutron_lib.callbacks.manager [None req-50d959ea-6853-4f7c-8cc5-7afc32651afd admin admin] Publish callbacks ['neutron.plugins.ml2.plugin.SecurityGroupDbMixin._ensure_default_security_group_handler-68256'] for port (None), before_create {{(pid=103114) _notify_loop /opt/stack/data/venv/lib/python3.12/site-packages/neutron_lib/callbacks/manager.py:184}}
Jun 22 04:43:08.094050 np0000182447 devstack@neutron-api.service[103114]: DEBUG neutron.db.db_base_plugin_common [None req-50d959ea-6853-4f7c-8cc5-7afc32651afd admin admin] Allocated IP 172.24.5.154 (d0dc77b9-de5d-4686-8aa9-6d499d39cac9/5106e75d-4b48-4a9d-98a9-857f65f08289/a8a03284-38cf-47c6-b926-e9270efafb0b) {{(pid=103114) _store_ip_allocation /opt/stack/neutron/neutron/db/db_base_plugin_common.py:131}}
Jun 22 04:43:08.132319 np0000182447 devstack@neutron-api.service[103114]: DEBUG neutron_lib.callbacks.manager [None req-50d959ea-6853-4f7c-8cc5-7afc32651afd admin admin] Publish callbacks ['neutron.plugins.ml2.drivers.ovn.mech_driver.mech_driver.OVNMechanismDriver._validate_allowed_address_pairs-299397'] for allowed_address_pair (a8a03284-38cf-47c6-b926-e9270efafb0b), before_create {{(pid=103114) _notify_loop /opt/stack/data/venv/lib/python3.12/site-packages/neutron_lib/callbacks/manager.py:184}}
Jun 22 04:43:08.132891 np0000182447 devstack@neutron-api.service[103114]: DEBUG neutron_lib.callbacks.manager [None req-50d959ea-6853-4f7c-8cc5-7afc32651afd admin admin] Publish callbacks [] for port (a8a03284-38cf-47c6-b926-e9270efafb0b), precommit_create {{(pid=103114) _notify_loop /opt/stack/data/venv/lib/python3.12/site-packages/neutron_lib/callbacks/manager.py:184}}
Jun 22 04:43:08.133014 np0000182447 devstack@neutron-api.service[103114]: DEBUG neutron.plugins.ml2.drivers.ovn.mech_driver.mech_driver [None req-50d959ea-6853-4f7c-8cc5-7afc32651afd admin admin] No provisioning block for port a8a03284-38cf-47c6-b926-e9270efafb0b since it does not have a host {{(pid=103114) _is_port_provisioning_required /opt/stack/neutron/neutron/plugins/ml2/drivers/ovn/mech_driver/mech_driver.py:899}}
Jun 22 04:43:08.133150 np0000182447 devstack@neutron-api.service[103114]: DEBUG neutron.db.ovn_revision_numbers_db [None req-50d959ea-6853-4f7c-8cc5-7afc32651afd admin admin] create_initial_revision uuid=a8a03284-38cf-47c6-b926-e9270efafb0b, type=ports, rev=-1 {{(pid=103114) create_initial_revision /opt/stack/neutron/neutron/db/ovn_revision_numbers_db.py:98}}
Jun 22 04:43:08.183332 np0000182447 devstack@neutron-api.service[103114]: DEBUG neutron.db.ovn_revision_numbers_db [None req-50d959ea-6853-4f7c-8cc5-7afc32651afd admin admin] create_initial_revision uuid=a8a03284-38cf-47c6-b926-e9270efafb0b, type=router_ports, rev=-1 {{(pid=103114) create_initial_revision /opt/stack/neutron/neutron/db/ovn_revision_numbers_db.py:98}}
Jun 22 04:43:08.210594 np0000182447 devstack@neutron-api.service[103114]: DEBUG neutron_lib.callbacks.manager [None req-50d959ea-6853-4f7c-8cc5-7afc32651afd admin admin] Publish callbacks ['neutron.plugins.ml2.ovo_rpc._ObjectChangeHandler.handle_event-1119745'] for port (a8a03284-38cf-47c6-b926-e9270efafb0b), after_create {{(pid=103114) _notify_loop /opt/stack/data/venv/lib/python3.12/site-packages/neutron_lib/callbacks/manager.py:184}}
Jun 22 04:43:08.237675 np0000182447 devstack@neutron-api.service[103114]: DEBUG neutron.api.rpc.handlers.resources_rpc [None req-50d959ea-6853-4f7c-8cc5-7afc32651afd admin admin] Pushing event updated for resources: {'Port': ['ID=a8a03284-38cf-47c6-b926-e9270efafb0b,revision_number=1']} {{(pid=103114) push /opt/stack/neutron/neutron/api/rpc/handlers/resources_rpc.py:237}}
Jun 22 04:43:08.265043 np0000182447 devstack@neutron-api.service[103114]: DEBUG neutron.plugins.ml2.drivers.ovn.mech_driver.ovsdb.commands [None req-50d959ea-6853-4f7c-8cc5-7afc32651afd admin admin] Converting tag [] to a tag_request {{(pid=103114) _tag_column_to_tag_request /opt/stack/neutron/neutron/plugins/ml2/drivers/ovn/mech_driver/ovsdb/commands.py:205}}
Jun 22 04:43:08.266283 np0000182447 devstack@neutron-api.service[103114]: DEBUG ovsdbapp.backend.ovs_idl.transaction [None req-ae8bd50e-bfd2-46f9-8212-7434888c7f75 None None] Running txn n=1 command(idx=0): AddLSwitchPortCommand(_result=None, lport=a8a03284-38cf-47c6-b926-e9270efafb0b, lswitch=neutron-d0dc77b9-de5d-4686-8aa9-6d499d39cac9, may_exist=True, network_uuid=d0dc77b9-de5d-4686-8aa9-6d499d39cac9, columns={'addresses': ['unknown'], 'external_ids': {'neutron:port_name': '', 'neutron:device_id': '7d8c0ac7-c9f2-4d06-80f0-a87ad3e2bafe', 'neutron:project_id': '', 'neutron:cidrs': '172.24.5.154/24', 'neutron:device_owner': 'network:router_gateway', 'neutron:subnet_pool_addr_scope4': '', 'neutron:subnet_pool_addr_scope6': '', 'neutron:network_name': 'neutron-d0dc77b9-de5d-4686-8aa9-6d499d39cac9', 'neutron:security_group_ids': '', 'neutron:revision_number': '1', 'neutron:vnic_type': 'normal', 'neutron:port_capabilities': '', 'neutron:mtu': ''}, 'parent_name': [], 'enabled': True, 'options': {}, 'type': '', 'port_security': [], 'dhcpv4_options': [], 'dhcpv6_options': [], 'tag_request': []}) {{(pid=103114) do_commit /opt/stack/data/venv/lib/python3.12/site-packages/ovsdbapp/backend/ovs_idl/transaction.py:89}}
Jun 22 04:43:08.267315 np0000182447 devstack@neutron-api.service[103114]: DEBUG ovsdbapp.backend.ovs_idl.transaction [None req-ae8bd50e-bfd2-46f9-8212-7434888c7f75 None None] Running txn n=1 command(idx=1): QoSDelCommand(_result=None, switch=neutron-d0dc77b9-de5d-4686-8aa9-6d499d39cac9, conditions=[('direction', '=', 'to-lport'), ('priority', '=', 2002), ('match', '=', 'outport == "a8a03284-38cf-47c6-b926-e9270efafb0b"')], if_exists=True) {{(pid=103114) do_commit /opt/stack/data/venv/lib/python3.12/site-packages/ovsdbapp/backend/ovs_idl/transaction.py:89}}
Jun 22 04:43:08.267764 np0000182447 devstack@neutron-api.service[103114]: DEBUG ovsdbapp.backend.ovs_idl.transaction [None req-ae8bd50e-bfd2-46f9-8212-7434888c7f75 None None] Running txn n=1 command(idx=2): QoSDelCommand(_result=None, switch=neutron-d0dc77b9-de5d-4686-8aa9-6d499d39cac9, conditions=[('direction', '=', 'from-lport'), ('priority', '=', 2002), ('match', '=', 'inport == "a8a03284-38cf-47c6-b926-e9270efafb0b"')], if_exists=True) {{(pid=103114) do_commit /opt/stack/data/venv/lib/python3.12/site-packages/ovsdbapp/backend/ovs_idl/transaction.py:89}}
Jun 22 04:43:08.268174 np0000182447 devstack@neutron-api.service[103114]: DEBUG ovsdbapp.backend.ovs_idl.transaction [None req-ae8bd50e-bfd2-46f9-8212-7434888c7f75 None None] Running txn n=1 command(idx=3): UpdateLSwitchPortQosOptionsCommand(_result=None, lport=AddLSwitchPortCommand(_result=1abf3df1-6445-401f-a5b8-8944384a04e7, lport=a8a03284-38cf-47c6-b926-e9270efafb0b, lswitch=neutron-d0dc77b9-de5d-4686-8aa9-6d499d39cac9, may_exist=True, network_uuid=d0dc77b9-de5d-4686-8aa9-6d499d39cac9, columns={'addresses': ['unknown'], 'external_ids': {'neutron:port_name': '', 'neutron:device_id': '7d8c0ac7-c9f2-4d06-80f0-a87ad3e2bafe', 'neutron:project_id': '', 'neutron:cidrs': '172.24.5.154/24', 'neutron:device_owner': 'network:router_gateway', 'neutron:subnet_pool_addr_scope4': '', 'neutron:subnet_pool_addr_scope6': '', 'neutron:network_name': 'neutron-d0dc77b9-de5d-4686-8aa9-6d499d39cac9', 'neutron:security_group_ids': '', 'neutron:revision_number': '1', 'neutron:vnic_type': 'normal', 'neutron:port_capabilities': '', 'neutron:mtu': ''}, 'parent_name': [], 'enabled': True, 'options': {}, 'type': '', 'port_security': [], 'tag_request': []}), if_exists=True, qos={'qos_max_rate': None, 'qos_burst': None, 'qos_min_rate': None}) {{(pid=103114) do_commit /opt/stack/data/venv/lib/python3.12/site-packages/ovsdbapp/backend/ovs_idl/transaction.py:89}}
Jun 22 04:43:08.275053 np0000182447 devstack@neutron-api.service[103113]: DEBUG neutron.plugins.ml2.drivers.ovn.mech_driver.ovsdb.ovsdb_monitor [None req-b824b2d3-23b8-4640-92ff-c6592f9d940d None None] Touching Hash Ring node "166f20ae97fc5d03b5af20dd7348081d" from IDL notify handler {{(pid=103113) notify /opt/stack/neutron/neutron/plugins/ml2/drivers/ovn/mech_driver/ovsdb/ovsdb_monitor.py:1007}}
Jun 22 04:43:08.275262 np0000182447 devstack@neutron-api.service[103114]: DEBUG neutron.plugins.ml2.drivers.ovn.mech_driver.ovsdb.ovsdb_monitor [None req-ae8bd50e-bfd2-46f9-8212-7434888c7f75 None None] Touching Hash Ring node "0cea80f3bbd55dcab94f835337d7f892" from IDL notify handler {{(pid=103114) notify /opt/stack/neutron/neutron/plugins/ml2/drivers/ovn/mech_driver/ovsdb/ovsdb_monitor.py:1007}}
Jun 22 04:43:08.281146 np0000182447 devstack@neutron-api.service[103113]: DEBUG neutron.plugins.ml2.drivers.ovn.mech_driver.ovsdb.ovsdb_monitor [None req-4a2c5299-51ca-4585-8f02-51e9f4e373a5 None None] Touching Hash Ring node "166f20ae97fc5d03b5af20dd7348081d" from IDL notify handler {{(pid=103113) notify /opt/stack/neutron/neutron/plugins/ml2/drivers/ovn/mech_driver/ovsdb/ovsdb_monitor.py:1007}}
Jun 22 04:43:08.282772 np0000182447 devstack@neutron-api.service[103114]: DEBUG neutron.plugins.ml2.drivers.ovn.mech_driver.ovsdb.ovsdb_monitor [None req-7a45f0d7-9d2f-4fa0-83bf-0cc4ee0959b2 None None] Touching Hash Ring node "0cea80f3bbd55dcab94f835337d7f892" from IDL notify handler {{(pid=103114) notify /opt/stack/neutron/neutron/plugins/ml2/drivers/ovn/mech_driver/ovsdb/ovsdb_monitor.py:1007}}
Jun 22 04:43:08.286821 np0000182447 devstack@neutron-api.service[103113]: DEBUG neutron.plugins.ml2.drivers.ovn.mech_driver.ovsdb.ovsdb_monitor [None req-4a2c5299-51ca-4585-8f02-51e9f4e373a5 None None] Hash Ring: Node 166f20ae97fc5d03b5af20dd7348081d (host: np0000182447) handling event "create" for row c8ac7d84-278c-4aae-8208-ca54e53df0e1 (table: Port_Binding) {{(pid=103113) notify /opt/stack/neutron/neutron/plugins/ml2/drivers/ovn/mech_driver/ovsdb/ovsdb_monitor.py:1015}}
Jun 22 04:43:08.287369 np0000182447 devstack@neutron-api.service[103113]: DEBUG neutron.plugins.ml2.drivers.ovn.mech_driver.ovsdb.ovsdb_monitor [None req-b824b2d3-23b8-4640-92ff-c6592f9d940d None None] Hash Ring: Node 166f20ae97fc5d03b5af20dd7348081d (host: np0000182447) handling event "update" for row d0dc77b9-de5d-4686-8aa9-6d499d39cac9 (table: Logical_Switch) {{(pid=103113) notify /opt/stack/neutron/neutron/plugins/ml2/drivers/ovn/mech_driver/ovsdb/ovsdb_monitor.py:1015}}
Jun 22 04:43:08.287855 np0000182447 devstack@neutron-api.service[103114]: DEBUG neutron.plugins.ml2.drivers.ovn.mech_driver.ovsdb.ovsdb_monitor [None req-7a45f0d7-9d2f-4fa0-83bf-0cc4ee0959b2 None None] Hash Ring: Node 0cea80f3bbd55dcab94f835337d7f892 (host: np0000182447) handling event "create" for row c8ac7d84-278c-4aae-8208-ca54e53df0e1 (table: Port_Binding) {{(pid=103114) notify /opt/stack/neutron/neutron/plugins/ml2/drivers/ovn/mech_driver/ovsdb/ovsdb_monitor.py:1015}}
Jun 22 04:43:08.288259 np0000182447 devstack@neutron-api.service[103114]: DEBUG neutron.plugins.ml2.drivers.ovn.mech_driver.ovsdb.ovsdb_monitor [None req-ae8bd50e-bfd2-46f9-8212-7434888c7f75 None None] Hash Ring: Node 0cea80f3bbd55dcab94f835337d7f892 (host: np0000182447) handling event "update" for row d0dc77b9-de5d-4686-8aa9-6d499d39cac9 (table: Logical_Switch) {{(pid=103114) notify /opt/stack/neutron/neutron/plugins/ml2/drivers/ovn/mech_driver/ovsdb/ovsdb_monitor.py:1015}}
Jun 22 04:43:08.289790 np0000182447 devstack@neutron-api.service[103114]: DEBUG neutron.plugins.ml2.drivers.ovn.mech_driver.ovsdb.ovsdb_monitor [None req-ae8bd50e-bfd2-46f9-8212-7434888c7f75 None None] Touching Hash Ring node "0cea80f3bbd55dcab94f835337d7f892" from IDL notify handler {{(pid=103114) notify /opt/stack/neutron/neutron/plugins/ml2/drivers/ovn/mech_driver/ovsdb/ovsdb_monitor.py:1007}}
Jun 22 04:43:08.292234 np0000182447 devstack@neutron-api.service[103114]: DEBUG neutron.plugins.ml2.drivers.ovn.mech_driver.ovsdb.ovsdb_monitor [None req-ae8bd50e-bfd2-46f9-8212-7434888c7f75 None None] Hash Ring: Node 0cea80f3bbd55dcab94f835337d7f892 (host: np0000182447) handling event "create" for row c7634ed1-325a-4782-8750-83cb54324d1f (table: Logical_Switch_Port) {{(pid=103114) notify /opt/stack/neutron/neutron/plugins/ml2/drivers/ovn/mech_driver/ovsdb/ovsdb_monitor.py:1015}}
Jun 22 04:43:08.293338 np0000182447 devstack@neutron-api.service[103114]: DEBUG ovsdbapp.backend.ovs_idl.event [None req-ae8bd50e-bfd2-46f9-8212-7434888c7f75 None None] Matched CREATE: LogicalSwitchPortCreateEvent(events=('create',), table='Logical_Switch_Port', conditions=[], old_conditions=None), priority=20 to row=Logical_Switch_Port(uuid=c7634ed1-325a-4782-8750-83cb54324d1f, addresses=['unknown'], dhcpv4_options=[], dhcpv6_options=[], dynamic_addresses=[], enabled=True, external_ids={'neutron:cidrs': '172.24.5.154/24', 'neutron:device_id': '7d8c0ac7-c9f2-4d06-80f0-a87ad3e2bafe', 'neutron:device_owner': 'network:router_gateway', 'neutron:mtu': '', 'neutron:network_name': 'neutron-d0dc77b9-de5d-4686-8aa9-6d499d39cac9', 'neutron:port_capabilities': '', 'neutron:port_name': '', 'neutron:project_id': '', 'neutron:revision_number': '1', 'neutron:security_group_ids': '', 'neutron:subnet_pool_addr_scope4': '', 'neutron:subnet_pool_addr_scope6': '', 'neutron:vnic_type': 'normal'}, ha_chassis_group=[], mirror_rules=[], name='a8a03284-38cf-47c6-b926-e9270efafb0b', options={}, parent_name=[], port_security=[], tag=[], tag_request=[], type='', up=[]) old= {{(pid=103114) matches /opt/stack/data/venv/lib/python3.12/site-packages/ovsdbapp/backend/ovs_idl/event.py:55}}
Jun 22 04:43:08.295482 np0000182447 devstack@neutron-api.service[103114]: DEBUG neutron.plugins.ml2.drivers.ovn.mech_driver.ovsdb.ovsdb_monitor [None req-ae8bd50e-bfd2-46f9-8212-7434888c7f75 None None] Touching Hash Ring node "0cea80f3bbd55dcab94f835337d7f892" from IDL notify handler {{(pid=103114) notify /opt/stack/neutron/neutron/plugins/ml2/drivers/ovn/mech_driver/ovsdb/ovsdb_monitor.py:1007}}
Jun 22 04:43:08.297796 np0000182447 devstack@neutron-api.service[103114]: DEBUG neutron.plugins.ml2.drivers.ovn.mech_driver.ovsdb.ovsdb_monitor [None req-ae8bd50e-bfd2-46f9-8212-7434888c7f75 None None] Hash Ring: Node 0cea80f3bbd55dcab94f835337d7f892 (host: np0000182447) handling event "update" for row c7634ed1-325a-4782-8750-83cb54324d1f (table: Logical_Switch_Port) {{(pid=103114) notify /opt/stack/neutron/neutron/plugins/ml2/drivers/ovn/mech_driver/ovsdb/ovsdb_monitor.py:1015}}
Jun 22 04:43:08.329203 np0000182447 devstack@neutron-api.service[103114]: INFO neutron.db.ovn_revision_numbers_db [None req-50d959ea-6853-4f7c-8cc5-7afc32651afd admin admin] Successfully bumped revision number for resource a8a03284-38cf-47c6-b926-e9270efafb0b (type: ports) to 1
Jun 22 04:43:08.470814 np0000182447 devstack@neutron-api.service[103114]: DEBUG neutron_lib.callbacks.manager [None req-50d959ea-6853-4f7c-8cc5-7afc32651afd admin admin] Publish callbacks [] for router_gateway (7d8c0ac7-c9f2-4d06-80f0-a87ad3e2bafe), after_create {{(pid=103114) _notify_loop /opt/stack/data/venv/lib/python3.12/site-packages/neutron_lib/callbacks/manager.py:184}}
Jun 22 04:43:08.691123 np0000182447 devstack@neutron-api.service[103114]: DEBUG neutron_lib.callbacks.manager [None req-50d959ea-6853-4f7c-8cc5-7afc32651afd admin admin] Publish callbacks ['neutron.services.ovn_l3.plugin.ExtraGatewaysDbOnlyMixin._process_bfd_ecmp_update-119789', 'neutron.services.ovn_l3.service_providers.driver_controller.DriverController._update_router_provider-571445'] for router (7d8c0ac7-c9f2-4d06-80f0-a87ad3e2bafe), precommit_update {{(pid=103114) _notify_loop /opt/stack/data/venv/lib/python3.12/site-packages/neutron_lib/callbacks/manager.py:184}}
Jun 22 04:43:08.694513 np0000182447 devstack@neutron-api.service[103114]: DEBUG neutron_lib.callbacks.manager [None req-50d959ea-6853-4f7c-8cc5-7afc32651afd admin admin] Publish callbacks ['neutron.services.ovn_l3.service_providers.ovn.OvnDriver._process_router_update-567168'] for router (7d8c0ac7-c9f2-4d06-80f0-a87ad3e2bafe), after_update {{(pid=103114) _notify_loop /opt/stack/data/venv/lib/python3.12/site-packages/neutron_lib/callbacks/manager.py:184}}
Jun 22 04:43:08.694728 np0000182447 devstack@neutron-api.service[103114]: INFO neutron.plugins.ml2.drivers.ovn.mech_driver.ovsdb.extensions.qos [None req-50d959ea-6853-4f7c-8cc5-7afc32651afd admin admin] Starting OVNClientQosExtension
Jun 22 04:43:09.160850 np0000182447 devstack@neutron-api.service[103114]: DEBUG ovsdbapp.backend.ovs_idl.transaction [None req-ae8bd50e-bfd2-46f9-8212-7434888c7f75 None None] Running txn n=1 command(idx=0): CheckRevisionNumberCommand(_result=None, name=neutron-7d8c0ac7-c9f2-4d06-80f0-a87ad3e2bafe, resource={'id': '7d8c0ac7-c9f2-4d06-80f0-a87ad3e2bafe', 'name': 'router1', 'project_id': 'a5e3866855134591b40f9b5c09c596e1', 'admin_state_up': True, 'status': 'ACTIVE', 'enable_snat': True, 'external_gateway_info': {'network_id': 'd0dc77b9-de5d-4686-8aa9-6d499d39cac9', 'external_fixed_ips': [{'subnet_id': '5106e75d-4b48-4a9d-98a9-857f65f08289', 'ip_address': '172.24.5.154'}], 'enable_snat': True}, 'gw_port_id': 'a8a03284-38cf-47c6-b926-e9270efafb0b', 'description': '', 'availability_zones': [], 'distributed': False, 'ha': True, 'ha_vr_id': 0, 'availability_zone_hints': [], 'enable_default_route_ecmp': False, 'enable_default_route_bfd': False, 'external_gateways': [{'network_id': 'd0dc77b9-de5d-4686-8aa9-6d499d39cac9', 'external_fixed_ips': [{'ip_address': '172.24.5.154', 'subnet_id': '5106e75d-4b48-4a9d-98a9-857f65f08289'}]}], 'routes': [], 'flavor_id': None, 'tags': [], 'created_at': '2026-06-22T04:43:03Z', 'updated_at': '2026-06-22T04:43:08Z', 'revision_number': 3, 'tenant_id': 'a5e3866855134591b40f9b5c09c596e1'}, resource_type=routers, if_exists=True) {{(pid=103114) do_commit /opt/stack/data/venv/lib/python3.12/site-packages/ovsdbapp/backend/ovs_idl/transaction.py:89}}
Jun 22 04:43:09.161477 np0000182447 devstack@neutron-api.service[103114]: DEBUG ovsdbapp.backend.ovs_idl.transaction [None req-ae8bd50e-bfd2-46f9-8212-7434888c7f75 None None] Running txn n=1 command(idx=1): DeleteLRouterExtGwCommand(_result=None, lrouter=neutron-7d8c0ac7-c9f2-4d06-80f0-a87ad3e2bafe, if_exists=True, maintain_bfd=True) {{(pid=103114) do_commit /opt/stack/data/venv/lib/python3.12/site-packages/ovsdbapp/backend/ovs_idl/transaction.py:89}}
Jun 22 04:43:09.162014 np0000182447 devstack@neutron-api.service[103114]: DEBUG ovsdbapp.backend.ovs_idl.transaction [None req-ae8bd50e-bfd2-46f9-8212-7434888c7f75 None None] Running txn n=1 command(idx=2): DeleteNATRuleInLRouterCommand(_result=None, lrouter=neutron-7d8c0ac7-c9f2-4d06-80f0-a87ad3e2bafe, type=snat, logical_ip=10.1.0.0/26, external_ip=172.24.5.154, if_exists=True) {{(pid=103114) do_commit /opt/stack/data/venv/lib/python3.12/site-packages/ovsdbapp/backend/ovs_idl/transaction.py:89}}
Jun 22 04:43:09.162330 np0000182447 devstack@neutron-api.service[103114]: DEBUG ovsdbapp.backend.ovs_idl.transaction [None req-ae8bd50e-bfd2-46f9-8212-7434888c7f75 None None] Running txn n=1 command(idx=3): DelStaticRoutesCommand(_result=None, lrouter=neutron-7d8c0ac7-c9f2-4d06-80f0-a87ad3e2bafe, routes=[('0.0.0.0/0', '172.24.5.1')], if_exists=True) {{(pid=103114) do_commit /opt/stack/data/venv/lib/python3.12/site-packages/ovsdbapp/backend/ovs_idl/transaction.py:89}}
Jun 22 04:43:09.162598 np0000182447 devstack@neutron-api.service[103114]: DEBUG ovsdbapp.backend.ovs_idl.transaction [None req-ae8bd50e-bfd2-46f9-8212-7434888c7f75 None None] Running txn n=1 command(idx=4): DelLRouterPortCommand(_result=None, name=lrp-a8a03284-38cf-47c6-b926-e9270efafb0b, lrouter=neutron-7d8c0ac7-c9f2-4d06-80f0-a87ad3e2bafe, if_exists=True) {{(pid=103114) do_commit /opt/stack/data/venv/lib/python3.12/site-packages/ovsdbapp/backend/ovs_idl/transaction.py:89}}
Jun 22 04:43:09.162900 np0000182447 devstack@neutron-api.service[103114]: DEBUG ovsdbapp.backend.ovs_idl.transaction [None req-ae8bd50e-bfd2-46f9-8212-7434888c7f75 None None] Running txn n=1 command(idx=5): AddLRouterPortCommand(_result=None, name=lrp-a8a03284-38cf-47c6-b926-e9270efafb0b, lrouter=neutron-7d8c0ac7-c9f2-4d06-80f0-a87ad3e2bafe, may_exist=True, columns={'mac': 'fa:16:3e:0b:ee:3a', 'networks': ['172.24.5.154/24'], 'external_ids': {'neutron:revision_number': '1', 'neutron:subnet_ids': '5106e75d-4b48-4a9d-98a9-857f65f08289', 'neutron:network_name': 'neutron-d0dc77b9-de5d-4686-8aa9-6d499d39cac9', 'neutron:is_ext_gw': 'True', 'neutron:router_name': 'neutron-7d8c0ac7-c9f2-4d06-80f0-a87ad3e2bafe'}, 'options': {'reside-on-redirect-chassis': 'true', 'gateway_mtu': '1372'}}) {{(pid=103114) do_commit /opt/stack/data/venv/lib/python3.12/site-packages/ovsdbapp/backend/ovs_idl/transaction.py:89}}
Jun 22 04:43:09.163598 np0000182447 devstack@neutron-api.service[103114]: DEBUG ovsdbapp.backend.ovs_idl.transaction [None req-ae8bd50e-bfd2-46f9-8212-7434888c7f75 None None] Running txn n=1 command(idx=6): ScheduleNewGatewayCommand(_result=None, g_name=lrp-a8a03284-38cf-47c6-b926-e9270efafb0b, sb_api=, lrouter_name=neutron-7d8c0ac7-c9f2-4d06-80f0-a87ad3e2bafe, ovn_client=, scheduler=, physnet=public, az_hints=[]) {{(pid=103114) do_commit /opt/stack/data/venv/lib/python3.12/site-packages/ovsdbapp/backend/ovs_idl/transaction.py:89}}
Jun 22 04:43:09.164608 np0000182447 devstack@neutron-api.service[103114]: DEBUG neutron.plugins.ml2.drivers.ovn.mech_driver.ovsdb.ovn_client [None req-ae8bd50e-bfd2-46f9-8212-7434888c7f75 None None] Chassis candidates for scheduling gateway router ports for "public" physical network: ['f64fdc19-d77c-4780-9918-b90a27f304e6'] {{(pid=103114) get_candidates_for_scheduling /opt/stack/neutron/neutron/plugins/ml2/drivers/ovn/mech_driver/ovsdb/ovn_client.py:1753}}
Jun 22 04:43:09.165416 np0000182447 devstack@neutron-api.service[103114]: DEBUG neutron.scheduler.l3_ovn_scheduler [None req-ae8bd50e-bfd2-46f9-8212-7434888c7f75 None None] Gateway lrp-a8a03284-38cf-47c6-b926-e9270efafb0b scheduled on chassis ['f64fdc19-d77c-4780-9918-b90a27f304e6'] {{(pid=103114) _schedule_gateway /opt/stack/neutron/neutron/scheduler/l3_ovn_scheduler.py:88}}
Jun 22 04:43:09.166079 np0000182447 devstack@neutron-api.service[103114]: DEBUG ovsdbapp.backend.ovs_idl.transaction [None req-ae8bd50e-bfd2-46f9-8212-7434888c7f75 None None] Running txn n=1 command(idx=7): SetLRouterPortInLSwitchPortCommand(_result=None, lswitch_port=a8a03284-38cf-47c6-b926-e9270efafb0b, lrouter_port=lrp-a8a03284-38cf-47c6-b926-e9270efafb0b, is_gw_port=True, if_exists=True, lsp_address=router) {{(pid=103114) do_commit /opt/stack/data/venv/lib/python3.12/site-packages/ovsdbapp/backend/ovs_idl/transaction.py:89}}
Jun 22 04:43:09.166557 np0000182447 devstack@neutron-api.service[103114]: DEBUG ovsdbapp.backend.ovs_idl.transaction [None req-ae8bd50e-bfd2-46f9-8212-7434888c7f75 None None] Running txn n=1 command(idx=8): AddStaticRouteCommand(_result=None, lrouter=neutron-7d8c0ac7-c9f2-4d06-80f0-a87ad3e2bafe, maintain_bfd=False, columns={'ip_prefix': '0.0.0.0/0', 'nexthop': '172.24.5.1', 'external_ids': {'neutron:is_ext_gw': 'true', 'neutron:subnet_id': '5106e75d-4b48-4a9d-98a9-857f65f08289', 'neutron:is_static_route': 'true'}}) {{(pid=103114) do_commit /opt/stack/data/venv/lib/python3.12/site-packages/ovsdbapp/backend/ovs_idl/transaction.py:89}}
Jun 22 04:43:09.166998 np0000182447 devstack@neutron-api.service[103114]: DEBUG ovsdbapp.backend.ovs_idl.transaction [None req-ae8bd50e-bfd2-46f9-8212-7434888c7f75 None None] Running txn n=1 command(idx=9): AddNATRuleInLRouterCommand(_result=None, lrouter=neutron-7d8c0ac7-c9f2-4d06-80f0-a87ad3e2bafe, nat_uuid=None, columns={'type': 'snat', 'logical_ip': '10.1.0.0/26', 'external_ip': '172.24.5.154'}) {{(pid=103114) do_commit /opt/stack/data/venv/lib/python3.12/site-packages/ovsdbapp/backend/ovs_idl/transaction.py:89}}
Jun 22 04:43:09.167389 np0000182447 devstack@neutron-api.service[103114]: DEBUG ovsdbapp.backend.ovs_idl.transaction [None req-ae8bd50e-bfd2-46f9-8212-7434888c7f75 None None] Running txn n=1 command(idx=10): UpdateLRouterCommand(_result=None, name=neutron-7d8c0ac7-c9f2-4d06-80f0-a87ad3e2bafe, columns={'external_ids': {'neutron:router_name': 'router1', 'neutron:revision_number': '3', 'neutron:availability_zone_hints': ''}, 'enabled': True}, if_exists=True) {{(pid=103114) do_commit /opt/stack/data/venv/lib/python3.12/site-packages/ovsdbapp/backend/ovs_idl/transaction.py:89}}
Jun 22 04:43:09.167828 np0000182447 devstack@neutron-api.service[103114]: DEBUG ovsdbapp.backend.ovs_idl.transaction [None req-ae8bd50e-bfd2-46f9-8212-7434888c7f75 None None] Running txn n=1 command(idx=11): QoSDelCommand(_result=None, switch=neutron-d0dc77b9-de5d-4686-8aa9-6d499d39cac9, conditions=[('direction', '=', 'from-lport'), ('priority', '=', 2002), ('match', '=', 'inport == "a8a03284-38cf-47c6-b926-e9270efafb0b"')], if_exists=True) {{(pid=103114) do_commit /opt/stack/data/venv/lib/python3.12/site-packages/ovsdbapp/backend/ovs_idl/transaction.py:89}}
Jun 22 04:43:09.168132 np0000182447 devstack@neutron-api.service[103114]: DEBUG ovsdbapp.backend.ovs_idl.transaction [None req-ae8bd50e-bfd2-46f9-8212-7434888c7f75 None None] Running txn n=1 command(idx=12): QoSDelCommand(_result=None, switch=neutron-d0dc77b9-de5d-4686-8aa9-6d499d39cac9, conditions=[('direction', '=', 'to-lport'), ('priority', '=', 2002), ('match', '=', 'outport == "a8a03284-38cf-47c6-b926-e9270efafb0b"')], if_exists=True) {{(pid=103114) do_commit /opt/stack/data/venv/lib/python3.12/site-packages/ovsdbapp/backend/ovs_idl/transaction.py:89}}
Jun 22 04:43:09.173769 np0000182447 devstack@neutron-api.service[103114]: DEBUG neutron.plugins.ml2.drivers.ovn.mech_driver.ovsdb.ovsdb_monitor [None req-ae8bd50e-bfd2-46f9-8212-7434888c7f75 None None] Touching Hash Ring node "0cea80f3bbd55dcab94f835337d7f892" from IDL notify handler {{(pid=103114) notify /opt/stack/neutron/neutron/plugins/ml2/drivers/ovn/mech_driver/ovsdb/ovsdb_monitor.py:1007}}
Jun 22 04:43:09.176351 np0000182447 devstack@neutron-api.service[103112]: DEBUG neutron.plugins.ml2.drivers.ovn.mech_driver.ovsdb.ovsdb_monitor [None req-6118e097-3df3-4889-8bc3-35d98739f2f8 None None] Touching Hash Ring node "502bf6e8ac6d5e0597e683403614b03c" from IDL notify handler {{(pid=103112) notify /opt/stack/neutron/neutron/plugins/ml2/drivers/ovn/mech_driver/ovsdb/ovsdb_monitor.py:1007}}
Jun 22 04:43:09.185452 np0000182447 devstack@neutron-api.service[103113]: DEBUG neutron.plugins.ml2.drivers.ovn.mech_driver.ovsdb.ovsdb_monitor [None req-b824b2d3-23b8-4640-92ff-c6592f9d940d None None] Touching Hash Ring node "166f20ae97fc5d03b5af20dd7348081d" from IDL notify handler {{(pid=103113) notify /opt/stack/neutron/neutron/plugins/ml2/drivers/ovn/mech_driver/ovsdb/ovsdb_monitor.py:1007}}
Jun 22 04:43:09.186040 np0000182447 devstack@neutron-api.service[103114]: DEBUG neutron.plugins.ml2.drivers.ovn.mech_driver.ovsdb.ovsdb_monitor [None req-7a45f0d7-9d2f-4fa0-83bf-0cc4ee0959b2 None None] Touching Hash Ring node "0cea80f3bbd55dcab94f835337d7f892" from IDL notify handler {{(pid=103114) notify /opt/stack/neutron/neutron/plugins/ml2/drivers/ovn/mech_driver/ovsdb/ovsdb_monitor.py:1007}}
Jun 22 04:43:09.186662 np0000182447 devstack@neutron-api.service[103113]: DEBUG neutron.plugins.ml2.drivers.ovn.mech_driver.ovsdb.ovsdb_monitor [None req-4a2c5299-51ca-4585-8f02-51e9f4e373a5 None None] Touching Hash Ring node "166f20ae97fc5d03b5af20dd7348081d" from IDL notify handler {{(pid=103113) notify /opt/stack/neutron/neutron/plugins/ml2/drivers/ovn/mech_driver/ovsdb/ovsdb_monitor.py:1007}}
Jun 22 04:43:09.187996 np0000182447 devstack@neutron-api.service[103114]: DEBUG neutron.plugins.ml2.drivers.ovn.mech_driver.ovsdb.ovsdb_monitor [None req-ae8bd50e-bfd2-46f9-8212-7434888c7f75 None None] Hash Ring: Node 0cea80f3bbd55dcab94f835337d7f892 (host: np0000182447) handling event "create" for row d3f8c48f-6410-4ac9-8695-2631f2141a49 (table: HA_Chassis) {{(pid=103114) notify /opt/stack/neutron/neutron/plugins/ml2/drivers/ovn/mech_driver/ovsdb/ovsdb_monitor.py:1015}}
Jun 22 04:43:09.188613 np0000182447 devstack@neutron-api.service[103112]: DEBUG neutron.plugins.ml2.drivers.ovn.mech_driver.ovsdb.ovsdb_monitor [None req-6118e097-3df3-4889-8bc3-35d98739f2f8 None None] Hash Ring: Node 502bf6e8ac6d5e0597e683403614b03c (host: np0000182447) handling event "update" for row 45327b87-ae49-442d-bccf-297f36ff4f2b (table: Logical_Router) {{(pid=103112) notify /opt/stack/neutron/neutron/plugins/ml2/drivers/ovn/mech_driver/ovsdb/ovsdb_monitor.py:1015}}
Jun 22 04:43:09.188761 np0000182447 devstack@neutron-api.service[103111]: DEBUG neutron.plugins.ml2.drivers.ovn.mech_driver.ovsdb.ovsdb_monitor [None req-2f01e5c6-6a49-4837-9dab-dd848c4e9807 None None] Touching Hash Ring node "d0c37b259f8956cd9d07bc31a7a11a78" from IDL notify handler {{(pid=103111) notify /opt/stack/neutron/neutron/plugins/ml2/drivers/ovn/mech_driver/ovsdb/ovsdb_monitor.py:1007}}
Jun 22 04:43:09.189157 np0000182447 devstack@neutron-api.service[103112]: DEBUG neutron.plugins.ml2.drivers.ovn.mech_driver.ovsdb.ovsdb_monitor [None req-6118e097-3df3-4889-8bc3-35d98739f2f8 None None] Touching Hash Ring node "502bf6e8ac6d5e0597e683403614b03c" from IDL notify handler {{(pid=103112) notify /opt/stack/neutron/neutron/plugins/ml2/drivers/ovn/mech_driver/ovsdb/ovsdb_monitor.py:1007}}
Jun 22 04:43:09.190552 np0000182447 devstack@neutron-api.service[103114]: DEBUG neutron.plugins.ml2.drivers.ovn.mech_driver.ovsdb.ovsdb_monitor [None req-ae8bd50e-bfd2-46f9-8212-7434888c7f75 None None] Touching Hash Ring node "0cea80f3bbd55dcab94f835337d7f892" from IDL notify handler {{(pid=103114) notify /opt/stack/neutron/neutron/plugins/ml2/drivers/ovn/mech_driver/ovsdb/ovsdb_monitor.py:1007}}
Jun 22 04:43:09.195138 np0000182447 devstack@neutron-api.service[103114]: DEBUG neutron.plugins.ml2.drivers.ovn.mech_driver.ovsdb.ovsdb_monitor [None req-7a45f0d7-9d2f-4fa0-83bf-0cc4ee0959b2 None None] Hash Ring: Node 0cea80f3bbd55dcab94f835337d7f892 (host: np0000182447) handling event "create" for row 257ef261-1d88-4b43-b533-568375f46f76 (table: Port_Binding) {{(pid=103114) notify /opt/stack/neutron/neutron/plugins/ml2/drivers/ovn/mech_driver/ovsdb/ovsdb_monitor.py:1015}}
Jun 22 04:43:09.195960 np0000182447 devstack@neutron-api.service[103113]: DEBUG neutron.plugins.ml2.drivers.ovn.mech_driver.ovsdb.ovsdb_monitor [None req-4a2c5299-51ca-4585-8f02-51e9f4e373a5 None None] Hash Ring: Node 166f20ae97fc5d03b5af20dd7348081d (host: np0000182447) handling event "create" for row 257ef261-1d88-4b43-b533-568375f46f76 (table: Port_Binding) {{(pid=103113) notify /opt/stack/neutron/neutron/plugins/ml2/drivers/ovn/mech_driver/ovsdb/ovsdb_monitor.py:1015}}
Jun 22 04:43:09.196666 np0000182447 devstack@neutron-api.service[103114]: DEBUG neutron.plugins.ml2.drivers.ovn.mech_driver.ovsdb.ovsdb_monitor [None req-ae8bd50e-bfd2-46f9-8212-7434888c7f75 None None] Hash Ring: Node 0cea80f3bbd55dcab94f835337d7f892 (host: np0000182447) handling event "create" for row 18cb88a7-5993-4b3d-ba27-9eb57186f99e (table: HA_Chassis_Group) {{(pid=103114) notify /opt/stack/neutron/neutron/plugins/ml2/drivers/ovn/mech_driver/ovsdb/ovsdb_monitor.py:1015}}
Jun 22 04:43:09.196841 np0000182447 devstack@neutron-api.service[103114]: DEBUG neutron.plugins.ml2.drivers.ovn.mech_driver.ovsdb.ovsdb_monitor [None req-7a45f0d7-9d2f-4fa0-83bf-0cc4ee0959b2 None None] Touching Hash Ring node "0cea80f3bbd55dcab94f835337d7f892" from IDL notify handler {{(pid=103114) notify /opt/stack/neutron/neutron/plugins/ml2/drivers/ovn/mech_driver/ovsdb/ovsdb_monitor.py:1007}}
Jun 22 04:43:09.197075 np0000182447 devstack@neutron-api.service[103113]: DEBUG neutron.plugins.ml2.drivers.ovn.mech_driver.ovsdb.ovsdb_monitor [None req-4a2c5299-51ca-4585-8f02-51e9f4e373a5 None None] Touching Hash Ring node "166f20ae97fc5d03b5af20dd7348081d" from IDL notify handler {{(pid=103113) notify /opt/stack/neutron/neutron/plugins/ml2/drivers/ovn/mech_driver/ovsdb/ovsdb_monitor.py:1007}}
Jun 22 04:43:09.197642 np0000182447 devstack@neutron-api.service[103112]: DEBUG neutron.plugins.ml2.drivers.ovn.mech_driver.ovsdb.ovsdb_monitor [None req-6118e097-3df3-4889-8bc3-35d98739f2f8 None None] Hash Ring: Node 502bf6e8ac6d5e0597e683403614b03c (host: np0000182447) handling event "create" for row 98c1733f-26b1-423b-9f1a-88bfdb5a038d (table: NAT) {{(pid=103112) notify /opt/stack/neutron/neutron/plugins/ml2/drivers/ovn/mech_driver/ovsdb/ovsdb_monitor.py:1015}}
Jun 22 04:43:09.198297 np0000182447 devstack@neutron-api.service[103113]: DEBUG neutron.plugins.ml2.drivers.ovn.mech_driver.ovsdb.ovsdb_monitor [None req-b824b2d3-23b8-4640-92ff-c6592f9d940d None None] Hash Ring: Node 166f20ae97fc5d03b5af20dd7348081d (host: np0000182447) handling event "create" for row 18cb88a7-5993-4b3d-ba27-9eb57186f99e (table: HA_Chassis_Group) {{(pid=103113) notify /opt/stack/neutron/neutron/plugins/ml2/drivers/ovn/mech_driver/ovsdb/ovsdb_monitor.py:1015}}
Jun 22 04:43:09.199232 np0000182447 devstack@neutron-api.service[103114]: DEBUG neutron.plugins.ml2.drivers.ovn.mech_driver.ovsdb.ovsdb_monitor [None req-ae8bd50e-bfd2-46f9-8212-7434888c7f75 None None] Touching Hash Ring node "0cea80f3bbd55dcab94f835337d7f892" from IDL notify handler {{(pid=103114) notify /opt/stack/neutron/neutron/plugins/ml2/drivers/ovn/mech_driver/ovsdb/ovsdb_monitor.py:1007}}
Jun 22 04:43:09.199893 np0000182447 devstack@neutron-api.service[103111]: DEBUG neutron.plugins.ml2.drivers.ovn.mech_driver.ovsdb.ovsdb_monitor [None req-2f01e5c6-6a49-4837-9dab-dd848c4e9807 None None] Hash Ring: Node d0c37b259f8956cd9d07bc31a7a11a78 (host: np0000182447) handling event "create" for row d3f8c48f-6410-4ac9-8695-2631f2141a49 (table: HA_Chassis) {{(pid=103111) notify /opt/stack/neutron/neutron/plugins/ml2/drivers/ovn/mech_driver/ovsdb/ovsdb_monitor.py:1015}}
Jun 22 04:43:09.200415 np0000182447 devstack@neutron-api.service[103113]: DEBUG neutron.plugins.ml2.drivers.ovn.mech_driver.ovsdb.ovsdb_monitor [None req-b824b2d3-23b8-4640-92ff-c6592f9d940d None None] Touching Hash Ring node "166f20ae97fc5d03b5af20dd7348081d" from IDL notify handler {{(pid=103113) notify /opt/stack/neutron/neutron/plugins/ml2/drivers/ovn/mech_driver/ovsdb/ovsdb_monitor.py:1007}}
Jun 22 04:43:09.201427 np0000182447 devstack@neutron-api.service[103114]: DEBUG neutron.plugins.ml2.drivers.ovn.mech_driver.ovsdb.ovsdb_monitor [None req-7a45f0d7-9d2f-4fa0-83bf-0cc4ee0959b2 None None] Hash Ring: Node 0cea80f3bbd55dcab94f835337d7f892 (host: np0000182447) handling event "create" for row 399b8d62-0643-4371-b3da-c26f0423b46f (table: Port_Binding) {{(pid=103114) notify /opt/stack/neutron/neutron/plugins/ml2/drivers/ovn/mech_driver/ovsdb/ovsdb_monitor.py:1015}}
Jun 22 04:43:09.202000 np0000182447 devstack@neutron-api.service[103113]: DEBUG neutron.plugins.ml2.drivers.ovn.mech_driver.ovsdb.ovsdb_monitor [None req-4a2c5299-51ca-4585-8f02-51e9f4e373a5 None None] Hash Ring: Node 166f20ae97fc5d03b5af20dd7348081d (host: np0000182447) handling event "update" for row c8ac7d84-278c-4aae-8208-ca54e53df0e1 (table: Port_Binding) {{(pid=103113) notify /opt/stack/neutron/neutron/plugins/ml2/drivers/ovn/mech_driver/ovsdb/ovsdb_monitor.py:1015}}
