Jun 17 20:22:31.298250 np0000181548 devstack@neutron-api.service[107528]: DEBUG neutron.api.v2.base [None req-b1251f9f-6a7f-4842-aa12-ec9df3b6851a admin admin] Request body: {'subnetpool': {'name': 'shared-default-subnetpool-v6', 'prefixes': ['fdf4:bae0:66c2::/56'], 'default_prefixlen': 64, 'shared': True, 'is_default': True}} {{(pid=107528) prepare_request_body /opt/stack/neutron/neutron/api/v2/base.py:727}}
Jun 17 20:22:31.495796 np0000181548 devstack@neutron-api.service[107528]: DEBUG neutron.policy [None req-b1251f9f-6a7f-4842-aa12-ec9df3b6851a admin admin] Loaded default policies from ['neutron'] under neutron.policies entry points {{(pid=107528) register_rules /opt/stack/neutron/neutron/policy.py:65}}
Jun 17 20:22:31.661738 np0000181548 devstack@neutron-api.service[107528]: DEBUG neutron_lib.callbacks.manager [None req-b1251f9f-6a7f-4842-aa12-ec9df3b6851a admin admin] Publish callbacks ['neutron.objects.securitygroup.RbacNeutronDbObjectMixin.validate_rbac_policy_change-3070269090319', 'neutron.objects.address_group.RbacNeutronDbObjectMixin.validate_rbac_policy_change-3070269197557', 'neutron.objects.network.RbacNeutronDbObjectMixin.validate_rbac_policy_change-3070269124828', 'neutron.objects.qos.policy.RbacNeutronDbObjectMixin.validate_rbac_policy_change-3070269121530', 'neutron.objects.subnetpool.RbacNeutronDbObjectMixin.validate_rbac_policy_change-3070269160319', 'neutron.objects.address_scope.RbacNeutronDbObjectMixin.validate_rbac_policy_change-3070269160108', 'neutron.plugins.ml2.plugin.External_net_db_mixin._process_ext_policy_create-32209130', 'neutron.plugins.ml2.plugin.NeutronDbPluginV2.validate_network_rbac_policy_change-32185650'] for rbac-policy (None), before_create {{(pid=107528) _notify_loop /opt/stack/data/venv/lib/python3.12/site-packages/neutron_lib/callbacks/manager.py:184}}
Jun 17 20:22:31.710108 np0000181548 devstack@neutron-api.service[107528]: DEBUG neutron_lib.callbacks.manager [None req-b1251f9f-6a7f-4842-aa12-ec9df3b6851a admin admin] Publish callbacks [] for subnetpool (None), before_response {{(pid=107528) _notify_loop /opt/stack/data/venv/lib/python3.12/site-packages/neutron_lib/callbacks/manager.py:184}}
Jun 17 20:22:31.710944 np0000181548 devstack@neutron-api.service[107528]: [pid: 107528|app: 0|req: 1/4] 199.19.213.203 () {68 vars in 1367 bytes} [Wed Jun 17 20:22:31 2026] POST /networking/v2.0/subnetpools => generated 543 bytes in 533 msecs (HTTP/1.1 201) 4 headers in 162 bytes (1 switches on core 0)
Jun 17 20:22:32.136799 np0000181548 devstack@neutron-api.service[107530]: DEBUG neutron.api.v2.base [None req-0788d714-b628-435b-bac5-05f290fb23c5 admin admin] Request body: {'network': {'admin_state_up': True, 'name': 'private'}} {{(pid=107530) prepare_request_body /opt/stack/neutron/neutron/api/v2/base.py:727}}
Jun 17 20:22:32.169387 np0000181548 devstack@neutron-api.service[107530]: DEBUG neutron.pecan_wsgi.hooks.quota_enforcement [None req-0788d714-b628-435b-bac5-05f290fb23c5 admin admin] Made reservation on behalf of 0e44efdee3c74826b3c50a12e6d97487 for: {'network': 1} {{(pid=107530) before /opt/stack/neutron/neutron/pecan_wsgi/hooks/quota_enforcement.py:66}}
Jun 17 20:22:32.344412 np0000181548 devstack@neutron-api.service[107530]: DEBUG neutron.policy [None req-0788d714-b628-435b-bac5-05f290fb23c5 admin admin] Loaded default policies from ['neutron'] under neutron.policies entry points {{(pid=107530) register_rules /opt/stack/neutron/neutron/policy.py:65}}
Jun 17 20:22:32.444732 np0000181548 devstack@neutron-api.service[107530]: DEBUG neutron_lib.callbacks.manager [None req-0788d714-b628-435b-bac5-05f290fb23c5 admin admin] Publish callbacks ['neutron.plugins.ml2.plugin.SecurityGroupDbMixin._ensure_default_security_group_handler-33406587'] for network (None), before_create {{(pid=107530) _notify_loop /opt/stack/data/venv/lib/python3.12/site-packages/neutron_lib/callbacks/manager.py:184}}
Jun 17 20:22:32.464827 np0000181548 devstack@neutron-api.service[107530]: DEBUG neutron_lib.callbacks.manager [None req-0788d714-b628-435b-bac5-05f290fb23c5 admin admin] Publish callbacks [] for security_group (None), before_create {{(pid=107530) _notify_loop /opt/stack/data/venv/lib/python3.12/site-packages/neutron_lib/callbacks/manager.py:184}}
Jun 17 20:22:32.587934 np0000181548 devstack@neutron-api.service[107530]: DEBUG neutron_lib.callbacks.manager [None req-0788d714-b628-435b-bac5-05f290fb23c5 admin admin] Publish callbacks ['neutron.plugins.ml2.drivers.ovn.mech_driver.mech_driver.OVNMechanismDriver._create_security_group_precommit-488731'] for security_group (d378da09-1f51-4b16-bd2a-53d0e62d5d44), precommit_create {{(pid=107530) _notify_loop /opt/stack/data/venv/lib/python3.12/site-packages/neutron_lib/callbacks/manager.py:184}}
Jun 17 20:22:32.588316 np0000181548 devstack@neutron-api.service[107530]: DEBUG neutron.db.ovn_revision_numbers_db [None req-0788d714-b628-435b-bac5-05f290fb23c5 admin admin] create_initial_revision uuid=d378da09-1f51-4b16-bd2a-53d0e62d5d44, type=security_groups, rev=-1 {{(pid=107530) create_initial_revision /opt/stack/neutron/neutron/db/ovn_revision_numbers_db.py:98}}
Jun 17 20:22:32.591337 np0000181548 devstack@neutron-api.service[107530]: DEBUG neutron.db.ovn_revision_numbers_db [None req-0788d714-b628-435b-bac5-05f290fb23c5 admin admin] create_initial_revision uuid=4356521f-a528-4027-833e-95afd3f37e7a, type=security_group_rules, rev=-1 {{(pid=107530) create_initial_revision /opt/stack/neutron/neutron/db/ovn_revision_numbers_db.py:98}}
Jun 17 20:22:32.593135 np0000181548 devstack@neutron-api.service[107530]: DEBUG neutron.db.ovn_revision_numbers_db [None req-0788d714-b628-435b-bac5-05f290fb23c5 admin admin] create_initial_revision uuid=4f6af18b-26b3-4fbd-bf65-598cfb69ef53, type=security_group_rules, rev=-1 {{(pid=107530) create_initial_revision /opt/stack/neutron/neutron/db/ovn_revision_numbers_db.py:98}}
Jun 17 20:22:32.594458 np0000181548 devstack@neutron-api.service[107530]: DEBUG neutron.db.ovn_revision_numbers_db [None req-0788d714-b628-435b-bac5-05f290fb23c5 admin admin] create_initial_revision uuid=6e23ab30-8986-448c-96bf-417ec85615e2, type=security_group_rules, rev=-1 {{(pid=107530) create_initial_revision /opt/stack/neutron/neutron/db/ovn_revision_numbers_db.py:98}}
Jun 17 20:22:32.595922 np0000181548 devstack@neutron-api.service[107530]: DEBUG neutron.db.ovn_revision_numbers_db [None req-0788d714-b628-435b-bac5-05f290fb23c5 admin admin] create_initial_revision uuid=d65a6628-383f-4040-a6b2-c1e5301ad84a, type=security_group_rules, rev=-1 {{(pid=107530) create_initial_revision /opt/stack/neutron/neutron/db/ovn_revision_numbers_db.py:98}}
Jun 17 20:22:32.603303 np0000181548 devstack@neutron-api.service[107530]: DEBUG neutron_lib.callbacks.manager [None req-0788d714-b628-435b-bac5-05f290fb23c5 admin admin] Publish callbacks ['neutron.plugins.ml2.drivers.ovn.mech_driver.mech_driver.OVNMechanismDriver._create_security_group-488717', 'neutron.plugins.ml2.ovo_rpc._ObjectChangeHandler.handle_event-1747666'] for security_group (d378da09-1f51-4b16-bd2a-53d0e62d5d44), after_create {{(pid=107530) _notify_loop /opt/stack/data/venv/lib/python3.12/site-packages/neutron_lib/callbacks/manager.py:184}}
Jun 17 20:22:32.603517 np0000181548 devstack@neutron-api.service[107530]: INFO neutron.plugins.ml2.drivers.ovn.mech_driver.ovsdb.extensions.qos [None req-0788d714-b628-435b-bac5-05f290fb23c5 admin admin] Starting OVNClientQosExtension
Jun 17 20:22:32.603708 np0000181548 devstack@neutron-api.service[107530]: INFO neutron.plugins.ml2.drivers.ovn.mech_driver.ovsdb.extensions.placement [None req-0788d714-b628-435b-bac5-05f290fb23c5 admin admin] Starting OVNClientPlacementExtension
Jun 17 20:22:32.605715 np0000181548 devstack@neutron-api.service[107530]: DEBUG ovsdbapp.backend.ovs_idl.transaction [-] Running txn n=1 command(idx=0): PgAddCommand(_result=None, name=pg_d378da09_1f51_4b16_bd2a_53d0e62d5d44, may_exist=False, columns={'acls': [], 'external_ids': {'neutron:security_group_id': 'd378da09-1f51-4b16-bd2a-53d0e62d5d44'}}) {{(pid=107530) do_commit /opt/stack/data/venv/lib/python3.12/site-packages/ovsdbapp/backend/ovs_idl/transaction.py:89}}
Jun 17 20:22:32.608539 np0000181548 devstack@neutron-api.service[107530]: DEBUG ovsdbapp.backend.ovs_idl.transaction [-] Running txn n=1 command(idx=1): PgAclAddCommand(_result=None, entity=pg_d378da09_1f51_4b16_bd2a_53d0e62d5d44, direction=to-lport, priority=1002, match=outport == @pg_d378da09_1f51_4b16_bd2a_53d0e62d5d44 && ip4 && ip4.src == $pg_d378da09_1f51_4b16_bd2a_53d0e62d5d44_ip4, action=allow-related, log=False, may_exist=True, severity=[], name=[], meter=[], external_ids={'neutron:security_group_rule_id': '4356521f-a528-4027-833e-95afd3f37e7a'}) {{(pid=107530) do_commit /opt/stack/data/venv/lib/python3.12/site-packages/ovsdbapp/backend/ovs_idl/transaction.py:89}}
Jun 17 20:22:32.609271 np0000181548 devstack@neutron-api.service[107530]: DEBUG ovsdbapp.backend.ovs_idl.transaction [-] Running txn n=1 command(idx=2): PgAclAddCommand(_result=None, entity=pg_d378da09_1f51_4b16_bd2a_53d0e62d5d44, direction=from-lport, priority=1002, match=inport == @pg_d378da09_1f51_4b16_bd2a_53d0e62d5d44 && ip4, action=allow-related, log=False, may_exist=True, severity=[], name=[], meter=[], external_ids={'neutron:security_group_rule_id': '4f6af18b-26b3-4fbd-bf65-598cfb69ef53'}) {{(pid=107530) do_commit /opt/stack/data/venv/lib/python3.12/site-packages/ovsdbapp/backend/ovs_idl/transaction.py:89}}
Jun 17 20:22:32.609789 np0000181548 devstack@neutron-api.service[107530]: DEBUG ovsdbapp.backend.ovs_idl.transaction [-] Running txn n=1 command(idx=3): PgAclAddCommand(_result=None, entity=pg_d378da09_1f51_4b16_bd2a_53d0e62d5d44, direction=from-lport, priority=1002, match=inport == @pg_d378da09_1f51_4b16_bd2a_53d0e62d5d44 && ip6, action=allow-related, log=False, may_exist=True, severity=[], name=[], meter=[], external_ids={'neutron:security_group_rule_id': '6e23ab30-8986-448c-96bf-417ec85615e2'}) {{(pid=107530) do_commit /opt/stack/data/venv/lib/python3.12/site-packages/ovsdbapp/backend/ovs_idl/transaction.py:89}}
Jun 17 20:22:32.611683 np0000181548 devstack@neutron-api.service[107530]: DEBUG ovsdbapp.backend.ovs_idl.transaction [-] Running txn n=1 command(idx=4): PgAclAddCommand(_result=None, entity=pg_d378da09_1f51_4b16_bd2a_53d0e62d5d44, direction=to-lport, priority=1002, match=outport == @pg_d378da09_1f51_4b16_bd2a_53d0e62d5d44 && ip6 && ip6.src == $pg_d378da09_1f51_4b16_bd2a_53d0e62d5d44_ip6, action=allow-related, log=False, may_exist=True, severity=[], name=[], meter=[], external_ids={'neutron:security_group_rule_id': 'd65a6628-383f-4040-a6b2-c1e5301ad84a'}) {{(pid=107530) do_commit /opt/stack/data/venv/lib/python3.12/site-packages/ovsdbapp/backend/ovs_idl/transaction.py:89}}
Jun 17 20:22:32.620385 np0000181548 devstack@neutron-api.service[107530]: DEBUG neutron.plugins.ml2.drivers.ovn.mech_driver.ovsdb.ovsdb_monitor [-] Hash Ring: Node 57f46b09d7a159399a9be7ae5a5521bb (host: np0000181548) handling event "create" for row 427b4efc-d877-4738-9e90-029b0033054a (table: ACL) {{(pid=107530) notify /opt/stack/neutron/neutron/plugins/ml2/drivers/ovn/mech_driver/ovsdb/ovsdb_monitor.py:1015}}
Jun 17 20:22:32.620385 np0000181548 devstack@neutron-api.service[107530]: DEBUG neutron.plugins.ml2.drivers.ovn.mech_driver.ovsdb.ovsdb_monitor [-] Hash Ring: Node 57f46b09d7a159399a9be7ae5a5521bb (host: np0000181548) handling event "create" for row 61017cba-beea-4671-83ad-1079e70561da (table: ACL) {{(pid=107530) notify /opt/stack/neutron/neutron/plugins/ml2/drivers/ovn/mech_driver/ovsdb/ovsdb_monitor.py:1015}}
Jun 17 20:22:32.620874 np0000181548 devstack@neutron-api.service[107530]: DEBUG neutron.plugins.ml2.drivers.ovn.mech_driver.ovsdb.ovsdb_monitor [-] Hash Ring: Node 57f46b09d7a159399a9be7ae5a5521bb (host: np0000181548) handling event "create" for row da3fddf8-4fdd-4c89-8bce-5b644664fbf6 (table: Port_Group) {{(pid=107530) notify /opt/stack/neutron/neutron/plugins/ml2/drivers/ovn/mech_driver/ovsdb/ovsdb_monitor.py:1015}}
Jun 17 20:22:32.625816 np0000181548 devstack@neutron-api.service[107529]: DEBUG neutron.plugins.ml2.drivers.ovn.mech_driver.ovsdb.ovsdb_monitor [-] Hash Ring: Node 7c38f300b6b158ffa95bab7cb27d9d35 (host: np0000181548) handling event "create" for row 03967356-b439-4a86-99c6-b4621a835652 (table: ACL) {{(pid=107529) notify /opt/stack/neutron/neutron/plugins/ml2/drivers/ovn/mech_driver/ovsdb/ovsdb_monitor.py:1015}}
Jun 17 20:22:32.626830 np0000181548 devstack@neutron-api.service[107529]: DEBUG neutron.plugins.ml2.drivers.ovn.mech_driver.ovsdb.ovsdb_monitor [-] Hash Ring: Node 7c38f300b6b158ffa95bab7cb27d9d35 (host: np0000181548) handling event "create" for row 427b4efc-d877-4738-9e90-029b0033054a (table: ACL) {{(pid=107529) notify /opt/stack/neutron/neutron/plugins/ml2/drivers/ovn/mech_driver/ovsdb/ovsdb_monitor.py:1015}}
Jun 17 20:22:32.626830 np0000181548 devstack@neutron-api.service[107529]: DEBUG neutron.plugins.ml2.drivers.ovn.mech_driver.ovsdb.ovsdb_monitor [-] Hash Ring: Node 7c38f300b6b158ffa95bab7cb27d9d35 (host: np0000181548) handling event "create" for row 61017cba-beea-4671-83ad-1079e70561da (table: ACL) {{(pid=107529) notify /opt/stack/neutron/neutron/plugins/ml2/drivers/ovn/mech_driver/ovsdb/ovsdb_monitor.py:1015}}
Jun 17 20:22:32.626830 np0000181548 devstack@neutron-api.service[107529]: DEBUG neutron.plugins.ml2.drivers.ovn.mech_driver.ovsdb.ovsdb_monitor [-] Hash Ring: Node 7c38f300b6b158ffa95bab7cb27d9d35 (host: np0000181548) handling event "create" for row 7237a4fd-4589-4c8c-9d98-fe8074545b05 (table: ACL) {{(pid=107529) notify /opt/stack/neutron/neutron/plugins/ml2/drivers/ovn/mech_driver/ovsdb/ovsdb_monitor.py:1015}}
Jun 17 20:22:32.627884 np0000181548 devstack@neutron-api.service[107529]: DEBUG neutron.plugins.ml2.drivers.ovn.mech_driver.ovsdb.ovsdb_monitor [-] Hash Ring: Node 7c38f300b6b158ffa95bab7cb27d9d35 (host: np0000181548) handling event "create" for row da3fddf8-4fdd-4c89-8bce-5b644664fbf6 (table: Port_Group) {{(pid=107529) notify /opt/stack/neutron/neutron/plugins/ml2/drivers/ovn/mech_driver/ovsdb/ovsdb_monitor.py:1015}}
Jun 17 20:22:32.629150 np0000181548 devstack@neutron-api.service[107531]: DEBUG neutron.plugins.ml2.drivers.ovn.mech_driver.ovsdb.ovsdb_monitor [-] Hash Ring: Node 3344eadb570b50b0a32f1a05a501ae08 (host: np0000181548) handling event "create" for row 7237a4fd-4589-4c8c-9d98-fe8074545b05 (table: ACL) {{(pid=107531) notify /opt/stack/neutron/neutron/plugins/ml2/drivers/ovn/mech_driver/ovsdb/ovsdb_monitor.py:1015}}
Jun 17 20:22:32.653518 np0000181548 devstack@neutron-api.service[107530]: INFO neutron.db.ovn_revision_numbers_db [None req-0788d714-b628-435b-bac5-05f290fb23c5 admin admin] Successfully bumped revision number for resource d378da09-1f51-4b16-bd2a-53d0e62d5d44 (type: security_groups) to 1
Jun 17 20:22:32.672381 np0000181548 devstack@neutron-api.service[107530]: INFO neutron.db.ovn_revision_numbers_db [None req-0788d714-b628-435b-bac5-05f290fb23c5 admin admin] Successfully bumped revision number for resource 4356521f-a528-4027-833e-95afd3f37e7a (type: security_group_rules) to 0
Jun 17 20:22:32.686464 np0000181548 devstack@neutron-api.service[107530]: INFO neutron.db.ovn_revision_numbers_db [None req-0788d714-b628-435b-bac5-05f290fb23c5 admin admin] Successfully bumped revision number for resource 4f6af18b-26b3-4fbd-bf65-598cfb69ef53 (type: security_group_rules) to 0
Jun 17 20:22:32.701445 np0000181548 devstack@neutron-api.service[107530]: INFO neutron.db.ovn_revision_numbers_db [None req-0788d714-b628-435b-bac5-05f290fb23c5 admin admin] Successfully bumped revision number for resource 6e23ab30-8986-448c-96bf-417ec85615e2 (type: security_group_rules) to 0
Jun 17 20:22:32.715404 np0000181548 devstack@neutron-api.service[107530]: INFO neutron.db.ovn_revision_numbers_db [None req-0788d714-b628-435b-bac5-05f290fb23c5 admin admin] Successfully bumped revision number for resource d65a6628-383f-4040-a6b2-c1e5301ad84a (type: security_group_rules) to 0
Jun 17 20:22:32.745906 np0000181548 devstack@neutron-api.service[107530]: DEBUG neutron.api.rpc.handlers.resources_rpc [None req-0788d714-b628-435b-bac5-05f290fb23c5 admin admin] Pushing event updated for resources: {'SecurityGroup': ['ID=d378da09-1f51-4b16-bd2a-53d0e62d5d44,revision_number=1']} {{(pid=107530) push /opt/stack/neutron/neutron/api/rpc/handlers/resources_rpc.py:237}}
Jun 17 20:22:32.756787 np0000181548 devstack@neutron-api.service[107530]: DEBUG ovsdbapp.backend.ovs_idl.transaction [-] Running txn n=1 command(idx=0): CheckLivenessCommand(_result=None) {{(pid=107530) do_commit /opt/stack/data/venv/lib/python3.12/site-packages/ovsdbapp/backend/ovs_idl/transaction.py:89}}
Jun 17 20:22:32.762531 np0000181548 devstack@neutron-api.service[107529]: DEBUG neutron.plugins.ml2.drivers.ovn.mech_driver.ovsdb.ovsdb_monitor [-] Hash Ring: Node 7c38f300b6b158ffa95bab7cb27d9d35 (host: np0000181548) handling event "update" for row d53913b3-f383-4e08-a1a9-6d68e52a9fdf (table: NB_Global) {{(pid=107529) notify /opt/stack/neutron/neutron/plugins/ml2/drivers/ovn/mech_driver/ovsdb/ovsdb_monitor.py:1015}}
Jun 17 20:22:32.763576 np0000181548 devstack@neutron-api.service[107530]: DEBUG neutron.api.rpc.callbacks.version_manager [None req-0788d714-b628-435b-bac5-05f290fb23c5 admin admin] Tracked resource versions report:
Jun 17 20:22:32.763576 np0000181548 devstack@neutron-api.service[107530]: pushed versions:
Jun 17 20:22:32.763576 np0000181548 devstack@neutron-api.service[107530]: { 'AddressGroup': {'1.2'},
Jun 17 20:22:32.763576 np0000181548 devstack@neutron-api.service[107530]: 'Agent': {'1.1'},
Jun 17 20:22:32.763576 np0000181548 devstack@neutron-api.service[107530]: 'ConntrackHelper': {'1.0'},
Jun 17 20:22:32.763576 np0000181548 devstack@neutron-api.service[107530]: 'LocalIPAssociation': {'1.0'},
Jun 17 20:22:32.763576 np0000181548 devstack@neutron-api.service[107530]: 'Log': {'1.0'},
Jun 17 20:22:32.763576 np0000181548 devstack@neutron-api.service[107530]: 'NDPProxy': {'1.0'},
Jun 17 20:22:32.763576 np0000181548 devstack@neutron-api.service[107530]: 'Network': {'1.3'},
Jun 17 20:22:32.763576 np0000181548 devstack@neutron-api.service[107530]: 'Port': {'1.11'},
Jun 17 20:22:32.763576 np0000181548 devstack@neutron-api.service[107530]: 'PortForwarding': {'1.3'},
Jun 17 20:22:32.763576 np0000181548 devstack@neutron-api.service[107530]: 'QosPolicy': {'1.10'},
Jun 17 20:22:32.763576 np0000181548 devstack@neutron-api.service[107530]: 'SecurityGroup': {'1.6'},
Jun 17 20:22:32.763576 np0000181548 devstack@neutron-api.service[107530]: 'SecurityGroupRule': {'1.3'},
Jun 17 20:22:32.763576 np0000181548 devstack@neutron-api.service[107530]: 'SubPort': {'1.0'},
Jun 17 20:22:32.763576 np0000181548 devstack@neutron-api.service[107530]: 'Subnet': {'1.2'},
Jun 17 20:22:32.763576 np0000181548 devstack@neutron-api.service[107530]: 'Trunk': {'1.1'}}
Jun 17 20:22:32.763576 np0000181548 devstack@neutron-api.service[107530]: consumer versions:
Jun 17 20:22:32.763576 np0000181548 devstack@neutron-api.service[107530]: {}
Jun 17 20:22:32.763576 np0000181548 devstack@neutron-api.service[107530]: {{(pid=107530) report /opt/stack/neutron/neutron/api/rpc/callbacks/version_manager.py:183}}
Jun 17 20:22:32.765193 np0000181548 devstack@neutron-api.service[107529]: DEBUG neutron.plugins.ml2.drivers.ovn.mech_driver.ovsdb.ovsdb_monitor [-] Hash Ring: Node 7c38f300b6b158ffa95bab7cb27d9d35 (host: np0000181548) handling event "update" for row d53913b3-f383-4e08-a1a9-6d68e52a9fdf (table: NB_Global) {{(pid=107529) notify /opt/stack/neutron/neutron/plugins/ml2/drivers/ovn/mech_driver/ovsdb/ovsdb_monitor.py:1015}}
Jun 17 20:22:32.766737 np0000181548 devstack@neutron-api.service[107528]: DEBUG neutron.plugins.ml2.drivers.ovn.mech_driver.ovsdb.ovsdb_monitor [-] ChassisAgentWriteEvent : Matched Chassis_Private, update, None None {{(pid=107528) matches /opt/stack/neutron/neutron/plugins/ml2/drivers/ovn/mech_driver/ovsdb/ovsdb_monitor.py:64}}
Jun 17 20:22:32.769452 np0000181548 devstack@neutron-api.service[107529]: DEBUG neutron.plugins.ml2.drivers.ovn.mech_driver.ovsdb.ovsdb_monitor [-] Hash Ring: Node 7c38f300b6b158ffa95bab7cb27d9d35 (host: np0000181548) handling event "update" for row d53913b3-f383-4e08-a1a9-6d68e52a9fdf (table: NB_Global) {{(pid=107529) notify /opt/stack/neutron/neutron/plugins/ml2/drivers/ovn/mech_driver/ovsdb/ovsdb_monitor.py:1015}}
Jun 17 20:22:32.769653 np0000181548 devstack@neutron-api.service[107531]: DEBUG neutron.plugins.ml2.drivers.ovn.mech_driver.ovsdb.ovsdb_monitor [-] ChassisAgentWriteEvent : Matched Chassis_Private, update, None None {{(pid=107531) matches /opt/stack/neutron/neutron/plugins/ml2/drivers/ovn/mech_driver/ovsdb/ovsdb_monitor.py:64}}
Jun 17 20:22:32.770472 np0000181548 devstack@neutron-api.service[107529]: DEBUG neutron.plugins.ml2.drivers.ovn.mech_driver.ovsdb.ovsdb_monitor [-] ChassisAgentWriteEvent : Matched Chassis_Private, update, None None {{(pid=107529) matches /opt/stack/neutron/neutron/plugins/ml2/drivers/ovn/mech_driver/ovsdb/ovsdb_monitor.py:64}}
Jun 17 20:22:32.774165 np0000181548 devstack@neutron-api.service[107530]: DEBUG neutron.plugins.ml2.drivers.ovn.mech_driver.ovsdb.ovsdb_monitor [-] ChassisAgentWriteEvent : Matched Chassis_Private, update, None None {{(pid=107530) matches /opt/stack/neutron/neutron/plugins/ml2/drivers/ovn/mech_driver/ovsdb/ovsdb_monitor.py:64}}
Jun 17 20:22:32.774580 np0000181548 devstack@neutron-api.service[107530]: DEBUG neutron.plugins.ml2.drivers.ovn.mech_driver.ovsdb.ovsdb_monitor [-] Hash Ring: Node 57f46b09d7a159399a9be7ae5a5521bb (host: np0000181548) handling event "update" for row 284175e4-63cf-4d01-af54-63012ea13ac0 (table: Chassis_Private) {{(pid=107530) notify /opt/stack/neutron/neutron/plugins/ml2/drivers/ovn/mech_driver/ovsdb/ovsdb_monitor.py:1015}}
Jun 17 20:22:32.774666 np0000181548 devstack@neutron-api.service[107529]: DEBUG neutron.plugins.ml2.drivers.ovn.mech_driver.ovsdb.ovsdb_monitor [-] Hash Ring: Node 7c38f300b6b158ffa95bab7cb27d9d35 (host: np0000181548) handling event "update" for row d53913b3-f383-4e08-a1a9-6d68e52a9fdf (table: NB_Global) {{(pid=107529) notify /opt/stack/neutron/neutron/plugins/ml2/drivers/ovn/mech_driver/ovsdb/ovsdb_monitor.py:1015}}
Jun 17 20:22:32.776245 np0000181548 devstack@neutron-api.service[107531]: DEBUG neutron.plugins.ml2.drivers.ovn.mech_driver.ovsdb.ovsdb_monitor [-] ChassisOVNAgentWriteEvent : Matched Chassis_Private, update, None None {{(pid=107531) matches /opt/stack/neutron/neutron/plugins/ml2/drivers/ovn/mech_driver/ovsdb/ovsdb_monitor.py:64}}
Jun 17 20:22:32.778013 np0000181548 devstack@neutron-api.service[107528]: DEBUG neutron.plugins.ml2.drivers.ovn.mech_driver.ovsdb.ovsdb_monitor [-] ChassisOVNAgentWriteEvent : Matched Chassis_Private, update, None None {{(pid=107528) matches /opt/stack/neutron/neutron/plugins/ml2/drivers/ovn/mech_driver/ovsdb/ovsdb_monitor.py:64}}
Jun 17 20:22:32.781301 np0000181548 devstack@neutron-api.service[107529]: DEBUG neutron.common.ovn.hash_ring_manager [-] Allow caching, nodes 4>=4 {{(pid=107529) _wait_startup_before_caching /opt/stack/neutron/neutron/common/ovn/hash_ring_manager.py:71}}
Jun 17 20:22:32.781924 np0000181548 devstack@neutron-api.service[107529]: DEBUG neutron.plugins.ml2.drivers.ovn.mech_driver.ovsdb.ovsdb_monitor [-] Hash Ring: Node 7c38f300b6b158ffa95bab7cb27d9d35 (host: np0000181548) handling event "update" for row 284175e4-63cf-4d01-af54-63012ea13ac0 (table: Chassis_Private) {{(pid=107529) notify /opt/stack/neutron/neutron/plugins/ml2/drivers/ovn/mech_driver/ovsdb/ovsdb_monitor.py:1015}}
Jun 17 20:22:32.782981 np0000181548 devstack@neutron-api.service[107530]: DEBUG neutron.plugins.ml2.drivers.ovn.mech_driver.ovsdb.ovsdb_monitor [-] ChassisOVNAgentWriteEvent : Matched Chassis_Private, update, None None {{(pid=107530) matches /opt/stack/neutron/neutron/plugins/ml2/drivers/ovn/mech_driver/ovsdb/ovsdb_monitor.py:64}}
Jun 17 20:22:32.783167 np0000181548 devstack@neutron-api.service[107529]: DEBUG neutron.plugins.ml2.drivers.ovn.mech_driver.ovsdb.ovsdb_monitor [-] ChassisOVNAgentWriteEvent : Matched Chassis_Private, update, None None {{(pid=107529) matches /opt/stack/neutron/neutron/plugins/ml2/drivers/ovn/mech_driver/ovsdb/ovsdb_monitor.py:64}}
Jun 17 20:22:32.783666 np0000181548 devstack@neutron-api.service[107529]: DEBUG neutron.plugins.ml2.drivers.ovn.mech_driver.ovsdb.ovsdb_monitor [-] Hash Ring: Node 7c38f300b6b158ffa95bab7cb27d9d35 (host: np0000181548) handling event "update" for row 284175e4-63cf-4d01-af54-63012ea13ac0 (table: Chassis_Private) {{(pid=107529) notify /opt/stack/neutron/neutron/plugins/ml2/drivers/ovn/mech_driver/ovsdb/ovsdb_monitor.py:1015}}
Jun 17 20:22:32.784262 np0000181548 devstack@neutron-api.service[107530]: DEBUG neutron.plugins.ml2.drivers.ovn.mech_driver.ovsdb.ovsdb_monitor [-] Hash Ring: Node 57f46b09d7a159399a9be7ae5a5521bb (host: np0000181548) handling event "update" for row 284175e4-63cf-4d01-af54-63012ea13ac0 (table: Chassis_Private) {{(pid=107530) notify /opt/stack/neutron/neutron/plugins/ml2/drivers/ovn/mech_driver/ovsdb/ovsdb_monitor.py:1015}}
Jun 17 20:22:32.845297 np0000181548 devstack@neutron-api.service[107530]: DEBUG neutron.plugins.ml2.drivers.helpers [None req-0788d714-b628-435b-bac5-05f290fb23c5 admin admin] geneve segment allocate from pool success with {'geneve_vni': 58431} {{(pid=107530) allocate_partially_specified_segment /opt/stack/neutron/neutron/plugins/ml2/drivers/helpers.py:142}}
Jun 17 20:22:32.860201 np0000181548 devstack@neutron-api.service[107530]: DEBUG neutron_lib.callbacks.manager [None req-0788d714-b628-435b-bac5-05f290fb23c5 admin admin] Publish callbacks ['neutron.services.segments.db._add_segment_host_mapping_for_segment-8242629430426', 'neutron.plugins.ml2.plugin.Ml2Plugin._handle_segment_change-67561'] for segment (b0d290bf-6f60-4af5-a68b-f7a86406bdc6), precommit_create {{(pid=107530) _notify_loop /opt/stack/data/venv/lib/python3.12/site-packages/neutron_lib/callbacks/manager.py:184}}
Jun 17 20:22:32.860627 np0000181548 devstack@neutron-api.service[107530]: INFO neutron.db.segments_db [None req-0788d714-b628-435b-bac5-05f290fb23c5 admin admin] Added segment b0d290bf-6f60-4af5-a68b-f7a86406bdc6 of type geneve for network 459692a9-3794-47f9-9f3b-1e454fa21628
Jun 17 20:22:32.917459 np0000181548 devstack@neutron-api.service[107530]: DEBUG neutron_lib.callbacks.manager [None req-0788d714-b628-435b-bac5-05f290fb23c5 admin admin] Publish callbacks ['neutron.services.auto_allocate.db._ensure_external_network_default_value_callback-8242628159468'] for network (459692a9-3794-47f9-9f3b-1e454fa21628), precommit_create {{(pid=107530) _notify_loop /opt/stack/data/venv/lib/python3.12/site-packages/neutron_lib/callbacks/manager.py:184}}
Jun 17 20:22:32.940992 np0000181548 devstack@neutron-api.service[107530]: DEBUG neutron.plugins.ml2.drivers.ovn.mech_driver.mech_driver [None req-0788d714-b628-435b-bac5-05f290fb23c5 admin admin] Validating network segment with type geneve, segmentation ID 58431, physical network None {{(pid=107530) _validate_network_segments /opt/stack/neutron/neutron/plugins/ml2/drivers/ovn/mech_driver/mech_driver.py:643}}
Jun 17 20:22:32.941292 np0000181548 devstack@neutron-api.service[107530]: DEBUG neutron.db.ovn_revision_numbers_db [None req-0788d714-b628-435b-bac5-05f290fb23c5 admin admin] create_initial_revision uuid=459692a9-3794-47f9-9f3b-1e454fa21628, type=networks, rev=-1 {{(pid=107530) create_initial_revision /opt/stack/neutron/neutron/db/ovn_revision_numbers_db.py:98}}
Jun 17 20:22:32.962648 np0000181548 devstack@neutron-api.service[107530]: DEBUG neutron_lib.callbacks.manager [None req-0788d714-b628-435b-bac5-05f290fb23c5 admin admin] Publish callbacks ['neutron.plugins.ml2.ovo_rpc._ObjectChangeHandler.handle_event-1747663'] for network (459692a9-3794-47f9-9f3b-1e454fa21628), after_create {{(pid=107530) _notify_loop /opt/stack/data/venv/lib/python3.12/site-packages/neutron_lib/callbacks/manager.py:184}}
Jun 17 20:22:33.016514 np0000181548 devstack@neutron-api.service[107530]: DEBUG neutron.api.rpc.handlers.resources_rpc [None req-0788d714-b628-435b-bac5-05f290fb23c5 admin admin] Pushing event updated for resources: {'Network': ['ID=459692a9-3794-47f9-9f3b-1e454fa21628,revision_number=1']} {{(pid=107530) push /opt/stack/neutron/neutron/api/rpc/handlers/resources_rpc.py:237}}
Jun 17 20:22:33.025575 np0000181548 devstack@neutron-api.service[107530]: DEBUG ovsdbapp.backend.ovs_idl.transaction [-] Running txn n=1 command(idx=0): AddNetworkCommand(_result=None, network_uuid=459692a9-3794-47f9-9f3b-1e454fa21628, may_exist=True, columns={'external_ids': {'neutron:network_name': 'private', 'neutron:mtu': '1372', 'neutron:revision_number': '1', 'neutron:availability_zone_hints': '', 'neutron:provnet-network-type': 'geneve'}, 'other_config': {'mcast_snoop': 'false', 'mcast_flood_unregistered': 'false', 'vlan-passthru': 'false'}}) {{(pid=107530) do_commit /opt/stack/data/venv/lib/python3.12/site-packages/ovsdbapp/backend/ovs_idl/transaction.py:89}}
Jun 17 20:22:33.026373 np0000181548 devstack@neutron-api.service[107530]: DEBUG neutron.common.ovn.utils [-] OVS persist_uuid supported=True {{(pid=107530) ovs_persist_uuid_supported /opt/stack/neutron/neutron/common/ovn/utils.py:1544}}
Jun 17 20:22:33.036278 np0000181548 devstack@neutron-api.service[107529]: DEBUG neutron.plugins.ml2.drivers.ovn.mech_driver.ovsdb.ovsdb_monitor [-] Hash Ring: Node 7c38f300b6b158ffa95bab7cb27d9d35 (host: np0000181548) handling event "create" for row 459692a9-3794-47f9-9f3b-1e454fa21628 (table: Logical_Switch) {{(pid=107529) notify /opt/stack/neutron/neutron/plugins/ml2/drivers/ovn/mech_driver/ovsdb/ovsdb_monitor.py:1015}}
Jun 17 20:22:33.038092 np0000181548 devstack@neutron-api.service[107528]: DEBUG neutron.plugins.ml2.drivers.ovn.mech_driver.ovsdb.ovsdb_monitor [-] Hash Ring: Node c55e38d4c4365f84b1eadf66ab1bacb8 (host: np0000181548) handling event "create" for row 459692a9-3794-47f9-9f3b-1e454fa21628 (table: Logical_Switch) {{(pid=107528) notify /opt/stack/neutron/neutron/plugins/ml2/drivers/ovn/mech_driver/ovsdb/ovsdb_monitor.py:1015}}
Jun 17 20:22:33.039906 np0000181548 devstack@neutron-api.service[107528]: DEBUG neutron.plugins.ml2.drivers.ovn.mech_driver.ovsdb.ovsdb_monitor [-] Hash Ring: Node c55e38d4c4365f84b1eadf66ab1bacb8 (host: np0000181548) handling event "create" for row 57006cfc-4936-473c-b8dd-821ddce5e206 (table: Datapath_Binding) {{(pid=107528) notify /opt/stack/neutron/neutron/plugins/ml2/drivers/ovn/mech_driver/ovsdb/ovsdb_monitor.py:1015}}
Jun 17 20:22:33.041365 np0000181548 devstack@neutron-api.service[107529]: DEBUG neutron.plugins.ml2.drivers.ovn.mech_driver.ovsdb.ovsdb_monitor [-] Hash Ring: Node 7c38f300b6b158ffa95bab7cb27d9d35 (host: np0000181548) handling event "create" for row 57006cfc-4936-473c-b8dd-821ddce5e206 (table: Datapath_Binding) {{(pid=107529) notify /opt/stack/neutron/neutron/plugins/ml2/drivers/ovn/mech_driver/ovsdb/ovsdb_monitor.py:1015}}
Jun 17 20:22:33.061598 np0000181548 devstack@neutron-api.service[107530]: INFO neutron.db.ovn_revision_numbers_db [None req-0788d714-b628-435b-bac5-05f290fb23c5 admin admin] Successfully bumped revision number for resource 459692a9-3794-47f9-9f3b-1e454fa21628 (type: networks) to 1
Jun 17 20:22:33.119585 np0000181548 devstack@neutron-api.service[107530]: DEBUG neutron_lib.callbacks.manager [None req-0788d714-b628-435b-bac5-05f290fb23c5 admin admin] Publish callbacks ['neutron.plugins.ml2.plugin.SecurityGroupDbMixin._ensure_default_security_group_handler-33406587'] for port (None), before_create {{(pid=107530) _notify_loop /opt/stack/data/venv/lib/python3.12/site-packages/neutron_lib/callbacks/manager.py:184}}
Jun 17 20:22:33.412052 np0000181548 devstack@neutron-api.service[107530]: DEBUG neutron_lib.callbacks.manager [None req-0788d714-b628-435b-bac5-05f290fb23c5 admin admin] Publish callbacks ['neutron.plugins.ml2.drivers.ovn.mech_driver.mech_driver.OVNMechanismDriver._validate_allowed_address_pairs-485023'] for allowed_address_pair (07718522-96f1-423b-a2dc-edc27d5e5412), before_create {{(pid=107530) _notify_loop /opt/stack/data/venv/lib/python3.12/site-packages/neutron_lib/callbacks/manager.py:184}}
Jun 17 20:22:33.412929 np0000181548 devstack@neutron-api.service[107530]: DEBUG neutron_lib.callbacks.manager [None req-0788d714-b628-435b-bac5-05f290fb23c5 admin admin] Publish callbacks [] for port (07718522-96f1-423b-a2dc-edc27d5e5412), precommit_create {{(pid=107530) _notify_loop /opt/stack/data/venv/lib/python3.12/site-packages/neutron_lib/callbacks/manager.py:184}}
Jun 17 20:22:33.413095 np0000181548 devstack@neutron-api.service[107530]: DEBUG neutron.plugins.ml2.drivers.ovn.mech_driver.mech_driver [None req-0788d714-b628-435b-bac5-05f290fb23c5 admin admin] No provisioning block for port 07718522-96f1-423b-a2dc-edc27d5e5412 since it does not have a host {{(pid=107530) _is_port_provisioning_required /opt/stack/neutron/neutron/plugins/ml2/drivers/ovn/mech_driver/mech_driver.py:896}}
Jun 17 20:22:33.413204 np0000181548 devstack@neutron-api.service[107530]: DEBUG neutron.db.ovn_revision_numbers_db [None req-0788d714-b628-435b-bac5-05f290fb23c5 admin admin] create_initial_revision uuid=07718522-96f1-423b-a2dc-edc27d5e5412, type=ports, rev=-1 {{(pid=107530) create_initial_revision /opt/stack/neutron/neutron/db/ovn_revision_numbers_db.py:98}}
Jun 17 20:22:33.483600 np0000181548 devstack@neutron-api.service[107530]: DEBUG neutron_lib.callbacks.manager [None req-0788d714-b628-435b-bac5-05f290fb23c5 admin admin] Publish callbacks ['neutron.plugins.ml2.ovo_rpc._ObjectChangeHandler.handle_event-1747678'] for port (07718522-96f1-423b-a2dc-edc27d5e5412), after_create {{(pid=107530) _notify_loop /opt/stack/data/venv/lib/python3.12/site-packages/neutron_lib/callbacks/manager.py:184}}
Jun 17 20:22:33.543927 np0000181548 devstack@neutron-api.service[107530]: DEBUG neutron.api.rpc.handlers.resources_rpc [None req-0788d714-b628-435b-bac5-05f290fb23c5 admin admin] Pushing event updated for resources: {'Port': ['ID=07718522-96f1-423b-a2dc-edc27d5e5412,revision_number=1']} {{(pid=107530) push /opt/stack/neutron/neutron/api/rpc/handlers/resources_rpc.py:237}}
Jun 17 20:22:33.593189 np0000181548 devstack@neutron-api.service[107530]: DEBUG neutron.plugins.ml2.drivers.ovn.mech_driver.ovsdb.commands [None req-0788d714-b628-435b-bac5-05f290fb23c5 admin admin] Converting tag [] to a tag_request {{(pid=107530) _tag_column_to_tag_request /opt/stack/neutron/neutron/plugins/ml2/drivers/ovn/mech_driver/ovsdb/commands.py:205}}
Jun 17 20:22:33.594318 np0000181548 devstack@neutron-api.service[107530]: DEBUG ovsdbapp.backend.ovs_idl.transaction [-] Running txn n=1 command(idx=0): AddLSwitchPortCommand(_result=None, lport=07718522-96f1-423b-a2dc-edc27d5e5412, lswitch=neutron-459692a9-3794-47f9-9f3b-1e454fa21628, may_exist=True, network_uuid=459692a9-3794-47f9-9f3b-1e454fa21628, columns={'addresses': ['fa:16:3e:f5:da:d6'], 'external_ids': {'neutron:port_name': '', 'neutron:device_id': 'ovnmeta-459692a9-3794-47f9-9f3b-1e454fa21628', 'neutron:project_id': '0e44efdee3c74826b3c50a12e6d97487', 'neutron:cidrs': '', 'neutron:device_owner': 'network:distributed', 'neutron:subnet_pool_addr_scope4': '', 'neutron:subnet_pool_addr_scope6': '', 'neutron:network_name': 'neutron-459692a9-3794-47f9-9f3b-1e454fa21628', 'neutron:security_group_ids': '', 'neutron:revision_number': '1', 'neutron:vnic_type': 'normal', 'neutron:port_capabilities': '', 'neutron:mtu': '1372'}, 'parent_name': [], 'enabled': True, 'options': {}, 'type': 'localport', 'port_security': [], 'dhcpv4_options': [], 'dhcpv6_options': [], 'tag_request': []}) {{(pid=107530) do_commit /opt/stack/data/venv/lib/python3.12/site-packages/ovsdbapp/backend/ovs_idl/transaction.py:89}}
Jun 17 20:22:33.595328 np0000181548 devstack@neutron-api.service[107530]: DEBUG ovsdbapp.backend.ovs_idl.transaction [-] Running txn n=1 command(idx=1): QoSDelCommand(_result=None, switch=neutron-459692a9-3794-47f9-9f3b-1e454fa21628, conditions=[('direction', '=', 'to-lport'), ('priority', '=', 2002), ('match', '=', 'outport == "07718522-96f1-423b-a2dc-edc27d5e5412"')], if_exists=True) {{(pid=107530) do_commit /opt/stack/data/venv/lib/python3.12/site-packages/ovsdbapp/backend/ovs_idl/transaction.py:89}}
Jun 17 20:22:33.595592 np0000181548 devstack@neutron-api.service[107530]: DEBUG ovsdbapp.backend.ovs_idl.transaction [-] Running txn n=1 command(idx=2): QoSDelCommand(_result=None, switch=neutron-459692a9-3794-47f9-9f3b-1e454fa21628, conditions=[('direction', '=', 'from-lport'), ('priority', '=', 2002), ('match', '=', 'inport == "07718522-96f1-423b-a2dc-edc27d5e5412"')], if_exists=True) {{(pid=107530) do_commit /opt/stack/data/venv/lib/python3.12/site-packages/ovsdbapp/backend/ovs_idl/transaction.py:89}}
Jun 17 20:22:33.601569 np0000181548 devstack@neutron-api.service[107530]: DEBUG neutron.plugins.ml2.drivers.ovn.mech_driver.ovsdb.ovsdb_monitor [-] Hash Ring: Node 57f46b09d7a159399a9be7ae5a5521bb (host: np0000181548) handling event "create" for row 22748f9f-92f6-4ce1-acc0-2db995cfeb8d (table: Logical_Switch_Port) {{(pid=107530) notify /opt/stack/neutron/neutron/plugins/ml2/drivers/ovn/mech_driver/ovsdb/ovsdb_monitor.py:1015}}
Jun 17 20:22:33.604405 np0000181548 devstack@neutron-api.service[107528]: DEBUG neutron.plugins.ml2.drivers.ovn.mech_driver.ovsdb.ovsdb_monitor [-] Hash Ring: Node c55e38d4c4365f84b1eadf66ab1bacb8 (host: np0000181548) handling event "update" for row 459692a9-3794-47f9-9f3b-1e454fa21628 (table: Logical_Switch) {{(pid=107528) notify /opt/stack/neutron/neutron/plugins/ml2/drivers/ovn/mech_driver/ovsdb/ovsdb_monitor.py:1015}}
Jun 17 20:22:33.605236 np0000181548 devstack@neutron-api.service[107530]: DEBUG ovsdbapp.backend.ovs_idl.event [-] Matched CREATE: LogicalSwitchPortCreateEvent(events=('create',), table='Logical_Switch_Port', conditions=[], old_conditions=None), priority=20 to row=Logical_Switch_Port(uuid=22748f9f-92f6-4ce1-acc0-2db995cfeb8d, addresses=['fa:16:3e:f5:da:d6'], dhcpv4_options=[], dhcpv6_options=[], dynamic_addresses=[], enabled=True, external_ids={'neutron:cidrs': '', 'neutron:device_id': 'ovnmeta-459692a9-3794-47f9-9f3b-1e454fa21628', 'neutron:device_owner': 'network:distributed', 'neutron:mtu': '1372', 'neutron:network_name': 'neutron-459692a9-3794-47f9-9f3b-1e454fa21628', 'neutron:port_capabilities': '', 'neutron:port_name': '', 'neutron:project_id': '0e44efdee3c74826b3c50a12e6d97487', 'neutron:revision_number': '1', 'neutron:security_group_ids': '', 'neutron:subnet_pool_addr_scope4': '', 'neutron:subnet_pool_addr_scope6': '', 'neutron:vnic_type': 'normal'}, ha_chassis_group=[], mirror_rules=[], name='07718522-96f1-423b-a2dc-edc27d5e5412', options={}, parent_name=[], port_security=[], tag=[], tag_request=[], type='localport', up=[]) old= {{(pid=107530) matches /opt/stack/data/venv/lib/python3.12/site-packages/ovsdbapp/backend/ovs_idl/event.py:55}}
Jun 17 20:22:33.607005 np0000181548 devstack@neutron-api.service[107529]: DEBUG neutron.plugins.ml2.drivers.ovn.mech_driver.ovsdb.ovsdb_monitor [-] Hash Ring: Node 7c38f300b6b158ffa95bab7cb27d9d35 (host: np0000181548) handling event "update" for row 459692a9-3794-47f9-9f3b-1e454fa21628 (table: Logical_Switch) {{(pid=107529) notify /opt/stack/neutron/neutron/plugins/ml2/drivers/ovn/mech_driver/ovsdb/ovsdb_monitor.py:1015}}
Jun 17 20:22:33.607005 np0000181548 devstack@neutron-api.service[107529]: DEBUG neutron.plugins.ml2.drivers.ovn.mech_driver.ovsdb.ovsdb_monitor [-] Hash Ring: Node 7c38f300b6b158ffa95bab7cb27d9d35 (host: np0000181548) handling event "create" for row 22748f9f-92f6-4ce1-acc0-2db995cfeb8d (table: Logical_Switch_Port) {{(pid=107529) notify /opt/stack/neutron/neutron/plugins/ml2/drivers/ovn/mech_driver/ovsdb/ovsdb_monitor.py:1015}}
Jun 17 20:22:33.607928 np0000181548 devstack@neutron-api.service[107529]: DEBUG ovsdbapp.backend.ovs_idl.event [-] Matched CREATE: LogicalSwitchPortCreateEvent(events=('create',), table='Logical_Switch_Port', conditions=[], old_conditions=None), priority=20 to row=Logical_Switch_Port(uuid=22748f9f-92f6-4ce1-acc0-2db995cfeb8d, addresses=['fa:16:3e:f5:da:d6'], dhcpv4_options=[], dhcpv6_options=[], dynamic_addresses=[], enabled=True, external_ids={'neutron:cidrs': '', 'neutron:device_id': 'ovnmeta-459692a9-3794-47f9-9f3b-1e454fa21628', 'neutron:device_owner': 'network:distributed', 'neutron:mtu': '1372', 'neutron:network_name': 'neutron-459692a9-3794-47f9-9f3b-1e454fa21628', 'neutron:port_capabilities': '', 'neutron:port_name': '', 'neutron:project_id': '0e44efdee3c74826b3c50a12e6d97487', 'neutron:revision_number': '1', 'neutron:security_group_ids': '', 'neutron:subnet_pool_addr_scope4': '', 'neutron:subnet_pool_addr_scope6': '', 'neutron:vnic_type': 'normal'}, ha_chassis_group=[], mirror_rules=[], name='07718522-96f1-423b-a2dc-edc27d5e5412', options={}, parent_name=[], port_security=[], tag=[], tag_request=[], type='localport', up=[]) old= {{(pid=107529) matches /opt/stack/data/venv/lib/python3.12/site-packages/ovsdbapp/backend/ovs_idl/event.py:55}}
Jun 17 20:22:33.609281 np0000181548 devstack@neutron-api.service[107529]: DEBUG neutron.plugins.ml2.drivers.ovn.mech_driver.ovsdb.ovsdb_monitor [-] Hash Ring: Node 7c38f300b6b158ffa95bab7cb27d9d35 (host: np0000181548) handling event "create" for row a990c48f-b754-40fb-9c55-72aaebfc493f (table: Port_Binding) {{(pid=107529) notify /opt/stack/neutron/neutron/plugins/ml2/drivers/ovn/mech_driver/ovsdb/ovsdb_monitor.py:1015}}
Jun 17 20:22:33.610128 np0000181548 devstack@neutron-api.service[107530]: INFO neutron.plugins.ml2.drivers.ovn.mech_driver.mech_driver [-] OVN reports status down for port: 07718522-96f1-423b-a2dc-edc27d5e5412
Jun 17 20:22:33.613371 np0000181548 devstack@neutron-api.service[107530]: DEBUG neutron.plugins.ml2.drivers.ovn.mech_driver.ovsdb.ovsdb_monitor [-] Hash Ring: Node 57f46b09d7a159399a9be7ae5a5521bb (host: np0000181548) handling event "update" for row 22748f9f-92f6-4ce1-acc0-2db995cfeb8d (table: Logical_Switch_Port) {{(pid=107530) notify /opt/stack/neutron/neutron/plugins/ml2/drivers/ovn/mech_driver/ovsdb/ovsdb_monitor.py:1015}}
Jun 17 20:22:33.613476 np0000181548 devstack@neutron-api.service[107529]: INFO neutron.plugins.ml2.drivers.ovn.mech_driver.mech_driver [-] OVN reports status down for port: 07718522-96f1-423b-a2dc-edc27d5e5412
Jun 17 20:22:33.614379 np0000181548 devstack@neutron-api.service[107531]: DEBUG neutron.plugins.ml2.drivers.ovn.mech_driver.ovsdb.ovsdb_monitor [-] Hash Ring: Node 3344eadb570b50b0a32f1a05a501ae08 (host: np0000181548) handling event "create" for row a990c48f-b754-40fb-9c55-72aaebfc493f (table: Port_Binding) {{(pid=107531) notify /opt/stack/neutron/neutron/plugins/ml2/drivers/ovn/mech_driver/ovsdb/ovsdb_monitor.py:1015}}
Jun 17 20:22:33.614824 np0000181548 devstack@neutron-api.service[107529]: DEBUG neutron.plugins.ml2.drivers.ovn.mech_driver.ovsdb.ovsdb_monitor [-] Hash Ring: Node 7c38f300b6b158ffa95bab7cb27d9d35 (host: np0000181548) handling event "update" for row 22748f9f-92f6-4ce1-acc0-2db995cfeb8d (table: Logical_Switch_Port) {{(pid=107529) notify /opt/stack/neutron/neutron/plugins/ml2/drivers/ovn/mech_driver/ovsdb/ovsdb_monitor.py:1015}}
Jun 17 20:22:33.666706 np0000181548 devstack@neutron-api.service[107530]: INFO neutron.db.ovn_revision_numbers_db [None req-0788d714-b628-435b-bac5-05f290fb23c5 admin admin] Successfully bumped revision number for resource 07718522-96f1-423b-a2dc-edc27d5e5412 (type: ports) to 1
Jun 17 20:22:33.676929 np0000181548 devstack@neutron-api.service[107530]: DEBUG neutron.pecan_wsgi.hooks.policy_enforcement [None req-0788d714-b628-435b-bac5-05f290fb23c5 admin admin] Attributes excluded by policy engine: ['standard_attr_id'] {{(pid=107530) _exclude_attributes_by_policy /opt/stack/neutron/neutron/pecan_wsgi/hooks/policy_enforcement.py:259}}
Jun 17 20:22:33.677598 np0000181548 devstack@neutron-api.service[107530]: DEBUG neutron_lib.callbacks.manager [None req-0788d714-b628-435b-bac5-05f290fb23c5 admin admin] Publish callbacks [] for network (None), before_response {{(pid=107530) _notify_loop /opt/stack/data/venv/lib/python3.12/site-packages/neutron_lib/callbacks/manager.py:184}}
Jun 17 20:22:33.691710 np0000181548 devstack@neutron-api.service[107529]: DEBUG neutron.db.provisioning_blocks [None req-37580c69-9d9c-4f36-a58e-04aaae935dee None None] Transition to ACTIVE for port object 07718522-96f1-423b-a2dc-edc27d5e5412 will not be triggered until provisioned by entity L2. {{(pid=107529) add_provisioning_component /opt/stack/neutron/neutron/db/provisioning_blocks.py:74}}
Jun 17 20:22:33.712990 np0000181548 devstack@neutron-api.service[107530]: [pid: 107530|app: 0|req: 1/5] 199.19.213.203 () {68 vars in 1357 bytes} [Wed Jun 17 20:22:32 2026] POST /networking/v2.0/networks => generated 681 bytes in 1695 msecs (HTTP/1.1 201) 4 headers in 162 bytes (1 switches on core 0)
Jun 17 20:22:33.752558 np0000181548 devstack@neutron-api.service[107530]: DEBUG neutron.db.provisioning_blocks [None req-1089afda-c4d8-40b4-a64d-12844466175d None None] Ignored duplicate provisioning block setup for port 07718522-96f1-423b-a2dc-edc27d5e5412 by entity L2. {{(pid=107530) add_provisioning_component /opt/stack/neutron/neutron/db/provisioning_blocks.py:69}}
Jun 17 20:22:33.752707 np0000181548 devstack@neutron-api.service[107529]: DEBUG neutron.plugins.ml2.plugin [None req-37580c69-9d9c-4f36-a58e-04aaae935dee None None] Current status of the port 07718522-96f1-423b-a2dc-edc27d5e5412 is: DOWN; New status is: DOWN {{(pid=107529) _update_individual_port_db_status /opt/stack/neutron/neutron/plugins/ml2/plugin.py:2470}}
Jun 17 20:22:33.754965 np0000181548 devstack@neutron-api.service[107529]: DEBUG ovsdbapp.backend.ovs_idl.transaction [-] Running txn n=1 command(idx=0): DbRemoveCommand(_result=None, table=Logical_Switch_Port, record=07718522-96f1-423b-a2dc-edc27d5e5412, column=external_ids, values=('neutron:host_id',), keyvalues={}, if_exists=True) {{(pid=107529) do_commit /opt/stack/data/venv/lib/python3.12/site-packages/ovsdbapp/backend/ovs_idl/transaction.py:89}}
Jun 17 20:22:33.802628 np0000181548 devstack@neutron-api.service[107530]: DEBUG neutron.plugins.ml2.plugin [None req-1089afda-c4d8-40b4-a64d-12844466175d None None] Current status of the port 07718522-96f1-423b-a2dc-edc27d5e5412 is: DOWN; New status is: DOWN {{(pid=107530) _update_individual_port_db_status /opt/stack/neutron/neutron/plugins/ml2/plugin.py:2470}}
Jun 17 20:22:33.804313 np0000181548 devstack@neutron-api.service[107530]: DEBUG ovsdbapp.backend.ovs_idl.transaction [-] Running txn n=1 command(idx=0): DbRemoveCommand(_result=None, table=Logical_Switch_Port, record=07718522-96f1-423b-a2dc-edc27d5e5412, column=external_ids, values=('neutron:host_id',), keyvalues={}, if_exists=True) {{(pid=107530) do_commit /opt/stack/data/venv/lib/python3.12/site-packages/ovsdbapp/backend/ovs_idl/transaction.py:89}}
Jun 17 20:22:34.330470 np0000181548 devstack@neutron-api.service[107529]: DEBUG neutron.policy [None req-c2a5cbe4-9351-4428-bbff-161706c0ab06 admin admin] Loaded default policies from ['neutron'] under neutron.policies entry points {{(pid=107529) register_rules /opt/stack/neutron/neutron/policy.py:65}}
Jun 17 20:22:34.432716 np0000181548 devstack@neutron-api.service[107529]: DEBUG neutron.pecan_wsgi.hooks.policy_enforcement [None req-c2a5cbe4-9351-4428-bbff-161706c0ab06 admin admin] Attributes excluded by policy engine: ['standard_attr_id'] {{(pid=107529) _exclude_attributes_by_policy /opt/stack/neutron/neutron/pecan_wsgi/hooks/policy_enforcement.py:259}}
Jun 17 20:22:34.433818 np0000181548 devstack@neutron-api.service[107529]: [pid: 107529|app: 0|req: 3/6] 199.19.213.203 () {64 vars in 1415 bytes} [Wed Jun 17 20:22:34 2026] GET /networking/v2.0/networks/459692a9-3794-47f9-9f3b-1e454fa21628 => generated 662 bytes in 312 msecs (HTTP/1.1 200) 4 headers in 157 bytes (1 switches on core 0)
Jun 17 20:22:34.454556 np0000181548 devstack@neutron-api.service[107531]: DEBUG neutron.api.wsgi [None req-1923cb94-5d80-417b-bc30-95c6ca4887e7 admin admin] Missing Content-Type {{(pid=107531) get_content_type /opt/stack/neutron/neutron/api/wsgi.py:80}}
Jun 17 20:22:34.465320 np0000181548 devstack@neutron-api.service[107531]: [pid: 107531|app: 0|req: 2/7] 199.19.213.203 () {64 vars in 1424 bytes} [Wed Jun 17 20:22:34 2026] GET /networking/v2.0/subnetpools/453ddedd-d18e-46cc-a1bd-d76a87b58ccc => generated 533 bytes in 16 msecs (HTTP/1.1 200) 4 headers in 157 bytes (1 switches on core 0)
Jun 17 20:22:34.482866 np0000181548 devstack@neutron-api.service[107528]: DEBUG neutron.api.v2.base [None req-92331367-cbfd-4254-b492-222b984a1c67 admin admin] Request body: {'subnet': {'ip_version': 4, 'name': 'private-subnet', 'network_id': '459692a9-3794-47f9-9f3b-1e454fa21628', 'subnetpool_id': '453ddedd-d18e-46cc-a1bd-d76a87b58ccc', 'gateway_ip': '10.1.0.1'}} {{(pid=107528) prepare_request_body /opt/stack/neutron/neutron/api/v2/base.py:727}}
Jun 17 20:22:34.507106 np0000181548 devstack@neutron-api.service[107528]: DEBUG neutron.pecan_wsgi.hooks.quota_enforcement [None req-92331367-cbfd-4254-b492-222b984a1c67 admin admin] Made reservation on behalf of 0e44efdee3c74826b3c50a12e6d97487 for: {'subnet': 1} {{(pid=107528) before /opt/stack/neutron/neutron/pecan_wsgi/hooks/quota_enforcement.py:66}}
Jun 17 20:22:34.511463 np0000181548 devstack@neutron-api.service[107528]: DEBUG neutron_lib.callbacks.manager [None req-92331367-cbfd-4254-b492-222b984a1c67 admin admin] Publish callbacks [] for subnet (None), before_create {{(pid=107528) _notify_loop /opt/stack/data/venv/lib/python3.12/site-packages/neutron_lib/callbacks/manager.py:184}}
Jun 17 20:22:34.765463 np0000181548 devstack@neutron-api.service[107528]: DEBUG neutron.db.ovn_revision_numbers_db [None req-92331367-cbfd-4254-b492-222b984a1c67 admin admin] create_initial_revision uuid=3c525d4c-18cc-4f6a-bc27-7856f3391d68, type=subnets, rev=-1 {{(pid=107528) create_initial_revision /opt/stack/neutron/neutron/db/ovn_revision_numbers_db.py:98}}
