2026-04-28 05:35:42.507 8 INFO neutron.db.ovn_revision_numbers_db [None req-1e7623a7-fde1-4278-8b2f-357da28c95c9 - - - - - -] Successfully bumped revision number for resource c6c53fb4-faf2-48fa-bba3-cff42eda0590 (type: ports) to 1
2026-04-28 05:35:42.551 7 WARNING neutron.scheduler.dhcp_agent_scheduler [None req-fa065db6-4fbd-457b-be4c-9e1ccb003a49 48b4b38328ef4d669235e9276602a728 2569a2c302aa4e82a4577817b09bfc54 - - default default] No more DHCP agents
2026-04-28 05:35:42.554 7 WARNING neutron.api.rpc.agentnotifiers.dhcp_rpc_agent_api [None req-fa065db6-4fbd-457b-be4c-9e1ccb003a49 48b4b38328ef4d669235e9276602a728 2569a2c302aa4e82a4577817b09bfc54 - - default default] Unable to schedule network b0410736-8923-476a-a24e-770593840021: no agents available; will retry on subsequent port and subnet creation events.
2026-04-28 05:35:42.665 8 WARNING neutron.scheduler.dhcp_agent_scheduler [None req-1e7623a7-fde1-4278-8b2f-357da28c95c9 - - - - - -] No more DHCP agents
2026-04-28 05:35:42.666 8 WARNING neutron.api.rpc.agentnotifiers.dhcp_rpc_agent_api [None req-1e7623a7-fde1-4278-8b2f-357da28c95c9 - - - - - -] Unable to schedule network 3d8570e7-af21-4d5e-9760-0b482285f120: no agents available; will retry on subsequent port and subnet creation events.
2026-04-28 05:35:42.677 7 INFO neutron.db.ovn_revision_numbers_db [None req-fa065db6-4fbd-457b-be4c-9e1ccb003a49 48b4b38328ef4d669235e9276602a728 2569a2c302aa4e82a4577817b09bfc54 - - default default] Successfully bumped revision number for resource b7f8b3bd-6c71-49ad-9b5a-e59ad3168c35 (type: ports) to 1
2026-04-28 05:35:42.690 8 INFO neutron.db.ovn_revision_numbers_db [None req-1e7623a7-fde1-4278-8b2f-357da28c95c9 - - - - - -] Successfully bumped revision number for resource aa4799d7-a899-473d-a5ea-2ff3deeabdac (type: subnets) to 0 [pid: 7|app: 0|req: 1119/2387] 10.0.0.15 () {34 vars in 663 bytes} [Tue Apr 28 05:35:42 2026] POST /v2.0/ports => generated 743 bytes in 467 msecs (HTTP/1.1 201) 4 headers in 162 bytes (1 switches on core 0) /var/lib/openstack/lib/python3.12/site-packages/pycadf/identifier.py:70: UserWarning: Invalid uuid: neutron. To ensure interoperability, identifiers should be a valid uuid. warnings.warn(('Invalid uuid: %s. To ensure interoperability, '
2026-04-28 05:35:42.850 7 INFO neutron.db.segments_db [None req-0b6c4f56-e4b2-40d8-9b1b-a962ab032598 48b4b38328ef4d669235e9276602a728 2569a2c302aa4e82a4577817b09bfc54 - - default default] Added segment 904fac87-0363-4c98-9a3a-dbe85255f565 of type geneve for network fe1f3053-2450-4d47-871e-d36cb71cd11a
2026-04-28 05:35:42.944 7 INFO neutron.db.ovn_revision_numbers_db [None req-0b6c4f56-e4b2-40d8-9b1b-a962ab032598 48b4b38328ef4d669235e9276602a728 2569a2c302aa4e82a4577817b09bfc54 - - default default] Successfully bumped revision number for resource fe1f3053-2450-4d47-871e-d36cb71cd11a (type: networks) to 1
2026-04-28 05:35:43.110 7 WARNING neutron.scheduler.dhcp_agent_scheduler [None req-0b6c4f56-e4b2-40d8-9b1b-a962ab032598 48b4b38328ef4d669235e9276602a728 2569a2c302aa4e82a4577817b09bfc54 - - default default] No more DHCP agents
2026-04-28 05:35:43.112 7 WARNING neutron.api.rpc.agentnotifiers.dhcp_rpc_agent_api [None req-0b6c4f56-e4b2-40d8-9b1b-a962ab032598 48b4b38328ef4d669235e9276602a728 2569a2c302aa4e82a4577817b09bfc54 - - default default] Unable to schedule network fe1f3053-2450-4d47-871e-d36cb71cd11a: no agents available; will retry on subsequent port and subnet creation events.
2026-04-28 05:35:43.138 8 WARNING neutron.scheduler.dhcp_agent_scheduler [None req-1e7623a7-fde1-4278-8b2f-357da28c95c9 - - - - - -] No more DHCP agents
2026-04-28 05:35:43.140 8 WARNING neutron.api.rpc.agentnotifiers.dhcp_rpc_agent_api [None req-1e7623a7-fde1-4278-8b2f-357da28c95c9 - - - - - -] Unable to schedule network 3d8570e7-af21-4d5e-9760-0b482285f120: no agents available; will retry on subsequent port and subnet creation events.
2026-04-28 05:35:43.162 7 INFO neutron.plugins.ml2.drivers.ovn.mech_driver.mech_driver [None req-38b14152-4d0e-446f-84a5-749cf0700222 - - - - - -] OVN reports status down for port: 5df71393-534d-42bf-921b-9b04cfb0d4b9
2026-04-28 05:35:43.222 7 INFO neutron.db.ovn_revision_numbers_db [None req-0b6c4f56-e4b2-40d8-9b1b-a962ab032598 48b4b38328ef4d669235e9276602a728 2569a2c302aa4e82a4577817b09bfc54 - - default default] Successfully bumped revision number for resource 5df71393-534d-42bf-921b-9b04cfb0d4b9 (type: ports) to 1
2026-04-28 05:35:43.280 8 INFO neutron.db.ovn_revision_numbers_db [None req-1e7623a7-fde1-4278-8b2f-357da28c95c9 - - - - - -] Successfully bumped revision number for resource 4fda0b5a-5d31-4ef9-aa73-a469326e13ea (type: ports) to 1 [pid: 7|app: 0|req: 1120/2388] 10.0.0.15 () {34 vars in 669 bytes} [Tue Apr 28 05:35:42 2026] POST /v2.0/networks => generated 651 bytes in 565 msecs (HTTP/1.1 201) 4 headers in 162 bytes (1 switches on core 0)
2026-04-28 05:35:43.325 7 INFO neutron.plugins.ml2.drivers.ovn.mech_driver.mech_driver [None req-38b14152-4d0e-446f-84a5-749cf0700222 - - - - - -] OVN reports status down for port: 4fda0b5a-5d31-4ef9-aa73-a469326e13ea
2026-04-28 05:35:43.571 7 WARNING neutron.scheduler.dhcp_agent_scheduler [None req-70f9407f-762e-40d5-b09f-d359652974a4 48b4b38328ef4d669235e9276602a728 2569a2c302aa4e82a4577817b09bfc54 - - default default] No more DHCP agents
2026-04-28 05:35:43.572 7 WARNING neutron.api.rpc.agentnotifiers.dhcp_rpc_agent_api [None req-70f9407f-762e-40d5-b09f-d359652974a4 48b4b38328ef4d669235e9276602a728 2569a2c302aa4e82a4577817b09bfc54 - - default default] Unable to schedule network fe1f3053-2450-4d47-871e-d36cb71cd11a: no agents available; will retry on subsequent port and subnet creation events.
2026-04-28 05:35:43.666 7 INFO neutron.db.ovn_revision_numbers_db [None req-70f9407f-762e-40d5-b09f-d359652974a4 48b4b38328ef4d669235e9276602a728 2569a2c302aa4e82a4577817b09bfc54 - - default default] Successfully bumped revision number for resource 5234976e-d723-49a8-ad49-64951c2c35ed (type: ports) to 1 [pid: 7|app: 0|req: 1121/2389] 10.0.0.15 () {34 vars in 663 bytes} [Tue Apr 28 05:35:43 2026] POST /v2.0/ports => generated 743 bytes in 431 msecs (HTTP/1.1 201) 4 headers in 162 bytes (1 switches on core 0) /var/lib/openstack/lib/python3.12/site-packages/pycadf/identifier.py:70: UserWarning: Invalid uuid: neutron. To ensure interoperability, identifiers should be a valid uuid. warnings.warn(('Invalid uuid: %s. To ensure interoperability, '
2026-04-28 05:35:43.818 7 INFO neutron.db.segments_db [None req-85df77f5-a41d-4dc8-b288-0a3fd6b2cc14 48b4b38328ef4d669235e9276602a728 2569a2c302aa4e82a4577817b09bfc54 - - default default] Added segment f434af26-029c-48a8-b67c-3c8f55d08762 of type geneve for network aaad1e4c-4016-4565-94e3-1f495e299f5a
2026-04-28 05:35:43.876 7 INFO neutron.plugins.ml2.drivers.ovn.mech_driver.mech_driver [None req-38b14152-4d0e-446f-84a5-749cf0700222 - - - - - -] OVN reports status up for port: 4fda0b5a-5d31-4ef9-aa73-a469326e13ea
2026-04-28 05:35:43.897 7 INFO neutron.plugins.ml2.plugin [None req-38b14152-4d0e-446f-84a5-749cf0700222 - - - - - -] Attempt 1 to provision port 4fda0b5a-5d31-4ef9-aa73-a469326e13ea
2026-04-28 05:35:43.918 8 WARNING neutron.scheduler.dhcp_agent_scheduler [None req-1e7623a7-fde1-4278-8b2f-357da28c95c9 - - - - - -] No more DHCP agents
2026-04-28 05:35:43.919 8 WARNING neutron.api.rpc.agentnotifiers.dhcp_rpc_agent_api [None req-1e7623a7-fde1-4278-8b2f-357da28c95c9 - - - - - -] Unable to schedule network 3d8570e7-af21-4d5e-9760-0b482285f120: no agents available; will retry on subsequent port and subnet creation events.
2026-04-28 05:35:43.992 7 INFO neutron.db.ovn_revision_numbers_db [None req-85df77f5-a41d-4dc8-b288-0a3fd6b2cc14 48b4b38328ef4d669235e9276602a728 2569a2c302aa4e82a4577817b09bfc54 - - default default] Successfully bumped revision number for resource aaad1e4c-4016-4565-94e3-1f495e299f5a (type: networks) to 1
2026-04-28 05:35:44.342 7 WARNING neutron.scheduler.dhcp_agent_scheduler [None req-85df77f5-a41d-4dc8-b288-0a3fd6b2cc14 48b4b38328ef4d669235e9276602a728 2569a2c302aa4e82a4577817b09bfc54 - - default default] No more DHCP agents
2026-04-28 05:35:44.348 7 WARNING neutron.api.rpc.agentnotifiers.dhcp_rpc_agent_api [None req-85df77f5-a41d-4dc8-b288-0a3fd6b2cc14 48b4b38328ef4d669235e9276602a728 2569a2c302aa4e82a4577817b09bfc54 - - default default] Unable to schedule network aaad1e4c-4016-4565-94e3-1f495e299f5a: no agents available; will retry on subsequent port and subnet creation events.
2026-04-28 05:35:44.537 7 INFO neutron.db.ovn_revision_numbers_db [None req-85df77f5-a41d-4dc8-b288-0a3fd6b2cc14 48b4b38328ef4d669235e9276602a728 2569a2c302aa4e82a4577817b09bfc54 - - default default] Successfully bumped revision number for resource ca5b2a2d-2319-4364-9882-1a3d0f246c1c (type: ports) to 1
2026-04-28 05:35:44.548 7 INFO neutron.db.ovn_revision_numbers_db [None req-38b14152-4d0e-446f-84a5-749cf0700222 - - - - - -] Successfully bumped revision number for resource 4fda0b5a-5d31-4ef9-aa73-a469326e13ea (type: ports) to 2 [pid: 7|app: 0|req: 1122/2390] 10.0.0.15 () {34 vars in 669 bytes} [Tue Apr 28 05:35:43 2026] POST /v2.0/networks => generated 650 bytes in 850 msecs (HTTP/1.1 201) 4 headers in 162 bytes (1 switches on core 0)
2026-04-28 05:35:44.733 8 WARNING neutron.plugins.ml2.drivers.ovn.mech_driver.ovsdb.ovn_client [None req-19dddc2f-03cc-4aeb-ab28-18463508409e - - - - - -] No hosting information found for port 22afbbc5-78df-471a-9aea-ea5d22691753: RuntimeError: No hosting information found for port 22afbbc5-78df-471a-9aea-ea5d22691753
2026-04-28 05:35:44.733 8 INFO neutron.plugins.ml2.drivers.ovn.mech_driver.mech_driver [None req-19dddc2f-03cc-4aeb-ab28-18463508409e - - - - - -] OVN reports status down for port: 565b84a9-dfb7-4cff-8f22-4ef02acb61e8
2026-04-28 05:35:44.854 7 WARNING neutron.scheduler.dhcp_agent_scheduler [None req-0354f397-3927-4ca0-bf2d-c99dd047e19d 48b4b38328ef4d669235e9276602a728 2569a2c302aa4e82a4577817b09bfc54 - - default default] No more DHCP agents
2026-04-28 05:35:44.856 7 WARNING neutron.api.rpc.agentnotifiers.dhcp_rpc_agent_api [None req-0354f397-3927-4ca0-bf2d-c99dd047e19d 48b4b38328ef4d669235e9276602a728 2569a2c302aa4e82a4577817b09bfc54 - - default default] Unable to schedule network aaad1e4c-4016-4565-94e3-1f495e299f5a: no agents available; will retry on subsequent port and subnet creation events.
2026-04-28 05:35:44.860 8 WARNING neutron.plugins.ml2.drivers.ovn.mech_driver.ovsdb.ovn_client [None req-19dddc2f-03cc-4aeb-ab28-18463508409e - - - - - -] Logical_Switch_Port %s host information not removed, the port state is up
2026-04-28 05:35:44.860 8 INFO neutron.plugins.ml2.drivers.ovn.mech_driver.mech_driver [None req-19dddc2f-03cc-4aeb-ab28-18463508409e - - - - - -] OVN reports status down for port: c9f6788d-b503-4c1f-ac46-c5017a1aee0d
2026-04-28 05:35:44.956 7 INFO neutron.db.ovn_revision_numbers_db [None req-0354f397-3927-4ca0-bf2d-c99dd047e19d 48b4b38328ef4d669235e9276602a728 2569a2c302aa4e82a4577817b09bfc54 - - default default] Successfully bumped revision number for resource fed20fc6-9372-440a-a923-ebcf3f74c173 (type: ports) to 1
2026-04-28 05:35:45.004 8 INFO neutron.plugins.ml2.drivers.ovn.mech_driver.mech_driver [None req-19dddc2f-03cc-4aeb-ab28-18463508409e - - - - - -] OVN reports status up for port: 565b84a9-dfb7-4cff-8f22-4ef02acb61e8
2026-04-28 05:35:45.035 8 INFO neutron.plugins.ml2.plugin [None req-19dddc2f-03cc-4aeb-ab28-18463508409e - - - - - -] Attempt 1 to provision port 565b84a9-dfb7-4cff-8f22-4ef02acb61e8
2026-04-28 05:35:45.050 8 INFO neutron.db.ovn_revision_numbers_db [None req-1e7623a7-fde1-4278-8b2f-357da28c95c9 - - - - - -] Successfully bumped revision number for resource 4fda0b5a-5d31-4ef9-aa73-a469326e13ea (type: router_ports) to 1 [pid: 7|app: 0|req: 1123/2391] 10.0.0.15 () {34 vars in 663 bytes} [Tue Apr 28 05:35:44 2026] POST /v2.0/ports => generated 743 bytes in 516 msecs (HTTP/1.1 201) 4 headers in 162 bytes (1 switches on core 0) /var/lib/openstack/lib/python3.12/site-packages/pycadf/identifier.py:70: UserWarning: Invalid uuid: neutron. To ensure interoperability, identifiers should be a valid uuid. warnings.warn(('Invalid uuid: %s. To ensure interoperability, ' [pid: 7|app: 0|req: 1124/2392] 10.0.0.15 () {34 vars in 746 bytes} [Tue Apr 28 05:35:45 2026] PUT /v2.0/ports/ce3cb99e-bf28-4bc2-84b3-ba333e7fe9d9/tags => generated 17 bytes in 58 msecs (HTTP/1.1 200) 4 headers in 156 bytes (1 switches on core 0) /var/lib/openstack/lib/python3.12/site-packages/pycadf/identifier.py:70: UserWarning: Invalid uuid: neutron. To ensure interoperability, identifiers should be a valid uuid. warnings.warn(('Invalid uuid: %s. To ensure interoperability, ' [pid: 7|app: 0|req: 1125/2393] 10.0.0.15 () {34 vars in 746 bytes} [Tue Apr 28 05:35:45 2026] PUT /v2.0/ports/2d524a7a-ed0b-4ce8-b726-8481ff509ead/tags => generated 25 bytes in 66 msecs (HTTP/1.1 200) 4 headers in 156 bytes (1 switches on core 0) /var/lib/openstack/lib/python3.12/site-packages/pycadf/identifier.py:70: UserWarning: Invalid uuid: neutron. To ensure interoperability, identifiers should be a valid uuid. warnings.warn(('Invalid uuid: %s. To ensure interoperability, ' [pid: 7|app: 0|req: 1126/2394] 10.0.0.15 () {34 vars in 746 bytes} [Tue Apr 28 05:35:45 2026] PUT /v2.0/ports/b7f8b3bd-6c71-49ad-9b5a-e59ad3168c35/tags => generated 34 bytes in 70 msecs (HTTP/1.1 200) 4 headers in 156 bytes (1 switches on core 0) /var/lib/openstack/lib/python3.12/site-packages/pycadf/identifier.py:70: UserWarning: Invalid uuid: neutron. To ensure interoperability, identifiers should be a valid uuid. warnings.warn(('Invalid uuid: %s. To ensure interoperability, ' [pid: 7|app: 0|req: 1127/2395] 10.0.0.15 () {34 vars in 746 bytes} [Tue Apr 28 05:35:45 2026] PUT /v2.0/ports/5234976e-d723-49a8-ad49-64951c2c35ed/tags => generated 19 bytes in 61 msecs (HTTP/1.1 200) 4 headers in 156 bytes (1 switches on core 0) /var/lib/openstack/lib/python3.12/site-packages/pycadf/identifier.py:70: UserWarning: Invalid uuid: neutron. To ensure interoperability, identifiers should be a valid uuid. warnings.warn(('Invalid uuid: %s. To ensure interoperability, '
2026-04-28 05:35:45.436 8 WARNING neutron.scheduler.dhcp_agent_scheduler [None req-1e7623a7-fde1-4278-8b2f-357da28c95c9 - - - - - -] No more DHCP agents
2026-04-28 05:35:45.438 8 WARNING neutron.api.rpc.agentnotifiers.dhcp_rpc_agent_api [None req-1e7623a7-fde1-4278-8b2f-357da28c95c9 - - - - - -] Unable to schedule network 3d8570e7-af21-4d5e-9760-0b482285f120: no agents available; will retry on subsequent port and subnet creation events. [pid: 7|app: 0|req: 1128/2396] 10.0.0.15 () {32 vars in 659 bytes} [Tue Apr 28 05:35:45 2026] GET /v2.0/ports?tags=red => generated 2253 bytes in 66 msecs (HTTP/1.1 200) 4 headers in 158 bytes (1 switches on core 0) [pid: 7|app: 0|req: 1129/2397] 10.0.0.15 () {32 vars in 673 bytes} [Tue Apr 28 05:35:45 2026] GET /v2.0/ports?tags=red%2Cblue => generated 1513 bytes in 64 msecs (HTTP/1.1 200) 4 headers in 158 bytes (1 switches on core 0) [pid: 7|app: 0|req: 1130/2398] 10.0.0.15 () {32 vars in 669 bytes} [Tue Apr 28 05:35:45 2026] GET /v2.0/ports?tags-any=blue => generated 1513 bytes in 86 msecs (HTTP/1.1 200) 4 headers in 158 bytes (1 switches on core 0) [pid: 7|app: 0|req: 1131/2399] 10.0.0.15 () {32 vars in 681 bytes} [Tue Apr 28 05:35:45 2026] GET /v2.0/ports?tags-any=red%2Cblue => generated 2253 bytes in 43 msecs (HTTP/1.1 200) 4 headers in 158 bytes (1 switches on core 0)
2026-04-28 05:35:45.726 8 INFO neutron.db.ovn_revision_numbers_db [None req-19dddc2f-03cc-4aeb-ab28-18463508409e - - - - - -] Successfully bumped revision number for resource 565b84a9-dfb7-4cff-8f22-4ef02acb61e8 (type: ports) to 2
2026-04-28 05:35:45.773 8 INFO neutron.db.ovn_revision_numbers_db [None req-1e7623a7-fde1-4278-8b2f-357da28c95c9 - - - - - -] Successfully bumped revision number for resource c88e9796-c133-4740-a667-caf7805c589a (type: ports) to 1
2026-04-28 05:35:46.061 8 INFO neutron.db.ovn_revision_numbers_db [None req-1e7623a7-fde1-4278-8b2f-357da28c95c9 - - - - - -] Successfully bumped revision number for resource c88e9796-c133-4740-a667-caf7805c589a (type: ports) to 3 [pid: 8|app: 0|req: 1269/2400] 10.0.0.15 () {34 vars in 684 bytes} [Tue Apr 28 05:35:41 2026] POST /v2.0/vpn/vpnservices => generated 458 bytes in 5164 msecs (HTTP/1.1 201) 4 headers in 162 bytes (1 switches on core 0) [pid: 8|app: 0|req: 1270/2401] 10.0.0.15 () {32 vars in 662 bytes} [Tue Apr 28 05:35:46 2026] GET /v2.0/vpn/vpnservices => generated 1307 bytes in 11 msecs (HTTP/1.1 200) 4 headers in 158 bytes (1 switches on core 0) [pid: 7|app: 0|req: 1132/2402] 10.0.0.15 () {32 vars in 667 bytes} [Tue Apr 28 05:35:45 2026] GET /v2.0/ports?not-tags=red => generated 5268 bytes in 768 msecs (HTTP/1.1 200) 4 headers in 158 bytes (1 switches on core 0)
2026-04-28 05:35:46.527 8 INFO neutron_taas.services.taas.taas_plugin [None req-d02a0456-5ec3-4081-baee-8b8c173b2c8e ade0c4efa5a74db4980c5a175df23220 8f94f06d11f14fbc8d7aa91ab7420956 - - default default] TaaS: Handle Delete Port: 490d848f-a3b4-426b-9cb6-4fd1c920147e
2026-04-28 05:35:46.531 8 INFO neutron_taas.services.taas.tap_mirror_plugin [None req-d02a0456-5ec3-4081-baee-8b8c173b2c8e ade0c4efa5a74db4980c5a175df23220 8f94f06d11f14fbc8d7aa91ab7420956 - - default default] Tap Mirror: Handle Delete Port: 490d848f-a3b4-426b-9cb6-4fd1c920147e [pid: 7|app: 0|req: 1133/2403] 10.0.0.15 () {32 vars in 681 bytes} [Tue Apr 28 05:35:46 2026] GET /v2.0/ports?not-tags=red%2Cblue => generated 6008 bytes in 121 msecs (HTTP/1.1 200) 4 headers in 158 bytes (1 switches on core 0) [pid: 7|app: 0|req: 1134/2404] 10.0.0.15 () {32 vars in 677 bytes} [Tue Apr 28 05:35:46 2026] GET /v2.0/ports?not-tags-any=blue => generated 6008 bytes in 86 msecs (HTTP/1.1 200) 4 headers in 158 bytes (1 switches on core 0) [pid: 7|app: 0|req: 1135/2405] 10.0.0.15 () {32 vars in 689 bytes} [Tue Apr 28 05:35:46 2026] GET /v2.0/ports?not-tags-any=red%2Cblue => generated 5268 bytes in 107 msecs (HTTP/1.1 200) 4 headers in 158 bytes (1 switches on core 0)
2026-04-28 05:35:46.801 8 INFO neutron_taas.services.taas.taas_plugin [None req-330d1083-f8ca-44ad-b204-9e7fff299468 - - - - - -] TaaS: Handle Delete Port: c88e9796-c133-4740-a667-caf7805c589a
2026-04-28 05:35:46.803 8 INFO neutron_taas.services.taas.tap_mirror_plugin [None req-330d1083-f8ca-44ad-b204-9e7fff299468 - - - - - -] Tap Mirror: Handle Delete Port: c88e9796-c133-4740-a667-caf7805c589a
2026-04-28 05:35:46.869 7 INFO neutron_taas.services.taas.taas_plugin [None req-9658d1e2-456a-41b7-b158-77d759a44b31 48b4b38328ef4d669235e9276602a728 2569a2c302aa4e82a4577817b09bfc54 - - default default] TaaS: Handle Delete Port: ce3cb99e-bf28-4bc2-84b3-ba333e7fe9d9
2026-04-28 05:35:46.874 7 INFO neutron_taas.services.taas.tap_mirror_plugin [None req-9658d1e2-456a-41b7-b158-77d759a44b31 48b4b38328ef4d669235e9276602a728 2569a2c302aa4e82a4577817b09bfc54 - - default default] Tap Mirror: Handle Delete Port: ce3cb99e-bf28-4bc2-84b3-ba333e7fe9d9 [pid: 7|app: 0|req: 1138/2408] 10.0.0.15 () {32 vars in 719 bytes} [Tue Apr 28 05:35:46 2026] DELETE /v2.0/ports/ce3cb99e-bf28-4bc2-84b3-ba333e7fe9d9 => generated 0 bytes in 238 msecs (HTTP/1.1 204) 3 headers in 131 bytes (1 switches on core 0)
2026-04-28 05:35:47.110 7 INFO neutron_taas.services.taas.taas_plugin [None req-25d00a03-c32e-440f-a7ab-9f908fa9234f 48b4b38328ef4d669235e9276602a728 2569a2c302aa4e82a4577817b09bfc54 - - default default] TaaS: Handle Delete Port: 2d524a7a-ed0b-4ce8-b726-8481ff509ead
2026-04-28 05:35:47.113 7 INFO neutron_taas.services.taas.tap_mirror_plugin [None req-25d00a03-c32e-440f-a7ab-9f908fa9234f 48b4b38328ef4d669235e9276602a728 2569a2c302aa4e82a4577817b09bfc54 - - default default] Tap Mirror: Handle Delete Port: 2d524a7a-ed0b-4ce8-b726-8481ff509ead [pid: 7|app: 0|req: 1139/2409] 10.0.0.15 () {32 vars in 719 bytes} [Tue Apr 28 05:35:46 2026] DELETE /v2.0/ports/2d524a7a-ed0b-4ce8-b726-8481ff509ead => generated 0 bytes in 231 msecs (HTTP/1.1 204) 3 headers in 131 bytes (1 switches on core 0)
2026-04-28 05:35:47.257 8 INFO neutron_taas.services.taas.taas_plugin [None req-781ed03e-19bd-408e-8bde-99bb5b374fdf - - - - - -] TaaS: Handle Delete Port: 4fda0b5a-5d31-4ef9-aa73-a469326e13ea
2026-04-28 05:35:47.259 8 INFO neutron_taas.services.taas.tap_mirror_plugin [None req-781ed03e-19bd-408e-8bde-99bb5b374fdf - - - - - -] Tap Mirror: Handle Delete Port: 4fda0b5a-5d31-4ef9-aa73-a469326e13ea
2026-04-28 05:35:47.340 7 INFO neutron_taas.services.taas.taas_plugin [None req-7337345c-df17-4e57-9d96-3be2461a5b67 48b4b38328ef4d669235e9276602a728 2569a2c302aa4e82a4577817b09bfc54 - - default default] TaaS: Handle Delete Port: b7f8b3bd-6c71-49ad-9b5a-e59ad3168c35
2026-04-28 05:35:47.343 7 INFO neutron_taas.services.taas.tap_mirror_plugin [None req-7337345c-df17-4e57-9d96-3be2461a5b67 48b4b38328ef4d669235e9276602a728 2569a2c302aa4e82a4577817b09bfc54 - - default default] Tap Mirror: Handle Delete Port: b7f8b3bd-6c71-49ad-9b5a-e59ad3168c35 [pid: 7|app: 0|req: 1140/2410] 10.0.0.15 () {32 vars in 719 bytes} [Tue Apr 28 05:35:47 2026] DELETE /v2.0/ports/b7f8b3bd-6c71-49ad-9b5a-e59ad3168c35 => generated 0 bytes in 233 msecs (HTTP/1.1 204) 3 headers in 131 bytes (1 switches on core 0)
2026-04-28 05:35:47.591 7 INFO neutron_taas.services.taas.taas_plugin [None req-a981980e-e395-42a8-893a-03432058117e 48b4b38328ef4d669235e9276602a728 2569a2c302aa4e82a4577817b09bfc54 - - default default] TaaS: Handle Delete Port: 5234976e-d723-49a8-ad49-64951c2c35ed
2026-04-28 05:35:47.594 7 INFO neutron_taas.services.taas.tap_mirror_plugin [None req-a981980e-e395-42a8-893a-03432058117e 48b4b38328ef4d669235e9276602a728 2569a2c302aa4e82a4577817b09bfc54 - - default default] Tap Mirror: Handle Delete Port: 5234976e-d723-49a8-ad49-64951c2c35ed [pid: 7|app: 0|req: 1141/2411] 10.0.0.15 () {32 vars in 719 bytes} [Tue Apr 28 05:35:47 2026] DELETE /v2.0/ports/5234976e-d723-49a8-ad49-64951c2c35ed => generated 0 bytes in 235 msecs (HTTP/1.1 204) 3 headers in 131 bytes (1 switches on core 0)
2026-04-28 05:35:47.828 7 INFO neutron_taas.services.taas.taas_plugin [None req-7ae2a10f-56bf-448d-94a7-ccd56f257e3b 48b4b38328ef4d669235e9276602a728 2569a2c302aa4e82a4577817b09bfc54 - - default default] TaaS: Handle Delete Port: fed20fc6-9372-440a-a923-ebcf3f74c173
2026-04-28 05:35:47.832 7 INFO neutron_taas.services.taas.tap_mirror_plugin [None req-7ae2a10f-56bf-448d-94a7-ccd56f257e3b 48b4b38328ef4d669235e9276602a728 2569a2c302aa4e82a4577817b09bfc54 - - default default] Tap Mirror: Handle Delete Port: fed20fc6-9372-440a-a923-ebcf3f74c173 [pid: 7|app: 0|req: 1142/2412] 10.0.0.15 () {32 vars in 719 bytes} [Tue Apr 28 05:35:47 2026] DELETE /v2.0/ports/fed20fc6-9372-440a-a923-ebcf3f74c173 => generated 0 bytes in 261 msecs (HTTP/1.1 204) 3 headers in 131 bytes (1 switches on core 0)
2026-04-28 05:35:48.082 7 INFO neutron_taas.services.taas.taas_plugin [None req-b270f41a-e090-41e4-b2e6-437f2bd209e2 48b4b38328ef4d669235e9276602a728 2569a2c302aa4e82a4577817b09bfc54 - - default default] TaaS: Handle Delete Port: c9f6788d-b503-4c1f-ac46-c5017a1aee0d
2026-04-28 05:35:48.085 7 INFO neutron_taas.services.taas.tap_mirror_plugin [None req-b270f41a-e090-41e4-b2e6-437f2bd209e2 48b4b38328ef4d669235e9276602a728 2569a2c302aa4e82a4577817b09bfc54 - - default default] Tap Mirror: Handle Delete Port: c9f6788d-b503-4c1f-ac46-c5017a1aee0d
2026-04-28 05:35:48.119 8 INFO neutron_taas.services.taas.taas_plugin [None req-781ed03e-19bd-408e-8bde-99bb5b374fdf - - - - - -] TaaS: Handle Delete Port: c6c53fb4-faf2-48fa-bba3-cff42eda0590
2026-04-28 05:35:48.122 8 INFO neutron_taas.services.taas.tap_mirror_plugin [None req-781ed03e-19bd-408e-8bde-99bb5b374fdf - - - - - -] Tap Mirror: Handle Delete Port: c6c53fb4-faf2-48fa-bba3-cff42eda0590
2026-04-28 05:35:48.283 7 INFO neutron.services.segments.plugin [-] Segment 1e75ee94-79f5-4119-9eaf-891244e8508c resource provider aggregate not found
2026-04-28 05:35:48.286 7 INFO neutron.services.segments.plugin [-] Segment 1e75ee94-79f5-4119-9eaf-891244e8508c resource provider aggregate not found
2026-04-28 05:35:48.296 8 INFO neutron.services.segments.plugin [-] Segment f2703155-591e-4e6f-a723-aac30aab8abf resource provider aggregate not found
2026-04-28 05:35:48.300 7 INFO neutron.services.segments.plugin [-] Segment 1e75ee94-79f5-4119-9eaf-891244e8508c resource provider not found; error: Placement Client Error (4xx): {"errors": [{"status": 404, "title": "Not Found", "detail": "The resource could not be found.\n\n No resource provider with uuid 1e75ee94-79f5-4119-9eaf-891244e8508c found for delete ", "request_id": "req-b278a090-3a37-42a2-a9b2-dd2888a916bd"}]}
2026-04-28 05:35:48.301 7 INFO neutron.services.segments.plugin [-] Segment 1e75ee94-79f5-4119-9eaf-891244e8508c resource provider not found; error: Placement Client Error (4xx): {"errors": [{"status": 404, "title": "Not Found", "detail": "The resource could not be found.\n\n No resource provider with uuid 1e75ee94-79f5-4119-9eaf-891244e8508c found for delete ", "request_id": "req-c72591b9-a3a0-424b-b653-4c94452d6ff9"}]}
2026-04-28 05:35:48.302 8 INFO neutron.services.segments.plugin [-] Segment f2703155-591e-4e6f-a723-aac30aab8abf resource provider aggregate not found
2026-04-28 05:35:48.316 8 INFO neutron.services.segments.plugin [-] Segment f2703155-591e-4e6f-a723-aac30aab8abf resource provider not found; error: Placement Client Error (4xx): {"errors": [{"status": 404, "title": "Not Found", "detail": "The resource could not be found.\n\n No resource provider with uuid f2703155-591e-4e6f-a723-aac30aab8abf found for delete ", "request_id": "req-27fb8d3a-559a-476e-b2a5-f0bcddb05fc1"}]}
2026-04-28 05:35:48.321 8 INFO neutron.services.segments.plugin [-] Segment f2703155-591e-4e6f-a723-aac30aab8abf resource provider not found; error: Placement Client Error (4xx): {"errors": [{"status": 404, "title": "Not Found", "detail": "The resource could not be found.\n\n No resource provider with uuid f2703155-591e-4e6f-a723-aac30aab8abf found for delete ", "request_id": "req-b05d6725-23b3-4088-8a32-2ebbb91ffe0e"}]} [pid: 7|app: 0|req: 1143/2413] 10.0.0.15 () {32 vars in 725 bytes} [Tue Apr 28 05:35:47 2026] DELETE /v2.0/networks/eb6e60d6-c6e4-4f63-babb-3be82bc8960f => generated 0 bytes in 369 msecs (HTTP/1.1 204) 3 headers in 131 bytes (1 switches on core 0) [pid: 8|app: 0|req: 1271/2414] 10.0.0.15 () {32 vars in 739 bytes} [Tue Apr 28 05:35:46 2026] DELETE /v2.0/vpn/vpnservices/de681ea4-1b8a-4aab-98ac-70798b68e20a => generated 0 bytes in 2060 msecs (HTTP/1.1 204) 2 headers in 112 bytes (1 switches on core 0) /var/lib/openstack/lib/python3.12/site-packages/pycadf/identifier.py:70: UserWarning: Invalid uuid: neutron. To ensure interoperability, identifiers should be a valid uuid. warnings.warn(('Invalid uuid: %s. To ensure interoperability, ' [pid: 8|app: 0|req: 1272/2415] 10.0.0.15 () {32 vars in 662 bytes} [Tue Apr 28 05:35:48 2026] GET /v2.0/vpn/vpnservices => generated 863 bytes in 10 msecs (HTTP/1.1 200) 4 headers in 157 bytes (1 switches on core 0)
2026-04-28 05:35:48.435 8 INFO neutron.api.v2.resource [None req-c4fabdc7-b810-4ab2-a6ca-39c1c80ebf3d ade0c4efa5a74db4980c5a175df23220 8f94f06d11f14fbc8d7aa91ab7420956 - - default default] create failed (client error): The server could not comply with the request since it is either malformed or otherwise incorrect. [pid: 8|app: 0|req: 1273/2416] 10.0.0.15 () {34 vars in 706 bytes} [Tue Apr 28 05:35:48 2026] POST /v2.0/vpn/ipsec-site-connections => generated 127 bytes in 72 msecs (HTTP/1.1 400) 4 headers in 166 bytes (1 switches on core 0)
2026-04-28 05:35:48.452 7 INFO neutron_taas.services.taas.taas_plugin [None req-7a36ac25-6315-45c2-853b-64463748f3ef 48b4b38328ef4d669235e9276602a728 2569a2c302aa4e82a4577817b09bfc54 - - default default] TaaS: Handle Delete Port: bfcb92c8-46da-4313-94fc-9dd930196503
2026-04-28 05:35:48.454 7 INFO neutron_taas.services.taas.tap_mirror_plugin [None req-7a36ac25-6315-45c2-853b-64463748f3ef 48b4b38328ef4d669235e9276602a728 2569a2c302aa4e82a4577817b09bfc54 - - default default] Tap Mirror: Handle Delete Port: bfcb92c8-46da-4313-94fc-9dd930196503
2026-04-28 05:35:48.498 8 INFO neutron.api.v2.resource [None req-f528526c-26bc-43de-9c96-8168303c31c5 ade0c4efa5a74db4980c5a175df23220 8f94f06d11f14fbc8d7aa91ab7420956 - - default default] create failed (client error): The server could not comply with the request since it is either malformed or otherwise incorrect. [pid: 8|app: 0|req: 1274/2417] 10.0.0.15 () {34 vars in 706 bytes} [Tue Apr 28 05:35:48 2026] POST /v2.0/vpn/ipsec-site-connections => generated 136 bytes in 57 msecs (HTTP/1.1 400) 4 headers in 166 bytes (1 switches on core 0)
2026-04-28 05:35:48.511 8 WARNING neutron.api.v2.base [None req-028965f8-82fd-496c-a4ae-780643cd64dd ade0c4efa5a74db4980c5a175df23220 8f94f06d11f14fbc8d7aa91ab7420956 - - default default] An exception happened while processing the request body. The exception message is [Invalid input for dpd. Reason: '59' is not a dictionary.].: webob.exc.HTTPBadRequest: Invalid input for dpd. Reason: '59' is not a dictionary.
2026-04-28 05:35:48.511 8 INFO neutron.api.v2.resource [None req-028965f8-82fd-496c-a4ae-780643cd64dd ade0c4efa5a74db4980c5a175df23220 8f94f06d11f14fbc8d7aa91ab7420956 - - default default] create failed (client error): Invalid input for dpd. Reason: '59' is not a dictionary. [pid: 8|app: 0|req: 1275/2418] 10.0.0.15 () {34 vars in 706 bytes} [Tue Apr 28 05:35:48 2026] POST /v2.0/vpn/ipsec-site-connections => generated 129 bytes in 7 msecs (HTTP/1.1 400) 4 headers in 166 bytes (1 switches on core 0) [pid: 8|app: 0|req: 1276/2419] 10.0.0.15 () {34 vars in 692 bytes} [Tue Apr 28 05:35:48 2026] POST /v2.0/vpn/endpoint-groups => generated 294 bytes in 52 msecs (HTTP/1.1 201) 4 headers in 162 bytes (1 switches on core 0)
2026-04-28 05:35:48.614 8 INFO neutron.api.v2.resource [None req-cab587d4-3512-49c9-a3b9-4c723e085873 ade0c4efa5a74db4980c5a175df23220 8f94f06d11f14fbc8d7aa91ab7420956 - - default default] create failed (client error): The server could not comply with the request since it is either malformed or otherwise incorrect. [pid: 8|app: 0|req: 1277/2420] 10.0.0.15 () {34 vars in 706 bytes} [Tue Apr 28 05:35:48 2026] POST /v2.0/vpn/ipsec-site-connections => generated 149 bytes in 41 msecs (HTTP/1.1 400) 4 headers in 166 bytes (1 switches on core 0) [pid: 8|app: 0|req: 1278/2421] 10.0.0.15 () {32 vars in 670 bytes} [Tue Apr 28 05:35:48 2026] GET /v2.0/vpn/endpoint-groups => generated 910 bytes in 19 msecs (HTTP/1.1 200) 4 headers in 157 bytes (1 switches on core 0) [pid: 7|app: 0|req: 1144/2422] 10.0.0.15 () {32 vars in 725 bytes} [Tue Apr 28 05:35:48 2026] DELETE /v2.0/networks/9c81cac8-949e-4bfe-87e7-fd9004ace001 => generated 0 bytes in 300 msecs (HTTP/1.1 204) 3 headers in 131 bytes (1 switches on core 0) [pid: 8|app: 0|req: 1279/2423] 10.0.0.15 () {32 vars in 747 bytes} [Tue Apr 28 05:35:48 2026] DELETE /v2.0/vpn/endpoint-groups/88bd88d1-2d35-43ac-902c-ed8b96e37d80 => generated 0 bytes in 23 msecs (HTTP/1.1 204) 2 headers in 112 bytes (1 switches on core 0) [pid: 8|app: 0|req: 1280/2424] 10.0.0.15 () {32 vars in 670 bytes} [Tue Apr 28 05:35:48 2026] GET /v2.0/vpn/endpoint-groups => generated 634 bytes in 9 msecs (HTTP/1.1 200) 4 headers in 157 bytes (1 switches on core 0) [pid: 8|app: 0|req: 1281/2425] 10.0.0.15 () {34 vars in 692 bytes} [Tue Apr 28 05:35:48 2026] POST /v2.0/vpn/endpoint-groups => generated 301 bytes in 52 msecs (HTTP/1.1 201) 4 headers in 162 bytes (1 switches on core 0)
2026-04-28 05:35:48.767 7 INFO neutron_taas.services.taas.taas_plugin [None req-cbf17864-a008-4da6-aede-0367c5638b61 48b4b38328ef4d669235e9276602a728 2569a2c302aa4e82a4577817b09bfc54 - - default default] TaaS: Handle Delete Port: ecc21105-00c6-499d-8be2-51aedb6c1d20
2026-04-28 05:35:48.770 7 INFO neutron_taas.services.taas.tap_mirror_plugin [None req-cbf17864-a008-4da6-aede-0367c5638b61 48b4b38328ef4d669235e9276602a728 2569a2c302aa4e82a4577817b09bfc54 - - default default] Tap Mirror: Handle Delete Port: ecc21105-00c6-499d-8be2-51aedb6c1d20
2026-04-28 05:35:48.784 8 INFO neutron.api.v2.resource [None req-f3a2944c-f4cf-43e5-a2bf-2bcd6e59eafb ade0c4efa5a74db4980c5a175df23220 8f94f06d11f14fbc8d7aa91ab7420956 - - default default] create failed (client error): The server could not comply with the request since it is either malformed or otherwise incorrect. [pid: 8|app: 0|req: 1282/2426] 10.0.0.15 () {34 vars in 706 bytes} [Tue Apr 28 05:35:48 2026] POST /v2.0/vpn/ipsec-site-connections => generated 148 bytes in 42 msecs (HTTP/1.1 400) 4 headers in 166 bytes (1 switches on core 0) [pid: 8|app: 0|req: 1283/2427] 10.0.0.15 () {32 vars in 670 bytes} [Tue Apr 28 05:35:48 2026] GET /v2.0/vpn/endpoint-groups => generated 917 bytes in 11 msecs (HTTP/1.1 200) 4 headers in 157 bytes (1 switches on core 0) [pid: 8|app: 0|req: 1284/2428] 10.0.0.15 () {32 vars in 747 bytes} [Tue Apr 28 05:35:48 2026] DELETE /v2.0/vpn/endpoint-groups/d527f655-0624-432b-bc89-b53c78da12c7 => generated 0 bytes in 21 msecs (HTTP/1.1 204) 2 headers in 112 bytes (1 switches on core 0) [pid: 8|app: 0|req: 1285/2429] 10.0.0.15 () {32 vars in 670 bytes} [Tue Apr 28 05:35:48 2026] GET /v2.0/vpn/endpoint-groups => generated 634 bytes in 9 msecs (HTTP/1.1 200) 4 headers in 157 bytes (1 switches on core 0)
2026-04-28 05:35:48.849 8 WARNING neutron.api.v2.base [None req-c459bc1d-be4e-4a7e-b6c5-fb0ddbc5592e ade0c4efa5a74db4980c5a175df23220 8f94f06d11f14fbc8d7aa91ab7420956 - - default default] An exception happened while processing the request body. The exception message is [Invalid input for peer_cidrs. Reason: '1.0.0.0/33' is not a valid IP subnet.].: webob.exc.HTTPBadRequest: Invalid input for peer_cidrs. Reason: '1.0.0.0/33' is not a valid IP subnet.
2026-04-28 05:35:48.850 8 INFO neutron.api.v2.resource [None req-c459bc1d-be4e-4a7e-b6c5-fb0ddbc5592e ade0c4efa5a74db4980c5a175df23220 8f94f06d11f14fbc8d7aa91ab7420956 - - default default] create failed (client error): Invalid input for peer_cidrs. Reason: '1.0.0.0/33' is not a valid IP subnet. [pid: 8|app: 0|req: 1286/2430] 10.0.0.15 () {34 vars in 706 bytes} [Tue Apr 28 05:35:48 2026] POST /v2.0/vpn/ipsec-site-connections => generated 149 bytes in 8 msecs (HTTP/1.1 400) 4 headers in 166 bytes (1 switches on core 0)
2026-04-28 05:35:48.958 8 INFO neutron.db.segments_db [None req-08c6ff6b-fae1-42b8-b8e5-68d9072bcf20 ade0c4efa5a74db4980c5a175df23220 8f94f06d11f14fbc8d7aa91ab7420956 - - default default] Added segment 42e2f477-f31c-4122-b76d-2f07315f5563 of type geneve for network 08bf4fa5-6d46-4f24-bb0b-939be0b5556f [pid: 7|app: 0|req: 1145/2431] 10.0.0.15 () {32 vars in 725 bytes} [Tue Apr 28 05:35:48 2026] DELETE /v2.0/networks/b0410736-8923-476a-a24e-770593840021 => generated 0 bytes in 315 msecs (HTTP/1.1 204) 3 headers in 131 bytes (1 switches on core 0)
2026-04-28 05:35:49.064 8 INFO neutron.db.ovn_revision_numbers_db [None req-08c6ff6b-fae1-42b8-b8e5-68d9072bcf20 ade0c4efa5a74db4980c5a175df23220 8f94f06d11f14fbc8d7aa91ab7420956 - - default default] Successfully bumped revision number for resource 08bf4fa5-6d46-4f24-bb0b-939be0b5556f (type: networks) to 1
2026-04-28 05:35:49.093 7 INFO neutron_taas.services.taas.taas_plugin [None req-97e82877-ff21-4b2a-87ef-bde838c35317 48b4b38328ef4d669235e9276602a728 2569a2c302aa4e82a4577817b09bfc54 - - default default] TaaS: Handle Delete Port: 5df71393-534d-42bf-921b-9b04cfb0d4b9
2026-04-28 05:35:49.097 7 INFO neutron_taas.services.taas.tap_mirror_plugin [None req-97e82877-ff21-4b2a-87ef-bde838c35317 48b4b38328ef4d669235e9276602a728 2569a2c302aa4e82a4577817b09bfc54 - - default default] Tap Mirror: Handle Delete Port: 5df71393-534d-42bf-921b-9b04cfb0d4b9
2026-04-28 05:35:49.247 8 WARNING neutron.scheduler.dhcp_agent_scheduler [None req-08c6ff6b-fae1-42b8-b8e5-68d9072bcf20 ade0c4efa5a74db4980c5a175df23220 8f94f06d11f14fbc8d7aa91ab7420956 - - default default] No more DHCP agents
2026-04-28 05:35:49.248 8 WARNING neutron.api.rpc.agentnotifiers.dhcp_rpc_agent_api [None req-08c6ff6b-fae1-42b8-b8e5-68d9072bcf20 ade0c4efa5a74db4980c5a175df23220 8f94f06d11f14fbc8d7aa91ab7420956 - - default default] Unable to schedule network 08bf4fa5-6d46-4f24-bb0b-939be0b5556f: no agents available; will retry on subsequent port and subnet creation events. [pid: 7|app: 0|req: 1146/2432] 10.0.0.15 () {32 vars in 725 bytes} [Tue Apr 28 05:35:48 2026] DELETE /v2.0/networks/fe1f3053-2450-4d47-871e-d36cb71cd11a => generated 0 bytes in 338 msecs (HTTP/1.1 204) 3 headers in 131 bytes (1 switches on core 0)
2026-04-28 05:35:49.330 8 INFO neutron.db.ovn_revision_numbers_db [None req-08c6ff6b-fae1-42b8-b8e5-68d9072bcf20 ade0c4efa5a74db4980c5a175df23220 8f94f06d11f14fbc8d7aa91ab7420956 - - default default] Successfully bumped revision number for resource a7bf22e0-197e-4a80-92e2-821b41a21ca5 (type: ports) to 1 [pid: 8|app: 0|req: 1287/2433] 10.0.0.15 () {34 vars in 669 bytes} [Tue Apr 28 05:35:48 2026] POST /v2.0/networks => generated 650 bytes in 495 msecs (HTTP/1.1 201) 4 headers in 162 bytes (1 switches on core 0)
2026-04-28 05:35:49.433 7 INFO neutron_taas.services.taas.taas_plugin [None req-ac4d3059-abd0-44d8-89a3-85f19c89d59f 48b4b38328ef4d669235e9276602a728 2569a2c302aa4e82a4577817b09bfc54 - - default default] TaaS: Handle Delete Port: ca5b2a2d-2319-4364-9882-1a3d0f246c1c
2026-04-28 05:35:49.435 7 INFO neutron_taas.services.taas.tap_mirror_plugin [None req-ac4d3059-abd0-44d8-89a3-85f19c89d59f 48b4b38328ef4d669235e9276602a728 2569a2c302aa4e82a4577817b09bfc54 - - default default] Tap Mirror: Handle Delete Port: ca5b2a2d-2319-4364-9882-1a3d0f246c1c
2026-04-28 05:35:49.544 8 WARNING neutron.scheduler.dhcp_agent_scheduler [None req-653a63f3-3237-473e-aa65-bbef37363b6b ade0c4efa5a74db4980c5a175df23220 8f94f06d11f14fbc8d7aa91ab7420956 - - default default] No more DHCP agents
2026-04-28 05:35:49.545 8 WARNING neutron.api.rpc.agentnotifiers.dhcp_rpc_agent_api [None req-653a63f3-3237-473e-aa65-bbef37363b6b ade0c4efa5a74db4980c5a175df23220 8f94f06d11f14fbc8d7aa91ab7420956 - - default default] Unable to schedule network 08bf4fa5-6d46-4f24-bb0b-939be0b5556f: no agents available; will retry on subsequent port and subnet creation events. [pid: 7|app: 0|req: 1147/2434] 10.0.0.15 () {32 vars in 725 bytes} [Tue Apr 28 05:35:49 2026] DELETE /v2.0/networks/aaad1e4c-4016-4565-94e3-1f495e299f5a => generated 0 bytes in 339 msecs (HTTP/1.1 204) 3 headers in 131 bytes (1 switches on core 0)
2026-04-28 05:35:49.957 8 INFO neutron.db.ovn_revision_numbers_db [None req-0ea8745e-ef2c-4643-bf15-878830bd3fda - - - - - -] Successfully bumped revision number for resource a7bf22e0-197e-4a80-92e2-821b41a21ca5 (type: ports) to 2
2026-04-28 05:35:49.983 8 INFO neutron.db.ovn_revision_numbers_db [None req-0ea8745e-ef2c-4643-bf15-878830bd3fda - - - - - -] Successfully bumped revision number for resource 0f0f281c-ccec-4383-b41c-4728c08640a9 (type: subnets) to 0 [pid: 8|app: 0|req: 1288/2435] 10.0.0.15 () {34 vars in 668 bytes} [Tue Apr 28 05:35:49 2026] POST /v2.0/subnets => generated 629 bytes in 640 msecs (HTTP/1.1 201) 4 headers in 162 bytes (1 switches on core 0)
2026-04-28 05:35:50.323 7 INFO neutron.services.segments.plugin [-] Segment 030da06d-8b8d-4a56-950a-f562bf815242 resource provider aggregate not found
2026-04-28 05:35:50.330 7 INFO neutron.services.segments.plugin [-] Segment 030da06d-8b8d-4a56-950a-f562bf815242 resource provider aggregate not found
2026-04-28 05:35:50.353 7 INFO neutron.services.segments.plugin [-] Segment 030da06d-8b8d-4a56-950a-f562bf815242 resource provider not found; error: Placement Client Error (4xx): {"errors": [{"status": 404, "title": "Not Found", "detail": "The resource could not be found.\n\n No resource provider with uuid 030da06d-8b8d-4a56-950a-f562bf815242 found for delete ", "request_id": "req-e951dd53-af5f-4f18-bce4-898bb20805ae"}]}
2026-04-28 05:35:50.355 7 INFO neutron.services.segments.plugin [-] Segment 030da06d-8b8d-4a56-950a-f562bf815242 resource provider not found; error: Placement Client Error (4xx): {"errors": [{"status": 404, "title": "Not Found", "detail": "The resource could not be found.\n\n No resource provider with uuid 030da06d-8b8d-4a56-950a-f562bf815242 found for delete ", "request_id": "req-413fb90b-998a-4e2e-91b8-a72ec239b05a"}]}
2026-04-28 05:35:50.383 7 INFO neutron.services.segments.plugin [-] Segment e096dfe6-a4b1-45fc-8c26-68a46ed659ee resource provider aggregate not found
2026-04-28 05:35:50.388 7 INFO neutron.services.segments.plugin [-] Segment e096dfe6-a4b1-45fc-8c26-68a46ed659ee resource provider aggregate not found
2026-04-28 05:35:50.407 7 INFO neutron.services.segments.plugin [-] Segment e096dfe6-a4b1-45fc-8c26-68a46ed659ee resource provider not found; error: Placement Client Error (4xx): {"errors": [{"status": 404, "title": "Not Found", "detail": "The resource could not be found.\n\n No resource provider with uuid e096dfe6-a4b1-45fc-8c26-68a46ed659ee found for delete ", "request_id": "req-5852d25c-4a88-4a86-98b6-053a337e09f1"}]}
2026-04-28 05:35:50.411 7 INFO neutron.services.segments.plugin [-] Segment e096dfe6-a4b1-45fc-8c26-68a46ed659ee resource provider not found; error: Placement Client Error (4xx): {"errors": [{"status": 404, "title": "Not Found", "detail": "The resource could not be found.\n\n No resource provider with uuid e096dfe6-a4b1-45fc-8c26-68a46ed659ee found for delete ", "request_id": "req-4505213d-9818-4da8-9acc-3ef46ec3d79e"}]}
2026-04-28 05:35:50.435 7 INFO neutron.services.segments.plugin [-] Segment 904fac87-0363-4c98-9a3a-dbe85255f565 resource provider aggregate not found
2026-04-28 05:35:50.441 7 INFO neutron.services.segments.plugin [-] Segment 904fac87-0363-4c98-9a3a-dbe85255f565 resource provider aggregate not found
2026-04-28 05:35:50.454 7 INFO neutron.services.segments.plugin [-] Segment 904fac87-0363-4c98-9a3a-dbe85255f565 resource provider not found; error: Placement Client Error (4xx): {"errors": [{"status": 404, "title": "Not Found", "detail": "The resource could not be found.\n\n No resource provider with uuid 904fac87-0363-4c98-9a3a-dbe85255f565 found for delete ", "request_id": "req-6f32d7d8-5c99-436c-923d-9ba5fb7ba5f2"}]}
2026-04-28 05:35:50.461 7 INFO neutron.services.segments.plugin [-] Segment 904fac87-0363-4c98-9a3a-dbe85255f565 resource provider not found; error: Placement Client Error (4xx): {"errors": [{"status": 404, "title": "Not Found", "detail": "The resource could not be found.\n\n No resource provider with uuid 904fac87-0363-4c98-9a3a-dbe85255f565 found for delete ", "request_id": "req-665d584a-8043-473b-9207-20c96cb8b2e9"}]}
2026-04-28 05:35:50.467 7 INFO neutron.services.segments.plugin [-] Segment f434af26-029c-48a8-b67c-3c8f55d08762 resource provider aggregate not found
2026-04-28 05:35:50.472 7 WARNING neutron.scheduler.dhcp_agent_scheduler [None req-46a1e4bd-47cb-4764-8d18-4424f60f6dad ade0c4efa5a74db4980c5a175df23220 8f94f06d11f14fbc8d7aa91ab7420956 - - default default] No more DHCP agents
2026-04-28 05:35:50.474 7 WARNING neutron.api.rpc.agentnotifiers.dhcp_rpc_agent_api [None req-46a1e4bd-47cb-4764-8d18-4424f60f6dad ade0c4efa5a74db4980c5a175df23220 8f94f06d11f14fbc8d7aa91ab7420956 - - default default] Unable to schedule network 04cdf320-963e-4d14-9b6c-e68f76a7d4d7: no agents available; will retry on subsequent port and subnet creation events.
2026-04-28 05:35:50.484 7 INFO neutron.services.segments.plugin [-] Segment f434af26-029c-48a8-b67c-3c8f55d08762 resource provider aggregate not found
2026-04-28 05:35:50.490 7 INFO neutron.services.segments.plugin [-] Segment f434af26-029c-48a8-b67c-3c8f55d08762 resource provider not found; error: Placement Client Error (4xx): {"errors": [{"status": 404, "title": "Not Found", "detail": "The resource could not be found.\n\n No resource provider with uuid f434af26-029c-48a8-b67c-3c8f55d08762 found for delete ", "request_id": "req-b5933b62-206e-4b20-98ba-f335e6306245"}]}
2026-04-28 05:35:50.501 7 INFO neutron.services.segments.plugin [-] Segment f434af26-029c-48a8-b67c-3c8f55d08762 resource provider not found; error: Placement Client Error (4xx): {"errors": [{"status": 404, "title": "Not Found", "detail": "The resource could not be found.\n\n No resource provider with uuid f434af26-029c-48a8-b67c-3c8f55d08762 found for delete ", "request_id": "req-412f432c-812b-432c-9455-e6a9adb00300"}]} [pid: 8|app: 0|req: 1289/2436] 10.0.0.15 () {32 vars in 773 bytes} [Tue Apr 28 05:35:50 2026] GET /v2.0/security-groups?tenant_id=2569a2c302aa4e82a4577817b09bfc54&name=default => generated 2929 bytes in 154 msecs (HTTP/1.1 200) 4 headers in 158 bytes (1 switches on core 0)
2026-04-28 05:35:50.537 7 WARNING neutron.plugins.ml2.drivers.ovn.mech_driver.ovsdb.ovn_client [None req-579e3f44-cef4-44b2-8556-e2d2c9360e6e - - - - - -] No port found with ID 4fda0b5a-5d31-4ef9-aa73-a469326e13ea: RuntimeError: No port found with ID 4fda0b5a-5d31-4ef9-aa73-a469326e13ea
2026-04-28 05:35:50.537 7 INFO neutron.plugins.ml2.drivers.ovn.mech_driver.mech_driver [None req-579e3f44-cef4-44b2-8556-e2d2c9360e6e - - - - - -] OVN reports status down for port: ca5b2a2d-2319-4364-9882-1a3d0f246c1c
2026-04-28 05:35:50.554 7 INFO neutron.plugins.ml2.drivers.ovn.mech_driver.mech_driver [None req-579e3f44-cef4-44b2-8556-e2d2c9360e6e - - - - - -] OVN reports status down for port: fed20fc6-9372-440a-a923-ebcf3f74c173
2026-04-28 05:35:50.578 7 INFO neutron.plugins.ml2.drivers.ovn.mech_driver.mech_driver [None req-579e3f44-cef4-44b2-8556-e2d2c9360e6e - - - - - -] OVN reports status down for port: a7bf22e0-197e-4a80-92e2-821b41a21ca5
2026-04-28 05:35:50.635 8 WARNING neutron.plugins.ml2.drivers.ovn.mech_driver.ovsdb.ovn_client [None req-ba892d76-0a5f-422e-9333-a431a665bace - - - - - -] No hosting information found for port 565b84a9-dfb7-4cff-8f22-4ef02acb61e8: RuntimeError: No hosting information found for port 565b84a9-dfb7-4cff-8f22-4ef02acb61e8
2026-04-28 05:35:50.636 8 INFO neutron.plugins.ml2.drivers.ovn.mech_driver.mech_driver [None req-ba892d76-0a5f-422e-9333-a431a665bace - - - - - -] OVN reports status down for port: ce3cb99e-bf28-4bc2-84b3-ba333e7fe9d9
2026-04-28 05:35:50.656 7 INFO neutron.db.ovn_revision_numbers_db [None req-46a1e4bd-47cb-4764-8d18-4424f60f6dad ade0c4efa5a74db4980c5a175df23220 8f94f06d11f14fbc8d7aa91ab7420956 - - default default] Successfully bumped revision number for resource dbcf6edf-e086-47e3-a333-fbbecea65257 (type: ports) to 1
2026-04-28 05:35:50.788 8 INFO neutron.db.ovn_revision_numbers_db [None req-ba892d76-0a5f-422e-9333-a431a665bace - - - - - -] Successfully bumped revision number for resource 565b84a9-dfb7-4cff-8f22-4ef02acb61e8 (type: router_ports) to 2
2026-04-28 05:35:50.789 8 INFO neutron.plugins.ml2.drivers.ovn.mech_driver.mech_driver [None req-ba892d76-0a5f-422e-9333-a431a665bace - - - - - -] OVN reports status down for port: bfcb92c8-46da-4313-94fc-9dd930196503
2026-04-28 05:35:50.796 8 INFO neutron.plugins.ml2.drivers.ovn.mech_driver.mech_driver [None req-ba892d76-0a5f-422e-9333-a431a665bace - - - - - -] OVN reports status down for port: 2d524a7a-ed0b-4ce8-b726-8481ff509ead
2026-04-28 05:35:50.805 8 INFO neutron.plugins.ml2.drivers.ovn.mech_driver.mech_driver [None req-ba892d76-0a5f-422e-9333-a431a665bace - - - - - -] OVN reports status down for port: ecc21105-00c6-499d-8be2-51aedb6c1d20
2026-04-28 05:35:50.818 8 INFO neutron.plugins.ml2.drivers.ovn.mech_driver.mech_driver [None req-ba892d76-0a5f-422e-9333-a431a665bace - - - - - -] OVN reports status down for port: b7f8b3bd-6c71-49ad-9b5a-e59ad3168c35
2026-04-28 05:35:50.835 8 INFO neutron.plugins.ml2.drivers.ovn.mech_driver.mech_driver [None req-ba892d76-0a5f-422e-9333-a431a665bace - - - - - -] OVN reports status down for port: 5234976e-d723-49a8-ad49-64951c2c35ed [pid: 8|app: 0|req: 1290/2437] 10.0.0.15 () {32 vars in 739 bytes} [Tue Apr 28 05:35:50 2026] DELETE /v2.0/security-groups/c3b0495b-8e04-4a34-8c94-35f1725332ba => generated 0 bytes in 352 msecs (HTTP/1.1 204) 2 headers in 112 bytes (1 switches on core 0)
2026-04-28 05:35:50.893 8 INFO neutron.plugins.ml2.drivers.ovn.mech_driver.mech_driver [None req-ba892d76-0a5f-422e-9333-a431a665bace - - - - - -] OVN reports status down for port: c88e9796-c133-4740-a667-caf7805c589a
2026-04-28 05:35:50.902 8 INFO neutron.plugins.ml2.drivers.ovn.mech_driver.mech_driver [None req-ba892d76-0a5f-422e-9333-a431a665bace - - - - - -] OVN reports status down for port: dbcf6edf-e086-47e3-a333-fbbecea65257
2026-04-28 05:35:51.055 8 INFO neutron.db.ovn_revision_numbers_db [None req-dd6862f7-8352-47e9-94db-d2681597b113 b2b92ffdf8d4405e94526e8885486c45 efa133d96d5b462a9a7065ab83bb24fd - - default default] Successfully bumped revision number for resource 4ccfc5f8-bee9-45ac-91cd-4a4fefa1d0ff (type: security_groups) to 1
2026-04-28 05:35:51.069 8 INFO neutron.db.ovn_revision_numbers_db [None req-dd6862f7-8352-47e9-94db-d2681597b113 b2b92ffdf8d4405e94526e8885486c45 efa133d96d5b462a9a7065ab83bb24fd - - default default] Successfully bumped revision number for resource 4b793783-4e6d-465d-95dd-09561bbb767f (type: security_group_rules) to 0
2026-04-28 05:35:51.082 8 INFO neutron.db.ovn_revision_numbers_db [None req-dd6862f7-8352-47e9-94db-d2681597b113 b2b92ffdf8d4405e94526e8885486c45 efa133d96d5b462a9a7065ab83bb24fd - - default default] Successfully bumped revision number for resource 9fcdeb20-fd98-437d-8224-de2501395808 (type: security_group_rules) to 0
2026-04-28 05:35:51.093 8 INFO neutron.db.ovn_revision_numbers_db [None req-dd6862f7-8352-47e9-94db-d2681597b113 b2b92ffdf8d4405e94526e8885486c45 efa133d96d5b462a9a7065ab83bb24fd - - default default] Successfully bumped revision number for resource d6054c9e-9700-4a83-8fae-616275001e5f (type: security_group_rules) to 0
