2026-04-28 05:33:09.110 7 INFO neutron.db.ovn_revision_numbers_db [None req-69a154d4-1492-4549-bcef-4e4ddf61f2a4 - - - - - -] Successfully bumped revision number for resource 5e122df2-b195-4e3c-994e-9ecd6f54f3ca (type: subnets) to 0 [pid: 7|app: 0|req: 551/1205] 10.0.0.15 () {34 vars in 668 bytes} [Tue Apr 28 05:33:08 2026] POST /v2.0/subnets => generated 641 bytes in 710 msecs (HTTP/1.1 201) 4 headers in 162 bytes (1 switches on core 0)
2026-04-28 05:33:09.216 8 INFO neutron.db.segments_db [None req-d7bc70ad-b068-40b0-9956-c7543212ab1b 0c742b5fd6174539b9a03d9198484263 237d23ed1bde40beb3079942dae730cc - - default default] Added segment 0b47f071-bad2-41d2-a05a-b0d7271cbf53 of type geneve for network 5a4af0d9-ca29-4028-9d73-cb5a05f364a9
2026-04-28 05:33:09.326 8 INFO neutron.db.ovn_revision_numbers_db [None req-d7bc70ad-b068-40b0-9956-c7543212ab1b 0c742b5fd6174539b9a03d9198484263 237d23ed1bde40beb3079942dae730cc - - default default] Successfully bumped revision number for resource 5a4af0d9-ca29-4028-9d73-cb5a05f364a9 (type: networks) to 1
2026-04-28 05:33:09.495 8 WARNING neutron.scheduler.dhcp_agent_scheduler [None req-d7bc70ad-b068-40b0-9956-c7543212ab1b 0c742b5fd6174539b9a03d9198484263 237d23ed1bde40beb3079942dae730cc - - default default] No more DHCP agents
2026-04-28 05:33:09.496 8 WARNING neutron.api.rpc.agentnotifiers.dhcp_rpc_agent_api [None req-d7bc70ad-b068-40b0-9956-c7543212ab1b 0c742b5fd6174539b9a03d9198484263 237d23ed1bde40beb3079942dae730cc - - default default] Unable to schedule network 5a4af0d9-ca29-4028-9d73-cb5a05f364a9: no agents available; will retry on subsequent port and subnet creation events.
2026-04-28 05:33:09.529 7 INFO neutron.plugins.ml2.drivers.ovn.mech_driver.mech_driver [None req-508e3715-2772-45b7-81bd-1b28d91af63f - - - - - -] OVN reports status down for port: b35363a5-670b-46dd-b7e4-4a27101f6365
2026-04-28 05:33:09.584 8 INFO neutron.db.ovn_revision_numbers_db [None req-d7bc70ad-b068-40b0-9956-c7543212ab1b 0c742b5fd6174539b9a03d9198484263 237d23ed1bde40beb3079942dae730cc - - default default] Successfully bumped revision number for resource b35363a5-670b-46dd-b7e4-4a27101f6365 (type: ports) to 1 [pid: 8|app: 0|req: 655/1206] 10.0.0.15 () {34 vars in 669 bytes} [Tue Apr 28 05:33:09 2026] POST /v2.0/networks => generated 663 bytes in 477 msecs (HTTP/1.1 201) 4 headers in 162 bytes (1 switches on core 0) /var/lib/openstack/lib/python3.12/site-packages/pycadf/identifier.py:70: UserWarning: Invalid uuid: neutron. To ensure interoperability, identifiers should be a valid uuid. warnings.warn(('Invalid uuid: %s. To ensure interoperability, '
2026-04-28 05:33:09.758 7 INFO neutron.db.ovn_revision_numbers_db [None req-fd51c3df-9d7e-497f-bf4e-0762ad2756a0 0c742b5fd6174539b9a03d9198484263 237d23ed1bde40beb3079942dae730cc - - default default] Successfully bumped revision number for resource 5a4af0d9-ca29-4028-9d73-cb5a05f364a9 (type: networks) to 2 [pid: 7|app: 0|req: 552/1207] 10.0.0.15 () {34 vars in 742 bytes} [Tue Apr 28 05:33:09 2026] PUT /v2.0/networks/5a4af0d9-ca29-4028-9d73-cb5a05f364a9 => generated 636 bytes in 150 msecs (HTTP/1.1 200) 4 headers in 157 bytes (1 switches on core 0)
2026-04-28 05:33:09.951 8 WARNING neutron.scheduler.dhcp_agent_scheduler [None req-99df7f9a-99df-40be-88ba-2d391f50ca59 0c742b5fd6174539b9a03d9198484263 237d23ed1bde40beb3079942dae730cc - - default default] No more DHCP agents
2026-04-28 05:33:09.952 8 WARNING neutron.api.rpc.agentnotifiers.dhcp_rpc_agent_api [None req-99df7f9a-99df-40be-88ba-2d391f50ca59 0c742b5fd6174539b9a03d9198484263 237d23ed1bde40beb3079942dae730cc - - default default] Unable to schedule network 5a4af0d9-ca29-4028-9d73-cb5a05f364a9: no agents available; will retry on subsequent port and subnet creation events.
2026-04-28 05:33:10.154 8 INFO neutron.notifiers.nova [-] Nova event matching ['req-5d27abea-d798-4d46-97f3-a53295bc85be'] response: {'name': 'network-changed', 'server_uuid': '145203b3-b6d6-4835-9a3e-9ec5e11b9779', 'tag': '45924c75-8145-4d87-8e20-a4d49f1b19ff', 'status': 'completed', 'code': 200}
2026-04-28 05:33:10.156 7 INFO neutron.db.ovn_revision_numbers_db [None req-d7da9239-6899-4e1a-9142-d186f451df5f f89f2789f1264ec7a1dabba21712f6fb b905e540638946a3871b2508201f93d1 - - default default] Successfully bumped revision number for resource ff37b354-d5a2-430b-8d7e-9a7ed4a27951 (type: security_groups) to 1
2026-04-28 05:33:10.167 7 INFO neutron.db.ovn_revision_numbers_db [None req-d7da9239-6899-4e1a-9142-d186f451df5f f89f2789f1264ec7a1dabba21712f6fb b905e540638946a3871b2508201f93d1 - - default default] Successfully bumped revision number for resource 093e2c65-7a0b-4f6d-82f8-716c18a51adf (type: security_group_rules) to 0
2026-04-28 05:33:10.178 7 INFO neutron.db.ovn_revision_numbers_db [None req-d7da9239-6899-4e1a-9142-d186f451df5f f89f2789f1264ec7a1dabba21712f6fb b905e540638946a3871b2508201f93d1 - - default default] Successfully bumped revision number for resource 0d287d16-a9fa-4131-b03b-4829e090e222 (type: security_group_rules) to 0
2026-04-28 05:33:10.189 7 INFO neutron.db.ovn_revision_numbers_db [None req-d7da9239-6899-4e1a-9142-d186f451df5f f89f2789f1264ec7a1dabba21712f6fb b905e540638946a3871b2508201f93d1 - - default default] Successfully bumped revision number for resource 44e75147-d4e3-44d2-b030-3b2241ca9fa5 (type: security_group_rules) to 0
2026-04-28 05:33:10.198 7 INFO neutron.db.ovn_revision_numbers_db [None req-d7da9239-6899-4e1a-9142-d186f451df5f f89f2789f1264ec7a1dabba21712f6fb b905e540638946a3871b2508201f93d1 - - default default] Successfully bumped revision number for resource aaa54261-be9b-417d-abc9-e4e60e9e74f9 (type: security_group_rules) to 0
2026-04-28 05:33:10.270 7 INFO neutron.db.segments_db [None req-d7da9239-6899-4e1a-9142-d186f451df5f f89f2789f1264ec7a1dabba21712f6fb b905e540638946a3871b2508201f93d1 - - default default] Added segment e73d29ec-9f4f-42b1-8e4d-d4f8f13d168e of type geneve for network c2d9c108-ec05-4381-b6ac-79662d663a0d
2026-04-28 05:33:10.375 7 INFO neutron.db.ovn_revision_numbers_db [None req-d7da9239-6899-4e1a-9142-d186f451df5f f89f2789f1264ec7a1dabba21712f6fb b905e540638946a3871b2508201f93d1 - - default default] Successfully bumped revision number for resource c2d9c108-ec05-4381-b6ac-79662d663a0d (type: networks) to 1
2026-04-28 05:33:10.445 8 INFO neutron.db.ovn_revision_numbers_db [None req-472c17cd-b125-42ed-a1a5-9b0abd77fe89 - - - - - -] Successfully bumped revision number for resource b35363a5-670b-46dd-b7e4-4a27101f6365 (type: ports) to 2
2026-04-28 05:33:10.475 8 INFO neutron.db.ovn_revision_numbers_db [None req-472c17cd-b125-42ed-a1a5-9b0abd77fe89 - - - - - -] Successfully bumped revision number for resource d121e3fd-b02b-4318-9768-2b4ebd317ac9 (type: subnets) to 0 [pid: 8|app: 0|req: 656/1208] 10.0.0.15 () {34 vars in 668 bytes} [Tue Apr 28 05:33:09 2026] POST /v2.0/subnets => generated 626 bytes in 723 msecs (HTTP/1.1 201) 4 headers in 162 bytes (1 switches on core 0)
2026-04-28 05:33:10.520 7 WARNING neutron.scheduler.dhcp_agent_scheduler [None req-d7da9239-6899-4e1a-9142-d186f451df5f f89f2789f1264ec7a1dabba21712f6fb b905e540638946a3871b2508201f93d1 - - default default] No more DHCP agents
2026-04-28 05:33:10.521 7 WARNING neutron.api.rpc.agentnotifiers.dhcp_rpc_agent_api [None req-d7da9239-6899-4e1a-9142-d186f451df5f f89f2789f1264ec7a1dabba21712f6fb b905e540638946a3871b2508201f93d1 - - default default] Unable to schedule network c2d9c108-ec05-4381-b6ac-79662d663a0d: no agents available; will retry on subsequent port and subnet creation events.
2026-04-28 05:33:10.554 7 INFO neutron.plugins.ml2.drivers.ovn.mech_driver.mech_driver [None req-508e3715-2772-45b7-81bd-1b28d91af63f - - - - - -] OVN reports status down for port: 7ba4b647-1372-44f8-a285-253091daa6b5
2026-04-28 05:33:10.603 7 INFO neutron.db.ovn_revision_numbers_db [None req-d7da9239-6899-4e1a-9142-d186f451df5f f89f2789f1264ec7a1dabba21712f6fb b905e540638946a3871b2508201f93d1 - - default default] Successfully bumped revision number for resource 7ba4b647-1372-44f8-a285-253091daa6b5 (type: ports) to 1 [pid: 7|app: 0|req: 553/1209] 10.0.0.15 () {34 vars in 670 bytes} [Tue Apr 28 05:33:09 2026] POST /v2.0/networks => generated 651 bytes in 812 msecs (HTTP/1.1 201) 4 headers in 162 bytes (1 switches on core 0)
2026-04-28 05:33:10.765 8 INFO neutron.db.ovn_revision_numbers_db [None req-ebc41047-3cf6-4c64-be93-857e2acabaef 0c742b5fd6174539b9a03d9198484263 237d23ed1bde40beb3079942dae730cc - - default default] Successfully bumped revision number for resource d121e3fd-b02b-4318-9768-2b4ebd317ac9 (type: subnets) to 1 [pid: 8|app: 0|req: 657/1210] 10.0.0.15 () {34 vars in 740 bytes} [Tue Apr 28 05:33:10 2026] PUT /v2.0/subnets/d121e3fd-b02b-4318-9768-2b4ebd317ac9 => generated 636 bytes in 274 msecs (HTTP/1.1 200) 4 headers in 157 bytes (1 switches on core 0)
2026-04-28 05:33:10.969 8 INFO neutron.db.ovn_revision_numbers_db [None req-12c98058-0d3b-469b-9048-dcedb64b4e3e b2b92ffdf8d4405e94526e8885486c45 efa133d96d5b462a9a7065ab83bb24fd - - default default] Successfully bumped revision number for resource 603e3ca7-dc87-453f-b7d3-0550f123b018 (type: security_groups) to 1
2026-04-28 05:33:10.980 8 INFO neutron.db.ovn_revision_numbers_db [None req-12c98058-0d3b-469b-9048-dcedb64b4e3e b2b92ffdf8d4405e94526e8885486c45 efa133d96d5b462a9a7065ab83bb24fd - - default default] Successfully bumped revision number for resource 60dac80f-4887-4370-856e-3608b3cdc12d (type: security_group_rules) to 0
2026-04-28 05:33:10.991 8 INFO neutron.db.ovn_revision_numbers_db [None req-12c98058-0d3b-469b-9048-dcedb64b4e3e b2b92ffdf8d4405e94526e8885486c45 efa133d96d5b462a9a7065ab83bb24fd - - default default] Successfully bumped revision number for resource a39fc1fb-9e5b-4870-a4a2-b523323993f5 (type: security_group_rules) to 0
2026-04-28 05:33:10.996 7 WARNING neutron.scheduler.dhcp_agent_scheduler [None req-31708dba-90c9-4a6c-bb38-29332e21d3e6 f89f2789f1264ec7a1dabba21712f6fb b905e540638946a3871b2508201f93d1 - - default default] No more DHCP agents
2026-04-28 05:33:10.997 7 WARNING neutron.api.rpc.agentnotifiers.dhcp_rpc_agent_api [None req-31708dba-90c9-4a6c-bb38-29332e21d3e6 f89f2789f1264ec7a1dabba21712f6fb b905e540638946a3871b2508201f93d1 - - default default] Unable to schedule network 04cdf320-963e-4d14-9b6c-e68f76a7d4d7: no agents available; will retry on subsequent port and subnet creation events.
2026-04-28 05:33:11.002 8 INFO neutron.db.ovn_revision_numbers_db [None req-12c98058-0d3b-469b-9048-dcedb64b4e3e b2b92ffdf8d4405e94526e8885486c45 efa133d96d5b462a9a7065ab83bb24fd - - default default] Successfully bumped revision number for resource b453e633-5557-4272-8d03-adea684a55dc (type: security_group_rules) to 0
2026-04-28 05:33:11.014 8 INFO neutron.db.ovn_revision_numbers_db [None req-12c98058-0d3b-469b-9048-dcedb64b4e3e b2b92ffdf8d4405e94526e8885486c45 efa133d96d5b462a9a7065ab83bb24fd - - default default] Successfully bumped revision number for resource e3bab22e-6aa5-475f-8e9c-573546b0de1b (type: security_group_rules) to 0 [pid: 8|app: 0|req: 658/1211] 10.0.0.15 () {32 vars in 773 bytes} [Tue Apr 28 05:33:10 2026] GET /v2.0/security-groups?tenant_id=0e4cff8f84df43fa8b6e732600510ead&name=default => generated 2925 bytes in 281 msecs (HTTP/1.1 200) 4 headers in 158 bytes (1 switches on core 0) [pid: 8|app: 0|req: 659/1212] 199.204.45.72 () {34 vars in 1079 bytes} [Tue Apr 28 05:33:11 2026] GET /v2.0/ports?tenant_id=c9972da7de124a06a09f7d5b8db5d157&device_id=145203b3-b6d6-4835-9a3e-9ec5e11b9779 => generated 1213 bytes in 37 msecs (HTTP/1.1 200) 4 headers in 158 bytes (1 switches on core 0)
2026-04-28 05:33:11.099 7 INFO neutron.plugins.ml2.drivers.ovn.mech_driver.mech_driver [None req-508e3715-2772-45b7-81bd-1b28d91af63f - - - - - -] OVN reports status down for port: ed47a6b2-f292-4bbd-b12a-6d2ce84a27d0
2026-04-28 05:33:11.147 7 INFO neutron.db.ovn_revision_numbers_db [None req-31708dba-90c9-4a6c-bb38-29332e21d3e6 f89f2789f1264ec7a1dabba21712f6fb b905e540638946a3871b2508201f93d1 - - default default] Successfully bumped revision number for resource ed47a6b2-f292-4bbd-b12a-6d2ce84a27d0 (type: ports) to 1
2026-04-28 05:33:11.641 8 INFO neutron_taas.services.taas.taas_plugin [None req-f20ccc23-5d44-4954-b808-2a3ed2d3c9c5 0c742b5fd6174539b9a03d9198484263 237d23ed1bde40beb3079942dae730cc - - default default] TaaS: Handle Delete Port: b35363a5-670b-46dd-b7e4-4a27101f6365
2026-04-28 05:33:11.644 8 INFO neutron_taas.services.taas.tap_mirror_plugin [None req-f20ccc23-5d44-4954-b808-2a3ed2d3c9c5 0c742b5fd6174539b9a03d9198484263 237d23ed1bde40beb3079942dae730cc - - default default] Tap Mirror: Handle Delete Port: b35363a5-670b-46dd-b7e4-4a27101f6365
2026-04-28 05:33:11.755 7 INFO neutron.plugins.ml2.drivers.ovn.mech_driver.ovsdb.commands [None req-0024a2df-e29f-4629-a0b3-c02a02d62334 - - - - - -] Schedule LRP lrp-ed47a6b2-f292-4bbd-b12a-6d2ce84a27d0 on gateway c36d9d9d-994d-481a-9da0-3449ec0fc82b with priority 1
2026-04-28 05:33:11.768 7 INFO neutron.plugins.ml2.drivers.ovn.mech_driver.mech_driver [None req-508e3715-2772-45b7-81bd-1b28d91af63f - - - - - -] OVN reports status up for port: ed47a6b2-f292-4bbd-b12a-6d2ce84a27d0
2026-04-28 05:33:11.809 7 INFO neutron.plugins.ml2.plugin [None req-508e3715-2772-45b7-81bd-1b28d91af63f - - - - - -] Attempt 1 to provision port ed47a6b2-f292-4bbd-b12a-6d2ce84a27d0
2026-04-28 05:33:11.844 7 INFO neutron.db.ovn_revision_numbers_db [None req-31708dba-90c9-4a6c-bb38-29332e21d3e6 f89f2789f1264ec7a1dabba21712f6fb b905e540638946a3871b2508201f93d1 - - default default] Successfully bumped revision number for resource ed47a6b2-f292-4bbd-b12a-6d2ce84a27d0 (type: router_ports) to 1
2026-04-28 05:33:11.853 7 INFO neutron.plugins.ml2.drivers.ovn.mech_driver.ovsdb.ovsdb_monitor [None req-bb4751e7-1389-4582-a0f6-e052462e597a - - - - - -] Router 72e0bac2-cfb1-441e-b7c3-aaf94160ff41 is bound to host instance
2026-04-28 05:33:11.945 8 INFO neutron.services.segments.plugin [-] Segment 0b47f071-bad2-41d2-a05a-b0d7271cbf53 resource provider aggregate not found
2026-04-28 05:33:11.954 8 INFO neutron.services.segments.plugin [-] Segment 0b47f071-bad2-41d2-a05a-b0d7271cbf53 resource provider aggregate not found
2026-04-28 05:33:11.965 8 INFO neutron.services.segments.plugin [-] Segment 0b47f071-bad2-41d2-a05a-b0d7271cbf53 resource provider not found; error: Placement Client Error (4xx): {"errors": [{"status": 404, "title": "Not Found", "detail": "The resource could not be found.\n\n No resource provider with uuid 0b47f071-bad2-41d2-a05a-b0d7271cbf53 found for delete ", "request_id": "req-deb59984-015c-4e58-9c2e-b8741ff68546"}]}
2026-04-28 05:33:11.973 8 INFO neutron.services.segments.plugin [-] Segment 0b47f071-bad2-41d2-a05a-b0d7271cbf53 resource provider not found; error: Placement Client Error (4xx): {"errors": [{"status": 404, "title": "Not Found", "detail": "The resource could not be found.\n\n No resource provider with uuid 0b47f071-bad2-41d2-a05a-b0d7271cbf53 found for delete ", "request_id": "req-575cb9d3-f0af-4eb8-9cf8-8320eb3a1116"}]} [pid: 8|app: 0|req: 660/1213] 10.0.0.15 () {32 vars in 725 bytes} [Tue Apr 28 05:33:11 2026] DELETE /v2.0/networks/5a4af0d9-ca29-4028-9d73-cb5a05f364a9 => generated 0 bytes in 909 msecs (HTTP/1.1 204) 3 headers in 131 bytes (1 switches on core 0)
2026-04-28 05:33:12.066 7 INFO neutron.db.ovn_revision_numbers_db [None req-31708dba-90c9-4a6c-bb38-29332e21d3e6 f89f2789f1264ec7a1dabba21712f6fb b905e540638946a3871b2508201f93d1 - - default default] Successfully bumped revision number for resource 72e0bac2-cfb1-441e-b7c3-aaf94160ff41 (type: routers) to 2 [pid: 7|app: 0|req: 554/1214] 10.0.0.15 () {34 vars in 668 bytes} [Tue Apr 28 05:33:10 2026] POST /v2.0/routers => generated 954 bytes in 1463 msecs (HTTP/1.1 201) 4 headers in 162 bytes (1 switches on core 0) [pid: 7|app: 0|req: 555/1215] 199.204.45.72 () {34 vars in 985 bytes} [Tue Apr 28 05:33:12 2026] GET /v2.0/networks?id=79c46423-208d-4579-a6fa-40e1b9ea38fb => generated 813 bytes in 85 msecs (HTTP/1.1 200) 4 headers in 157 bytes (1 switches on core 0)
2026-04-28 05:33:12.209 7 INFO neutron.pecan_wsgi.hooks.translation [None req-e4678451-b661-42d0-b11c-5691b2a4790a 0c742b5fd6174539b9a03d9198484263 237d23ed1bde40beb3079942dae730cc - - default default] DELETE failed (client error): The resource could not be found. [pid: 8|app: 0|req: 661/1216] 10.0.0.15 () {32 vars in 739 bytes} [Tue Apr 28 05:33:11 2026] DELETE /v2.0/security-groups/603e3ca7-dc87-453f-b7d3-0550f123b018 => generated 0 bytes in 213 msecs (HTTP/1.1 204) 2 headers in 112 bytes (1 switches on core 0) [pid: 7|app: 0|req: 556/1217] 10.0.0.15 () {32 vars in 725 bytes} [Tue Apr 28 05:33:12 2026] DELETE /v2.0/networks/5a4af0d9-ca29-4028-9d73-cb5a05f364a9 => generated 138 bytes in 30 msecs (HTTP/1.1 404) 4 headers in 164 bytes (1 switches on core 0) [pid: 7|app: 0|req: 557/1218] 199.204.45.72 () {34 vars in 1059 bytes} [Tue Apr 28 05:33:12 2026] GET /v2.0/floatingips?fixed_ip_address=10.100.0.12&port_id=45924c75-8145-4d87-8e20-a4d49f1b19ff => generated 861 bytes in 81 msecs (HTTP/1.1 200) 4 headers in 157 bytes (1 switches on core 0) [pid: 8|app: 0|req: 662/1219] 10.0.0.15 () {32 vars in 775 bytes} [Tue Apr 28 05:33:12 2026] GET /v2.0/subnets?project_id=b905e540638946a3871b2508201f93d1&cidr=10.100.0.0%2F28 => generated 14 bytes in 120 msecs (HTTP/1.1 200) 4 headers in 156 bytes (1 switches on core 0) [pid: 7|app: 0|req: 558/1220] 10.0.0.15 () {32 vars in 693 bytes} [Tue Apr 28 05:33:12 2026] GET /v2.0/networks?router%3Aexternal=True => generated 689 bytes in 82 msecs (HTTP/1.1 200) 4 headers in 157 bytes (1 switches on core 0) [pid: 7|app: 0|req: 559/1221] 199.204.45.72 () {34 vars in 983 bytes} [Tue Apr 28 05:33:12 2026] GET /v2.0/subnets?id=1c9f7c5a-b27a-4f61-b1b5-7939735e46b2 => generated 694 bytes in 58 msecs (HTTP/1.1 200) 4 headers in 157 bytes (1 switches on core 0)
2026-04-28 05:33:12.474 8 INFO neutron.db.ovn_revision_numbers_db [None req-3bb9370f-2127-4c8f-8c03-763e2dc42582 b2b92ffdf8d4405e94526e8885486c45 efa133d96d5b462a9a7065ab83bb24fd - - default default] Successfully bumped revision number for resource 7640911d-7d6e-4e8b-a503-d8013a39829e (type: security_groups) to 1
2026-04-28 05:33:12.496 8 INFO neutron.db.ovn_revision_numbers_db [None req-3bb9370f-2127-4c8f-8c03-763e2dc42582 b2b92ffdf8d4405e94526e8885486c45 efa133d96d5b462a9a7065ab83bb24fd - - default default] Successfully bumped revision number for resource cc433ff6-2b28-4c5c-8919-2263b286c23b (type: security_group_rules) to 0
2026-04-28 05:33:12.509 8 INFO neutron.db.ovn_revision_numbers_db [None req-3bb9370f-2127-4c8f-8c03-763e2dc42582 b2b92ffdf8d4405e94526e8885486c45 efa133d96d5b462a9a7065ab83bb24fd - - default default] Successfully bumped revision number for resource d27cbeaa-6ac1-42b7-9703-c91b60279f48 (type: security_group_rules) to 0
2026-04-28 05:33:12.521 8 INFO neutron.db.ovn_revision_numbers_db [None req-3bb9370f-2127-4c8f-8c03-763e2dc42582 b2b92ffdf8d4405e94526e8885486c45 efa133d96d5b462a9a7065ab83bb24fd - - default default] Successfully bumped revision number for resource ee2a58a3-507a-4b4d-ba14-99e2c12d6666 (type: security_group_rules) to 0
2026-04-28 05:33:12.536 8 INFO neutron.db.ovn_revision_numbers_db [None req-3bb9370f-2127-4c8f-8c03-763e2dc42582 b2b92ffdf8d4405e94526e8885486c45 efa133d96d5b462a9a7065ab83bb24fd - - default default] Successfully bumped revision number for resource f1ffd81d-1d18-4905-9890-a73e21060c67 (type: security_group_rules) to 0 [pid: 7|app: 0|req: 560/1222] 10.0.0.15 () {32 vars in 693 bytes} [Tue Apr 28 05:33:12 2026] GET /v2.0/networks?router%3Aexternal=True => generated 791 bytes in 122 msecs (HTTP/1.1 200) 4 headers in 157 bytes (1 switches on core 0) [pid: 8|app: 0|req: 663/1223] 10.0.0.15 () {32 vars in 773 bytes} [Tue Apr 28 05:33:12 2026] GET /v2.0/security-groups?tenant_id=df389fc6068244259f6c6b96d5a90647&name=default => generated 2925 bytes in 264 msecs (HTTP/1.1 200) 4 headers in 158 bytes (1 switches on core 0) [pid: 8|app: 0|req: 664/1224] 199.204.45.72 () {34 vars in 1051 bytes} [Tue Apr 28 05:33:12 2026] GET /v2.0/ports?network_id=79c46423-208d-4579-a6fa-40e1b9ea38fb&device_owner=network%3Adhcp => generated 12 bytes in 28 msecs (HTTP/1.1 200) 4 headers in 156 bytes (1 switches on core 0) [pid: 7|app: 0|req: 561/1225] 10.0.0.15 () {32 vars in 741 bytes} [Tue Apr 28 05:33:12 2026] GET /v2.0/subnets?network_id=04cdf320-963e-4d14-9b6c-e68f76a7d4d7 => generated 649 bytes in 81 msecs (HTTP/1.1 200) 4 headers in 157 bytes (1 switches on core 0) [pid: 8|app: 0|req: 665/1226] 10.0.0.15 () {32 vars in 783 bytes} [Tue Apr 28 05:33:12 2026] GET /v2.0/subnets?network_id=04cdf320-963e-4d14-9b6c-e68f76a7d4d7&cidr=10.100.0.0%2F28 => generated 14 bytes in 24 msecs (HTTP/1.1 200) 4 headers in 156 bytes (1 switches on core 0) [pid: 8|app: 0|req: 666/1227] 199.204.45.72 () {34 vars in 1011 bytes} [Tue Apr 28 05:33:12 2026] GET /v2.0/networks/79c46423-208d-4579-a6fa-40e1b9ea38fb?fields=segments => generated 14 bytes in 38 msecs (HTTP/1.1 200) 4 headers in 156 bytes (1 switches on core 0) [pid: 8|app: 0|req: 667/1228] 10.0.0.15 () {32 vars in 652 bytes} [Tue Apr 28 05:33:12 2026] GET /v2.0/extensions => generated 20541 bytes in 5 msecs (HTTP/1.1 200) 4 headers in 159 bytes (1 switches on core 0)
2026-04-28 05:33:12.889 8 WARNING neutron.scheduler.dhcp_agent_scheduler [None req-855a052c-e268-402a-b612-16ab85f7242f f89f2789f1264ec7a1dabba21712f6fb b905e540638946a3871b2508201f93d1 - - default default] No more DHCP agents
2026-04-28 05:33:12.890 8 WARNING neutron.api.rpc.agentnotifiers.dhcp_rpc_agent_api [None req-855a052c-e268-402a-b612-16ab85f7242f f89f2789f1264ec7a1dabba21712f6fb b905e540638946a3871b2508201f93d1 - - default default] Unable to schedule network c2d9c108-ec05-4381-b6ac-79662d663a0d: no agents available; will retry on subsequent port and subnet creation events. [pid: 7|app: 0|req: 562/1229] 10.0.0.15 () {32 vars in 739 bytes} [Tue Apr 28 05:33:12 2026] DELETE /v2.0/security-groups/7640911d-7d6e-4e8b-a503-d8013a39829e => generated 0 bytes in 406 msecs (HTTP/1.1 204) 2 headers in 112 bytes (1 switches on core 0) [pid: 7|app: 0|req: 563/1230] 199.204.45.72 () {34 vars in 1111 bytes} [Tue Apr 28 05:33:13 2026] GET /v2.0/networks/79c46423-208d-4579-a6fa-40e1b9ea38fb?fields=provider%3Aphysical_network&fields=provider%3Anetwork_type => generated 79 bytes in 80 msecs (HTTP/1.1 200) 4 headers in 156 bytes (1 switches on core 0) [pid: 7|app: 0|req: 564/1231] 10.0.0.15 () {32 vars in 648 bytes} [Tue Apr 28 05:33:13 2026] GET /v2.0/networks => generated 1384 bytes in 93 msecs (HTTP/1.1 200) 4 headers in 158 bytes (1 switches on core 0) [pid: 7|app: 0|req: 565/1232] 10.0.0.15 () {32 vars in 646 bytes} [Tue Apr 28 05:33:13 2026] GET /v2.0/subnets => generated 1280 bytes in 47 msecs (HTTP/1.1 200) 4 headers in 158 bytes (1 switches on core 0)
2026-04-28 05:33:13.341 8 INFO neutron.db.ovn_revision_numbers_db [None req-e1cb0733-36eb-478a-8ee9-f0c4bd1a6a0e - - - - - -] Successfully bumped revision number for resource 7ba4b647-1372-44f8-a285-253091daa6b5 (type: ports) to 2 [pid: 7|app: 0|req: 566/1233] 10.0.0.15 () {32 vars in 722 bytes} [Tue Apr 28 05:33:13 2026] GET /v2.0/networks/4ba14beb-7df3-4f76-9416-13e6211aa8b1 => generated 706 bytes in 93 msecs (HTTP/1.1 200) 4 headers in 157 bytes (1 switches on core 0)
2026-04-28 05:33:13.380 8 INFO neutron.db.ovn_revision_numbers_db [None req-e1cb0733-36eb-478a-8ee9-f0c4bd1a6a0e - - - - - -] Successfully bumped revision number for resource 54aab670-7253-474d-b979-0e7effc4c080 (type: subnets) to 0 [pid: 8|app: 0|req: 668/1234] 10.0.0.15 () {34 vars in 668 bytes} [Tue Apr 28 05:33:12 2026] POST /v2.0/subnets => generated 657 bytes in 711 msecs (HTTP/1.1 201) 4 headers in 162 bytes (1 switches on core 0) [pid: 7|app: 0|req: 567/1235] 10.0.0.15 () {32 vars in 720 bytes} [Tue Apr 28 05:33:13 2026] GET /v2.0/subnets/5e122df2-b195-4e3c-994e-9ecd6f54f3ca => generated 641 bytes in 55 msecs (HTTP/1.1 200) 4 headers in 157 bytes (1 switches on core 0)
2026-04-28 05:33:13.454 7 INFO neutron.db.ovn_revision_numbers_db [None req-798298b5-6a07-4955-9183-b8171bcf9c9d - - - - - -] Successfully bumped revision number for resource ed47a6b2-f292-4bbd-b12a-6d2ce84a27d0 (type: ports) to 4
2026-04-28 05:33:13.467 7 INFO neutron.pecan_wsgi.hooks.translation [None req-d231ac5c-dbc7-476f-9d2c-7cc4895f89df 0c742b5fd6174539b9a03d9198484263 237d23ed1bde40beb3079942dae730cc - - default default] DELETE failed (client error): The resource could not be found. [pid: 7|app: 0|req: 568/1236] 10.0.0.15 () {32 vars in 723 bytes} [Tue Apr 28 05:33:13 2026] DELETE /v2.0/subnets/d121e3fd-b02b-4318-9768-2b4ebd317ac9 => generated 136 bytes in 22 msecs (HTTP/1.1 404) 4 headers in 164 bytes (1 switches on core 0)
2026-04-28 05:33:13.498 7 INFO neutron.pecan_wsgi.hooks.translation [None req-b956d8e2-9d06-4412-81fc-cc2182077dd5 0c742b5fd6174539b9a03d9198484263 237d23ed1bde40beb3079942dae730cc - - default default] DELETE failed (client error): The resource could not be found. [pid: 7|app: 0|req: 569/1237] 10.0.0.15 () {32 vars in 725 bytes} [Tue Apr 28 05:33:13 2026] DELETE /v2.0/networks/5a4af0d9-ca29-4028-9d73-cb5a05f364a9 => generated 138 bytes in 27 msecs (HTTP/1.1 404) 4 headers in 164 bytes (1 switches on core 0) [pid: 7|app: 0|req: 570/1238] 10.0.0.15 () {32 vars in 723 bytes} [Tue Apr 28 05:33:13 2026] DELETE /v2.0/subnets/5e122df2-b195-4e3c-994e-9ecd6f54f3ca => generated 0 bytes in 301 msecs (HTTP/1.1 204) 3 headers in 131 bytes (1 switches on core 0)
2026-04-28 05:33:13.884 8 WARNING neutron.scheduler.dhcp_agent_scheduler [None req-384d11dc-5e09-49e8-b620-4e71cd66c81e f89f2789f1264ec7a1dabba21712f6fb b905e540638946a3871b2508201f93d1 - - default default] No more DHCP agents
2026-04-28 05:33:13.885 8 WARNING neutron.api.rpc.agentnotifiers.dhcp_rpc_agent_api [None req-384d11dc-5e09-49e8-b620-4e71cd66c81e f89f2789f1264ec7a1dabba21712f6fb b905e540638946a3871b2508201f93d1 - - default default] Unable to schedule network c2d9c108-ec05-4381-b6ac-79662d663a0d: no agents available; will retry on subsequent port and subnet creation events.
2026-04-28 05:33:13.961 7 INFO neutron.db.ovn_revision_numbers_db [None req-798298b5-6a07-4955-9183-b8171bcf9c9d - - - - - -] Successfully bumped revision number for resource ed47a6b2-f292-4bbd-b12a-6d2ce84a27d0 (type: ports) to 5
2026-04-28 05:33:14.019 8 INFO neutron.plugins.ml2.drivers.ovn.mech_driver.mech_driver [None req-9ae3f1ea-569f-4874-bf0b-31752af45faa - - - - - -] OVN reports status down for port: c4fd9cb7-9b4a-4e91-961e-9170e35454ce
2026-04-28 05:33:14.045 7 INFO neutron_taas.services.taas.taas_plugin [None req-828ab6fd-81d7-4814-a0bf-f22601d0e786 0c742b5fd6174539b9a03d9198484263 237d23ed1bde40beb3079942dae730cc - - default default] TaaS: Handle Delete Port: 0acb0eb2-99ce-46b9-a58f-4c1dff2a6b3e
2026-04-28 05:33:14.050 7 INFO neutron_taas.services.taas.tap_mirror_plugin [None req-828ab6fd-81d7-4814-a0bf-f22601d0e786 0c742b5fd6174539b9a03d9198484263 237d23ed1bde40beb3079942dae730cc - - default default] Tap Mirror: Handle Delete Port: 0acb0eb2-99ce-46b9-a58f-4c1dff2a6b3e
2026-04-28 05:33:14.081 8 INFO neutron.db.ovn_revision_numbers_db [None req-384d11dc-5e09-49e8-b620-4e71cd66c81e f89f2789f1264ec7a1dabba21712f6fb b905e540638946a3871b2508201f93d1 - - default default] Successfully bumped revision number for resource c4fd9cb7-9b4a-4e91-961e-9170e35454ce (type: ports) to 1
2026-04-28 05:33:14.265 7 INFO neutron.services.segments.plugin [-] Segment e5fbd165-5fde-4801-bece-aff548bb1930 resource provider aggregate not found
2026-04-28 05:33:14.272 7 INFO neutron.services.segments.plugin [-] Segment e5fbd165-5fde-4801-bece-aff548bb1930 resource provider aggregate not found
2026-04-28 05:33:14.293 7 INFO neutron.services.segments.plugin [-] Segment e5fbd165-5fde-4801-bece-aff548bb1930 resource provider not found; error: Placement Client Error (4xx): {"errors": [{"status": 404, "title": "Not Found", "detail": "The resource could not be found.\n\n No resource provider with uuid e5fbd165-5fde-4801-bece-aff548bb1930 found for delete ", "request_id": "req-df93e100-0e63-4679-879c-625faff4c876"}]}
2026-04-28 05:33:14.296 7 INFO neutron.services.segments.plugin [-] Segment e5fbd165-5fde-4801-bece-aff548bb1930 resource provider not found; error: Placement Client Error (4xx): {"errors": [{"status": 404, "title": "Not Found", "detail": "The resource could not be found.\n\n No resource provider with uuid e5fbd165-5fde-4801-bece-aff548bb1930 found for delete ", "request_id": "req-3697f101-ed4a-4d07-a5c4-ea1ec083034e"}]} [pid: 7|app: 0|req: 571/1239] 10.0.0.15 () {32 vars in 725 bytes} [Tue Apr 28 05:33:13 2026] DELETE /v2.0/networks/4ba14beb-7df3-4f76-9416-13e6211aa8b1 => generated 0 bytes in 500 msecs (HTTP/1.1 204) 3 headers in 131 bytes (1 switches on core 0)
2026-04-28 05:33:14.808 8 INFO neutron.plugins.ml2.drivers.ovn.mech_driver.mech_driver [None req-9ae3f1ea-569f-4874-bf0b-31752af45faa - - - - - -] OVN reports status up for port: c4fd9cb7-9b4a-4e91-961e-9170e35454ce
2026-04-28 05:33:14.845 8 INFO neutron.plugins.ml2.plugin [None req-9ae3f1ea-569f-4874-bf0b-31752af45faa - - - - - -] Attempt 1 to provision port c4fd9cb7-9b4a-4e91-961e-9170e35454ce
2026-04-28 05:33:14.943 8 WARNING neutron.scheduler.dhcp_agent_scheduler [None req-384d11dc-5e09-49e8-b620-4e71cd66c81e f89f2789f1264ec7a1dabba21712f6fb b905e540638946a3871b2508201f93d1 - - default default] No more DHCP agents
2026-04-28 05:33:14.944 8 WARNING neutron.api.rpc.agentnotifiers.dhcp_rpc_agent_api [None req-384d11dc-5e09-49e8-b620-4e71cd66c81e f89f2789f1264ec7a1dabba21712f6fb b905e540638946a3871b2508201f93d1 - - default default] Unable to schedule network c2d9c108-ec05-4381-b6ac-79662d663a0d: no agents available; will retry on subsequent port and subnet creation events. [pid: 7|app: 0|req: 572/1240] 10.0.0.15 () {32 vars in 773 bytes} [Tue Apr 28 05:33:14 2026] GET /v2.0/security-groups?tenant_id=237d23ed1bde40beb3079942dae730cc&name=default => generated 2925 bytes in 145 msecs (HTTP/1.1 200) 4 headers in 158 bytes (1 switches on core 0) [pid: 7|app: 0|req: 573/1241] 10.0.0.15 () {32 vars in 739 bytes} [Tue Apr 28 05:33:14 2026] DELETE /v2.0/security-groups/0fd7b282-a00c-4e1a-9bec-a21dced35de9 => generated 0 bytes in 221 msecs (HTTP/1.1 204) 2 headers in 112 bytes (1 switches on core 0)
2026-04-28 05:33:15.564 8 INFO neutron.db.ovn_revision_numbers_db [None req-9ae3f1ea-569f-4874-bf0b-31752af45faa - - - - - -] Successfully bumped revision number for resource c4fd9cb7-9b4a-4e91-961e-9170e35454ce (type: ports) to 2
2026-04-28 05:33:15.745 8 INFO neutron.db.ovn_revision_numbers_db [None req-384d11dc-5e09-49e8-b620-4e71cd66c81e f89f2789f1264ec7a1dabba21712f6fb b905e540638946a3871b2508201f93d1 - - default default] Successfully bumped revision number for resource c4fd9cb7-9b4a-4e91-961e-9170e35454ce (type: router_ports) to 1 [pid: 8|app: 0|req: 669/1242] 10.0.0.15 () {34 vars in 782 bytes} [Tue Apr 28 05:33:13 2026] PUT /v2.0/routers/72e0bac2-cfb1-441e-b7c3-aaf94160ff41/add_router_interface => generated 309 bytes in 2348 msecs (HTTP/1.1 200) 4 headers in 157 bytes (1 switches on core 0) [pid: 7|app: 0|req: 574/1243] 10.0.0.15 () {32 vars in 648 bytes} [Tue Apr 28 05:33:15 2026] GET /v2.0/networks => generated 3870 bytes in 55 msecs (HTTP/1.1 200) 4 headers in 158 bytes (1 switches on core 0) [pid: 8|app: 0|req: 670/1244] 10.0.0.15 () {32 vars in 646 bytes} [Tue Apr 28 05:33:15 2026] GET /v2.0/subnets => generated 2654 bytes in 42 msecs (HTTP/1.1 200) 4 headers in 158 bytes (1 switches on core 0) [pid: 7|app: 0|req: 575/1245] 10.0.0.15 () {32 vars in 646 bytes} [Tue Apr 28 05:33:15 2026] GET /v2.0/routers => generated 1940 bytes in 55 msecs (HTTP/1.1 200) 4 headers in 158 bytes (1 switches on core 0)
2026-04-28 05:33:16.098 8 INFO neutron.db.ovn_revision_numbers_db [None req-3981d6c3-f98b-4b9e-ad90-6ecfb950fc8c f89f2789f1264ec7a1dabba21712f6fb b905e540638946a3871b2508201f93d1 - - default default] Successfully bumped revision number for resource 7afbfe78-46ad-4185-9ac4-551fef77d9a3 (type: security_groups) to 1
2026-04-28 05:33:16.113 8 INFO neutron.db.ovn_revision_numbers_db [None req-3981d6c3-f98b-4b9e-ad90-6ecfb950fc8c f89f2789f1264ec7a1dabba21712f6fb b905e540638946a3871b2508201f93d1 - - default default] Successfully bumped revision number for resource 45d025a8-7b10-49f6-923d-44247e825790 (type: security_group_rules) to 0
2026-04-28 05:33:16.124 8 INFO neutron.db.ovn_revision_numbers_db [None req-3981d6c3-f98b-4b9e-ad90-6ecfb950fc8c f89f2789f1264ec7a1dabba21712f6fb b905e540638946a3871b2508201f93d1 - - default default] Successfully bumped revision number for resource e3d725f6-83bf-48fc-ad0a-93c4164947c8 (type: security_group_rules) to 0 [pid: 8|app: 0|req: 671/1246] 10.0.0.15 () {34 vars in 684 bytes} [Tue Apr 28 05:33:15 2026] POST /v2.0/security-groups => generated 1675 bytes in 176 msecs (HTTP/1.1 201) 4 headers in 163 bytes (1 switches on core 0)
2026-04-28 05:33:16.286 8 INFO neutron.db.ovn_revision_numbers_db [None req-aed25d42-d46f-4324-a8e9-1f61662425b7 f89f2789f1264ec7a1dabba21712f6fb b905e540638946a3871b2508201f93d1 - - default default] Successfully bumped revision number for resource cfeabbe3-48f5-45f2-82ff-ae57fab3b636 (type: security_group_rules) to 0 [pid: 8|app: 0|req: 672/1247] 10.0.0.15 () {34 vars in 694 bytes} [Tue Apr 28 05:33:16 2026] POST /v2.0/security-group-rules => generated 597 bytes in 154 msecs (HTTP/1.1 201) 4 headers in 162 bytes (1 switches on core 0)
2026-04-28 05:33:16.339 7 INFO neutron.db.ovn_revision_numbers_db [None req-f41d901b-bf35-4723-9a12-cb20d7192dd4 b2b92ffdf8d4405e94526e8885486c45 efa133d96d5b462a9a7065ab83bb24fd - - default default] Successfully bumped revision number for resource ad2efc1c-ad6d-43d2-9758-3e4c7695ae4e (type: security_groups) to 1
2026-04-28 05:33:16.350 7 INFO neutron.db.ovn_revision_numbers_db [None req-f41d901b-bf35-4723-9a12-cb20d7192dd4 b2b92ffdf8d4405e94526e8885486c45 efa133d96d5b462a9a7065ab83bb24fd - - default default] Successfully bumped revision number for resource 96e6ad47-55d0-42f4-b108-6c4bd03773e6 (type: security_group_rules) to 0
2026-04-28 05:33:16.360 7 INFO neutron.db.ovn_revision_numbers_db [None req-f41d901b-bf35-4723-9a12-cb20d7192dd4 b2b92ffdf8d4405e94526e8885486c45 efa133d96d5b462a9a7065ab83bb24fd - - default default] Successfully bumped revision number for resource 993f7854-3931-477e-96bd-8fac261a85a6 (type: security_group_rules) to 0
2026-04-28 05:33:16.369 7 INFO neutron.db.ovn_revision_numbers_db [None req-f41d901b-bf35-4723-9a12-cb20d7192dd4 b2b92ffdf8d4405e94526e8885486c45 efa133d96d5b462a9a7065ab83bb24fd - - default default] Successfully bumped revision number for resource c5e23f1d-b46c-4000-b2db-0d09403a9d97 (type: security_group_rules) to 0
2026-04-28 05:33:16.378 7 INFO neutron.db.ovn_revision_numbers_db [None req-f41d901b-bf35-4723-9a12-cb20d7192dd4 b2b92ffdf8d4405e94526e8885486c45 efa133d96d5b462a9a7065ab83bb24fd - - default default] Successfully bumped revision number for resource df627b5a-a61e-49b9-b55d-d61db64f5169 (type: security_group_rules) to 0 [pid: 7|app: 0|req: 576/1248] 10.0.0.15 () {32 vars in 773 bytes} [Tue Apr 28 05:33:16 2026] GET /v2.0/security-groups?tenant_id=160a540db83a401090e6f6cc9093db5d&name=default => generated 2925 bytes in 412 msecs (HTTP/1.1 200) 4 headers in 158 bytes (1 switches on core 0)
2026-04-28 05:33:16.423 8 INFO neutron.db.ovn_revision_numbers_db [None req-1bf6c1cc-46b6-40fc-a727-826e6b52109a f89f2789f1264ec7a1dabba21712f6fb b905e540638946a3871b2508201f93d1 - - default default] Successfully bumped revision number for resource e53d66e2-2030-4b8e-a52a-5258b64f838f (type: security_group_rules) to 0 [pid: 8|app: 0|req: 673/1249] 10.0.0.15 () {34 vars in 694 bytes} [Tue Apr 28 05:33:16 2026] POST /v2.0/security-group-rules => generated 596 bytes in 141 msecs (HTTP/1.1 201) 4 headers in 162 bytes (1 switches on core 0)
2026-04-28 05:33:16.635 8 INFO neutron.db.ovn_revision_numbers_db [None req-45ed6f18-fe8a-4324-8009-3297ded7f193 f89f2789f1264ec7a1dabba21712f6fb b905e540638946a3871b2508201f93d1 - - default default] Successfully bumped revision number for resource 3f402bd2-f649-40ee-93c4-a4ebd72bfbc3 (type: security_group_rules) to 0 [pid: 7|app: 0|req: 577/1250] 10.0.0.15 () {32 vars in 739 bytes} [Tue Apr 28 05:33:16 2026] DELETE /v2.0/security-groups/ad2efc1c-ad6d-43d2-9758-3e4c7695ae4e => generated 0 bytes in 236 msecs (HTTP/1.1 204) 2 headers in 112 bytes (1 switches on core 0) [pid: 8|app: 0|req: 674/1253] 10.0.0.15 () {34 vars in 694 bytes} [Tue Apr 28 05:33:16 2026] POST /v2.0/security-group-rules => generated 602 bytes in 204 msecs (HTTP/1.1 201) 4 headers in 162 bytes (1 switches on core 0)
2026-04-28 05:33:16.841 7 INFO neutron.db.ovn_revision_numbers_db [None req-3a17aaf8-9975-49df-a004-f26f011db374 f89f2789f1264ec7a1dabba21712f6fb b905e540638946a3871b2508201f93d1 - - default default] Successfully bumped revision number for resource 0945ea92-3c63-4f8a-b715-823753b4f2a6 (type: security_group_rules) to 0 [pid: 7|app: 0|req: 580/1254] 10.0.0.15 () {34 vars in 694 bytes} [Tue Apr 28 05:33:16 2026] POST /v2.0/security-group-rules => generated 601 bytes in 191 msecs (HTTP/1.1 201) 4 headers in 162 bytes (1 switches on core 0)
2026-04-28 05:33:16.911 8 INFO neutron.db.securitygroups_db [None req-9c1f5e0e-c46d-46e9-b7b1-f157ca35461d f89f2789f1264ec7a1dabba21712f6fb b905e540638946a3871b2508201f93d1 - - default default] Project b905e540638946a3871b2508201f93d1 added a security group rule with legacy IPv6 ICMP protocol name icmp, ipv6-icmp should be used instead. It was automatically converted.
2026-04-28 05:33:17.037 8 INFO neutron.db.ovn_revision_numbers_db [None req-9c1f5e0e-c46d-46e9-b7b1-f157ca35461d f89f2789f1264ec7a1dabba21712f6fb b905e540638946a3871b2508201f93d1 - - default default] Successfully bumped revision number for resource e47e53cb-02a0-442f-bd69-af474009e9a0 (type: security_group_rules) to 0 [pid: 8|app: 0|req: 675/1255] 10.0.0.15 () {34 vars in 694 bytes} [Tue Apr 28 05:33:16 2026] POST /v2.0/security-group-rules => generated 607 bytes in 204 msecs (HTTP/1.1 201) 4 headers in 162 bytes (1 switches on core 0)
2026-04-28 05:33:17.133 8 INFO neutron.db.securitygroups_db [None req-8e83c641-0cac-475a-916e-956092fc74ee f89f2789f1264ec7a1dabba21712f6fb b905e540638946a3871b2508201f93d1 - - default default] Project b905e540638946a3871b2508201f93d1 added a security group rule with legacy IPv6 ICMP protocol name icmp, ipv6-icmp should be used instead. It was automatically converted.
2026-04-28 05:33:17.214 7 INFO neutron.db.ovn_revision_numbers_db [None req-69f844a0-d824-4b23-b6a6-c2805a0ef4a4 69b060e8965a40c79c53368a6164bb0f 7384f762be504755aa5d3bc389a7c412 - - default default] Successfully bumped revision number for resource f33d92d2-857d-4c7d-8d2a-e5c1a75e51c8 (type: security_groups) to 1
2026-04-28 05:33:17.226 7 INFO neutron.db.ovn_revision_numbers_db [None req-69f844a0-d824-4b23-b6a6-c2805a0ef4a4 69b060e8965a40c79c53368a6164bb0f 7384f762be504755aa5d3bc389a7c412 - - default default] Successfully bumped revision number for resource ae78c424-d326-4d39-acfe-546d827bf1f4 (type: security_group_rules) to 0
2026-04-28 05:33:17.244 7 INFO neutron.db.ovn_revision_numbers_db [None req-69f844a0-d824-4b23-b6a6-c2805a0ef4a4 69b060e8965a40c79c53368a6164bb0f 7384f762be504755aa5d3bc389a7c412 - - default default] Successfully bumped revision number for resource b99c15fe-2072-4956-a437-ba198a7678b3 (type: security_group_rules) to 0
2026-04-28 05:33:17.254 8 INFO neutron.db.ovn_revision_numbers_db [None req-8e83c641-0cac-475a-916e-956092fc74ee f89f2789f1264ec7a1dabba21712f6fb b905e540638946a3871b2508201f93d1 - - default default] Successfully bumped revision number for resource ac45c161-2014-4852-b9a1-6488fbdfde8f (type: security_group_rules) to 0
2026-04-28 05:33:17.256 7 INFO neutron.db.ovn_revision_numbers_db [None req-69f844a0-d824-4b23-b6a6-c2805a0ef4a4 69b060e8965a40c79c53368a6164bb0f 7384f762be504755aa5d3bc389a7c412 - - default default] Successfully bumped revision number for resource efe1ec70-ed4d-4089-b7bc-4c751fb73c1f (type: security_group_rules) to 0
2026-04-28 05:33:17.269 7 INFO neutron.db.ovn_revision_numbers_db [None req-69f844a0-d824-4b23-b6a6-c2805a0ef4a4 69b060e8965a40c79c53368a6164bb0f 7384f762be504755aa5d3bc389a7c412 - - default default] Successfully bumped revision number for resource fee777d7-35fb-4d86-8b55-07f20bf81aa3 (type: security_group_rules) to 0 [pid: 8|app: 0|req: 676/1256] 10.0.0.15 () {34 vars in 694 bytes} [Tue Apr 28 05:33:17 2026] POST /v2.0/security-group-rules => generated 606 bytes in 194 msecs (HTTP/1.1 201) 4 headers in 162 bytes (1 switches on core 0)
2026-04-28 05:33:17.343 7 INFO neutron.db.segments_db [None req-69f844a0-d824-4b23-b6a6-c2805a0ef4a4 69b060e8965a40c79c53368a6164bb0f 7384f762be504755aa5d3bc389a7c412 - - default default] Added segment edb5c38d-06dd-4afa-8f70-ac1660daf3c8 of type geneve for network ee8a84fc-b501-4645-9eff-f5505e982322
2026-04-28 05:33:17.435 7 INFO neutron.db.ovn_revision_numbers_db [None req-69f844a0-d824-4b23-b6a6-c2805a0ef4a4 69b060e8965a40c79c53368a6164bb0f 7384f762be504755aa5d3bc389a7c412 - - default default] Successfully bumped revision number for resource ee8a84fc-b501-4645-9eff-f5505e982322 (type: networks) to 1
2026-04-28 05:33:17.576 7 WARNING neutron.scheduler.dhcp_agent_scheduler [None req-69f844a0-d824-4b23-b6a6-c2805a0ef4a4 69b060e8965a40c79c53368a6164bb0f 7384f762be504755aa5d3bc389a7c412 - - default default] No more DHCP agents
2026-04-28 05:33:17.577 7 WARNING neutron.api.rpc.agentnotifiers.dhcp_rpc_agent_api [None req-69f844a0-d824-4b23-b6a6-c2805a0ef4a4 69b060e8965a40c79c53368a6164bb0f 7384f762be504755aa5d3bc389a7c412 - - default default] Unable to schedule network ee8a84fc-b501-4645-9eff-f5505e982322: no agents available; will retry on subsequent port and subnet creation events.
2026-04-28 05:33:17.650 7 INFO neutron.db.ovn_revision_numbers_db [None req-69f844a0-d824-4b23-b6a6-c2805a0ef4a4 69b060e8965a40c79c53368a6164bb0f 7384f762be504755aa5d3bc389a7c412 - - default default] Successfully bumped revision number for resource 383d1980-eba4-4901-b5db-d8fd09ca4e26 (type: ports) to 1 [pid: 7|app: 0|req: 581/1257] 10.0.0.15 () {34 vars in 669 bytes} [Tue Apr 28 05:33:16 2026] POST /v2.0/networks => generated 668 bytes in 769 msecs (HTTP/1.1 201) 4 headers in 162 bytes (1 switches on core 0) [pid: 8|app: 0|req: 677/1258] 10.0.0.15 () {32 vars in 648 bytes} [Tue Apr 28 05:33:17 2026] GET /v2.0/networks => generated 1373 bytes in 147 msecs (HTTP/1.1 200) 4 headers in 158 bytes (1 switches on core 0)
2026-04-28 05:33:17.880 7 WARNING neutron.scheduler.dhcp_agent_scheduler [None req-07c8f54b-099c-4d19-afbc-2859fd760805 69b060e8965a40c79c53368a6164bb0f 7384f762be504755aa5d3bc389a7c412 - - default default] No more DHCP agents
2026-04-28 05:33:17.881 7 WARNING neutron.api.rpc.agentnotifiers.dhcp_rpc_agent_api [None req-07c8f54b-099c-4d19-afbc-2859fd760805 69b060e8965a40c79c53368a6164bb0f 7384f762be504755aa5d3bc389a7c412 - - default default] Unable to schedule network ee8a84fc-b501-4645-9eff-f5505e982322: no agents available; will retry on subsequent port and subnet creation events.
2026-04-28 05:33:17.933 7 INFO neutron.plugins.ml2.drivers.ovn.mech_driver.mech_driver [None req-508e3715-2772-45b7-81bd-1b28d91af63f - - - - - -] OVN reports status down for port: 7893afdb-13e0-42a9-a861-462874af224c [pid: 8|app: 0|req: 678/1259] 10.0.0.53 () {34 vars in 1099 bytes} [Tue Apr 28 05:33:17 2026] GET /v2.0/security-groups?name=tempest-secgroup-smoke-2141154468&fields=id&tenant_id=b905e540638946a3871b2508201f93d1 => generated 69 bytes in 47 msecs (HTTP/1.1 200) 4 headers in 156 bytes (1 switches on core 0)
2026-04-28 05:33:17.991 7 INFO neutron.db.ovn_revision_numbers_db [None req-07c8f54b-099c-4d19-afbc-2859fd760805 69b060e8965a40c79c53368a6164bb0f 7384f762be504755aa5d3bc389a7c412 - - default default] Successfully bumped revision number for resource 7893afdb-13e0-42a9-a861-462874af224c (type: ports) to 1 [pid: 8|app: 0|req: 679/1260] 10.0.0.53 () {34 vars in 981 bytes} [Tue Apr 28 05:33:17 2026] GET /v2.0/networks?id=c2d9c108-ec05-4381-b6ac-79662d663a0d => generated 698 bytes in 39 msecs (HTTP/1.1 200) 4 headers in 157 bytes (1 switches on core 0) [pid: 8|app: 0|req: 680/1261] 10.0.0.53 () {34 vars in 964 bytes} [Tue Apr 28 05:33:18 2026] GET /v2.0/quotas/b905e540638946a3871b2508201f93d1 => generated 292 bytes in 11 msecs (HTTP/1.1 200) 4 headers in 157 bytes (1 switches on core 0) [pid: 7|app: 0|req: 582/1262] 10.0.0.15 () {34 vars in 664 bytes} [Tue Apr 28 05:33:17 2026] POST /v2.0/ports => generated 779 bytes in 385 msecs (HTTP/1.1 201) 4 headers in 162 bytes (1 switches on core 0) /var/lib/openstack/lib/python3.12/site-packages/pycadf/identifier.py:70: UserWarning: Invalid uuid: neutron. To ensure interoperability, identifiers should be a valid uuid. warnings.warn(('Invalid uuid: %s. To ensure interoperability, ' [pid: 8|app: 0|req: 681/1263] 10.0.0.53 () {34 vars in 1001 bytes} [Tue Apr 28 05:33:18 2026] GET /v2.0/ports?tenant_id=b905e540638946a3871b2508201f93d1&fields=id => generated 103 bytes in 110 msecs (HTTP/1.1 200) 4 headers in 157 bytes (1 switches on core 0)
2026-04-28 05:33:18.149 7 INFO neutron.db.segments_db [None req-3460f6f5-61ae-4f25-a88d-97423c17fd4c 69b060e8965a40c79c53368a6164bb0f 7384f762be504755aa5d3bc389a7c412 - - default default] Added segment c4c5b710-b0a5-48b7-b73d-a4b7b3f46a67 of type geneve for network f6fbeb0f-4dcc-4c94-a026-3a435119cab7 [pid: 8|app: 0|req: 682/1264] 10.0.0.53 () {34 vars in 1007 bytes} [Tue Apr 28 05:33:18 2026] GET /v2.0/networks/c2d9c108-ec05-4381-b6ac-79662d663a0d?fields=segments => generated 14 bytes in 44 msecs (HTTP/1.1 200) 4 headers in 156 bytes (1 switches on core 0) [pid: 8|app: 0|req: 683/1265] 10.0.0.53 () {34 vars in 1107 bytes} [Tue Apr 28 05:33:18 2026] GET /v2.0/networks/c2d9c108-ec05-4381-b6ac-79662d663a0d?fields=provider%3Aphysical_network&fields=provider%3Anetwork_type => generated 79 bytes in 69 msecs (HTTP/1.1 200) 4 headers in 156 bytes (1 switches on core 0)
2026-04-28 05:33:18.284 7 INFO neutron.db.ovn_revision_numbers_db [None req-3460f6f5-61ae-4f25-a88d-97423c17fd4c 69b060e8965a40c79c53368a6164bb0f 7384f762be504755aa5d3bc389a7c412 - - default default] Successfully bumped revision number for resource f6fbeb0f-4dcc-4c94-a026-3a435119cab7 (type: networks) to 1
2026-04-28 05:33:18.457 7 WARNING neutron.scheduler.dhcp_agent_scheduler [None req-3460f6f5-61ae-4f25-a88d-97423c17fd4c 69b060e8965a40c79c53368a6164bb0f 7384f762be504755aa5d3bc389a7c412 - - default default] No more DHCP agents
2026-04-28 05:33:18.459 7 WARNING neutron.api.rpc.agentnotifiers.dhcp_rpc_agent_api [None req-3460f6f5-61ae-4f25-a88d-97423c17fd4c 69b060e8965a40c79c53368a6164bb0f 7384f762be504755aa5d3bc389a7c412 - - default default] Unable to schedule network f6fbeb0f-4dcc-4c94-a026-3a435119cab7: no agents available; will retry on subsequent port and subnet creation events.
2026-04-28 05:33:18.518 7 INFO neutron.plugins.ml2.drivers.ovn.mech_driver.mech_driver [None req-508e3715-2772-45b7-81bd-1b28d91af63f - - - - - -] OVN reports status down for port: 1f86ca7c-58ac-43ce-a6c7-927d91d4a425
2026-04-28 05:33:18.574 8 INFO neutron.db.ovn_revision_numbers_db [None req-d70c738e-010a-4d41-8676-2f489e465711 b2b92ffdf8d4405e94526e8885486c45 efa133d96d5b462a9a7065ab83bb24fd - - default default] Successfully bumped revision number for resource 3a9f2fb0-95ac-43c0-81dd-8e77cd790711 (type: security_groups) to 1
2026-04-28 05:33:18.585 8 INFO neutron.db.ovn_revision_numbers_db [None req-d70c738e-010a-4d41-8676-2f489e465711 b2b92ffdf8d4405e94526e8885486c45 efa133d96d5b462a9a7065ab83bb24fd - - default default] Successfully bumped revision number for resource 0d2ef7e7-0d72-4ba9-b7b8-b86f2fea6837 (type: security_group_rules) to 0
2026-04-28 05:33:18.587 7 INFO neutron.db.ovn_revision_numbers_db [None req-3460f6f5-61ae-4f25-a88d-97423c17fd4c 69b060e8965a40c79c53368a6164bb0f 7384f762be504755aa5d3bc389a7c412 - - default default] Successfully bumped revision number for resource 1f86ca7c-58ac-43ce-a6c7-927d91d4a425 (type: ports) to 1
2026-04-28 05:33:18.596 8 INFO neutron.db.ovn_revision_numbers_db [None req-d70c738e-010a-4d41-8676-2f489e465711 b2b92ffdf8d4405e94526e8885486c45 efa133d96d5b462a9a7065ab83bb24fd - - default default] Successfully bumped revision number for resource 750643aa-b412-45f1-9b8f-57d336d6f7ed (type: security_group_rules) to 0
2026-04-28 05:33:18.608 8 INFO neutron.db.ovn_revision_numbers_db [None req-d70c738e-010a-4d41-8676-2f489e465711 b2b92ffdf8d4405e94526e8885486c45 efa133d96d5b462a9a7065ab83bb24fd - - default default] Successfully bumped revision number for resource 88cd81e8-4948-4f34-9582-700a3214220a (type: security_group_rules) to 0
2026-04-28 05:33:18.620 8 INFO neutron.db.ovn_revision_numbers_db [None req-d70c738e-010a-4d41-8676-2f489e465711 b2b92ffdf8d4405e94526e8885486c45 efa133d96d5b462a9a7065ab83bb24fd - - default default] Successfully bumped revision number for resource dea78dec-e66c-4392-a66c-164f405c3266 (type: security_group_rules) to 0 [pid: 7|app: 0|req: 583/1266] 10.0.0.15 () {34 vars in 669 bytes} [Tue Apr 28 05:33:18 2026] POST /v2.0/networks => generated 654 bytes in 570 msecs (HTTP/1.1 201) 4 headers in 162 bytes (1 switches on core 0) [pid: 7|app: 0|req: 584/1267] 10.0.0.53 () {34 vars in 989 bytes} [Tue Apr 28 05:33:18 2026] GET /v2.0/ports?device_id=74334e4d-293b-47b0-aaae-46253ae7773f => generated 12 bytes in 24 msecs (HTTP/1.1 200) 4 headers in 156 bytes (1 switches on core 0) [pid: 7|app: 0|req: 585/1268] 10.0.0.238 () {34 vars in 990 bytes} [Tue Apr 28 05:33:18 2026] GET /v2.0/ports?device_id=145203b3-b6d6-4835-9a3e-9ec5e11b9779 => generated 1213 bytes in 36 msecs (HTTP/1.1 200) 4 headers in 158 bytes (1 switches on core 0)
