Apr 02 04:09:38.637178 np0000162636 devstack@neutron-api.service[102155]: DEBUG neutron_lib.callbacks.manager [None req-17de3571-2aca-442a-998d-ad24a3a1fd27 admin admin] Publish callbacks ['neutron.plugins.ml2.drivers.ovn.mech_driver.mech_driver.OVNMechanismDriver._create_security_group-298019', 'neutron.plugins.ml2.ovo_rpc._ObjectChangeHandler.handle_event-6652382'] for security_group (c10529a6-9325-4190-b40d-79ced03e71e8), after_create {{(pid=102155) _notify_loop /opt/stack/data/venv/lib/python3.12/site-packages/neutron_lib/callbacks/manager.py:184}}
Apr 02 04:09:38.637642 np0000162636 devstack@neutron-api.service[102155]: DEBUG ovsdbapp.backend.ovs_idl.transaction [None req-27023022-afc3-4328-af9d-4c982fc3e79c None None] Running txn n=1 command(idx=0): PgAddCommand(_result=None, name=pg_c10529a6_9325_4190_b40d_79ced03e71e8, may_exist=False, columns={'acls': [], 'external_ids': {'neutron:security_group_id': 'c10529a6-9325-4190-b40d-79ced03e71e8'}}) {{(pid=102155) do_commit /opt/stack/data/venv/lib/python3.12/site-packages/ovsdbapp/backend/ovs_idl/transaction.py:89}}
Apr 02 04:09:38.637907 np0000162636 devstack@neutron-api.service[102155]: DEBUG ovsdbapp.backend.ovs_idl.transaction [None req-27023022-afc3-4328-af9d-4c982fc3e79c None None] Running txn n=1 command(idx=1): PgAclAddCommand(_result=None, entity=pg_c10529a6_9325_4190_b40d_79ced03e71e8, direction=to-lport, priority=1002, match=outport == @pg_c10529a6_9325_4190_b40d_79ced03e71e8 && ip4 && ip4.src == $pg_c10529a6_9325_4190_b40d_79ced03e71e8_ip4, action=allow-related, log=False, may_exist=True, severity=[], name=[], meter=[], external_ids={'neutron:security_group_rule_id': '444374ed-4bdf-40d5-8869-453d3334fa2b'}) {{(pid=102155) do_commit /opt/stack/data/venv/lib/python3.12/site-packages/ovsdbapp/backend/ovs_idl/transaction.py:89}}
Apr 02 04:09:38.638177 np0000162636 devstack@neutron-api.service[102155]: DEBUG ovsdbapp.backend.ovs_idl.transaction [None req-27023022-afc3-4328-af9d-4c982fc3e79c None None] Running txn n=1 command(idx=2): PgAclAddCommand(_result=None, entity=pg_c10529a6_9325_4190_b40d_79ced03e71e8, direction=from-lport, priority=1002, match=inport == @pg_c10529a6_9325_4190_b40d_79ced03e71e8 && ip4, action=allow-related, log=False, may_exist=True, severity=[], name=[], meter=[], external_ids={'neutron:security_group_rule_id': '5a83a798-4d9d-4e61-a357-aec75272226f'}) {{(pid=102155) do_commit /opt/stack/data/venv/lib/python3.12/site-packages/ovsdbapp/backend/ovs_idl/transaction.py:89}}
Apr 02 04:09:38.638399 np0000162636 devstack@neutron-api.service[102155]: DEBUG ovsdbapp.backend.ovs_idl.transaction [None req-27023022-afc3-4328-af9d-4c982fc3e79c None None] Running txn n=1 command(idx=3): PgAclAddCommand(_result=None, entity=pg_c10529a6_9325_4190_b40d_79ced03e71e8, direction=to-lport, priority=1002, match=outport == @pg_c10529a6_9325_4190_b40d_79ced03e71e8 && ip6 && ip6.src == $pg_c10529a6_9325_4190_b40d_79ced03e71e8_ip6, action=allow-related, log=False, may_exist=True, severity=[], name=[], meter=[], external_ids={'neutron:security_group_rule_id': 'e093bce7-72c1-48ee-acd2-4a86bab416f9'}) {{(pid=102155) do_commit /opt/stack/data/venv/lib/python3.12/site-packages/ovsdbapp/backend/ovs_idl/transaction.py:89}}
Apr 02 04:09:38.638668 np0000162636 devstack@neutron-api.service[102155]: DEBUG ovsdbapp.backend.ovs_idl.transaction [None req-27023022-afc3-4328-af9d-4c982fc3e79c None None] Running txn n=1 command(idx=4): PgAclAddCommand(_result=None, entity=pg_c10529a6_9325_4190_b40d_79ced03e71e8, direction=from-lport, priority=1002, match=inport == @pg_c10529a6_9325_4190_b40d_79ced03e71e8 && ip6, action=allow-related, log=False, may_exist=True, severity=[], name=[], meter=[], external_ids={'neutron:security_group_rule_id': 'f9b0bef8-fe85-4b2e-a10d-abebcdb034dc'}) {{(pid=102155) do_commit /opt/stack/data/venv/lib/python3.12/site-packages/ovsdbapp/backend/ovs_idl/transaction.py:89}}
Apr 02 04:09:38.693260 np0000162636 devstack@neutron-api.service[102155]: DEBUG neutron.common.ovn.hash_ring_manager [None req-27023022-afc3-4328-af9d-4c982fc3e79c None None] Hash Ring loaded. 4 active nodes. 0 offline nodes {{(pid=102155) _load_hash_ring /opt/stack/neutron/neutron/common/ovn/hash_ring_manager.py:102}}
Apr 02 04:09:38.693602 np0000162636 devstack@neutron-api.service[102155]: DEBUG neutron.plugins.ml2.drivers.ovn.mech_driver.ovsdb.ovsdb_monitor [None req-27023022-afc3-4328-af9d-4c982fc3e79c None None] Hash Ring: Node adce6829cbd65cd78a8ab303511bcccf (host: np0000162636) handling event "create" for row 6aa920a3-58fd-402d-b148-88ee3e3c2124 (table: ACL) {{(pid=102155) notify /opt/stack/neutron/neutron/plugins/ml2/drivers/ovn/mech_driver/ovsdb/ovsdb_monitor.py:912}}
Apr 02 04:09:38.694464 np0000162636 devstack@neutron-api.service[102157]: DEBUG neutron.common.ovn.hash_ring_manager [None req-50eeccfd-7729-4a35-8d8e-4014c59a4da7 None None] Hash Ring loaded. 4 active nodes. 0 offline nodes {{(pid=102157) _load_hash_ring /opt/stack/neutron/neutron/common/ovn/hash_ring_manager.py:102}}
Apr 02 04:09:38.694759 np0000162636 devstack@neutron-api.service[102157]: DEBUG neutron.plugins.ml2.drivers.ovn.mech_driver.ovsdb.ovsdb_monitor [None req-50eeccfd-7729-4a35-8d8e-4014c59a4da7 None None] Hash Ring: Node bfe95356044f538ba3b2dbcac954a7cc (host: np0000162636) handling event "create" for row c9d7431a-1716-4643-9249-9bbd90c9865d (table: ACL) {{(pid=102157) notify /opt/stack/neutron/neutron/plugins/ml2/drivers/ovn/mech_driver/ovsdb/ovsdb_monitor.py:912}}
Apr 02 04:09:38.694805 np0000162636 devstack@neutron-api.service[102154]: DEBUG neutron.common.ovn.hash_ring_manager [None req-999b9f7c-5809-4a02-a647-ba9f27df5f73 None None] Hash Ring loaded. 4 active nodes. 0 offline nodes {{(pid=102154) _load_hash_ring /opt/stack/neutron/neutron/common/ovn/hash_ring_manager.py:102}}
Apr 02 04:09:38.695647 np0000162636 devstack@neutron-api.service[102154]: DEBUG neutron.plugins.ml2.drivers.ovn.mech_driver.ovsdb.ovsdb_monitor [None req-999b9f7c-5809-4a02-a647-ba9f27df5f73 None None] Hash Ring: Node d3a0efccf8d452a5a1369df131267396 (host: np0000162636) handling event "create" for row d4076bb5-ad62-4da0-8e3b-944f765329ba (table: ACL) {{(pid=102154) notify /opt/stack/neutron/neutron/plugins/ml2/drivers/ovn/mech_driver/ovsdb/ovsdb_monitor.py:912}}
Apr 02 04:09:38.695945 np0000162636 devstack@neutron-api.service[102157]: DEBUG neutron.plugins.ml2.drivers.ovn.mech_driver.ovsdb.ovsdb_monitor [None req-50eeccfd-7729-4a35-8d8e-4014c59a4da7 None None] Hash Ring: Node bfe95356044f538ba3b2dbcac954a7cc (host: np0000162636) handling event "create" for row faefe702-b695-4b32-8cb5-4938f0c12ee6 (table: Port_Group) {{(pid=102157) notify /opt/stack/neutron/neutron/plugins/ml2/drivers/ovn/mech_driver/ovsdb/ovsdb_monitor.py:912}}
Apr 02 04:09:38.696009 np0000162636 devstack@neutron-api.service[102156]: DEBUG neutron.common.ovn.hash_ring_manager [None req-40b5224c-cd3c-4f0e-8104-3c935545cdb3 None None] Hash Ring loaded. 4 active nodes. 0 offline nodes {{(pid=102156) _load_hash_ring /opt/stack/neutron/neutron/common/ovn/hash_ring_manager.py:102}}
Apr 02 04:09:38.696009 np0000162636 devstack@neutron-api.service[102156]: DEBUG neutron.plugins.ml2.drivers.ovn.mech_driver.ovsdb.ovsdb_monitor [None req-40b5224c-cd3c-4f0e-8104-3c935545cdb3 None None] Hash Ring: Node f2d882249cbf5a0cb26ee56e05cc564c (host: np0000162636) handling event "create" for row df335077-d718-4535-b223-425c2a595497 (table: ACL) {{(pid=102156) notify /opt/stack/neutron/neutron/plugins/ml2/drivers/ovn/mech_driver/ovsdb/ovsdb_monitor.py:912}}
Apr 02 04:09:38.711896 np0000162636 devstack@neutron-api.service[102155]: INFO neutron.db.ovn_revision_numbers_db [None req-17de3571-2aca-442a-998d-ad24a3a1fd27 admin admin] Successfully bumped revision number for resource c10529a6-9325-4190-b40d-79ced03e71e8 (type: security_groups) to 1
Apr 02 04:09:38.724168 np0000162636 devstack@neutron-api.service[102155]: INFO neutron.db.ovn_revision_numbers_db [None req-17de3571-2aca-442a-998d-ad24a3a1fd27 admin admin] Successfully bumped revision number for resource 444374ed-4bdf-40d5-8869-453d3334fa2b (type: security_group_rules) to 0
Apr 02 04:09:38.737629 np0000162636 devstack@neutron-api.service[102155]: INFO neutron.db.ovn_revision_numbers_db [None req-17de3571-2aca-442a-998d-ad24a3a1fd27 admin admin] Successfully bumped revision number for resource 5a83a798-4d9d-4e61-a357-aec75272226f (type: security_group_rules) to 0
Apr 02 04:09:38.750050 np0000162636 devstack@neutron-api.service[102155]: INFO neutron.db.ovn_revision_numbers_db [None req-17de3571-2aca-442a-998d-ad24a3a1fd27 admin admin] Successfully bumped revision number for resource e093bce7-72c1-48ee-acd2-4a86bab416f9 (type: security_group_rules) to 0
Apr 02 04:09:38.763300 np0000162636 devstack@neutron-api.service[102155]: INFO neutron.db.ovn_revision_numbers_db [None req-17de3571-2aca-442a-998d-ad24a3a1fd27 admin admin] Successfully bumped revision number for resource f9b0bef8-fe85-4b2e-a10d-abebcdb034dc (type: security_group_rules) to 0
Apr 02 04:09:38.787875 np0000162636 devstack@neutron-api.service[102155]: DEBUG neutron.api.rpc.handlers.resources_rpc [None req-17de3571-2aca-442a-998d-ad24a3a1fd27 admin admin] Pushing event updated for resources: {'SecurityGroup': ['ID=c10529a6-9325-4190-b40d-79ced03e71e8,revision_number=1']} {{(pid=102155) push /opt/stack/neutron/neutron/api/rpc/handlers/resources_rpc.py:237}}
Apr 02 04:09:38.792996 np0000162636 devstack@neutron-api.service[102155]: DEBUG ovsdbapp.backend.ovs_idl.transaction [None req-27023022-afc3-4328-af9d-4c982fc3e79c None None] Running txn n=1 command(idx=0): CheckLivenessCommand(_result=None) {{(pid=102155) do_commit /opt/stack/data/venv/lib/python3.12/site-packages/ovsdbapp/backend/ovs_idl/transaction.py:89}}
Apr 02 04:09:38.797095 np0000162636 devstack@neutron-api.service[102156]: DEBUG neutron.plugins.ml2.drivers.ovn.mech_driver.ovsdb.ovsdb_monitor [None req-40b5224c-cd3c-4f0e-8104-3c935545cdb3 None None] Hash Ring: Node f2d882249cbf5a0cb26ee56e05cc564c (host: np0000162636) handling event "update" for row 3b5bf672-7197-4c22-904a-413eb2de80f7 (table: NB_Global) {{(pid=102156) notify /opt/stack/neutron/neutron/plugins/ml2/drivers/ovn/mech_driver/ovsdb/ovsdb_monitor.py:912}}
Apr 02 04:09:38.798523 np0000162636 devstack@neutron-api.service[102156]: DEBUG neutron.plugins.ml2.drivers.ovn.mech_driver.ovsdb.ovsdb_monitor [None req-40b5224c-cd3c-4f0e-8104-3c935545cdb3 None None] Hash Ring: Node f2d882249cbf5a0cb26ee56e05cc564c (host: np0000162636) handling event "update" for row 3b5bf672-7197-4c22-904a-413eb2de80f7 (table: NB_Global) {{(pid=102156) notify /opt/stack/neutron/neutron/plugins/ml2/drivers/ovn/mech_driver/ovsdb/ovsdb_monitor.py:912}}
Apr 02 04:09:38.799670 np0000162636 devstack@neutron-api.service[102156]: DEBUG neutron.plugins.ml2.drivers.ovn.mech_driver.ovsdb.ovsdb_monitor [None req-40b5224c-cd3c-4f0e-8104-3c935545cdb3 None None] Hash Ring: Node f2d882249cbf5a0cb26ee56e05cc564c (host: np0000162636) handling event "update" for row 3b5bf672-7197-4c22-904a-413eb2de80f7 (table: NB_Global) {{(pid=102156) notify /opt/stack/neutron/neutron/plugins/ml2/drivers/ovn/mech_driver/ovsdb/ovsdb_monitor.py:912}}
Apr 02 04:09:38.801437 np0000162636 devstack@neutron-api.service[102154]: DEBUG neutron.plugins.ml2.drivers.ovn.mech_driver.ovsdb.ovsdb_monitor [None req-ab54b969-01db-4e10-962a-ca3e8d9e28ca None None] ChassisAgentWriteEvent : Matched Chassis_Private, update, None None {{(pid=102154) matches /opt/stack/neutron/neutron/plugins/ml2/drivers/ovn/mech_driver/ovsdb/ovsdb_monitor.py:64}}
Apr 02 04:09:38.801914 np0000162636 devstack@neutron-api.service[102156]: DEBUG neutron.plugins.ml2.drivers.ovn.mech_driver.ovsdb.ovsdb_monitor [None req-40b5224c-cd3c-4f0e-8104-3c935545cdb3 None None] Hash Ring: Node f2d882249cbf5a0cb26ee56e05cc564c (host: np0000162636) handling event "update" for row 3b5bf672-7197-4c22-904a-413eb2de80f7 (table: NB_Global) {{(pid=102156) notify /opt/stack/neutron/neutron/plugins/ml2/drivers/ovn/mech_driver/ovsdb/ovsdb_monitor.py:912}}
Apr 02 04:09:38.802786 np0000162636 devstack@neutron-api.service[102156]: DEBUG neutron.plugins.ml2.drivers.ovn.mech_driver.ovsdb.ovsdb_monitor [None req-df1b5f64-e53f-4c4a-975c-52880fe98c81 None None] ChassisAgentWriteEvent : Matched Chassis_Private, update, None None {{(pid=102156) matches /opt/stack/neutron/neutron/plugins/ml2/drivers/ovn/mech_driver/ovsdb/ovsdb_monitor.py:64}}
Apr 02 04:09:38.804523 np0000162636 devstack@neutron-api.service[102157]: DEBUG neutron.plugins.ml2.drivers.ovn.mech_driver.ovsdb.ovsdb_monitor [None req-86c1d58d-c783-458d-b24c-1d21d296bbe4 None None] ChassisAgentWriteEvent : Matched Chassis_Private, update, None None {{(pid=102157) matches /opt/stack/neutron/neutron/plugins/ml2/drivers/ovn/mech_driver/ovsdb/ovsdb_monitor.py:64}}
Apr 02 04:09:38.809861 np0000162636 devstack@neutron-api.service[102157]: DEBUG neutron.common.ovn.hash_ring_manager [None req-86c1d58d-c783-458d-b24c-1d21d296bbe4 None None] Hash Ring loaded. 4 active nodes. 0 offline nodes {{(pid=102157) _load_hash_ring /opt/stack/neutron/neutron/common/ovn/hash_ring_manager.py:102}}
Apr 02 04:09:38.810217 np0000162636 devstack@neutron-api.service[102156]: DEBUG neutron.common.ovn.hash_ring_manager [None req-df1b5f64-e53f-4c4a-975c-52880fe98c81 None None] Hash Ring loaded. 4 active nodes. 0 offline nodes {{(pid=102156) _load_hash_ring /opt/stack/neutron/neutron/common/ovn/hash_ring_manager.py:102}}
Apr 02 04:09:38.810361 np0000162636 devstack@neutron-api.service[102155]: DEBUG neutron.plugins.ml2.drivers.ovn.mech_driver.ovsdb.ovsdb_monitor [None req-7b6c8f60-508f-4973-b37e-408b23a29b7a None None] ChassisAgentWriteEvent : Matched Chassis_Private, update, None None {{(pid=102155) matches /opt/stack/neutron/neutron/plugins/ml2/drivers/ovn/mech_driver/ovsdb/ovsdb_monitor.py:64}}
Apr 02 04:09:38.810678 np0000162636 devstack@neutron-api.service[102156]: DEBUG neutron.plugins.ml2.drivers.ovn.mech_driver.ovsdb.ovsdb_monitor [None req-df1b5f64-e53f-4c4a-975c-52880fe98c81 None None] Hash Ring: Node f2d882249cbf5a0cb26ee56e05cc564c (host: np0000162636) handling event "update" for row 7faec8cc-d457-4a8a-ba0d-b29885b21097 (table: Chassis_Private) {{(pid=102156) notify /opt/stack/neutron/neutron/plugins/ml2/drivers/ovn/mech_driver/ovsdb/ovsdb_monitor.py:912}}
Apr 02 04:09:38.810897 np0000162636 devstack@neutron-api.service[102154]: DEBUG neutron.common.ovn.hash_ring_manager [None req-ab54b969-01db-4e10-962a-ca3e8d9e28ca None None] Hash Ring loaded. 4 active nodes. 0 offline nodes {{(pid=102154) _load_hash_ring /opt/stack/neutron/neutron/common/ovn/hash_ring_manager.py:102}}
Apr 02 04:09:38.820944 np0000162636 devstack@neutron-api.service[102155]: DEBUG neutron.common.ovn.hash_ring_manager [None req-7b6c8f60-508f-4973-b37e-408b23a29b7a None None] Hash Ring loaded. 4 active nodes. 0 offline nodes {{(pid=102155) _load_hash_ring /opt/stack/neutron/neutron/common/ovn/hash_ring_manager.py:102}}
Apr 02 04:09:38.853285 np0000162636 devstack@neutron-api.service[102155]: DEBUG neutron.plugins.ml2.drivers.helpers [None req-17de3571-2aca-442a-998d-ad24a3a1fd27 admin admin] geneve segment allocate from pool success with {'geneve_vni': 24165} {{(pid=102155) allocate_partially_specified_segment /opt/stack/neutron/neutron/plugins/ml2/drivers/helpers.py:142}}
Apr 02 04:09:38.862517 np0000162636 devstack@neutron-api.service[102155]: DEBUG neutron_lib.callbacks.manager [None req-17de3571-2aca-442a-998d-ad24a3a1fd27 admin admin] Publish callbacks ['neutron.services.segments.db._add_segment_host_mapping_for_segment-8334859178018', 'neutron.plugins.ml2.plugin.Ml2Plugin._handle_segment_change-2738611'] for segment (6d747399-9577-4a35-aaaa-71864a04804f), precommit_create {{(pid=102155) _notify_loop /opt/stack/data/venv/lib/python3.12/site-packages/neutron_lib/callbacks/manager.py:184}}
Apr 02 04:09:38.862667 np0000162636 devstack@neutron-api.service[102155]: INFO neutron.db.segments_db [None req-17de3571-2aca-442a-998d-ad24a3a1fd27 admin admin] Added segment 6d747399-9577-4a35-aaaa-71864a04804f of type geneve for network f2ce1402-b483-470f-9a95-59324d9e093f
Apr 02 04:09:38.876702 np0000162636 devstack@neutron-api.service[102155]: DEBUG neutron_lib.callbacks.manager [None req-17de3571-2aca-442a-998d-ad24a3a1fd27 admin admin] Publish callbacks ['neutron.services.auto_allocate.db._ensure_external_network_default_value_callback-8334857452374'] for network (f2ce1402-b483-470f-9a95-59324d9e093f), precommit_create {{(pid=102155) _notify_loop /opt/stack/data/venv/lib/python3.12/site-packages/neutron_lib/callbacks/manager.py:184}}
Apr 02 04:09:38.889225 np0000162636 devstack@neutron-api.service[102155]: DEBUG neutron.plugins.ml2.drivers.ovn.mech_driver.mech_driver [None req-17de3571-2aca-442a-998d-ad24a3a1fd27 admin admin] Validating network segment with type geneve, segmentation ID 24165, physical network None {{(pid=102155) _validate_network_segments /opt/stack/neutron/neutron/plugins/ml2/drivers/ovn/mech_driver/mech_driver.py:631}}
Apr 02 04:09:38.889334 np0000162636 devstack@neutron-api.service[102155]: DEBUG neutron.db.ovn_revision_numbers_db [None req-17de3571-2aca-442a-998d-ad24a3a1fd27 admin admin] create_initial_revision uuid=f2ce1402-b483-470f-9a95-59324d9e093f, type=networks, rev=-1 {{(pid=102155) create_initial_revision /opt/stack/neutron/neutron/db/ovn_revision_numbers_db.py:98}}
Apr 02 04:09:38.896980 np0000162636 devstack@neutron-api.service[102155]: DEBUG neutron_lib.callbacks.manager [None req-17de3571-2aca-442a-998d-ad24a3a1fd27 admin admin] Publish callbacks ['neutron.plugins.ml2.ovo_rpc._ObjectChangeHandler.handle_event-6651943'] for network (f2ce1402-b483-470f-9a95-59324d9e093f), after_create {{(pid=102155) _notify_loop /opt/stack/data/venv/lib/python3.12/site-packages/neutron_lib/callbacks/manager.py:184}}
Apr 02 04:09:38.913742 np0000162636 devstack@neutron-api.service[102155]: DEBUG neutron.api.rpc.handlers.resources_rpc [None req-17de3571-2aca-442a-998d-ad24a3a1fd27 admin admin] Pushing event updated for resources: {'Network': ['ID=f2ce1402-b483-470f-9a95-59324d9e093f,revision_number=1']} {{(pid=102155) push /opt/stack/neutron/neutron/api/rpc/handlers/resources_rpc.py:237}}
Apr 02 04:09:38.923639 np0000162636 devstack@neutron-api.service[102155]: DEBUG ovsdbapp.backend.ovs_idl.transaction [None req-27023022-afc3-4328-af9d-4c982fc3e79c None None] Running txn n=1 command(idx=0): AddNetworkCommand(_result=None, network_uuid=f2ce1402-b483-470f-9a95-59324d9e093f, may_exist=True, columns={'external_ids': {'neutron:network_name': 'admin_net', 'neutron:mtu': '1372', 'neutron:revision_number': '1', 'neutron:availability_zone_hints': '', 'neutron:provnet-network-type': 'geneve'}, 'other_config': {'mcast_snoop': 'false', 'mcast_flood_unregistered': 'false', 'vlan-passthru': 'false'}}) {{(pid=102155) do_commit /opt/stack/data/venv/lib/python3.12/site-packages/ovsdbapp/backend/ovs_idl/transaction.py:89}}
Apr 02 04:09:38.930288 np0000162636 devstack@neutron-api.service[102157]: DEBUG neutron.plugins.ml2.drivers.ovn.mech_driver.ovsdb.ovsdb_monitor [None req-50eeccfd-7729-4a35-8d8e-4014c59a4da7 None None] Hash Ring: Node bfe95356044f538ba3b2dbcac954a7cc (host: np0000162636) handling event "create" for row f2ce1402-b483-470f-9a95-59324d9e093f (table: Logical_Switch) {{(pid=102157) notify /opt/stack/neutron/neutron/plugins/ml2/drivers/ovn/mech_driver/ovsdb/ovsdb_monitor.py:912}}
Apr 02 04:09:38.931910 np0000162636 devstack@neutron-api.service[102157]: DEBUG neutron.plugins.ml2.drivers.ovn.mech_driver.ovsdb.ovsdb_monitor [None req-86c1d58d-c783-458d-b24c-1d21d296bbe4 None None] Hash Ring: Node bfe95356044f538ba3b2dbcac954a7cc (host: np0000162636) handling event "create" for row 583696a4-d602-49d0-81b0-bdf37cab7206 (table: Datapath_Binding) {{(pid=102157) notify /opt/stack/neutron/neutron/plugins/ml2/drivers/ovn/mech_driver/ovsdb/ovsdb_monitor.py:912}}
Apr 02 04:09:38.954897 np0000162636 devstack@neutron-api.service[102155]: INFO neutron.db.ovn_revision_numbers_db [None req-17de3571-2aca-442a-998d-ad24a3a1fd27 admin admin] Successfully bumped revision number for resource f2ce1402-b483-470f-9a95-59324d9e093f (type: networks) to 1
Apr 02 04:09:38.970033 np0000162636 devstack@neutron-api.service[102155]: DEBUG neutron_lib.callbacks.manager [None req-17de3571-2aca-442a-998d-ad24a3a1fd27 admin admin] Publish callbacks ['neutron.plugins.ml2.plugin.SecurityGroupDbMixin._ensure_default_security_group_handler-3528465'] for port (None), before_create {{(pid=102155) _notify_loop /opt/stack/data/venv/lib/python3.12/site-packages/neutron_lib/callbacks/manager.py:184}}
Apr 02 04:09:39.031793 np0000162636 devstack@neutron-api.service[102155]: DEBUG neutron_lib.callbacks.manager [None req-17de3571-2aca-442a-998d-ad24a3a1fd27 admin admin] Publish callbacks ['neutron.plugins.ml2.drivers.ovn.mech_driver.mech_driver.OVNMechanismDriver._validate_allowed_address_pairs-298929'] for allowed_address_pair (040c3870-94c6-432f-817b-f1814cf5d956), before_create {{(pid=102155) _notify_loop /opt/stack/data/venv/lib/python3.12/site-packages/neutron_lib/callbacks/manager.py:184}}
Apr 02 04:09:39.032247 np0000162636 devstack@neutron-api.service[102155]: DEBUG neutron_lib.callbacks.manager [None req-17de3571-2aca-442a-998d-ad24a3a1fd27 admin admin] Publish callbacks [] for port (040c3870-94c6-432f-817b-f1814cf5d956), precommit_create {{(pid=102155) _notify_loop /opt/stack/data/venv/lib/python3.12/site-packages/neutron_lib/callbacks/manager.py:184}}
Apr 02 04:09:39.032397 np0000162636 devstack@neutron-api.service[102155]: DEBUG neutron.plugins.ml2.drivers.ovn.mech_driver.mech_driver [None req-17de3571-2aca-442a-998d-ad24a3a1fd27 admin admin] No provisioning block for port 040c3870-94c6-432f-817b-f1814cf5d956 since it does not have a host {{(pid=102155) _is_port_provisioning_required /opt/stack/neutron/neutron/plugins/ml2/drivers/ovn/mech_driver/mech_driver.py:884}}
Apr 02 04:09:39.032547 np0000162636 devstack@neutron-api.service[102155]: DEBUG neutron.db.ovn_revision_numbers_db [None req-17de3571-2aca-442a-998d-ad24a3a1fd27 admin admin] create_initial_revision uuid=040c3870-94c6-432f-817b-f1814cf5d956, type=ports, rev=-1 {{(pid=102155) create_initial_revision /opt/stack/neutron/neutron/db/ovn_revision_numbers_db.py:98}}
Apr 02 04:09:39.063400 np0000162636 devstack@neutron-api.service[102155]: DEBUG neutron_lib.callbacks.manager [None req-17de3571-2aca-442a-998d-ad24a3a1fd27 admin admin] Publish callbacks ['neutron.plugins.ml2.ovo_rpc._ObjectChangeHandler.handle_event-6652077'] for port (040c3870-94c6-432f-817b-f1814cf5d956), after_create {{(pid=102155) _notify_loop /opt/stack/data/venv/lib/python3.12/site-packages/neutron_lib/callbacks/manager.py:184}}
Apr 02 04:09:39.097591 np0000162636 devstack@neutron-api.service[102155]: DEBUG neutron.api.rpc.handlers.resources_rpc [None req-17de3571-2aca-442a-998d-ad24a3a1fd27 admin admin] Pushing event updated for resources: {'Port': ['ID=040c3870-94c6-432f-817b-f1814cf5d956,revision_number=1']} {{(pid=102155) push /opt/stack/neutron/neutron/api/rpc/handlers/resources_rpc.py:237}}
Apr 02 04:09:39.105949 np0000162636 devstack@neutron-api.service[102155]: DEBUG ovsdbapp.backend.ovs_idl.transaction [None req-27023022-afc3-4328-af9d-4c982fc3e79c None None] Running txn n=1 command(idx=0): AddLSwitchPortCommand(_result=None, lport=040c3870-94c6-432f-817b-f1814cf5d956, lswitch=neutron-f2ce1402-b483-470f-9a95-59324d9e093f, may_exist=True, network_uuid=f2ce1402-b483-470f-9a95-59324d9e093f, columns={'addresses': ['fa:16:3e:1a:7e:58'], 'external_ids': {'neutron:port_name': '', 'neutron:device_id': 'ovnmeta-f2ce1402-b483-470f-9a95-59324d9e093f', 'neutron:project_id': '55d79dcd532a45c48f3a033ce03c4c90', 'neutron:cidrs': '', 'neutron:device_owner': 'network:distributed', 'neutron:subnet_pool_addr_scope4': '', 'neutron:subnet_pool_addr_scope6': '', 'neutron:network_name': 'neutron-f2ce1402-b483-470f-9a95-59324d9e093f', 'neutron:security_group_ids': '', 'neutron:revision_number': '1', 'neutron:vnic_type': 'normal', 'neutron:port_capabilities': '', 'neutron:mtu': ''}, 'parent_name': [], 'tag': [], 'enabled': True, 'options': {}, 'type': 'localport', 'port_security': [], 'dhcpv4_options': [], 'dhcpv6_options': []}) {{(pid=102155) do_commit /opt/stack/data/venv/lib/python3.12/site-packages/ovsdbapp/backend/ovs_idl/transaction.py:89}}
Apr 02 04:09:39.107062 np0000162636 devstack@neutron-api.service[102155]: DEBUG ovsdbapp.backend.ovs_idl.transaction [None req-27023022-afc3-4328-af9d-4c982fc3e79c None None] Running txn n=1 command(idx=1): QoSDelCommand(_result=None, switch=neutron-f2ce1402-b483-470f-9a95-59324d9e093f, conditions=[('direction', '=', 'to-lport'), ('priority', '=', 2002), ('match', '=', 'outport == "040c3870-94c6-432f-817b-f1814cf5d956"')], if_exists=True) {{(pid=102155) do_commit /opt/stack/data/venv/lib/python3.12/site-packages/ovsdbapp/backend/ovs_idl/transaction.py:89}}
Apr 02 04:09:39.107564 np0000162636 devstack@neutron-api.service[102155]: DEBUG ovsdbapp.backend.ovs_idl.transaction [None req-27023022-afc3-4328-af9d-4c982fc3e79c None None] Running txn n=1 command(idx=2): QoSDelCommand(_result=None, switch=neutron-f2ce1402-b483-470f-9a95-59324d9e093f, conditions=[('direction', '=', 'from-lport'), ('priority', '=', 2002), ('match', '=', 'inport == "040c3870-94c6-432f-817b-f1814cf5d956"')], if_exists=True) {{(pid=102155) do_commit /opt/stack/data/venv/lib/python3.12/site-packages/ovsdbapp/backend/ovs_idl/transaction.py:89}}
Apr 02 04:09:39.114800 np0000162636 devstack@neutron-api.service[102155]: DEBUG neutron.plugins.ml2.drivers.ovn.mech_driver.ovsdb.ovsdb_monitor [None req-27023022-afc3-4328-af9d-4c982fc3e79c None None] Hash Ring: Node adce6829cbd65cd78a8ab303511bcccf (host: np0000162636) handling event "create" for row 6f69f876-e5f5-4e2e-be11-1ee291f5fd51 (table: Logical_Switch_Port) {{(pid=102155) notify /opt/stack/neutron/neutron/plugins/ml2/drivers/ovn/mech_driver/ovsdb/ovsdb_monitor.py:912}}
Apr 02 04:09:39.116684 np0000162636 devstack@neutron-api.service[102155]: DEBUG ovsdbapp.backend.ovs_idl.event [None req-27023022-afc3-4328-af9d-4c982fc3e79c None None] Matched CREATE: LogicalSwitchPortCreateEvent(events=('create',), table='Logical_Switch_Port', conditions=[], old_conditions=None), priority=20 to row=Logical_Switch_Port(uuid=6f69f876-e5f5-4e2e-be11-1ee291f5fd51, addresses=['fa:16:3e:1a:7e:58'], dhcpv4_options=[], dhcpv6_options=[], dynamic_addresses=[], enabled=True, external_ids={'neutron:cidrs': '', 'neutron:device_id': 'ovnmeta-f2ce1402-b483-470f-9a95-59324d9e093f', 'neutron:device_owner': 'network:distributed', 'neutron:mtu': '', 'neutron:network_name': 'neutron-f2ce1402-b483-470f-9a95-59324d9e093f', 'neutron:port_capabilities': '', 'neutron:port_name': '', 'neutron:project_id': '55d79dcd532a45c48f3a033ce03c4c90', 'neutron:revision_number': '1', 'neutron:security_group_ids': '', 'neutron:subnet_pool_addr_scope4': '', 'neutron:subnet_pool_addr_scope6': '', 'neutron:vnic_type': 'normal'}, ha_chassis_group=[], mirror_rules=[], name='040c3870-94c6-432f-817b-f1814cf5d956', options={}, parent_name=[], port_security=[], tag=[], tag_request=[], type='localport', up=[]) old= {{(pid=102155) matches /opt/stack/data/venv/lib/python3.12/site-packages/ovsdbapp/backend/ovs_idl/event.py:55}}
Apr 02 04:09:39.118851 np0000162636 devstack@neutron-api.service[102157]: DEBUG neutron.plugins.ml2.drivers.ovn.mech_driver.ovsdb.ovsdb_monitor [None req-50eeccfd-7729-4a35-8d8e-4014c59a4da7 None None] Hash Ring: Node bfe95356044f538ba3b2dbcac954a7cc (host: np0000162636) handling event "update" for row f2ce1402-b483-470f-9a95-59324d9e093f (table: Logical_Switch) {{(pid=102157) notify /opt/stack/neutron/neutron/plugins/ml2/drivers/ovn/mech_driver/ovsdb/ovsdb_monitor.py:912}}
Apr 02 04:09:39.120680 np0000162636 devstack@neutron-api.service[102154]: DEBUG neutron.plugins.ml2.drivers.ovn.mech_driver.ovsdb.ovsdb_monitor [None req-ab54b969-01db-4e10-962a-ca3e8d9e28ca None None] Hash Ring: Node d3a0efccf8d452a5a1369df131267396 (host: np0000162636) handling event "create" for row 551547fa-3d88-4279-b57c-858f99538f80 (table: Port_Binding) {{(pid=102154) notify /opt/stack/neutron/neutron/plugins/ml2/drivers/ovn/mech_driver/ovsdb/ovsdb_monitor.py:912}}
Apr 02 04:09:39.120915 np0000162636 devstack@neutron-api.service[102155]: INFO neutron.plugins.ml2.drivers.ovn.mech_driver.mech_driver [-] OVN reports status down for port: 040c3870-94c6-432f-817b-f1814cf5d956
Apr 02 04:09:39.121899 np0000162636 devstack@neutron-api.service[102155]: DEBUG neutron.plugins.ml2.drivers.ovn.mech_driver.ovsdb.ovsdb_monitor [None req-27023022-afc3-4328-af9d-4c982fc3e79c None None] Hash Ring: Node adce6829cbd65cd78a8ab303511bcccf (host: np0000162636) handling event "update" for row 6f69f876-e5f5-4e2e-be11-1ee291f5fd51 (table: Logical_Switch_Port) {{(pid=102155) notify /opt/stack/neutron/neutron/plugins/ml2/drivers/ovn/mech_driver/ovsdb/ovsdb_monitor.py:912}}
Apr 02 04:09:39.209486 np0000162636 devstack@neutron-api.service[102155]: INFO neutron.db.ovn_revision_numbers_db [None req-17de3571-2aca-442a-998d-ad24a3a1fd27 admin admin] Successfully bumped revision number for resource 040c3870-94c6-432f-817b-f1814cf5d956 (type: ports) to 1
Apr 02 04:09:39.217606 np0000162636 devstack@neutron-api.service[102155]: DEBUG neutron.db.provisioning_blocks [None req-6092fea9-bfa9-47a2-aac6-aa95d423460e None None] Transition to ACTIVE for port object 040c3870-94c6-432f-817b-f1814cf5d956 will not be triggered until provisioned by entity L2. {{(pid=102155) add_provisioning_component /opt/stack/neutron/neutron/db/provisioning_blocks.py:74}}
Apr 02 04:09:39.222822 np0000162636 devstack@neutron-api.service[102155]: DEBUG neutron.pecan_wsgi.hooks.policy_enforcement [None req-17de3571-2aca-442a-998d-ad24a3a1fd27 admin admin] Attributes excluded by policy engine: ['standard_attr_id'] {{(pid=102155) _exclude_attributes_by_policy /opt/stack/neutron/neutron/pecan_wsgi/hooks/policy_enforcement.py:258}}
Apr 02 04:09:39.223327 np0000162636 devstack@neutron-api.service[102155]: DEBUG neutron_lib.callbacks.manager [None req-17de3571-2aca-442a-998d-ad24a3a1fd27 admin admin] Publish callbacks [] for network (None), before_response {{(pid=102155) _notify_loop /opt/stack/data/venv/lib/python3.12/site-packages/neutron_lib/callbacks/manager.py:184}}
Apr 02 04:09:39.246727 np0000162636 devstack@neutron-api.service[102155]: [pid: 102155|app: 0|req: 23/93] 162.253.55.221 () {68 vars in 1358 bytes} [Thu Apr 2 04:09:38 2026] POST /networking/v2.0/networks => generated 683 bytes in 718 msecs (HTTP/1.1 201) 4 headers in 162 bytes (1 switches on core 0)
Apr 02 04:09:39.256648 np0000162636 devstack@neutron-api.service[102155]: DEBUG neutron.plugins.ml2.plugin [None req-6092fea9-bfa9-47a2-aac6-aa95d423460e None None] Current status of the port 040c3870-94c6-432f-817b-f1814cf5d956 is: DOWN; New status is: DOWN {{(pid=102155) _update_individual_port_db_status /opt/stack/neutron/neutron/plugins/ml2/plugin.py:2468}}
Apr 02 04:09:39.258460 np0000162636 devstack@neutron-api.service[102155]: DEBUG ovsdbapp.backend.ovs_idl.transaction [None req-27023022-afc3-4328-af9d-4c982fc3e79c None None] Running txn n=1 command(idx=0): DbRemoveCommand(_result=None, table=Logical_Switch_Port, record=040c3870-94c6-432f-817b-f1814cf5d956, column=external_ids, values=('neutron:host_id',), keyvalues={}, if_exists=True) {{(pid=102155) do_commit /opt/stack/data/venv/lib/python3.12/site-packages/ovsdbapp/backend/ovs_idl/transaction.py:89}}
Apr 02 04:09:39.454066 np0000162636 devstack@neutron-api.service[102154]: INFO neutron.pecan_wsgi.hooks.translation [None req-2b8d8788-d13a-4184-a466-5fcb1eb23860 admin admin] GET failed (client error): The resource could not be found.
Apr 02 04:09:39.454815 np0000162636 devstack@neutron-api.service[102154]: [pid: 102154|app: 0|req: 25/94] 162.253.55.221 () {64 vars in 1334 bytes} [Thu Apr 2 04:09:39 2026] GET /networking/v2.0/networks/admin_net => generated 111 bytes in 9 msecs (HTTP/1.1 404) 4 headers in 164 bytes (1 switches on core 0)
Apr 02 04:09:39.500889 np0000162636 devstack@neutron-api.service[102156]: DEBUG neutron.pecan_wsgi.hooks.policy_enforcement [None req-970af82e-8b14-48d5-9e52-2bfb6bcdc7fa admin admin] Attributes excluded by policy engine: ['standard_attr_id'] {{(pid=102156) _exclude_attributes_by_policy /opt/stack/neutron/neutron/pecan_wsgi/hooks/policy_enforcement.py:258}}
Apr 02 04:09:39.501734 np0000162636 devstack@neutron-api.service[102156]: [pid: 102156|app: 0|req: 24/95] 162.253.55.221 () {64 vars in 1346 bytes} [Thu Apr 2 04:09:39 2026] GET /networking/v2.0/networks?name=admin_net => generated 667 bytes in 38 msecs (HTTP/1.1 200) 4 headers in 157 bytes (1 switches on core 0)
Apr 02 04:09:39.703983 np0000162636 devstack@neutron-api.service[102157]: INFO neutron.pecan_wsgi.hooks.translation [None req-9c70bee8-d376-4942-8a92-a16e705340ea admin admin] GET failed (client error): The resource could not be found.
Apr 02 04:09:39.705241 np0000162636 devstack@neutron-api.service[102157]: [pid: 102157|app: 0|req: 24/96] 162.253.55.221 () {64 vars in 1340 bytes} [Thu Apr 2 04:09:39 2026] GET /networking/v2.0/subnets/admin_subnet => generated 112 bytes in 13 msecs (HTTP/1.1 404) 4 headers in 164 bytes (1 switches on core 0)
Apr 02 04:09:39.740560 np0000162636 devstack@neutron-api.service[102155]: [pid: 102155|app: 0|req: 24/97] 162.253.55.221 () {64 vars in 1349 bytes} [Thu Apr 2 04:09:39 2026] GET /networking/v2.0/subnets?name=admin_subnet => generated 14 bytes in 23 msecs (HTTP/1.1 200) 4 headers in 156 bytes (1 switches on core 0)
Apr 02 04:09:39.992631 np0000162636 devstack@neutron-api.service[102154]: DEBUG neutron.pecan_wsgi.hooks.policy_enforcement [None req-56068fc5-0fb3-46a6-b6eb-89bdbaf42650 admin admin] Attributes excluded by policy engine: ['standard_attr_id'] {{(pid=102154) _exclude_attributes_by_policy /opt/stack/neutron/neutron/pecan_wsgi/hooks/policy_enforcement.py:258}}
Apr 02 04:09:39.993381 np0000162636 devstack@neutron-api.service[102154]: [pid: 102154|app: 0|req: 26/98] 162.253.55.221 () {64 vars in 1415 bytes} [Thu Apr 2 04:09:39 2026] GET /networking/v2.0/networks/f2ce1402-b483-470f-9a95-59324d9e093f => generated 664 bytes in 26 msecs (HTTP/1.1 200) 4 headers in 157 bytes (1 switches on core 0)
Apr 02 04:09:40.008273 np0000162636 devstack@neutron-api.service[102156]: DEBUG neutron.api.v2.base [None req-c818fc85-8cd8-4684-9530-531895fb3328 admin admin] Request body: {'subnet': {'project_id': '55d79dcd532a45c48f3a033ce03c4c90', 'ip_version': 4, 'name': 'admin_subnet', 'cidr': '10.2.5.0/24', 'gateway_ip': None, 'network_id': 'f2ce1402-b483-470f-9a95-59324d9e093f'}} {{(pid=102156) prepare_request_body /opt/stack/neutron/neutron/api/v2/base.py:729}}
Apr 02 04:09:40.026988 np0000162636 devstack@neutron-api.service[102156]: DEBUG neutron.pecan_wsgi.hooks.quota_enforcement [None req-c818fc85-8cd8-4684-9530-531895fb3328 admin admin] Made reservation on behalf of 55d79dcd532a45c48f3a033ce03c4c90 for: {'subnet': 1} {{(pid=102156) before /opt/stack/neutron/neutron/pecan_wsgi/hooks/quota_enforcement.py:66}}
Apr 02 04:09:40.029878 np0000162636 devstack@neutron-api.service[102156]: DEBUG neutron_lib.callbacks.manager [None req-c818fc85-8cd8-4684-9530-531895fb3328 admin admin] Publish callbacks [] for subnet (None), before_create {{(pid=102156) _notify_loop /opt/stack/data/venv/lib/python3.12/site-packages/neutron_lib/callbacks/manager.py:184}}
Apr 02 04:09:40.083558 np0000162636 devstack@neutron-api.service[102156]: DEBUG neutron.db.ovn_revision_numbers_db [None req-c818fc85-8cd8-4684-9530-531895fb3328 admin admin] create_initial_revision uuid=bf7a8b1c-9b32-4b41-9570-4a895e8b4359, type=subnets, rev=-1 {{(pid=102156) create_initial_revision /opt/stack/neutron/neutron/db/ovn_revision_numbers_db.py:98}}
Apr 02 04:09:40.090956 np0000162636 devstack@neutron-api.service[102156]: DEBUG neutron_lib.callbacks.manager [None req-c818fc85-8cd8-4684-9530-531895fb3328 admin admin] Publish callbacks ['neutron.plugins.ml2.ovo_rpc._ObjectChangeHandler.handle_event-6676017'] for subnet (bf7a8b1c-9b32-4b41-9570-4a895e8b4359), after_create {{(pid=102156) _notify_loop /opt/stack/data/venv/lib/python3.12/site-packages/neutron_lib/callbacks/manager.py:184}}
Apr 02 04:09:40.110409 np0000162636 devstack@neutron-api.service[102156]: DEBUG neutron.api.rpc.handlers.resources_rpc [None req-c818fc85-8cd8-4684-9530-531895fb3328 admin admin] Pushing event updated for resources: {'Subnet': ['ID=bf7a8b1c-9b32-4b41-9570-4a895e8b4359,revision_number=0']} {{(pid=102156) push /opt/stack/neutron/neutron/api/rpc/handlers/resources_rpc.py:237}}
Apr 02 04:09:40.115473 np0000162636 devstack@neutron-api.service[102156]: DEBUG neutron.api.rpc.callbacks.version_manager [None req-c818fc85-8cd8-4684-9530-531895fb3328 admin admin] Tracked resource versions report:
Apr 02 04:09:40.115473 np0000162636 devstack@neutron-api.service[102156]: pushed versions:
Apr 02 04:09:40.115473 np0000162636 devstack@neutron-api.service[102156]: { 'AddressGroup': {'1.2'},
Apr 02 04:09:40.115473 np0000162636 devstack@neutron-api.service[102156]: 'Agent': {'1.1'},
Apr 02 04:09:40.115473 np0000162636 devstack@neutron-api.service[102156]: 'ConntrackHelper': {'1.0'},
Apr 02 04:09:40.115473 np0000162636 devstack@neutron-api.service[102156]: 'LocalIPAssociation': {'1.0'},
Apr 02 04:09:40.115473 np0000162636 devstack@neutron-api.service[102156]: 'Log': {'1.0'},
Apr 02 04:09:40.115473 np0000162636 devstack@neutron-api.service[102156]: 'NDPProxy': {'1.0'},
Apr 02 04:09:40.115473 np0000162636 devstack@neutron-api.service[102156]: 'Network': {'1.2'},
Apr 02 04:09:40.115473 np0000162636 devstack@neutron-api.service[102156]: 'Port': {'1.10'},
Apr 02 04:09:40.115473 np0000162636 devstack@neutron-api.service[102156]: 'PortForwarding': {'1.3'},
Apr 02 04:09:40.115473 np0000162636 devstack@neutron-api.service[102156]: 'QosPolicy': {'1.10'},
Apr 02 04:09:40.115473 np0000162636 devstack@neutron-api.service[102156]: 'SecurityGroup': {'1.6'},
Apr 02 04:09:40.115473 np0000162636 devstack@neutron-api.service[102156]: 'SecurityGroupRule': {'1.3'},
Apr 02 04:09:40.115473 np0000162636 devstack@neutron-api.service[102156]: 'SubPort': {'1.0'},
Apr 02 04:09:40.115473 np0000162636 devstack@neutron-api.service[102156]: 'Subnet': {'1.2'},
Apr 02 04:09:40.115473 np0000162636 devstack@neutron-api.service[102156]: 'Trunk': {'1.1'}}
Apr 02 04:09:40.115473 np0000162636 devstack@neutron-api.service[102156]: consumer versions:
Apr 02 04:09:40.115473 np0000162636 devstack@neutron-api.service[102156]: { OVN Controller Gateway agent@np0000162636: {},
Apr 02 04:09:40.115473 np0000162636 devstack@neutron-api.service[102156]: OVN Neutron agent@np0000162636: {}}
Apr 02 04:09:40.115473 np0000162636 devstack@neutron-api.service[102156]: {{(pid=102156) report /opt/stack/neutron/neutron/api/rpc/callbacks/version_manager.py:183}}
Apr 02 04:09:40.164054 np0000162636 devstack@neutron-api.service[102156]: DEBUG neutron_lib.callbacks.manager [None req-c818fc85-8cd8-4684-9530-531895fb3328 admin admin] Publish callbacks ['neutron.plugins.ml2.plugin.SecurityGroupDbMixin._ensure_default_security_group_handler-3513599', 'neutron.services.ovn_l3.plugin.OVNL3RouterPlugin._port_update-8334857222074', 'neutron.db.l3_db.L3_NAT_dbonly_mixin._prevent_internal_ip_change_for_fip-8334859064020'] for port (040c3870-94c6-432f-817b-f1814cf5d956), before_update {{(pid=102156) _notify_loop /opt/stack/data/venv/lib/python3.12/site-packages/neutron_lib/callbacks/manager.py:184}}
Apr 02 04:09:40.252858 np0000162636 devstack@neutron-api.service[102156]: DEBUG neutron.db.db_base_plugin_common [None req-c818fc85-8cd8-4684-9530-531895fb3328 admin admin] Allocated IP 10.2.5.1 (f2ce1402-b483-470f-9a95-59324d9e093f/bf7a8b1c-9b32-4b41-9570-4a895e8b4359/040c3870-94c6-432f-817b-f1814cf5d956) {{(pid=102156) _store_ip_allocation /opt/stack/neutron/neutron/db/db_base_plugin_common.py:131}}
Apr 02 04:09:40.325550 np0000162636 devstack@neutron-api.service[102156]: DEBUG neutron_lib.callbacks.manager [None req-c818fc85-8cd8-4684-9530-531895fb3328 admin admin] Publish callbacks [] for port (040c3870-94c6-432f-817b-f1814cf5d956), precommit_update {{(pid=102156) _notify_loop /opt/stack/data/venv/lib/python3.12/site-packages/neutron_lib/callbacks/manager.py:184}}
Apr 02 04:09:40.325706 np0000162636 devstack@neutron-api.service[102156]: DEBUG neutron.plugins.ml2.drivers.ovn.mech_driver.mech_driver [None req-c818fc85-8cd8-4684-9530-531895fb3328 admin admin] No provisioning block for port 040c3870-94c6-432f-817b-f1814cf5d956 since it does not have a host {{(pid=102156) _is_port_provisioning_required /opt/stack/neutron/neutron/plugins/ml2/drivers/ovn/mech_driver/mech_driver.py:884}}
Apr 02 04:09:40.337453 np0000162636 devstack@neutron-api.service[102156]: DEBUG neutron_lib.callbacks.manager [None req-c818fc85-8cd8-4684-9530-531895fb3328 admin admin] Publish callbacks ['neutron.plugins.ml2.ovo_rpc._ObjectChangeHandler.handle_event-6676471', 'neutron.db.l3_db.L3RpcNotifierMixin._notify_gateway_port_ip_changed-8334859070234', 'neutron.services.ovn_l3.plugin.OVNL3RouterPlugin._port_update-8334857222074'] for port (040c3870-94c6-432f-817b-f1814cf5d956), after_update {{(pid=102156) _notify_loop /opt/stack/data/venv/lib/python3.12/site-packages/neutron_lib/callbacks/manager.py:184}}
Apr 02 04:09:40.367362 np0000162636 devstack@neutron-api.service[102156]: DEBUG neutron.api.rpc.handlers.resources_rpc [None req-c818fc85-8cd8-4684-9530-531895fb3328 admin admin] Pushing event updated for resources: {'Port': ['ID=040c3870-94c6-432f-817b-f1814cf5d956,revision_number=2']} {{(pid=102156) push /opt/stack/neutron/neutron/api/rpc/handlers/resources_rpc.py:237}}
Apr 02 04:09:40.463829 np0000162636 devstack@neutron-api.service[102156]: DEBUG ovsdbapp.backend.ovs_idl.transaction [None req-40b5224c-cd3c-4f0e-8104-3c935545cdb3 None None] Running txn n=1 command(idx=0): CheckRevisionNumberCommand(_result=None, name=040c3870-94c6-432f-817b-f1814cf5d956, resource={'id': '040c3870-94c6-432f-817b-f1814cf5d956', 'name': '', 'network_id': 'f2ce1402-b483-470f-9a95-59324d9e093f', 'project_id': '55d79dcd532a45c48f3a033ce03c4c90', 'mac_address': 'fa:16:3e:1a:7e:58', 'admin_state_up': True, 'status': 'DOWN', 'device_id': 'ovnmeta-f2ce1402-b483-470f-9a95-59324d9e093f', 'device_owner': 'network:distributed', 'standard_attr_id': 44, 'fixed_ips': [{'subnet_id': 'bf7a8b1c-9b32-4b41-9570-4a895e8b4359', 'ip_address': '10.2.5.1'}], 'allowed_address_pairs': [], 'extra_dhcp_opts': [], 'security_groups': [], 'description': '', 'binding:vnic_type': 'normal', 'binding:profile': {}, 'binding:host_id': '', 'binding:vif_type': 'unbound', 'binding:vif_details': {}, 'port_security_enabled': False, 'tags': [], 'created_at': '2026-04-02T04:09:38Z', 'updated_at': '2026-04-02T04:09:40Z', 'revision_number': 2, 'tenant_id': '55d79dcd532a45c48f3a033ce03c4c90', 'network': {'id': 'f2ce1402-b483-470f-9a95-59324d9e093f', 'name': 'admin_net', 'tenant_id': '55d79dcd532a45c48f3a033ce03c4c90', 'project_id': '55d79dcd532a45c48f3a033ce03c4c90', 'admin_state_up': True, 'mtu': 1372, 'status': 'ACTIVE', 'subnets': ['bf7a8b1c-9b32-4b41-9570-4a895e8b4359'], 'standard_attr_id': 42, 'shared': False, 'availability_zone_hints': [], 'availability_zones': [], 'ipv4_address_scope': None, 'ipv6_address_scope': None, 'router:external': False, 'qinq': False, 'vlan_transparent': False, 'description': '', 'port_security_enabled': True, 'tags': [], 'created_at': '2026-04-02T04:09:38Z', 'updated_at': '2026-04-02T04:09:40Z', 'revision_number': 2, 'provider:network_type': 'geneve', 'provider:physical_network': None, 'provider:segmentation_id': 24165}}, resource_type=ports, if_exists=True) {{(pid=102156) do_commit /opt/stack/data/venv/lib/python3.12/site-packages/ovsdbapp/backend/ovs_idl/transaction.py:89}}
Apr 02 04:09:40.464433 np0000162636 devstack@neutron-api.service[102156]: DEBUG ovsdbapp.backend.ovs_idl.transaction [None req-40b5224c-cd3c-4f0e-8104-3c935545cdb3 None None] Running txn n=1 command(idx=1): AddDHCPOptionsCommand(_result=None, columns={'cidr': '10.2.5.0/24', 'options': {'server_id': '10.2.5.1', 'lease_time': '43200', 'mtu': '1372', 'server_mac': 'fa:16:3e:16:7c:a6', 'dns_server': '{127.0.0.53}', 'classless_static_route': '{169.254.169.254/32,10.2.5.1}'}, 'external_ids': {'subnet_id': 'bf7a8b1c-9b32-4b41-9570-4a895e8b4359', 'neutron:network_id': 'f2ce1402-b483-470f-9a95-59324d9e093f', 'neutron:revision_number': '0'}}, may_exist=True, subnet_id=bf7a8b1c-9b32-4b41-9570-4a895e8b4359, port_id=None, new_insert=False) {{(pid=102156) do_commit /opt/stack/data/venv/lib/python3.12/site-packages/ovsdbapp/backend/ovs_idl/transaction.py:89}}
Apr 02 04:09:40.465025 np0000162636 devstack@neutron-api.service[102156]: DEBUG ovsdbapp.backend.ovs_idl.transaction [None req-40b5224c-cd3c-4f0e-8104-3c935545cdb3 None None] Running txn n=1 command(idx=2): SetLSwitchPortCommand(_result=None, lport=040c3870-94c6-432f-817b-f1814cf5d956, external_ids_update=None, columns={'external_ids': {'neutron:port_name': '', 'neutron:device_id': 'ovnmeta-f2ce1402-b483-470f-9a95-59324d9e093f', 'neutron:project_id': '55d79dcd532a45c48f3a033ce03c4c90', 'neutron:cidrs': '10.2.5.1/24', 'neutron:device_owner': 'network:distributed', 'neutron:subnet_pool_addr_scope4': '', 'neutron:subnet_pool_addr_scope6': '', 'neutron:network_name': 'neutron-f2ce1402-b483-470f-9a95-59324d9e093f', 'neutron:security_group_ids': '', 'neutron:revision_number': '2', 'neutron:vnic_type': 'normal', 'neutron:port_capabilities': '', 'neutron:mtu': ''}, 'parent_name': [], 'tag': [], 'options': {}, 'enabled': True, 'port_security': [], 'dhcpv4_options': [], 'dhcpv6_options': [], 'type': 'localport', 'addresses': ['fa:16:3e:1a:7e:58 10.2.5.1'], 'ha_chassis_group': []}, if_exists=False) {{(pid=102156) do_commit /opt/stack/data/venv/lib/python3.12/site-packages/ovsdbapp/backend/ovs_idl/transaction.py:89}}
Apr 02 04:09:40.466433 np0000162636 devstack@neutron-api.service[102156]: DEBUG ovsdbapp.backend.ovs_idl.transaction [None req-40b5224c-cd3c-4f0e-8104-3c935545cdb3 None None] Running txn n=1 command(idx=3): PgDelPortCommand(_result=None, port_group=neutron_pg_drop, lsp=['040c3870-94c6-432f-817b-f1814cf5d956'], if_exists=False) {{(pid=102156) do_commit /opt/stack/data/venv/lib/python3.12/site-packages/ovsdbapp/backend/ovs_idl/transaction.py:89}}
Apr 02 04:09:40.471209 np0000162636 devstack@neutron-api.service[102156]: DEBUG neutron.plugins.ml2.drivers.ovn.mech_driver.ovsdb.ovsdb_monitor [None req-40b5224c-cd3c-4f0e-8104-3c935545cdb3 None None] Hash Ring: Node f2d882249cbf5a0cb26ee56e05cc564c (host: np0000162636) handling event "create" for row d337360e-f9a3-486c-a8a5-e383d00af177 (table: DHCP_Options) {{(pid=102156) notify /opt/stack/neutron/neutron/plugins/ml2/drivers/ovn/mech_driver/ovsdb/ovsdb_monitor.py:912}}
Apr 02 04:09:40.473233 np0000162636 devstack@neutron-api.service[102155]: DEBUG neutron.plugins.ml2.drivers.ovn.mech_driver.ovsdb.ovsdb_monitor [None req-27023022-afc3-4328-af9d-4c982fc3e79c None None] Hash Ring: Node adce6829cbd65cd78a8ab303511bcccf (host: np0000162636) handling event "update" for row 6f69f876-e5f5-4e2e-be11-1ee291f5fd51 (table: Logical_Switch_Port) {{(pid=102155) notify /opt/stack/neutron/neutron/plugins/ml2/drivers/ovn/mech_driver/ovsdb/ovsdb_monitor.py:912}}
Apr 02 04:09:40.478064 np0000162636 devstack@neutron-api.service[102154]: DEBUG neutron.plugins.ml2.drivers.ovn.mech_driver.ovsdb.ovsdb_monitor [None req-ab54b969-01db-4e10-962a-ca3e8d9e28ca None None] Hash Ring: Node d3a0efccf8d452a5a1369df131267396 (host: np0000162636) handling event "update" for row 551547fa-3d88-4279-b57c-858f99538f80 (table: Port_Binding) {{(pid=102154) notify /opt/stack/neutron/neutron/plugins/ml2/drivers/ovn/mech_driver/ovsdb/ovsdb_monitor.py:912}}
Apr 02 04:09:40.507162 np0000162636 devstack@neutron-api.service[102156]: INFO neutron.db.ovn_revision_numbers_db [None req-c818fc85-8cd8-4684-9530-531895fb3328 admin admin] Successfully bumped revision number for resource 040c3870-94c6-432f-817b-f1814cf5d956 (type: ports) to 2
Apr 02 04:09:40.517136 np0000162636 devstack@neutron-api.service[102156]: DEBUG neutron.plugins.ml2.plugin [None req-c818fc85-8cd8-4684-9530-531895fb3328 admin admin] In _notify_port_updated(), no bound segment for port 040c3870-94c6-432f-817b-f1814cf5d956 on network f2ce1402-b483-470f-9a95-59324d9e093f {{(pid=102156) _notify_port_updated /opt/stack/neutron/neutron/plugins/ml2/plugin.py:1036}}
Apr 02 04:09:40.537307 np0000162636 devstack@neutron-api.service[102156]: INFO neutron.db.ovn_revision_numbers_db [None req-c818fc85-8cd8-4684-9530-531895fb3328 admin admin] Successfully bumped revision number for resource bf7a8b1c-9b32-4b41-9570-4a895e8b4359 (type: subnets) to 0
Apr 02 04:09:40.538972 np0000162636 devstack@neutron-api.service[102156]: DEBUG neutron.pecan_wsgi.hooks.policy_enforcement [None req-c818fc85-8cd8-4684-9530-531895fb3328 admin admin] Attributes excluded by policy engine: ['standard_attr_id', 'shared', 'network'] {{(pid=102156) _exclude_attributes_by_policy /opt/stack/neutron/neutron/pecan_wsgi/hooks/policy_enforcement.py:258}}
Apr 02 04:09:40.539305 np0000162636 devstack@neutron-api.service[102156]: DEBUG neutron_lib.callbacks.manager [None req-c818fc85-8cd8-4684-9530-531895fb3328 admin admin] Publish callbacks [] for subnet (None), before_response {{(pid=102156) _notify_loop /opt/stack/data/venv/lib/python3.12/site-packages/neutron_lib/callbacks/manager.py:184}}
Apr 02 04:09:40.553024 np0000162636 devstack@neutron-api.service[102156]: [pid: 102156|app: 0|req: 25/99] 162.253.55.221 () {68 vars in 1355 bytes} [Thu Apr 2 04:09:40 2026] POST /networking/v2.0/subnets => generated 625 bytes in 549 msecs (HTTP/1.1 201) 4 headers in 162 bytes (1 switches on core 0)
Apr 02 04:09:40.754846 np0000162636 devstack@neutron-api.service[102157]: INFO neutron.pecan_wsgi.hooks.translation [None req-728bf888-60b2-4241-bae1-fe3a2539b3fe admin admin] GET failed (client error): The resource could not be found.
