Apr 02 04:06:29.010617 np0000162636 devstack@n-api-meta.service[107237]: DEBUG nova.api.openstack.wsgi_app [None req-2ae6c3f1-2470-4c26-869c-6b0528ef1fc6 None None] oslo_limit.status_code_retries = None {{(pid=107237) log_opt_values /opt/stack/data/venv/lib/python3.12/site-packages/oslo_config/cfg.py:3006}}
Apr 02 04:06:29.010796 np0000162636 devstack@n-api-meta.service[107237]: DEBUG nova.api.openstack.wsgi_app [None req-2ae6c3f1-2470-4c26-869c-6b0528ef1fc6 None None] oslo_limit.status_code_retry_delay = None {{(pid=107237) log_opt_values /opt/stack/data/venv/lib/python3.12/site-packages/oslo_config/cfg.py:3006}}
Apr 02 04:06:29.010977 np0000162636 devstack@n-api-meta.service[107237]: DEBUG nova.api.openstack.wsgi_app [None req-2ae6c3f1-2470-4c26-869c-6b0528ef1fc6 None None] oslo_limit.timeout = None {{(pid=107237) log_opt_values /opt/stack/data/venv/lib/python3.12/site-packages/oslo_config/cfg.py:3006}}
Apr 02 04:06:29.011155 np0000162636 devstack@n-api-meta.service[107237]: DEBUG nova.api.openstack.wsgi_app [None req-2ae6c3f1-2470-4c26-869c-6b0528ef1fc6 None None] oslo_limit.valid_interfaces = None {{(pid=107237) log_opt_values /opt/stack/data/venv/lib/python3.12/site-packages/oslo_config/cfg.py:3006}}
Apr 02 04:06:29.011330 np0000162636 devstack@n-api-meta.service[107237]: DEBUG nova.api.openstack.wsgi_app [None req-2ae6c3f1-2470-4c26-869c-6b0528ef1fc6 None None] oslo_limit.version = None {{(pid=107237) log_opt_values /opt/stack/data/venv/lib/python3.12/site-packages/oslo_config/cfg.py:3006}}
Apr 02 04:06:29.011560 np0000162636 devstack@n-api-meta.service[107237]: DEBUG nova.api.openstack.wsgi_app [None req-2ae6c3f1-2470-4c26-869c-6b0528ef1fc6 None None] oslo_messaging_rabbit.amqp_auto_delete = False {{(pid=107237) log_opt_values /opt/stack/data/venv/lib/python3.12/site-packages/oslo_config/cfg.py:3006}}
Apr 02 04:06:29.011739 np0000162636 devstack@n-api-meta.service[107237]: DEBUG nova.api.openstack.wsgi_app [None req-2ae6c3f1-2470-4c26-869c-6b0528ef1fc6 None None] oslo_messaging_rabbit.amqp_durable_queues = False {{(pid=107237) log_opt_values /opt/stack/data/venv/lib/python3.12/site-packages/oslo_config/cfg.py:3006}}
Apr 02 04:06:29.011961 np0000162636 devstack@n-api-meta.service[107237]: DEBUG nova.api.openstack.wsgi_app [None req-2ae6c3f1-2470-4c26-869c-6b0528ef1fc6 None None] oslo_messaging_rabbit.conn_pool_min_size = 2 {{(pid=107237) log_opt_values /opt/stack/data/venv/lib/python3.12/site-packages/oslo_config/cfg.py:3006}}
Apr 02 04:06:29.012189 np0000162636 devstack@n-api-meta.service[107237]: DEBUG nova.api.openstack.wsgi_app [None req-2ae6c3f1-2470-4c26-869c-6b0528ef1fc6 None None] oslo_messaging_rabbit.conn_pool_ttl = 1200 {{(pid=107237) log_opt_values /opt/stack/data/venv/lib/python3.12/site-packages/oslo_config/cfg.py:3006}}
Apr 02 04:06:29.012381 np0000162636 devstack@n-api-meta.service[107237]: DEBUG nova.api.openstack.wsgi_app [None req-2ae6c3f1-2470-4c26-869c-6b0528ef1fc6 None None] oslo_messaging_rabbit.direct_mandatory_flag = True {{(pid=107237) log_opt_values /opt/stack/data/venv/lib/python3.12/site-packages/oslo_config/cfg.py:3006}}
Apr 02 04:06:29.012637 np0000162636 devstack@n-api-meta.service[107237]: DEBUG nova.api.openstack.wsgi_app [None req-2ae6c3f1-2470-4c26-869c-6b0528ef1fc6 None None] oslo_messaging_rabbit.enable_cancel_on_failover = False {{(pid=107237) log_opt_values /opt/stack/data/venv/lib/python3.12/site-packages/oslo_config/cfg.py:3006}}
Apr 02 04:06:29.012832 np0000162636 devstack@n-api-meta.service[107237]: DEBUG nova.api.openstack.wsgi_app [None req-2ae6c3f1-2470-4c26-869c-6b0528ef1fc6 None None] oslo_messaging_rabbit.heartbeat_in_pthread = False {{(pid=107237) log_opt_values /opt/stack/data/venv/lib/python3.12/site-packages/oslo_config/cfg.py:3006}}
Apr 02 04:06:29.013019 np0000162636 devstack@n-api-meta.service[107237]: DEBUG nova.api.openstack.wsgi_app [None req-2ae6c3f1-2470-4c26-869c-6b0528ef1fc6 None None] oslo_messaging_rabbit.heartbeat_rate = 3 {{(pid=107237) log_opt_values /opt/stack/data/venv/lib/python3.12/site-packages/oslo_config/cfg.py:3006}}
Apr 02 04:06:29.013279 np0000162636 devstack@n-api-meta.service[107237]: DEBUG nova.api.openstack.wsgi_app [None req-2ae6c3f1-2470-4c26-869c-6b0528ef1fc6 None None] oslo_messaging_rabbit.heartbeat_timeout_threshold = 60 {{(pid=107237) log_opt_values /opt/stack/data/venv/lib/python3.12/site-packages/oslo_config/cfg.py:3006}}
Apr 02 04:06:29.013614 np0000162636 devstack@n-api-meta.service[107237]: DEBUG nova.api.openstack.wsgi_app [None req-2ae6c3f1-2470-4c26-869c-6b0528ef1fc6 None None] oslo_messaging_rabbit.hostname = np0000162636 {{(pid=107237) log_opt_values /opt/stack/data/venv/lib/python3.12/site-packages/oslo_config/cfg.py:3006}}
Apr 02 04:06:29.013934 np0000162636 devstack@n-api-meta.service[107237]: DEBUG nova.api.openstack.wsgi_app [None req-2ae6c3f1-2470-4c26-869c-6b0528ef1fc6 None None] oslo_messaging_rabbit.kombu_compression = None {{(pid=107237) log_opt_values /opt/stack/data/venv/lib/python3.12/site-packages/oslo_config/cfg.py:3006}}
Apr 02 04:06:29.014152 np0000162636 devstack@n-api-meta.service[107237]: DEBUG nova.api.openstack.wsgi_app [None req-2ae6c3f1-2470-4c26-869c-6b0528ef1fc6 None None] oslo_messaging_rabbit.kombu_failover_strategy = round-robin {{(pid=107237) log_opt_values /opt/stack/data/venv/lib/python3.12/site-packages/oslo_config/cfg.py:3006}}
Apr 02 04:06:29.014329 np0000162636 devstack@n-api-meta.service[107237]: DEBUG nova.api.openstack.wsgi_app [None req-2ae6c3f1-2470-4c26-869c-6b0528ef1fc6 None None] oslo_messaging_rabbit.kombu_missing_consumer_retry_timeout = 60 {{(pid=107237) log_opt_values /opt/stack/data/venv/lib/python3.12/site-packages/oslo_config/cfg.py:3006}}
Apr 02 04:06:29.014487 np0000162636 devstack@n-api-meta.service[107237]: DEBUG nova.api.openstack.wsgi_app [None req-2ae6c3f1-2470-4c26-869c-6b0528ef1fc6 None None] oslo_messaging_rabbit.kombu_reconnect_delay = 1.0 {{(pid=107237) log_opt_values /opt/stack/data/venv/lib/python3.12/site-packages/oslo_config/cfg.py:3006}}
Apr 02 04:06:29.014620 np0000162636 devstack@n-api-meta.service[107237]: DEBUG nova.api.openstack.wsgi_app [None req-2ae6c3f1-2470-4c26-869c-6b0528ef1fc6 None None] oslo_messaging_rabbit.kombu_reconnect_splay = 0.0 {{(pid=107237) log_opt_values /opt/stack/data/venv/lib/python3.12/site-packages/oslo_config/cfg.py:3006}}
Apr 02 04:06:29.014761 np0000162636 devstack@n-api-meta.service[107237]: DEBUG nova.api.openstack.wsgi_app [None req-2ae6c3f1-2470-4c26-869c-6b0528ef1fc6 None None] oslo_messaging_rabbit.processname = uwsgi {{(pid=107237) log_opt_values /opt/stack/data/venv/lib/python3.12/site-packages/oslo_config/cfg.py:3006}}
Apr 02 04:06:29.014895 np0000162636 devstack@n-api-meta.service[107237]: DEBUG nova.api.openstack.wsgi_app [None req-2ae6c3f1-2470-4c26-869c-6b0528ef1fc6 None None] oslo_messaging_rabbit.rabbit_ha_queues = False {{(pid=107237) log_opt_values /opt/stack/data/venv/lib/python3.12/site-packages/oslo_config/cfg.py:3006}}
Apr 02 04:06:29.015030 np0000162636 devstack@n-api-meta.service[107237]: DEBUG nova.api.openstack.wsgi_app [None req-2ae6c3f1-2470-4c26-869c-6b0528ef1fc6 None None] oslo_messaging_rabbit.rabbit_interval_max = 30 {{(pid=107237) log_opt_values /opt/stack/data/venv/lib/python3.12/site-packages/oslo_config/cfg.py:3006}}
Apr 02 04:06:29.015168 np0000162636 devstack@n-api-meta.service[107237]: DEBUG nova.api.openstack.wsgi_app [None req-2ae6c3f1-2470-4c26-869c-6b0528ef1fc6 None None] oslo_messaging_rabbit.rabbit_login_method = AMQPLAIN {{(pid=107237) log_opt_values /opt/stack/data/venv/lib/python3.12/site-packages/oslo_config/cfg.py:3006}}
Apr 02 04:06:29.015346 np0000162636 devstack@n-api-meta.service[107237]: DEBUG nova.api.openstack.wsgi_app [None req-2ae6c3f1-2470-4c26-869c-6b0528ef1fc6 None None] oslo_messaging_rabbit.rabbit_qos_prefetch_count = 0 {{(pid=107237) log_opt_values /opt/stack/data/venv/lib/python3.12/site-packages/oslo_config/cfg.py:3006}}
Apr 02 04:06:29.015543 np0000162636 devstack@n-api-meta.service[107237]: DEBUG nova.api.openstack.wsgi_app [None req-2ae6c3f1-2470-4c26-869c-6b0528ef1fc6 None None] oslo_messaging_rabbit.rabbit_quorum_delivery_limit = 0 {{(pid=107237) log_opt_values /opt/stack/data/venv/lib/python3.12/site-packages/oslo_config/cfg.py:3006}}
Apr 02 04:06:29.015709 np0000162636 devstack@n-api-meta.service[107237]: DEBUG nova.api.openstack.wsgi_app [None req-2ae6c3f1-2470-4c26-869c-6b0528ef1fc6 None None] oslo_messaging_rabbit.rabbit_quorum_max_memory_bytes = 0 {{(pid=107237) log_opt_values /opt/stack/data/venv/lib/python3.12/site-packages/oslo_config/cfg.py:3006}}
Apr 02 04:06:29.015890 np0000162636 devstack@n-api-meta.service[107237]: DEBUG nova.api.openstack.wsgi_app [None req-2ae6c3f1-2470-4c26-869c-6b0528ef1fc6 None None] oslo_messaging_rabbit.rabbit_quorum_max_memory_length = 0 {{(pid=107237) log_opt_values /opt/stack/data/venv/lib/python3.12/site-packages/oslo_config/cfg.py:3006}}
Apr 02 04:06:29.016105 np0000162636 devstack@n-api-meta.service[107237]: DEBUG nova.api.openstack.wsgi_app [None req-2ae6c3f1-2470-4c26-869c-6b0528ef1fc6 None None] oslo_messaging_rabbit.rabbit_quorum_queue = False {{(pid=107237) log_opt_values /opt/stack/data/venv/lib/python3.12/site-packages/oslo_config/cfg.py:3006}}
Apr 02 04:06:29.016251 np0000162636 devstack@n-api-meta.service[107237]: DEBUG nova.api.openstack.wsgi_app [None req-2ae6c3f1-2470-4c26-869c-6b0528ef1fc6 None None] oslo_messaging_rabbit.rabbit_retry_backoff = 2 {{(pid=107237) log_opt_values /opt/stack/data/venv/lib/python3.12/site-packages/oslo_config/cfg.py:3006}}
Apr 02 04:06:29.016385 np0000162636 devstack@n-api-meta.service[107237]: DEBUG nova.api.openstack.wsgi_app [None req-2ae6c3f1-2470-4c26-869c-6b0528ef1fc6 None None] oslo_messaging_rabbit.rabbit_retry_interval = 1 {{(pid=107237) log_opt_values /opt/stack/data/venv/lib/python3.12/site-packages/oslo_config/cfg.py:3006}}
Apr 02 04:06:29.016555 np0000162636 devstack@n-api-meta.service[107237]: DEBUG nova.api.openstack.wsgi_app [None req-2ae6c3f1-2470-4c26-869c-6b0528ef1fc6 None None] oslo_messaging_rabbit.rabbit_stream_fanout = False {{(pid=107237) log_opt_values /opt/stack/data/venv/lib/python3.12/site-packages/oslo_config/cfg.py:3006}}
Apr 02 04:06:29.016730 np0000162636 devstack@n-api-meta.service[107237]: DEBUG nova.api.openstack.wsgi_app [None req-2ae6c3f1-2470-4c26-869c-6b0528ef1fc6 None None] oslo_messaging_rabbit.rabbit_transient_queues_ttl = 1800 {{(pid=107237) log_opt_values /opt/stack/data/venv/lib/python3.12/site-packages/oslo_config/cfg.py:3006}}
Apr 02 04:06:29.016870 np0000162636 devstack@n-api-meta.service[107237]: DEBUG nova.api.openstack.wsgi_app [None req-2ae6c3f1-2470-4c26-869c-6b0528ef1fc6 None None] oslo_messaging_rabbit.rabbit_transient_quorum_queue = False {{(pid=107237) log_opt_values /opt/stack/data/venv/lib/python3.12/site-packages/oslo_config/cfg.py:3006}}
Apr 02 04:06:29.017004 np0000162636 devstack@n-api-meta.service[107237]: DEBUG nova.api.openstack.wsgi_app [None req-2ae6c3f1-2470-4c26-869c-6b0528ef1fc6 None None] oslo_messaging_rabbit.rpc_conn_pool_size = 30 {{(pid=107237) log_opt_values /opt/stack/data/venv/lib/python3.12/site-packages/oslo_config/cfg.py:3006}}
Apr 02 04:06:29.017139 np0000162636 devstack@n-api-meta.service[107237]: DEBUG nova.api.openstack.wsgi_app [None req-2ae6c3f1-2470-4c26-869c-6b0528ef1fc6 None None] oslo_messaging_rabbit.ssl = False {{(pid=107237) log_opt_values /opt/stack/data/venv/lib/python3.12/site-packages/oslo_config/cfg.py:3006}}
Apr 02 04:06:29.017280 np0000162636 devstack@n-api-meta.service[107237]: DEBUG nova.api.openstack.wsgi_app [None req-2ae6c3f1-2470-4c26-869c-6b0528ef1fc6 None None] oslo_messaging_rabbit.ssl_ca_file = {{(pid=107237) log_opt_values /opt/stack/data/venv/lib/python3.12/site-packages/oslo_config/cfg.py:3006}}
Apr 02 04:06:29.017427 np0000162636 devstack@n-api-meta.service[107237]: DEBUG nova.api.openstack.wsgi_app [None req-2ae6c3f1-2470-4c26-869c-6b0528ef1fc6 None None] oslo_messaging_rabbit.ssl_cert_file = {{(pid=107237) log_opt_values /opt/stack/data/venv/lib/python3.12/site-packages/oslo_config/cfg.py:3006}}
Apr 02 04:06:29.017620 np0000162636 devstack@n-api-meta.service[107237]: DEBUG nova.api.openstack.wsgi_app [None req-2ae6c3f1-2470-4c26-869c-6b0528ef1fc6 None None] oslo_messaging_rabbit.ssl_enforce_fips_mode = False {{(pid=107237) log_opt_values /opt/stack/data/venv/lib/python3.12/site-packages/oslo_config/cfg.py:3006}}
Apr 02 04:06:29.017827 np0000162636 devstack@n-api-meta.service[107237]: DEBUG nova.api.openstack.wsgi_app [None req-2ae6c3f1-2470-4c26-869c-6b0528ef1fc6 None None] oslo_messaging_rabbit.ssl_key_file = {{(pid=107237) log_opt_values /opt/stack/data/venv/lib/python3.12/site-packages/oslo_config/cfg.py:3006}}
Apr 02 04:06:29.017964 np0000162636 devstack@n-api-meta.service[107237]: DEBUG nova.api.openstack.wsgi_app [None req-2ae6c3f1-2470-4c26-869c-6b0528ef1fc6 None None] oslo_messaging_rabbit.ssl_version = {{(pid=107237) log_opt_values /opt/stack/data/venv/lib/python3.12/site-packages/oslo_config/cfg.py:3006}}
Apr 02 04:06:29.018100 np0000162636 devstack@n-api-meta.service[107237]: DEBUG nova.api.openstack.wsgi_app [None req-2ae6c3f1-2470-4c26-869c-6b0528ef1fc6 None None] oslo_messaging_rabbit.use_queue_manager = False {{(pid=107237) log_opt_values /opt/stack/data/venv/lib/python3.12/site-packages/oslo_config/cfg.py:3006}}
Apr 02 04:06:29.018268 np0000162636 devstack@n-api-meta.service[107237]: DEBUG nova.api.openstack.wsgi_app [None req-2ae6c3f1-2470-4c26-869c-6b0528ef1fc6 None None] oslo_messaging_notifications.driver = ['messagingv2'] {{(pid=107237) log_opt_values /opt/stack/data/venv/lib/python3.12/site-packages/oslo_config/cfg.py:3006}}
Apr 02 04:06:29.018404 np0000162636 devstack@n-api-meta.service[107237]: DEBUG nova.api.openstack.wsgi_app [None req-2ae6c3f1-2470-4c26-869c-6b0528ef1fc6 None None] oslo_messaging_notifications.retry = -1 {{(pid=107237) log_opt_values /opt/stack/data/venv/lib/python3.12/site-packages/oslo_config/cfg.py:3006}}
Apr 02 04:06:29.018574 np0000162636 devstack@n-api-meta.service[107237]: DEBUG nova.api.openstack.wsgi_app [None req-2ae6c3f1-2470-4c26-869c-6b0528ef1fc6 None None] oslo_messaging_notifications.topics = ['notifications'] {{(pid=107237) log_opt_values /opt/stack/data/venv/lib/python3.12/site-packages/oslo_config/cfg.py:3006}}
Apr 02 04:06:29.018714 np0000162636 devstack@n-api-meta.service[107237]: DEBUG nova.api.openstack.wsgi_app [None req-2ae6c3f1-2470-4c26-869c-6b0528ef1fc6 None None] oslo_messaging_notifications.transport_url = **** {{(pid=107237) log_opt_values /opt/stack/data/venv/lib/python3.12/site-packages/oslo_config/cfg.py:3006}}
Apr 02 04:06:29.018849 np0000162636 devstack@n-api-meta.service[107237]: DEBUG nova.api.openstack.wsgi_app [None req-2ae6c3f1-2470-4c26-869c-6b0528ef1fc6 None None] oslo_reports.file_event_handler = None {{(pid=107237) log_opt_values /opt/stack/data/venv/lib/python3.12/site-packages/oslo_config/cfg.py:3006}}
Apr 02 04:06:29.019045 np0000162636 devstack@n-api-meta.service[107237]: DEBUG nova.api.openstack.wsgi_app [None req-2ae6c3f1-2470-4c26-869c-6b0528ef1fc6 None None] oslo_reports.file_event_handler_interval = 1 {{(pid=107237) log_opt_values /opt/stack/data/venv/lib/python3.12/site-packages/oslo_config/cfg.py:3006}}
Apr 02 04:06:29.019183 np0000162636 devstack@n-api-meta.service[107237]: DEBUG nova.api.openstack.wsgi_app [None req-2ae6c3f1-2470-4c26-869c-6b0528ef1fc6 None None] oslo_reports.log_dir = None {{(pid=107237) log_opt_values /opt/stack/data/venv/lib/python3.12/site-packages/oslo_config/cfg.py:3006}}
Apr 02 04:06:29.019292 np0000162636 devstack@n-api-meta.service[107237]: DEBUG nova.api.openstack.wsgi_app [None req-2ae6c3f1-2470-4c26-869c-6b0528ef1fc6 None None] ******************************************************************************** {{(pid=107237) log_opt_values /opt/stack/data/venv/lib/python3.12/site-packages/oslo_config/cfg.py:3013}}
Apr 02 04:06:29.019491 np0000162636 devstack@n-api-meta.service[107237]: WSGI app 0 (mountpoint='') ready in 3 seconds on interpreter 0x7fb78f8a3668 pid: 107237 (default app)
Apr 02 04:06:38.566660 np0000162636 devstack@n-api-meta.service[107239]: DEBUG dbcounter [-] [107239] Writing DB stats nova_api:SELECT=1 {{(pid=107239) stat_writer /opt/stack/data/venv/lib/python3.12/site-packages/dbcounter.py:115}}
Apr 02 04:06:38.594708 np0000162636 devstack@n-api-meta.service[107238]: DEBUG dbcounter [-] [107238] Writing DB stats nova_api:SELECT=1 {{(pid=107238) stat_writer /opt/stack/data/venv/lib/python3.12/site-packages/dbcounter.py:115}}
Apr 02 04:06:38.599300 np0000162636 devstack@n-api-meta.service[107240]: DEBUG dbcounter [-] [107240] Writing DB stats nova_api:SELECT=1 {{(pid=107240) stat_writer /opt/stack/data/venv/lib/python3.12/site-packages/dbcounter.py:115}}
Apr 02 04:06:38.676827 np0000162636 devstack@n-api-meta.service[107237]: DEBUG dbcounter [-] [107237] Writing DB stats nova_api:SELECT=1 {{(pid=107237) stat_writer /opt/stack/data/venv/lib/python3.12/site-packages/dbcounter.py:115}}
Apr 02 04:06:38.701841 np0000162636 devstack@n-api-meta.service[107239]: DEBUG dbcounter [-] [107239] Writing DB stats nova_cell0:SELECT=1 {{(pid=107239) stat_writer /opt/stack/data/venv/lib/python3.12/site-packages/dbcounter.py:115}}
Apr 02 04:06:38.702946 np0000162636 devstack@n-api-meta.service[107239]: DEBUG dbcounter [-] [107239] Writing DB stats nova_cell1:SELECT=1 {{(pid=107239) stat_writer /opt/stack/data/venv/lib/python3.12/site-packages/dbcounter.py:115}}
Apr 02 04:06:38.710467 np0000162636 devstack@n-api-meta.service[107238]: DEBUG dbcounter [-] [107238] Writing DB stats nova_cell1:SELECT=1 {{(pid=107238) stat_writer /opt/stack/data/venv/lib/python3.12/site-packages/dbcounter.py:115}}
Apr 02 04:06:38.718383 np0000162636 devstack@n-api-meta.service[107238]: DEBUG dbcounter [-] [107238] Writing DB stats nova_cell0:SELECT=1 {{(pid=107238) stat_writer /opt/stack/data/venv/lib/python3.12/site-packages/dbcounter.py:115}}
Apr 02 04:06:38.730074 np0000162636 devstack@n-api-meta.service[107240]: DEBUG dbcounter [-] [107240] Writing DB stats nova_cell1:SELECT=1 {{(pid=107240) stat_writer /opt/stack/data/venv/lib/python3.12/site-packages/dbcounter.py:115}}
Apr 02 04:06:38.731570 np0000162636 devstack@n-api-meta.service[107240]: DEBUG dbcounter [-] [107240] Writing DB stats nova_cell0:SELECT=1 {{(pid=107240) stat_writer /opt/stack/data/venv/lib/python3.12/site-packages/dbcounter.py:115}}
Apr 02 04:06:38.735733 np0000162636 devstack@n-api-meta.service[107239]: DEBUG dbcounter [-] [107239] Writing DB stats nova_cell0:SELECT=2,nova_cell0:INSERT=1 {{(pid=107239) stat_writer /opt/stack/data/venv/lib/python3.12/site-packages/dbcounter.py:115}}
Apr 02 04:06:38.756219 np0000162636 devstack@n-api-meta.service[107238]: DEBUG dbcounter [-] [107238] Writing DB stats nova_cell0:SELECT=2,nova_cell0:INSERT=1 {{(pid=107238) stat_writer /opt/stack/data/venv/lib/python3.12/site-packages/dbcounter.py:115}}
Apr 02 04:06:38.760446 np0000162636 devstack@n-api-meta.service[107240]: DEBUG dbcounter [-] [107240] Writing DB stats nova_cell0:SELECT=1 {{(pid=107240) stat_writer /opt/stack/data/venv/lib/python3.12/site-packages/dbcounter.py:115}}
Apr 02 04:06:38.817038 np0000162636 devstack@n-api-meta.service[107237]: DEBUG dbcounter [-] [107237] Writing DB stats nova_cell0:SELECT=1 {{(pid=107237) stat_writer /opt/stack/data/venv/lib/python3.12/site-packages/dbcounter.py:115}}
Apr 02 04:06:38.817868 np0000162636 devstack@n-api-meta.service[107237]: DEBUG dbcounter [-] [107237] Writing DB stats nova_cell1:SELECT=1 {{(pid=107237) stat_writer /opt/stack/data/venv/lib/python3.12/site-packages/dbcounter.py:115}}
Apr 02 04:06:38.840765 np0000162636 devstack@n-api-meta.service[107237]: DEBUG dbcounter [-] [107237] Writing DB stats nova_cell0:SELECT=1 {{(pid=107237) stat_writer /opt/stack/data/venv/lib/python3.12/site-packages/dbcounter.py:115}}
Apr 02 04:11:37.046675 np0000162636 devstack@n-api-meta.service[107239]: DEBUG nova.api.metadata.handler [None req-7dcb46dd-89aa-4863-bc9a-094abc022aea None None] Metadata request headers: {'Host': '162.253.55.221:8775', 'User-Agent': 'python-requests/2.32.5', 'Accept-Encoding': 'gzip, deflate', 'Accept': '*/*', 'Connection': 'keep-alive', 'X-Forwarded-For': '192.168.24.81', 'X-Instance-Id': '4a4ec57f-8336-48fe-aaad-68120d554ed7', 'X-Tenant-Id': '079aa3290f944c8a89c0699a40d13df2', 'X-Instance-Id-Signature': '7048586ab0258a8dceb38a50849f3c53d121448e42cd21c7dd3b755bf94062a5'} {{(pid=107239) __call__ /opt/stack/nova/nova/api/metadata/handler.py:109}}
Apr 02 04:11:37.058960 np0000162636 devstack@n-api-meta.service[107239]: DEBUG oslo_concurrency.lockutils [None req-22a2bf0d-db98-4cc0-baad-55377c0df4ce None None] Acquiring lock "8e85e4d4-d523-43e3-b09e-ac8ba9cfc35a" by "nova.context.set_target_cell..get_or_set_cached_cell_and_set_connections" {{(pid=107239) inner /opt/stack/data/venv/lib/python3.12/site-packages/oslo_concurrency/lockutils.py:506}}
Apr 02 04:11:37.059105 np0000162636 devstack@n-api-meta.service[107239]: DEBUG oslo_concurrency.lockutils [None req-22a2bf0d-db98-4cc0-baad-55377c0df4ce None None] Lock "8e85e4d4-d523-43e3-b09e-ac8ba9cfc35a" acquired by "nova.context.set_target_cell..get_or_set_cached_cell_and_set_connections" :: waited 0.000s {{(pid=107239) inner /opt/stack/data/venv/lib/python3.12/site-packages/oslo_concurrency/lockutils.py:519}}
Apr 02 04:11:37.059261 np0000162636 devstack@n-api-meta.service[107239]: DEBUG oslo_concurrency.lockutils [None req-22a2bf0d-db98-4cc0-baad-55377c0df4ce None None] Lock "8e85e4d4-d523-43e3-b09e-ac8ba9cfc35a" "released" by "nova.context.set_target_cell..get_or_set_cached_cell_and_set_connections" :: held 0.000s {{(pid=107239) inner /opt/stack/data/venv/lib/python3.12/site-packages/oslo_concurrency/lockutils.py:538}}
Apr 02 04:11:37.116389 np0000162636 devstack@n-api-meta.service[107239]: WARNING neutronclient.v2_0.client [None req-22a2bf0d-db98-4cc0-baad-55377c0df4ce None None] The python binding code in neutronclient is deprecated in favor of OpenstackSDK, please use that as this will be removed in a future release.
Apr 02 04:11:37.781446 np0000162636 devstack@n-api-meta.service[107239]: [pid: 107239|app: 0|req: 1/1] 162.253.55.221 () {40 vars in 642 bytes} [Thu Apr 2 04:11:37 2026] GET /openstack => generated 116 bytes in 736 msecs (HTTP/1.1 200) 3 headers in 100 bytes (1 switches on core 0)
Apr 02 04:11:37.794662 np0000162636 devstack@n-api-meta.service[107240]: DEBUG nova.api.metadata.handler [None req-e525a35e-3af0-4f96-8b57-aafb5450080d None None] Metadata request headers: {'Host': '162.253.55.221:8775', 'User-Agent': 'python-requests/2.32.5', 'Accept-Encoding': 'gzip, deflate', 'Accept': '*/*', 'Connection': 'keep-alive', 'X-Forwarded-For': '192.168.24.81', 'X-Instance-Id': '4a4ec57f-8336-48fe-aaad-68120d554ed7', 'X-Tenant-Id': '079aa3290f944c8a89c0699a40d13df2', 'X-Instance-Id-Signature': '7048586ab0258a8dceb38a50849f3c53d121448e42cd21c7dd3b755bf94062a5'} {{(pid=107240) __call__ /opt/stack/nova/nova/api/metadata/handler.py:109}}
Apr 02 04:11:37.800141 np0000162636 devstack@n-api-meta.service[107240]: DEBUG nova.api.metadata.handler [None req-e525a35e-3af0-4f96-8b57-aafb5450080d None None] Using cached metadata for instance 4a4ec57f-8336-48fe-aaad-68120d554ed7 {{(pid=107240) get_metadata_by_instance_id /opt/stack/nova/nova/api/metadata/handler.py:84}}
Apr 02 04:11:37.800602 np0000162636 devstack@n-api-meta.service[107240]: [pid: 107240|app: 0|req: 1/2] 162.253.55.221 () {40 vars in 642 bytes} [Thu Apr 2 04:11:37 2026] GET /openstack => generated 116 bytes in 7 msecs (HTTP/1.1 200) 3 headers in 100 bytes (1 switches on core 0)
Apr 02 04:11:37.811400 np0000162636 devstack@n-api-meta.service[107238]: DEBUG nova.api.metadata.handler [None req-d6fb7d02-4756-4626-a59a-ad30ce52bfcd None None] Metadata request headers: {'Host': '162.253.55.221:8775', 'User-Agent': 'python-requests/2.32.5', 'Accept-Encoding': 'gzip, deflate', 'Accept': '*/*', 'Connection': 'keep-alive', 'X-Forwarded-For': '192.168.24.81', 'X-Instance-Id': '4a4ec57f-8336-48fe-aaad-68120d554ed7', 'X-Tenant-Id': '079aa3290f944c8a89c0699a40d13df2', 'X-Instance-Id-Signature': '7048586ab0258a8dceb38a50849f3c53d121448e42cd21c7dd3b755bf94062a5'} {{(pid=107238) __call__ /opt/stack/nova/nova/api/metadata/handler.py:109}}
Apr 02 04:11:37.816198 np0000162636 devstack@n-api-meta.service[107238]: DEBUG nova.api.metadata.handler [None req-d6fb7d02-4756-4626-a59a-ad30ce52bfcd None None] Using cached metadata for instance 4a4ec57f-8336-48fe-aaad-68120d554ed7 {{(pid=107238) get_metadata_by_instance_id /opt/stack/nova/nova/api/metadata/handler.py:84}}
Apr 02 04:11:37.816816 np0000162636 devstack@n-api-meta.service[107238]: [pid: 107238|app: 0|req: 1/3] 162.253.55.221 () {40 vars in 694 bytes} [Thu Apr 2 04:11:37 2026] GET /openstack/2018-08-27/meta_data.json => generated 946 bytes in 6 msecs (HTTP/1.1 200) 3 headers in 91 bytes (1 switches on core 0)
Apr 02 04:11:37.826592 np0000162636 devstack@n-api-meta.service[107237]: DEBUG nova.api.metadata.handler [None req-2ae6c3f1-2470-4c26-869c-6b0528ef1fc6 None None] Metadata request headers: {'Host': '162.253.55.221:8775', 'User-Agent': 'python-requests/2.32.5', 'Accept-Encoding': 'gzip, deflate', 'Accept': '*/*', 'Connection': 'keep-alive', 'X-Forwarded-For': '192.168.24.81', 'X-Instance-Id': '4a4ec57f-8336-48fe-aaad-68120d554ed7', 'X-Tenant-Id': '079aa3290f944c8a89c0699a40d13df2', 'X-Instance-Id-Signature': '7048586ab0258a8dceb38a50849f3c53d121448e42cd21c7dd3b755bf94062a5'} {{(pid=107237) __call__ /opt/stack/nova/nova/api/metadata/handler.py:109}}
Apr 02 04:11:37.830604 np0000162636 devstack@n-api-meta.service[107237]: DEBUG nova.api.metadata.handler [None req-2ae6c3f1-2470-4c26-869c-6b0528ef1fc6 None None] Using cached metadata for instance 4a4ec57f-8336-48fe-aaad-68120d554ed7 {{(pid=107237) get_metadata_by_instance_id /opt/stack/nova/nova/api/metadata/handler.py:84}}
Apr 02 04:11:37.831042 np0000162636 devstack@n-api-meta.service[107237]: [pid: 107237|app: 0|req: 1/4] 162.253.55.221 () {40 vars in 684 bytes} [Thu Apr 2 04:11:37 2026] GET /openstack/2018-08-27/user_data => generated 26364 bytes in 5 msecs (HTTP/1.1 200) 3 headers in 102 bytes (1 switches on core 0)
Apr 02 04:11:37.839743 np0000162636 devstack@n-api-meta.service[107239]: DEBUG nova.api.metadata.handler [None req-22a2bf0d-db98-4cc0-baad-55377c0df4ce None None] Metadata request headers: {'Host': '162.253.55.221:8775', 'User-Agent': 'python-requests/2.32.5', 'Accept-Encoding': 'gzip, deflate', 'Accept': '*/*', 'Connection': 'keep-alive', 'X-Forwarded-For': '192.168.24.81', 'X-Instance-Id': '4a4ec57f-8336-48fe-aaad-68120d554ed7', 'X-Tenant-Id': '079aa3290f944c8a89c0699a40d13df2', 'X-Instance-Id-Signature': '7048586ab0258a8dceb38a50849f3c53d121448e42cd21c7dd3b755bf94062a5'} {{(pid=107239) __call__ /opt/stack/nova/nova/api/metadata/handler.py:109}}
Apr 02 04:11:37.842263 np0000162636 devstack@n-api-meta.service[107239]: DEBUG nova.api.metadata.handler [None req-22a2bf0d-db98-4cc0-baad-55377c0df4ce None None] Using cached metadata for instance 4a4ec57f-8336-48fe-aaad-68120d554ed7 {{(pid=107239) get_metadata_by_instance_id /opt/stack/nova/nova/api/metadata/handler.py:84}}
Apr 02 04:11:37.842813 np0000162636 devstack@n-api-meta.service[107239]: [pid: 107239|app: 0|req: 2/5] 162.253.55.221 () {40 vars in 698 bytes} [Thu Apr 2 04:11:37 2026] GET /openstack/2018-08-27/vendor_data.json => generated 2 bytes in 4 msecs (HTTP/1.1 200) 3 headers in 89 bytes (1 switches on core 0)
Apr 02 04:11:37.848435 np0000162636 devstack@n-api-meta.service[107240]: DEBUG nova.api.metadata.handler [None req-e525a35e-3af0-4f96-8b57-aafb5450080d None None] Metadata request headers: {'Host': '162.253.55.221:8775', 'User-Agent': 'python-requests/2.32.5', 'Accept-Encoding': 'gzip, deflate', 'Accept': '*/*', 'Connection': 'keep-alive', 'X-Forwarded-For': '192.168.24.81', 'X-Instance-Id': '4a4ec57f-8336-48fe-aaad-68120d554ed7', 'X-Tenant-Id': '079aa3290f944c8a89c0699a40d13df2', 'X-Instance-Id-Signature': '7048586ab0258a8dceb38a50849f3c53d121448e42cd21c7dd3b755bf94062a5'} {{(pid=107240) __call__ /opt/stack/nova/nova/api/metadata/handler.py:109}}
Apr 02 04:11:37.850440 np0000162636 devstack@n-api-meta.service[107240]: DEBUG nova.api.metadata.handler [None req-e525a35e-3af0-4f96-8b57-aafb5450080d None None] Using cached metadata for instance 4a4ec57f-8336-48fe-aaad-68120d554ed7 {{(pid=107240) get_metadata_by_instance_id /opt/stack/nova/nova/api/metadata/handler.py:84}}
Apr 02 04:11:37.851024 np0000162636 devstack@n-api-meta.service[107240]: [pid: 107240|app: 0|req: 2/6] 162.253.55.221 () {40 vars in 700 bytes} [Thu Apr 2 04:11:37 2026] GET /openstack/2018-08-27/vendor_data2.json => generated 14 bytes in 3 msecs (HTTP/1.1 200) 3 headers in 90 bytes (1 switches on core 0)
Apr 02 04:11:37.857514 np0000162636 devstack@n-api-meta.service[107238]: DEBUG nova.api.metadata.handler [None req-d6fb7d02-4756-4626-a59a-ad30ce52bfcd None None] Metadata request headers: {'Host': '162.253.55.221:8775', 'User-Agent': 'python-requests/2.32.5', 'Accept-Encoding': 'gzip, deflate', 'Accept': '*/*', 'Connection': 'keep-alive', 'X-Forwarded-For': '192.168.24.81', 'X-Instance-Id': '4a4ec57f-8336-48fe-aaad-68120d554ed7', 'X-Tenant-Id': '079aa3290f944c8a89c0699a40d13df2', 'X-Instance-Id-Signature': '7048586ab0258a8dceb38a50849f3c53d121448e42cd21c7dd3b755bf94062a5'} {{(pid=107238) __call__ /opt/stack/nova/nova/api/metadata/handler.py:109}}
Apr 02 04:11:37.860264 np0000162636 devstack@n-api-meta.service[107238]: DEBUG nova.api.metadata.handler [None req-d6fb7d02-4756-4626-a59a-ad30ce52bfcd None None] Using cached metadata for instance 4a4ec57f-8336-48fe-aaad-68120d554ed7 {{(pid=107238) get_metadata_by_instance_id /opt/stack/nova/nova/api/metadata/handler.py:84}}
Apr 02 04:11:37.861003 np0000162636 devstack@n-api-meta.service[107238]: [pid: 107238|app: 0|req: 2/7] 162.253.55.221 () {40 vars in 698 bytes} [Thu Apr 2 04:11:37 2026] GET /openstack/2018-08-27/network_data.json => generated 348 bytes in 4 msecs (HTTP/1.1 200) 3 headers in 100 bytes (1 switches on core 0)
Apr 02 04:11:37.867075 np0000162636 devstack@n-api-meta.service[107237]: DEBUG nova.api.metadata.handler [None req-2ae6c3f1-2470-4c26-869c-6b0528ef1fc6 None None] Metadata request headers: {'Host': '162.253.55.221:8775', 'User-Agent': 'python-requests/2.32.5', 'Accept-Encoding': 'gzip, deflate', 'Accept': '*/*', 'Connection': 'keep-alive', 'X-Forwarded-For': '192.168.24.81', 'X-Instance-Id': '4a4ec57f-8336-48fe-aaad-68120d554ed7', 'X-Tenant-Id': '079aa3290f944c8a89c0699a40d13df2', 'X-Instance-Id-Signature': '7048586ab0258a8dceb38a50849f3c53d121448e42cd21c7dd3b755bf94062a5'} {{(pid=107237) __call__ /opt/stack/nova/nova/api/metadata/handler.py:109}}
Apr 02 04:11:37.868920 np0000162636 devstack@n-api-meta.service[107237]: DEBUG nova.api.metadata.handler [None req-2ae6c3f1-2470-4c26-869c-6b0528ef1fc6 None None] Using cached metadata for instance 4a4ec57f-8336-48fe-aaad-68120d554ed7 {{(pid=107237) get_metadata_by_instance_id /opt/stack/nova/nova/api/metadata/handler.py:84}}
Apr 02 04:11:37.869410 np0000162636 devstack@n-api-meta.service[107237]: [pid: 107237|app: 0|req: 2/8] 162.253.55.221 () {40 vars in 657 bytes} [Thu Apr 2 04:11:37 2026] GET /latest/meta-data/ => generated 210 bytes in 3 msecs (HTTP/1.1 200) 3 headers in 100 bytes (1 switches on core 0)
Apr 02 04:11:37.878842 np0000162636 devstack@n-api-meta.service[107239]: DEBUG nova.api.metadata.handler [None req-22a2bf0d-db98-4cc0-baad-55377c0df4ce None None] Metadata request headers: {'Host': '162.253.55.221:8775', 'User-Agent': 'python-requests/2.32.5', 'Accept-Encoding': 'gzip, deflate', 'Accept': '*/*', 'Connection': 'keep-alive', 'X-Forwarded-For': '192.168.24.81', 'X-Instance-Id': '4a4ec57f-8336-48fe-aaad-68120d554ed7', 'X-Tenant-Id': '079aa3290f944c8a89c0699a40d13df2', 'X-Instance-Id-Signature': '7048586ab0258a8dceb38a50849f3c53d121448e42cd21c7dd3b755bf94062a5'} {{(pid=107239) __call__ /opt/stack/nova/nova/api/metadata/handler.py:109}}
Apr 02 04:11:37.881573 np0000162636 devstack@n-api-meta.service[107239]: DEBUG nova.api.metadata.handler [None req-22a2bf0d-db98-4cc0-baad-55377c0df4ce None None] Using cached metadata for instance 4a4ec57f-8336-48fe-aaad-68120d554ed7 {{(pid=107239) get_metadata_by_instance_id /opt/stack/nova/nova/api/metadata/handler.py:84}}
Apr 02 04:11:37.882402 np0000162636 devstack@n-api-meta.service[107239]: [pid: 107239|app: 0|req: 3/9] 162.253.55.221 () {40 vars in 699 bytes} [Thu Apr 2 04:11:37 2026] GET /latest/meta-data/block-device-mapping/ => generated 8 bytes in 4 msecs (HTTP/1.1 200) 3 headers in 98 bytes (1 switches on core 0)
Apr 02 04:11:37.890492 np0000162636 devstack@n-api-meta.service[107240]: DEBUG nova.api.metadata.handler [None req-e525a35e-3af0-4f96-8b57-aafb5450080d None None] Metadata request headers: {'Host': '162.253.55.221:8775', 'User-Agent': 'python-requests/2.32.5', 'Accept-Encoding': 'gzip, deflate', 'Accept': '*/*', 'Connection': 'keep-alive', 'X-Forwarded-For': '192.168.24.81', 'X-Instance-Id': '4a4ec57f-8336-48fe-aaad-68120d554ed7', 'X-Tenant-Id': '079aa3290f944c8a89c0699a40d13df2', 'X-Instance-Id-Signature': '7048586ab0258a8dceb38a50849f3c53d121448e42cd21c7dd3b755bf94062a5'} {{(pid=107240) __call__ /opt/stack/nova/nova/api/metadata/handler.py:109}}
Apr 02 04:11:37.893107 np0000162636 devstack@n-api-meta.service[107240]: DEBUG nova.api.metadata.handler [None req-e525a35e-3af0-4f96-8b57-aafb5450080d None None] Using cached metadata for instance 4a4ec57f-8336-48fe-aaad-68120d554ed7 {{(pid=107240) get_metadata_by_instance_id /opt/stack/nova/nova/api/metadata/handler.py:84}}
Apr 02 04:11:37.893914 np0000162636 devstack@n-api-meta.service[107240]: [pid: 107240|app: 0|req: 3/10] 162.253.55.221 () {40 vars in 705 bytes} [Thu Apr 2 04:11:37 2026] GET /latest/meta-data/block-device-mapping/ami => generated 3 bytes in 4 msecs (HTTP/1.1 200) 3 headers in 98 bytes (1 switches on core 0)
Apr 02 04:11:37.902132 np0000162636 devstack@n-api-meta.service[107238]: DEBUG nova.api.metadata.handler [None req-d6fb7d02-4756-4626-a59a-ad30ce52bfcd None None] Metadata request headers: {'Host': '162.253.55.221:8775', 'User-Agent': 'python-requests/2.32.5', 'Accept-Encoding': 'gzip, deflate', 'Accept': '*/*', 'Connection': 'keep-alive', 'X-Forwarded-For': '192.168.24.81', 'X-Instance-Id': '4a4ec57f-8336-48fe-aaad-68120d554ed7', 'X-Tenant-Id': '079aa3290f944c8a89c0699a40d13df2', 'X-Instance-Id-Signature': '7048586ab0258a8dceb38a50849f3c53d121448e42cd21c7dd3b755bf94062a5'} {{(pid=107238) __call__ /opt/stack/nova/nova/api/metadata/handler.py:109}}
Apr 02 04:11:37.905008 np0000162636 devstack@n-api-meta.service[107238]: DEBUG nova.api.metadata.handler [None req-d6fb7d02-4756-4626-a59a-ad30ce52bfcd None None] Using cached metadata for instance 4a4ec57f-8336-48fe-aaad-68120d554ed7 {{(pid=107238) get_metadata_by_instance_id /opt/stack/nova/nova/api/metadata/handler.py:84}}
Apr 02 04:11:37.905665 np0000162636 devstack@n-api-meta.service[107238]: [pid: 107238|app: 0|req: 3/11] 162.253.55.221 () {40 vars in 707 bytes} [Thu Apr 2 04:11:37 2026] GET /latest/meta-data/block-device-mapping/root => generated 8 bytes in 4 msecs (HTTP/1.1 200) 3 headers in 98 bytes (1 switches on core 0)
Apr 02 04:11:37.914865 np0000162636 devstack@n-api-meta.service[107237]: DEBUG nova.api.metadata.handler [None req-2ae6c3f1-2470-4c26-869c-6b0528ef1fc6 None None] Metadata request headers: {'Host': '162.253.55.221:8775', 'User-Agent': 'python-requests/2.32.5', 'Accept-Encoding': 'gzip, deflate', 'Accept': '*/*', 'Connection': 'keep-alive', 'X-Forwarded-For': '192.168.24.81', 'X-Instance-Id': '4a4ec57f-8336-48fe-aaad-68120d554ed7', 'X-Tenant-Id': '079aa3290f944c8a89c0699a40d13df2', 'X-Instance-Id-Signature': '7048586ab0258a8dceb38a50849f3c53d121448e42cd21c7dd3b755bf94062a5'} {{(pid=107237) __call__ /opt/stack/nova/nova/api/metadata/handler.py:109}}
Apr 02 04:11:37.918019 np0000162636 devstack@n-api-meta.service[107237]: DEBUG nova.api.metadata.handler [None req-2ae6c3f1-2470-4c26-869c-6b0528ef1fc6 None None] Using cached metadata for instance 4a4ec57f-8336-48fe-aaad-68120d554ed7 {{(pid=107237) get_metadata_by_instance_id /opt/stack/nova/nova/api/metadata/handler.py:84}}
Apr 02 04:11:37.918796 np0000162636 devstack@n-api-meta.service[107237]: [pid: 107237|app: 0|req: 3/12] 162.253.55.221 () {40 vars in 677 bytes} [Thu Apr 2 04:11:37 2026] GET /latest/meta-data/placement/ => generated 17 bytes in 5 msecs (HTTP/1.1 200) 3 headers in 99 bytes (1 switches on core 0)
Apr 02 04:11:37.925375 np0000162636 devstack@n-api-meta.service[107239]: DEBUG nova.api.metadata.handler [None req-22a2bf0d-db98-4cc0-baad-55377c0df4ce None None] Metadata request headers: {'Host': '162.253.55.221:8775', 'User-Agent': 'python-requests/2.32.5', 'Accept-Encoding': 'gzip, deflate', 'Accept': '*/*', 'Connection': 'keep-alive', 'X-Forwarded-For': '192.168.24.81', 'X-Instance-Id': '4a4ec57f-8336-48fe-aaad-68120d554ed7', 'X-Tenant-Id': '079aa3290f944c8a89c0699a40d13df2', 'X-Instance-Id-Signature': '7048586ab0258a8dceb38a50849f3c53d121448e42cd21c7dd3b755bf94062a5'} {{(pid=107239) __call__ /opt/stack/nova/nova/api/metadata/handler.py:109}}
Apr 02 04:11:37.928030 np0000162636 devstack@n-api-meta.service[107239]: DEBUG nova.api.metadata.handler [None req-22a2bf0d-db98-4cc0-baad-55377c0df4ce None None] Using cached metadata for instance 4a4ec57f-8336-48fe-aaad-68120d554ed7 {{(pid=107239) get_metadata_by_instance_id /opt/stack/nova/nova/api/metadata/handler.py:84}}
Apr 02 04:11:37.928646 np0000162636 devstack@n-api-meta.service[107239]: [pid: 107239|app: 0|req: 4/13] 162.253.55.221 () {40 vars in 712 bytes} [Thu Apr 2 04:11:37 2026] GET /latest/meta-data/placement/availability-zone => generated 4 bytes in 4 msecs (HTTP/1.1 200) 3 headers in 98 bytes (1 switches on core 0)
Apr 02 04:11:37.936913 np0000162636 devstack@n-api-meta.service[107240]: DEBUG nova.api.metadata.handler [None req-e525a35e-3af0-4f96-8b57-aafb5450080d None None] Metadata request headers: {'Host': '162.253.55.221:8775', 'User-Agent': 'python-requests/2.32.5', 'Accept-Encoding': 'gzip, deflate', 'Accept': '*/*', 'Connection': 'keep-alive', 'X-Forwarded-For': '192.168.24.81', 'X-Instance-Id': '4a4ec57f-8336-48fe-aaad-68120d554ed7', 'X-Tenant-Id': '079aa3290f944c8a89c0699a40d13df2', 'X-Instance-Id-Signature': '7048586ab0258a8dceb38a50849f3c53d121448e42cd21c7dd3b755bf94062a5'} {{(pid=107240) __call__ /opt/stack/nova/nova/api/metadata/handler.py:109}}
Apr 02 04:11:37.938913 np0000162636 devstack@n-api-meta.service[107240]: DEBUG nova.api.metadata.handler [None req-e525a35e-3af0-4f96-8b57-aafb5450080d None None] Using cached metadata for instance 4a4ec57f-8336-48fe-aaad-68120d554ed7 {{(pid=107240) get_metadata_by_instance_id /opt/stack/nova/nova/api/metadata/handler.py:84}}
Apr 02 04:11:37.939104 np0000162636 devstack@n-api-meta.service[107240]: [pid: 107240|app: 0|req: 4/14] 162.253.55.221 () {40 vars in 670 bytes} [Thu Apr 2 04:11:37 2026] GET /latest/meta-data/ami-id => generated 12 bytes in 2 msecs (HTTP/1.1 200) 3 headers in 99 bytes (1 switches on core 0)
Apr 02 04:11:37.946299 np0000162636 devstack@n-api-meta.service[107238]: DEBUG nova.api.metadata.handler [None req-d6fb7d02-4756-4626-a59a-ad30ce52bfcd None None] Metadata request headers: {'Host': '162.253.55.221:8775', 'User-Agent': 'python-requests/2.32.5', 'Accept-Encoding': 'gzip, deflate', 'Accept': '*/*', 'Connection': 'keep-alive', 'X-Forwarded-For': '192.168.24.81', 'X-Instance-Id': '4a4ec57f-8336-48fe-aaad-68120d554ed7', 'X-Tenant-Id': '079aa3290f944c8a89c0699a40d13df2', 'X-Instance-Id-Signature': '7048586ab0258a8dceb38a50849f3c53d121448e42cd21c7dd3b755bf94062a5'} {{(pid=107238) __call__ /opt/stack/nova/nova/api/metadata/handler.py:109}}
Apr 02 04:11:37.948905 np0000162636 devstack@n-api-meta.service[107238]: DEBUG nova.api.metadata.handler [None req-d6fb7d02-4756-4626-a59a-ad30ce52bfcd None None] Using cached metadata for instance 4a4ec57f-8336-48fe-aaad-68120d554ed7 {{(pid=107238) get_metadata_by_instance_id /opt/stack/nova/nova/api/metadata/handler.py:84}}
Apr 02 04:11:37.949520 np0000162636 devstack@n-api-meta.service[107238]: [pid: 107238|app: 0|req: 4/15] 162.253.55.221 () {40 vars in 690 bytes} [Thu Apr 2 04:11:37 2026] GET /latest/meta-data/ami-launch-index => generated 1 bytes in 4 msecs (HTTP/1.1 200) 3 headers in 98 bytes (1 switches on core 0)
Apr 02 04:11:37.956694 np0000162636 devstack@n-api-meta.service[107237]: DEBUG nova.api.metadata.handler [None req-2ae6c3f1-2470-4c26-869c-6b0528ef1fc6 None None] Metadata request headers: {'Host': '162.253.55.221:8775', 'User-Agent': 'python-requests/2.32.5', 'Accept-Encoding': 'gzip, deflate', 'Accept': '*/*', 'Connection': 'keep-alive', 'X-Forwarded-For': '192.168.24.81', 'X-Instance-Id': '4a4ec57f-8336-48fe-aaad-68120d554ed7', 'X-Tenant-Id': '079aa3290f944c8a89c0699a40d13df2', 'X-Instance-Id-Signature': '7048586ab0258a8dceb38a50849f3c53d121448e42cd21c7dd3b755bf94062a5'} {{(pid=107237) __call__ /opt/stack/nova/nova/api/metadata/handler.py:109}}
Apr 02 04:11:37.959193 np0000162636 devstack@n-api-meta.service[107237]: DEBUG nova.api.metadata.handler [None req-2ae6c3f1-2470-4c26-869c-6b0528ef1fc6 None None] Using cached metadata for instance 4a4ec57f-8336-48fe-aaad-68120d554ed7 {{(pid=107237) get_metadata_by_instance_id /opt/stack/nova/nova/api/metadata/handler.py:84}}
Apr 02 04:11:37.959813 np0000162636 devstack@n-api-meta.service[107237]: [pid: 107237|app: 0|req: 4/16] 162.253.55.221 () {40 vars in 692 bytes} [Thu Apr 2 04:11:37 2026] GET /latest/meta-data/ami-manifest-path => generated 5 bytes in 3 msecs (HTTP/1.1 200) 3 headers in 98 bytes (1 switches on core 0)
Apr 02 04:11:37.968329 np0000162636 devstack@n-api-meta.service[107239]: DEBUG nova.api.metadata.handler [None req-22a2bf0d-db98-4cc0-baad-55377c0df4ce None None] Metadata request headers: {'Host': '162.253.55.221:8775', 'User-Agent': 'python-requests/2.32.5', 'Accept-Encoding': 'gzip, deflate', 'Accept': '*/*', 'Connection': 'keep-alive', 'X-Forwarded-For': '192.168.24.81', 'X-Instance-Id': '4a4ec57f-8336-48fe-aaad-68120d554ed7', 'X-Tenant-Id': '079aa3290f944c8a89c0699a40d13df2', 'X-Instance-Id-Signature': '7048586ab0258a8dceb38a50849f3c53d121448e42cd21c7dd3b755bf94062a5'} {{(pid=107239) __call__ /opt/stack/nova/nova/api/metadata/handler.py:109}}
Apr 02 04:11:37.970949 np0000162636 devstack@n-api-meta.service[107239]: DEBUG nova.api.metadata.handler [None req-22a2bf0d-db98-4cc0-baad-55377c0df4ce None None] Using cached metadata for instance 4a4ec57f-8336-48fe-aaad-68120d554ed7 {{(pid=107239) get_metadata_by_instance_id /opt/stack/nova/nova/api/metadata/handler.py:84}}
Apr 02 04:11:37.971590 np0000162636 devstack@n-api-meta.service[107239]: [pid: 107239|app: 0|req: 5/17] 162.253.55.221 () {40 vars in 674 bytes} [Thu Apr 2 04:11:37 2026] GET /latest/meta-data/hostname => generated 32 bytes in 4 msecs (HTTP/1.1 200) 3 headers in 99 bytes (1 switches on core 0)
Apr 02 04:11:37.979854 np0000162636 devstack@n-api-meta.service[107240]: DEBUG nova.api.metadata.handler [None req-e525a35e-3af0-4f96-8b57-aafb5450080d None None] Metadata request headers: {'Host': '162.253.55.221:8775', 'User-Agent': 'python-requests/2.32.5', 'Accept-Encoding': 'gzip, deflate', 'Accept': '*/*', 'Connection': 'keep-alive', 'X-Forwarded-For': '192.168.24.81', 'X-Instance-Id': '4a4ec57f-8336-48fe-aaad-68120d554ed7', 'X-Tenant-Id': '079aa3290f944c8a89c0699a40d13df2', 'X-Instance-Id-Signature': '7048586ab0258a8dceb38a50849f3c53d121448e42cd21c7dd3b755bf94062a5'} {{(pid=107240) __call__ /opt/stack/nova/nova/api/metadata/handler.py:109}}
Apr 02 04:11:37.982587 np0000162636 devstack@n-api-meta.service[107240]: DEBUG nova.api.metadata.handler [None req-e525a35e-3af0-4f96-8b57-aafb5450080d None None] Using cached metadata for instance 4a4ec57f-8336-48fe-aaad-68120d554ed7 {{(pid=107240) get_metadata_by_instance_id /opt/stack/nova/nova/api/metadata/handler.py:84}}
Apr 02 04:11:37.983196 np0000162636 devstack@n-api-meta.service[107240]: [pid: 107240|app: 0|req: 5/18] 162.253.55.221 () {40 vars in 688 bytes} [Thu Apr 2 04:11:37 2026] GET /latest/meta-data/instance-action => generated 4 bytes in 4 msecs (HTTP/1.1 200) 3 headers in 98 bytes (1 switches on core 0)
Apr 02 04:11:37.991125 np0000162636 devstack@n-api-meta.service[107238]: DEBUG nova.api.metadata.handler [None req-d6fb7d02-4756-4626-a59a-ad30ce52bfcd None None] Metadata request headers: {'Host': '162.253.55.221:8775', 'User-Agent': 'python-requests/2.32.5', 'Accept-Encoding': 'gzip, deflate', 'Accept': '*/*', 'Connection': 'keep-alive', 'X-Forwarded-For': '192.168.24.81', 'X-Instance-Id': '4a4ec57f-8336-48fe-aaad-68120d554ed7', 'X-Tenant-Id': '079aa3290f944c8a89c0699a40d13df2', 'X-Instance-Id-Signature': '7048586ab0258a8dceb38a50849f3c53d121448e42cd21c7dd3b755bf94062a5'} {{(pid=107238) __call__ /opt/stack/nova/nova/api/metadata/handler.py:109}}
Apr 02 04:11:37.993644 np0000162636 devstack@n-api-meta.service[107238]: DEBUG nova.api.metadata.handler [None req-d6fb7d02-4756-4626-a59a-ad30ce52bfcd None None] Using cached metadata for instance 4a4ec57f-8336-48fe-aaad-68120d554ed7 {{(pid=107238) get_metadata_by_instance_id /opt/stack/nova/nova/api/metadata/handler.py:84}}
Apr 02 04:11:37.994267 np0000162636 devstack@n-api-meta.service[107238]: [pid: 107238|app: 0|req: 5/19] 162.253.55.221 () {40 vars in 680 bytes} [Thu Apr 2 04:11:37 2026] GET /latest/meta-data/instance-id => generated 10 bytes in 3 msecs (HTTP/1.1 200) 3 headers in 99 bytes (1 switches on core 0)
Apr 02 04:11:37.999913 np0000162636 devstack@n-api-meta.service[107237]: DEBUG nova.api.metadata.handler [None req-2ae6c3f1-2470-4c26-869c-6b0528ef1fc6 None None] Metadata request headers: {'Host': '162.253.55.221:8775', 'User-Agent': 'python-requests/2.32.5', 'Accept-Encoding': 'gzip, deflate', 'Accept': '*/*', 'Connection': 'keep-alive', 'X-Forwarded-For': '192.168.24.81', 'X-Instance-Id': '4a4ec57f-8336-48fe-aaad-68120d554ed7', 'X-Tenant-Id': '079aa3290f944c8a89c0699a40d13df2', 'X-Instance-Id-Signature': '7048586ab0258a8dceb38a50849f3c53d121448e42cd21c7dd3b755bf94062a5'} {{(pid=107237) __call__ /opt/stack/nova/nova/api/metadata/handler.py:109}}
Apr 02 04:11:38.001558 np0000162636 devstack@n-api-meta.service[107237]: DEBUG nova.api.metadata.handler [None req-2ae6c3f1-2470-4c26-869c-6b0528ef1fc6 None None] Using cached metadata for instance 4a4ec57f-8336-48fe-aaad-68120d554ed7 {{(pid=107237) get_metadata_by_instance_id /opt/stack/nova/nova/api/metadata/handler.py:84}}
Apr 02 04:11:38.001941 np0000162636 devstack@n-api-meta.service[107237]: [pid: 107237|app: 0|req: 5/20] 162.253.55.221 () {40 vars in 684 bytes} [Thu Apr 2 04:11:37 2026] GET /latest/meta-data/instance-type => generated 8 bytes in 2 msecs (HTTP/1.1 200) 3 headers in 98 bytes (1 switches on core 0)
Apr 02 04:11:38.008537 np0000162636 devstack@n-api-meta.service[107239]: DEBUG nova.api.metadata.handler [None req-22a2bf0d-db98-4cc0-baad-55377c0df4ce None None] Metadata request headers: {'Host': '162.253.55.221:8775', 'User-Agent': 'python-requests/2.32.5', 'Accept-Encoding': 'gzip, deflate', 'Accept': '*/*', 'Connection': 'keep-alive', 'X-Forwarded-For': '192.168.24.81', 'X-Instance-Id': '4a4ec57f-8336-48fe-aaad-68120d554ed7', 'X-Tenant-Id': '079aa3290f944c8a89c0699a40d13df2', 'X-Instance-Id-Signature': '7048586ab0258a8dceb38a50849f3c53d121448e42cd21c7dd3b755bf94062a5'} {{(pid=107239) __call__ /opt/stack/nova/nova/api/metadata/handler.py:109}}
Apr 02 04:11:38.011274 np0000162636 devstack@n-api-meta.service[107239]: DEBUG nova.api.metadata.handler [None req-22a2bf0d-db98-4cc0-baad-55377c0df4ce None None] Using cached metadata for instance 4a4ec57f-8336-48fe-aaad-68120d554ed7 {{(pid=107239) get_metadata_by_instance_id /opt/stack/nova/nova/api/metadata/handler.py:84}}
Apr 02 04:11:38.011946 np0000162636 devstack@n-api-meta.service[107239]: [pid: 107239|app: 0|req: 6/21] 162.253.55.221 () {40 vars in 686 bytes} [Thu Apr 2 04:11:38 2026] GET /latest/meta-data/local-hostname => generated 32 bytes in 4 msecs (HTTP/1.1 200) 3 headers in 99 bytes (1 switches on core 0)
Apr 02 04:11:38.019666 np0000162636 devstack@n-api-meta.service[107240]: DEBUG nova.api.metadata.handler [None req-e525a35e-3af0-4f96-8b57-aafb5450080d None None] Metadata request headers: {'Host': '162.253.55.221:8775', 'User-Agent': 'python-requests/2.32.5', 'Accept-Encoding': 'gzip, deflate', 'Accept': '*/*', 'Connection': 'keep-alive', 'X-Forwarded-For': '192.168.24.81', 'X-Instance-Id': '4a4ec57f-8336-48fe-aaad-68120d554ed7', 'X-Tenant-Id': '079aa3290f944c8a89c0699a40d13df2', 'X-Instance-Id-Signature': '7048586ab0258a8dceb38a50849f3c53d121448e42cd21c7dd3b755bf94062a5'} {{(pid=107240) __call__ /opt/stack/nova/nova/api/metadata/handler.py:109}}
Apr 02 04:11:38.022337 np0000162636 devstack@n-api-meta.service[107240]: DEBUG nova.api.metadata.handler [None req-e525a35e-3af0-4f96-8b57-aafb5450080d None None] Using cached metadata for instance 4a4ec57f-8336-48fe-aaad-68120d554ed7 {{(pid=107240) get_metadata_by_instance_id /opt/stack/nova/nova/api/metadata/handler.py:84}}
Apr 02 04:11:38.023026 np0000162636 devstack@n-api-meta.service[107240]: [pid: 107240|app: 0|req: 6/22] 162.253.55.221 () {40 vars in 678 bytes} [Thu Apr 2 04:11:38 2026] GET /latest/meta-data/local-ipv4 => generated 13 bytes in 4 msecs (HTTP/1.1 200) 3 headers in 99 bytes (1 switches on core 0)
