2026-04-24 07:21:47.118 7 INFO neutron.db.ovn_revision_numbers_db [None req-a2f4cf83-f330-4813-adc5-17bc4ca815f0 7d77bd800ca446b1b40c7bacc87ddaf7 6e116c3d94fc4384b527d65f83c5a31b - - default default] Successfully bumped revision number for resource 761cfb44-8948-409f-867e-64f9cf093ed2 (type: ports) to 1 [pid: 7|app: 0|req: 584/1304] 10.0.0.68 () {34 vars in 663 bytes} [Fri Apr 24 07:21:46 2026] POST /v2.0/ports => generated 743 bytes in 510 msecs (HTTP/1.1 201) 4 headers in 162 bytes (1 switches on core 0) /var/lib/openstack/lib/python3.12/site-packages/pycadf/identifier.py:70: UserWarning: Invalid uuid: neutron. To ensure interoperability, identifiers should be a valid uuid. warnings.warn(('Invalid uuid: %s. To ensure interoperability, ' [pid: 7|app: 0|req: 585/1305] 10.0.0.68 () {32 vars in 693 bytes} [Fri Apr 24 07:21:47 2026] GET /v2.0/networks?router%3Aexternal=True => generated 791 bytes in 59 msecs (HTTP/1.1 200) 4 headers in 157 bytes (1 switches on core 0)
2026-04-24 07:21:47.334 8 WARNING neutron.scheduler.dhcp_agent_scheduler [req-15f3bcec-f17b-43ec-99e0-60f812c5a76d req-abdd19bd-69b2-4cb9-a1bb-864db1fea802 62b35a1085894e31a4a198e5a3291d8a 76bbad81f8ab4366be91fce66a2df293 - - default default] No more DHCP agents
2026-04-24 07:21:47.339 8 WARNING neutron.api.rpc.agentnotifiers.dhcp_rpc_agent_api [req-15f3bcec-f17b-43ec-99e0-60f812c5a76d req-abdd19bd-69b2-4cb9-a1bb-864db1fea802 62b35a1085894e31a4a198e5a3291d8a 76bbad81f8ab4366be91fce66a2df293 - - default default] Unable to schedule network 4cecaec0-2393-4814-b7e6-1ab285b81208: no agents available; will retry on subsequent port and subnet creation events.
2026-04-24 07:21:47.411 7 WARNING neutron.scheduler.dhcp_agent_scheduler [None req-a3b76b8e-6020-4e51-b893-d96b7322d9da a54cc2f3933943d4a9d7f1e9bb3a764a 3b42a3090d7541cfa3fc39a7ef0e52f5 - - default default] No more DHCP agents
2026-04-24 07:21:47.412 7 WARNING neutron.api.rpc.agentnotifiers.dhcp_rpc_agent_api [None req-a3b76b8e-6020-4e51-b893-d96b7322d9da a54cc2f3933943d4a9d7f1e9bb3a764a 3b42a3090d7541cfa3fc39a7ef0e52f5 - - default default] Unable to schedule network 8bd59e64-34cf-42e3-b876-0efdf81d2a0a: no agents available; will retry on subsequent port and subnet creation events.
2026-04-24 07:21:47.606 8 INFO neutron.db.ovn_revision_numbers_db [req-15f3bcec-f17b-43ec-99e0-60f812c5a76d req-abdd19bd-69b2-4cb9-a1bb-864db1fea802 62b35a1085894e31a4a198e5a3291d8a 76bbad81f8ab4366be91fce66a2df293 - - default default] Successfully bumped revision number for resource 40a4ec40-72b0-49cd-a8f9-472ec45c46eb (type: ports) to 1 [pid: 8|app: 0|req: 721/1306] 199.204.45.44 () {38 vars in 954 bytes} [Fri Apr 24 07:21:46 2026] POST /v2.0/ports => generated 958 bytes in 1074 msecs (HTTP/1.1 201) 4 headers in 162 bytes (1 switches on core 0)
2026-04-24 07:21:47.712 8 INFO neutron.db.ovn_revision_numbers_db [None req-2deae459-2887-4657-bbd6-1d8e44a7c404 - - - - - -] Successfully bumped revision number for resource 892390f7-05bf-4e45-886a-cd59c2c82594 (type: ports) to 4 /var/lib/openstack/lib/python3.12/site-packages/pycadf/identifier.py:70: UserWarning: Invalid uuid: neutron. To ensure interoperability, identifiers should be a valid uuid. warnings.warn(('Invalid uuid: %s. To ensure interoperability, ' [pid: 8|app: 0|req: 722/1307] 10.0.0.199 () {34 vars in 990 bytes} [Fri Apr 24 07:21:47 2026] GET /v2.0/ports?device_id=7526de4d-1d42-4422-8f76-ccfc41efc470 => generated 961 bytes in 56 msecs (HTTP/1.1 200) 4 headers in 157 bytes (1 switches on core 0)
2026-04-24 07:21:47.871 7 INFO neutron.db.ovn_revision_numbers_db [None req-8c7ba458-8f40-43bf-a2bd-b64ecc69c548 - - - - - -] Successfully bumped revision number for resource c1f36e63-b77b-44f3-8ddb-e4d16efd9c5b (type: ports) to 2
2026-04-24 07:21:47.888 8 INFO neutron.db.segments_db [None req-3bc84a6d-e1ad-4706-b9a9-3e4b67f4c58e 7d77bd800ca446b1b40c7bacc87ddaf7 6e116c3d94fc4384b527d65f83c5a31b - - default default] Added segment 399c279c-fc13-4551-b840-84b49abe3849 of type geneve for network 75d45a21-732b-40ca-9811-12c90d39c2bd
2026-04-24 07:21:47.900 7 INFO neutron.db.ovn_revision_numbers_db [None req-8c7ba458-8f40-43bf-a2bd-b64ecc69c548 - - - - - -] Successfully bumped revision number for resource 4182117f-02aa-4fb0-a925-4b3851c34a36 (type: subnets) to 0 [pid: 7|app: 0|req: 586/1308] 10.0.0.68 () {34 vars in 668 bytes} [Fri Apr 24 07:21:47 2026] POST /v2.0/subnets => generated 688 bytes in 666 msecs (HTTP/1.1 201) 4 headers in 162 bytes (1 switches on core 0) [pid: 7|app: 0|req: 587/1309] 10.0.0.68 () {32 vars in 783 bytes} [Fri Apr 24 07:21:47 2026] GET /v2.0/subnets?network_id=bc58738b-b270-485d-ba42-984270190180&cidr=10.100.0.0%2F28 => generated 14 bytes in 21 msecs (HTTP/1.1 200) 4 headers in 156 bytes (1 switches on core 0)
2026-04-24 07:21:48.051 8 INFO neutron.db.ovn_revision_numbers_db [None req-3bc84a6d-e1ad-4706-b9a9-3e4b67f4c58e 7d77bd800ca446b1b40c7bacc87ddaf7 6e116c3d94fc4384b527d65f83c5a31b - - default default] Successfully bumped revision number for resource 75d45a21-732b-40ca-9811-12c90d39c2bd (type: networks) to 1
2026-04-24 07:21:48.282 7 INFO neutron.db.ovn_revision_numbers_db [req-15f3bcec-f17b-43ec-99e0-60f812c5a76d req-df9e7ffc-e2e2-4f53-933c-198412387b85 e01d53109b584f35a042fd3622295aeb 9d74b4bb06e5484c8e19c1a8ee17c039 - - 3def02b98ec24c63891d1c6e1304895a 3def02b98ec24c63891d1c6e1304895a] Successfully bumped revision number for resource 40a4ec40-72b0-49cd-a8f9-472ec45c46eb (type: ports) to 2
2026-04-24 07:21:48.299 8 INFO neutron.db.ovn_revision_numbers_db [None req-2deae459-2887-4657-bbd6-1d8e44a7c404 - - - - - -] Successfully bumped revision number for resource 892390f7-05bf-4e45-886a-cd59c2c82594 (type: ports) to 5
2026-04-24 07:21:48.412 8 WARNING neutron.scheduler.dhcp_agent_scheduler [None req-3bc84a6d-e1ad-4706-b9a9-3e4b67f4c58e 7d77bd800ca446b1b40c7bacc87ddaf7 6e116c3d94fc4384b527d65f83c5a31b - - default default] No more DHCP agents
2026-04-24 07:21:48.415 8 WARNING neutron.api.rpc.agentnotifiers.dhcp_rpc_agent_api [None req-3bc84a6d-e1ad-4706-b9a9-3e4b67f4c58e 7d77bd800ca446b1b40c7bacc87ddaf7 6e116c3d94fc4384b527d65f83c5a31b - - default default] Unable to schedule network 75d45a21-732b-40ca-9811-12c90d39c2bd: no agents available; will retry on subsequent port and subnet creation events.
2026-04-24 07:21:48.491 7 INFO neutron.db.ovn_revision_numbers_db [req-15f3bcec-f17b-43ec-99e0-60f812c5a76d req-df9e7ffc-e2e2-4f53-933c-198412387b85 e01d53109b584f35a042fd3622295aeb 9d74b4bb06e5484c8e19c1a8ee17c039 - - 3def02b98ec24c63891d1c6e1304895a 3def02b98ec24c63891d1c6e1304895a] Successfully bumped revision number for resource 40a4ec40-72b0-49cd-a8f9-472ec45c46eb (type: ports) to 4
2026-04-24 07:21:48.506 7 INFO neutron.plugins.ml2.drivers.ovn.mech_driver.mech_driver [None req-c259c821-54a9-4baa-8b1a-dafd0e2f394a - - - - - -] OVN reports status down for port: 7edecf86-91e4-4811-a968-e7f5b1c820d1 [pid: 7|app: 0|req: 588/1310] 199.204.45.44 () {38 vars in 1027 bytes} [Fri Apr 24 07:21:47 2026] PUT /v2.0/ports/40a4ec40-72b0-49cd-a8f9-472ec45c46eb => generated 1208 bytes in 582 msecs (HTTP/1.1 200) 4 headers in 158 bytes (1 switches on core 0)
2026-04-24 07:21:48.528 8 INFO neutron.db.ovn_revision_numbers_db [None req-3bc84a6d-e1ad-4706-b9a9-3e4b67f4c58e 7d77bd800ca446b1b40c7bacc87ddaf7 6e116c3d94fc4384b527d65f83c5a31b - - default default] Successfully bumped revision number for resource 7edecf86-91e4-4811-a968-e7f5b1c820d1 (type: ports) to 1 /var/lib/openstack/lib/python3.12/site-packages/pycadf/identifier.py:70: UserWarning: Invalid uuid: neutron. To ensure interoperability, identifiers should be a valid uuid. warnings.warn(('Invalid uuid: %s. To ensure interoperability, ' [pid: 8|app: 0|req: 723/1311] 10.0.0.68 () {34 vars in 669 bytes} [Fri Apr 24 07:21:47 2026] POST /v2.0/networks => generated 650 bytes in 786 msecs (HTTP/1.1 201) 4 headers in 162 bytes (1 switches on core 0)
2026-04-24 07:21:48.575 7 INFO neutron.notifiers.nova [-] Nova event matching ['req-61b3060c-6bff-4cbe-b2c2-ef66b548ab0e'] response: {'name': 'network-changed', 'server_uuid': '7526de4d-1d42-4422-8f76-ccfc41efc470', 'tag': '40a4ec40-72b0-49cd-a8f9-472ec45c46eb', 'status': 'completed', 'code': 200} [pid: 7|app: 0|req: 589/1312] 10.0.0.199 () {34 vars in 1040 bytes} [Fri Apr 24 07:21:48 2026] GET /v2.0/security-groups?id=fbb2f1fa-9126-438e-a39e-96e81453d56f&fields=id&fields=name => generated 88 bytes in 73 msecs (HTTP/1.1 200) 4 headers in 156 bytes (1 switches on core 0)
2026-04-24 07:21:48.803 7 WARNING neutron.scheduler.dhcp_agent_scheduler [None req-2bcf3c46-9fe3-4c0d-a9e6-27786c46bc2e d68ef9acda594a64b20db1d6554ed4f2 4246a90e68bb41daa3022684d65e1297 - - default default] No more DHCP agents
2026-04-24 07:21:48.805 7 WARNING neutron.api.rpc.agentnotifiers.dhcp_rpc_agent_api [None req-2bcf3c46-9fe3-4c0d-a9e6-27786c46bc2e d68ef9acda594a64b20db1d6554ed4f2 4246a90e68bb41daa3022684d65e1297 - - default default] Unable to schedule network cfda62f2-bfe1-4d20-bdfb-1e6a85b50a0e: no agents available; will retry on subsequent port and subnet creation events.
2026-04-24 07:21:48.938 8 WARNING neutron.scheduler.dhcp_agent_scheduler [None req-b7af9961-9ae2-47d1-9325-417c168879cb a54cc2f3933943d4a9d7f1e9bb3a764a 3b42a3090d7541cfa3fc39a7ef0e52f5 - - default default] No more DHCP agents
2026-04-24 07:21:48.939 8 WARNING neutron.api.rpc.agentnotifiers.dhcp_rpc_agent_api [None req-b7af9961-9ae2-47d1-9325-417c168879cb a54cc2f3933943d4a9d7f1e9bb3a764a 3b42a3090d7541cfa3fc39a7ef0e52f5 - - default default] Unable to schedule network bc58738b-b270-485d-ba42-984270190180: no agents available; will retry on subsequent port and subnet creation events.
2026-04-24 07:21:49.097 8 INFO neutron.db.ovn_revision_numbers_db [None req-b7af9961-9ae2-47d1-9325-417c168879cb a54cc2f3933943d4a9d7f1e9bb3a764a 3b42a3090d7541cfa3fc39a7ef0e52f5 - - default default] Successfully bumped revision number for resource 40389522-dd3a-44a0-8fe8-c4fe34061d7c (type: ports) to 1
2026-04-24 07:21:49.281 7 INFO neutron.db.ovn_revision_numbers_db [None req-08478640-0a14-431f-8d69-a392cdbf58d4 - - - - - -] Successfully bumped revision number for resource 2b250adb-7d33-4a2b-b06e-c8e4c4f94d43 (type: ports) to 2
2026-04-24 07:21:49.322 7 INFO neutron.db.ovn_revision_numbers_db [None req-08478640-0a14-431f-8d69-a392cdbf58d4 - - - - - -] Successfully bumped revision number for resource 2d4bf4cf-2012-41e9-8ddc-d8f0e7bc0bb7 (type: subnets) to 0 [pid: 7|app: 0|req: 590/1313] 10.0.0.68 () {34 vars in 668 bytes} [Fri Apr 24 07:21:48 2026] POST /v2.0/subnets => generated 657 bytes in 749 msecs (HTTP/1.1 201) 4 headers in 162 bytes (1 switches on core 0)
2026-04-24 07:21:49.572 7 WARNING neutron.scheduler.dhcp_agent_scheduler [None req-2d50b721-63dd-4952-bfe0-3c1ff8fee161 7d77bd800ca446b1b40c7bacc87ddaf7 6e116c3d94fc4384b527d65f83c5a31b - - default default] No more DHCP agents
2026-04-24 07:21:49.573 7 WARNING neutron.api.rpc.agentnotifiers.dhcp_rpc_agent_api [None req-2d50b721-63dd-4952-bfe0-3c1ff8fee161 7d77bd800ca446b1b40c7bacc87ddaf7 6e116c3d94fc4384b527d65f83c5a31b - - default default] Unable to schedule network 75d45a21-732b-40ca-9811-12c90d39c2bd: no agents available; will retry on subsequent port and subnet creation events.
2026-04-24 07:21:49.678 7 INFO neutron.db.ovn_revision_numbers_db [None req-2d50b721-63dd-4952-bfe0-3c1ff8fee161 7d77bd800ca446b1b40c7bacc87ddaf7 6e116c3d94fc4384b527d65f83c5a31b - - default default] Successfully bumped revision number for resource 75fe6102-7c96-4ec5-91db-d57116832499 (type: ports) to 1 [pid: 7|app: 0|req: 591/1314] 10.0.0.68 () {34 vars in 663 bytes} [Fri Apr 24 07:21:49 2026] POST /v2.0/ports => generated 743 bytes in 378 msecs (HTTP/1.1 201) 4 headers in 162 bytes (1 switches on core 0) /var/lib/openstack/lib/python3.12/site-packages/pycadf/identifier.py:70: UserWarning: Invalid uuid: neutron. To ensure interoperability, identifiers should be a valid uuid. warnings.warn(('Invalid uuid: %s. To ensure interoperability, ' [pid: 7|app: 0|req: 592/1315] 199.204.45.44 () {34 vars in 1079 bytes} [Fri Apr 24 07:21:49 2026] GET /v2.0/ports?tenant_id=76bbad81f8ab4366be91fce66a2df293&device_id=7526de4d-1d42-4422-8f76-ccfc41efc470 => generated 1211 bytes in 47 msecs (HTTP/1.1 200) 4 headers in 158 bytes (1 switches on core 0)
2026-04-24 07:21:49.778 8 INFO neutron.plugins.ml2.drivers.ovn.mech_driver.ovsdb.commands [None req-f026d100-ed3f-47df-97c5-9c6787b80471 - - - - - -] Schedule LRP lrp-40389522-dd3a-44a0-8fe8-c4fe34061d7c on gateway d5982dc8-2f99-4d7b-9822-8bb2237a2d15 with priority 1
2026-04-24 07:21:49.849 7 INFO neutron.plugins.ml2.drivers.ovn.mech_driver.ovsdb.ovsdb_monitor [None req-85400e10-b372-4594-b926-f5ab943fbacf - - - - - -] Router e0214eaf-3be7-4b9d-8f4c-8863d9aa3d3b is bound to host instance
2026-04-24 07:21:49.874 8 INFO neutron.db.ovn_revision_numbers_db [None req-b7af9961-9ae2-47d1-9325-417c168879cb a54cc2f3933943d4a9d7f1e9bb3a764a 3b42a3090d7541cfa3fc39a7ef0e52f5 - - default default] Successfully bumped revision number for resource 40389522-dd3a-44a0-8fe8-c4fe34061d7c (type: router_ports) to 1
2026-04-24 07:21:49.944 8 INFO neutron.db.ovn_revision_numbers_db [None req-b7af9961-9ae2-47d1-9325-417c168879cb a54cc2f3933943d4a9d7f1e9bb3a764a 3b42a3090d7541cfa3fc39a7ef0e52f5 - - default default] Successfully bumped revision number for resource e0214eaf-3be7-4b9d-8f4c-8863d9aa3d3b (type: routers) to 2 [pid: 8|app: 0|req: 724/1316] 10.0.0.68 () {34 vars in 668 bytes} [Fri Apr 24 07:21:48 2026] POST /v2.0/routers => generated 966 bytes in 1409 msecs (HTTP/1.1 201) 4 headers in 162 bytes (1 switches on core 0) [pid: 8|app: 0|req: 725/1317] 10.0.0.199 () {34 vars in 990 bytes} [Fri Apr 24 07:21:49 2026] GET /v2.0/ports?device_id=7526de4d-1d42-4422-8f76-ccfc41efc470 => generated 973 bytes in 41 msecs (HTTP/1.1 200) 4 headers in 157 bytes (1 switches on core 0)
2026-04-24 07:21:50.100 8 INFO neutron.db.segments_db [None req-05a1b7a6-818e-4c53-9574-9b3391ede0b6 7d77bd800ca446b1b40c7bacc87ddaf7 6e116c3d94fc4384b527d65f83c5a31b - - default default] Added segment 86a35f23-95f7-4435-9811-599b15742d1b of type geneve for network e7dbd258-6079-4566-bbe6-7c79984932bf
2026-04-24 07:21:50.207 8 INFO neutron.db.ovn_revision_numbers_db [None req-05a1b7a6-818e-4c53-9574-9b3391ede0b6 7d77bd800ca446b1b40c7bacc87ddaf7 6e116c3d94fc4384b527d65f83c5a31b - - default default] Successfully bumped revision number for resource e7dbd258-6079-4566-bbe6-7c79984932bf (type: networks) to 1
2026-04-24 07:21:50.390 8 WARNING neutron.scheduler.dhcp_agent_scheduler [None req-05a1b7a6-818e-4c53-9574-9b3391ede0b6 7d77bd800ca446b1b40c7bacc87ddaf7 6e116c3d94fc4384b527d65f83c5a31b - - default default] No more DHCP agents
2026-04-24 07:21:50.391 8 WARNING neutron.api.rpc.agentnotifiers.dhcp_rpc_agent_api [None req-05a1b7a6-818e-4c53-9574-9b3391ede0b6 7d77bd800ca446b1b40c7bacc87ddaf7 6e116c3d94fc4384b527d65f83c5a31b - - default default] Unable to schedule network e7dbd258-6079-4566-bbe6-7c79984932bf: no agents available; will retry on subsequent port and subnet creation events.
2026-04-24 07:21:50.468 7 INFO neutron.plugins.ml2.drivers.ovn.mech_driver.mech_driver [None req-c259c821-54a9-4baa-8b1a-dafd0e2f394a - - - - - -] OVN reports status down for port: 3e47c42c-f198-46d4-bd1e-2bdb05d770e1
2026-04-24 07:21:50.484 8 INFO neutron.db.ovn_revision_numbers_db [None req-05a1b7a6-818e-4c53-9574-9b3391ede0b6 7d77bd800ca446b1b40c7bacc87ddaf7 6e116c3d94fc4384b527d65f83c5a31b - - default default] Successfully bumped revision number for resource 3e47c42c-f198-46d4-bd1e-2bdb05d770e1 (type: ports) to 1 [pid: 8|app: 0|req: 726/1318] 10.0.0.68 () {34 vars in 669 bytes} [Fri Apr 24 07:21:50 2026] POST /v2.0/networks => generated 650 bytes in 509 msecs (HTTP/1.1 201) 4 headers in 162 bytes (1 switches on core 0) [pid: 8|app: 0|req: 727/1319] 199.204.45.44 () {34 vars in 1017 bytes} [Fri Apr 24 07:21:50 2026] GET /v2.0/networks?tenant_id=76bbad81f8ab4366be91fce66a2df293&shared=False => generated 814 bytes in 48 msecs (HTTP/1.1 200) 4 headers in 157 bytes (1 switches on core 0)
2026-04-24 07:21:50.917 7 WARNING neutron.scheduler.dhcp_agent_scheduler [None req-01bf4267-1369-470c-98d4-ff71aa41aadb d68ef9acda594a64b20db1d6554ed4f2 4246a90e68bb41daa3022684d65e1297 - - default default] No more DHCP agents
2026-04-24 07:21:50.919 7 WARNING neutron.api.rpc.agentnotifiers.dhcp_rpc_agent_api [None req-01bf4267-1369-470c-98d4-ff71aa41aadb d68ef9acda594a64b20db1d6554ed4f2 4246a90e68bb41daa3022684d65e1297 - - default default] Unable to schedule network cfda62f2-bfe1-4d20-bdfb-1e6a85b50a0e: no agents available; will retry on subsequent port and subnet creation events.
2026-04-24 07:21:50.948 8 WARNING neutron.scheduler.dhcp_agent_scheduler [None req-9c54952f-a1fa-4551-990d-61e1af89d04a a54cc2f3933943d4a9d7f1e9bb3a764a 3b42a3090d7541cfa3fc39a7ef0e52f5 - - default default] No more DHCP agents
2026-04-24 07:21:50.950 8 WARNING neutron.api.rpc.agentnotifiers.dhcp_rpc_agent_api [None req-9c54952f-a1fa-4551-990d-61e1af89d04a a54cc2f3933943d4a9d7f1e9bb3a764a 3b42a3090d7541cfa3fc39a7ef0e52f5 - - default default] Unable to schedule network 8bd59e64-34cf-42e3-b876-0efdf81d2a0a: no agents available; will retry on subsequent port and subnet creation events.
2026-04-24 07:21:51.103 8 INFO neutron.db.ovn_revision_numbers_db [None req-9c54952f-a1fa-4551-990d-61e1af89d04a a54cc2f3933943d4a9d7f1e9bb3a764a 3b42a3090d7541cfa3fc39a7ef0e52f5 - - default default] Successfully bumped revision number for resource ebbc9304-bf68-4400-b3f8-ba842a6793ff (type: ports) to 1
2026-04-24 07:21:51.152 7 INFO neutron.plugins.ml2.drivers.ovn.mech_driver.mech_driver [None req-c259c821-54a9-4baa-8b1a-dafd0e2f394a - - - - - -] OVN reports status down for port: 11ad232b-e430-42de-b9ef-f11b154fb298
2026-04-24 07:21:51.244 7 INFO neutron.db.ovn_revision_numbers_db [None req-01bf4267-1369-470c-98d4-ff71aa41aadb d68ef9acda594a64b20db1d6554ed4f2 4246a90e68bb41daa3022684d65e1297 - - default default] Successfully bumped revision number for resource 11ad232b-e430-42de-b9ef-f11b154fb298 (type: ports) to 1
2026-04-24 07:21:51.738 8 WARNING neutron.scheduler.dhcp_agent_scheduler [None req-9c54952f-a1fa-4551-990d-61e1af89d04a a54cc2f3933943d4a9d7f1e9bb3a764a 3b42a3090d7541cfa3fc39a7ef0e52f5 - - default default] No more DHCP agents
2026-04-24 07:21:51.739 8 WARNING neutron.api.rpc.agentnotifiers.dhcp_rpc_agent_api [None req-9c54952f-a1fa-4551-990d-61e1af89d04a a54cc2f3933943d4a9d7f1e9bb3a764a 3b42a3090d7541cfa3fc39a7ef0e52f5 - - default default] Unable to schedule network 8bd59e64-34cf-42e3-b876-0efdf81d2a0a: no agents available; will retry on subsequent port and subnet creation events.
2026-04-24 07:21:52.032 7 INFO neutron.db.ovn_revision_numbers_db [None req-ff30da54-683b-4a6f-8dcc-f66bc3e25df7 - - - - - -] Successfully bumped revision number for resource 40389522-dd3a-44a0-8fe8-c4fe34061d7c (type: ports) to 4
2026-04-24 07:21:52.307 8 INFO neutron.db.ovn_revision_numbers_db [None req-9c54952f-a1fa-4551-990d-61e1af89d04a a54cc2f3933943d4a9d7f1e9bb3a764a 3b42a3090d7541cfa3fc39a7ef0e52f5 - - default default] Successfully bumped revision number for resource ebbc9304-bf68-4400-b3f8-ba842a6793ff (type: router_ports) to 1 [pid: 8|app: 0|req: 728/1320] 10.0.0.68 () {34 vars in 782 bytes} [Fri Apr 24 07:21:50 2026] PUT /v2.0/routers/e0214eaf-3be7-4b9d-8f4c-8863d9aa3d3b/add_router_interface => generated 309 bytes in 1748 msecs (HTTP/1.1 200) 4 headers in 157 bytes (1 switches on core 0) [pid: 8|app: 0|req: 729/1321] 10.0.0.199 () {34 vars in 1040 bytes} [Fri Apr 24 07:21:52 2026] GET /v2.0/security-groups?id=fbb2f1fa-9126-438e-a39e-96e81453d56f&fields=id&fields=name => generated 88 bytes in 31 msecs (HTTP/1.1 200) 4 headers in 156 bytes (1 switches on core 0)
2026-04-24 07:21:52.555 8 WARNING neutron.scheduler.dhcp_agent_scheduler [None req-c822d237-163b-43f5-a13a-5e32a52fe686 7d77bd800ca446b1b40c7bacc87ddaf7 6e116c3d94fc4384b527d65f83c5a31b - - default default] No more DHCP agents
2026-04-24 07:21:52.557 8 WARNING neutron.api.rpc.agentnotifiers.dhcp_rpc_agent_api [None req-c822d237-163b-43f5-a13a-5e32a52fe686 7d77bd800ca446b1b40c7bacc87ddaf7 6e116c3d94fc4384b527d65f83c5a31b - - default default] Unable to schedule network e7dbd258-6079-4566-bbe6-7c79984932bf: no agents available; will retry on subsequent port and subnet creation events.
2026-04-24 07:21:52.656 7 INFO neutron.plugins.ml2.drivers.ovn.mech_driver.mech_driver [None req-c259c821-54a9-4baa-8b1a-dafd0e2f394a - - - - - -] OVN reports status down for port: f4844a26-79b9-41e8-a56a-6c3fe113af54
2026-04-24 07:21:52.658 8 INFO neutron.db.ovn_revision_numbers_db [None req-c822d237-163b-43f5-a13a-5e32a52fe686 7d77bd800ca446b1b40c7bacc87ddaf7 6e116c3d94fc4384b527d65f83c5a31b - - default default] Successfully bumped revision number for resource f4844a26-79b9-41e8-a56a-6c3fe113af54 (type: ports) to 1
2026-04-24 07:21:52.664 8 WARNING neutron.plugins.ml2.drivers.ovn.mech_driver.ovsdb.ovn_client [None req-175935ac-66c6-4194-a5d3-d688a3ab1e47 - - - - - -] No hosting information found for port 53ddb4aa-0c7f-42af-98b6-73114280e1e6: RuntimeError: No hosting information found for port 53ddb4aa-0c7f-42af-98b6-73114280e1e6
2026-04-24 07:21:52.664 8 INFO neutron.plugins.ml2.drivers.ovn.mech_driver.mech_driver [None req-175935ac-66c6-4194-a5d3-d688a3ab1e47 - - - - - -] OVN reports status down for port: 892390f7-05bf-4e45-886a-cd59c2c82594 [pid: 8|app: 0|req: 730/1322] 10.0.0.68 () {34 vars in 663 bytes} [Fri Apr 24 07:21:52 2026] POST /v2.0/ports => generated 743 bytes in 431 msecs (HTTP/1.1 201) 4 headers in 162 bytes (1 switches on core 0) /var/lib/openstack/lib/python3.12/site-packages/pycadf/identifier.py:70: UserWarning: Invalid uuid: neutron. To ensure interoperability, identifiers should be a valid uuid. warnings.warn(('Invalid uuid: %s. To ensure interoperability, '
2026-04-24 07:21:52.805 7 INFO neutron.db.ovn_revision_numbers_db [None req-ff30da54-683b-4a6f-8dcc-f66bc3e25df7 - - - - - -] Successfully bumped revision number for resource 40389522-dd3a-44a0-8fe8-c4fe34061d7c (type: ports) to 5
2026-04-24 07:21:53.000 7 INFO neutron.plugins.ml2.drivers.ovn.mech_driver.mech_driver [None req-c259c821-54a9-4baa-8b1a-dafd0e2f394a - - - - - -] OVN reports status up for port: 11ad232b-e430-42de-b9ef-f11b154fb298
2026-04-24 07:21:53.030 7 INFO neutron.plugins.ml2.plugin [None req-c259c821-54a9-4baa-8b1a-dafd0e2f394a - - - - - -] Attempt 1 to provision port 11ad232b-e430-42de-b9ef-f11b154fb298
2026-04-24 07:21:53.142 7 WARNING neutron.scheduler.dhcp_agent_scheduler [None req-01bf4267-1369-470c-98d4-ff71aa41aadb d68ef9acda594a64b20db1d6554ed4f2 4246a90e68bb41daa3022684d65e1297 - - default default] No more DHCP agents
2026-04-24 07:21:53.143 7 WARNING neutron.api.rpc.agentnotifiers.dhcp_rpc_agent_api [None req-01bf4267-1369-470c-98d4-ff71aa41aadb d68ef9acda594a64b20db1d6554ed4f2 4246a90e68bb41daa3022684d65e1297 - - default default] Unable to schedule network cfda62f2-bfe1-4d20-bdfb-1e6a85b50a0e: no agents available; will retry on subsequent port and subnet creation events. [pid: 8|app: 0|req: 731/1323] 199.204.45.44 () {34 vars in 929 bytes} [Fri Apr 24 07:21:52 2026] GET /v2.0/networks?shared=True => generated 791 bytes in 579 msecs (HTTP/1.1 200) 4 headers in 157 bytes (1 switches on core 0)
2026-04-24 07:21:53.477 8 INFO neutron.db.segments_db [None req-1937ab63-3cc7-424f-a116-b1b2e733f341 7d77bd800ca446b1b40c7bacc87ddaf7 6e116c3d94fc4384b527d65f83c5a31b - - default default] Added segment 4772e429-9312-4e9f-8a33-66d64cfc5433 of type geneve for network 8979dd38-8ba8-4449-8538-44e9969cfd53
2026-04-24 07:21:53.674 8 INFO neutron.db.ovn_revision_numbers_db [None req-175935ac-66c6-4194-a5d3-d688a3ab1e47 - - - - - -] Successfully bumped revision number for resource 892390f7-05bf-4e45-886a-cd59c2c82594 (type: ports) to 6
2026-04-24 07:21:53.708 8 INFO neutron.db.ovn_revision_numbers_db [None req-1937ab63-3cc7-424f-a116-b1b2e733f341 7d77bd800ca446b1b40c7bacc87ddaf7 6e116c3d94fc4384b527d65f83c5a31b - - default default] Successfully bumped revision number for resource 8979dd38-8ba8-4449-8538-44e9969cfd53 (type: networks) to 1
2026-04-24 07:21:53.734 7 INFO neutron.db.ovn_revision_numbers_db [None req-c259c821-54a9-4baa-8b1a-dafd0e2f394a - - - - - -] Successfully bumped revision number for resource 11ad232b-e430-42de-b9ef-f11b154fb298 (type: ports) to 2
2026-04-24 07:21:53.872 8 WARNING neutron.plugins.ml2.drivers.ovn.mech_driver.ovsdb.ovn_client [None req-b9e06ff5-3379-47f8-99a3-fede63716995 - - - - - -] Logical_Switch_Port %s host information not removed, the port state is up
2026-04-24 07:21:53.927 7 INFO neutron.db.ovn_revision_numbers_db [None req-01bf4267-1369-470c-98d4-ff71aa41aadb d68ef9acda594a64b20db1d6554ed4f2 4246a90e68bb41daa3022684d65e1297 - - default default] Successfully bumped revision number for resource 11ad232b-e430-42de-b9ef-f11b154fb298 (type: router_ports) to 1 [pid: 7|app: 0|req: 593/1324] 10.0.0.68 () {34 vars in 782 bytes} [Fri Apr 24 07:21:49 2026] PUT /v2.0/routers/e3d44b91-6545-4509-9e65-70dd6a012e83/add_router_interface => generated 309 bytes in 4160 msecs (HTTP/1.1 200) 4 headers in 157 bytes (1 switches on core 0)
2026-04-24 07:21:54.005 8 WARNING neutron.scheduler.dhcp_agent_scheduler [None req-1937ab63-3cc7-424f-a116-b1b2e733f341 7d77bd800ca446b1b40c7bacc87ddaf7 6e116c3d94fc4384b527d65f83c5a31b - - default default] No more DHCP agents
2026-04-24 07:21:54.009 8 WARNING neutron.api.rpc.agentnotifiers.dhcp_rpc_agent_api [None req-1937ab63-3cc7-424f-a116-b1b2e733f341 7d77bd800ca446b1b40c7bacc87ddaf7 6e116c3d94fc4384b527d65f83c5a31b - - default default] Unable to schedule network 8979dd38-8ba8-4449-8538-44e9969cfd53: no agents available; will retry on subsequent port and subnet creation events.
2026-04-24 07:21:54.025 8 INFO neutron.db.ovn_revision_numbers_db [None req-b9e06ff5-3379-47f8-99a3-fede63716995 - - - - - -] Successfully bumped revision number for resource 53ddb4aa-0c7f-42af-98b6-73114280e1e6 (type: router_ports) to 2
2026-04-24 07:21:54.027 8 INFO neutron.plugins.ml2.drivers.ovn.mech_driver.mech_driver [None req-b9e06ff5-3379-47f8-99a3-fede63716995 - - - - - -] OVN reports status up for port: 892390f7-05bf-4e45-886a-cd59c2c82594
2026-04-24 07:21:54.050 8 INFO neutron.plugins.ml2.plugin [None req-b9e06ff5-3379-47f8-99a3-fede63716995 - - - - - -] Attempt 1 to provision port 892390f7-05bf-4e45-886a-cd59c2c82594
2026-04-24 07:21:54.070 7 INFO neutron.db.ovn_revision_numbers_db [None req-2e70b369-5648-453f-9b26-fe380b13d06c 5dff403fda0644d180e4c577a40b88c0 c0ed06bf6916441b84ffdeb1c5b5a5a8 - - default default] Successfully bumped revision number for resource d3b025d1-196e-43fe-8d5f-8523bfb4dc99 (type: security_groups) to 1
2026-04-24 07:21:54.094 7 INFO neutron.db.ovn_revision_numbers_db [None req-2e70b369-5648-453f-9b26-fe380b13d06c 5dff403fda0644d180e4c577a40b88c0 c0ed06bf6916441b84ffdeb1c5b5a5a8 - - default default] Successfully bumped revision number for resource 0a8208ff-bfbc-4572-96d8-739d7180e31b (type: security_group_rules) to 0
2026-04-24 07:21:54.106 7 INFO neutron.db.ovn_revision_numbers_db [None req-2e70b369-5648-453f-9b26-fe380b13d06c 5dff403fda0644d180e4c577a40b88c0 c0ed06bf6916441b84ffdeb1c5b5a5a8 - - default default] Successfully bumped revision number for resource c5c39ad9-8cec-4ac1-9c96-2418f631d70e (type: security_group_rules) to 0 [pid: 7|app: 0|req: 594/1325] 10.0.0.68 () {34 vars in 684 bytes} [Fri Apr 24 07:21:53 2026] POST /v2.0/security-groups => generated 1675 bytes in 208 msecs (HTTP/1.1 201) 4 headers in 163 bytes (1 switches on core 0)
2026-04-24 07:21:54.159 8 INFO neutron.db.ovn_revision_numbers_db [None req-1937ab63-3cc7-424f-a116-b1b2e733f341 7d77bd800ca446b1b40c7bacc87ddaf7 6e116c3d94fc4384b527d65f83c5a31b - - default default] Successfully bumped revision number for resource c0caa56b-c49b-44ee-aaed-3b5ca61dd6e2 (type: ports) to 1 [pid: 8|app: 0|req: 732/1328] 10.0.0.68 () {34 vars in 669 bytes} [Fri Apr 24 07:21:53 2026] POST /v2.0/networks => generated 651 bytes in 852 msecs (HTTP/1.1 201) 4 headers in 162 bytes (1 switches on core 0) [pid: 7|app: 0|req: 597/1329] 10.0.0.199 () {34 vars in 990 bytes} [Fri Apr 24 07:21:54 2026] GET /v2.0/ports?device_id=7526de4d-1d42-4422-8f76-ccfc41efc470 => generated 973 bytes in 79 msecs (HTTP/1.1 200) 4 headers in 157 bytes (1 switches on core 0)
2026-04-24 07:21:54.353 7 INFO neutron.db.ovn_revision_numbers_db [None req-5128bf0a-bcb9-4266-821e-36e01d0217d9 5dff403fda0644d180e4c577a40b88c0 c0ed06bf6916441b84ffdeb1c5b5a5a8 - - default default] Successfully bumped revision number for resource bb901507-5dc3-412d-a31d-f0cd30888baa (type: security_group_rules) to 0 [pid: 8|app: 0|req: 733/1330] 10.0.0.68 () {32 vars in 648 bytes} [Fri Apr 24 07:21:54 2026] GET /v2.0/networks => generated 8438 bytes in 168 msecs (HTTP/1.1 200) 4 headers in 158 bytes (1 switches on core 0) [pid: 7|app: 0|req: 598/1331] 10.0.0.68 () {34 vars in 694 bytes} [Fri Apr 24 07:21:54 2026] POST /v2.0/security-group-rules => generated 597 bytes in 158 msecs (HTTP/1.1 201) 4 headers in 162 bytes (1 switches on core 0) [pid: 7|app: 0|req: 599/1332] 10.0.0.199 () {34 vars in 1040 bytes} [Fri Apr 24 07:21:54 2026] GET /v2.0/security-groups?id=fbb2f1fa-9126-438e-a39e-96e81453d56f&fields=id&fields=name => generated 88 bytes in 26 msecs (HTTP/1.1 200) 4 headers in 156 bytes (1 switches on core 0) [pid: 7|app: 0|req: 600/1333] 199.204.45.44 () {34 vars in 1079 bytes} [Fri Apr 24 07:21:54 2026] GET /v2.0/ports?tenant_id=76bbad81f8ab4366be91fce66a2df293&device_id=7526de4d-1d42-4422-8f76-ccfc41efc470 => generated 1211 bytes in 47 msecs (HTTP/1.1 200) 4 headers in 158 bytes (1 switches on core 0) [pid: 7|app: 0|req: 601/1334] 10.0.0.68 () {32 vars in 646 bytes} [Fri Apr 24 07:21:54 2026] GET /v2.0/subnets => generated 4011 bytes in 44 msecs (HTTP/1.1 200) 4 headers in 158 bytes (1 switches on core 0)
2026-04-24 07:21:54.647 7 INFO neutron.db.ovn_revision_numbers_db [None req-bedb4d07-4cce-4751-b07e-b9164924b175 5dff403fda0644d180e4c577a40b88c0 c0ed06bf6916441b84ffdeb1c5b5a5a8 - - default default] Successfully bumped revision number for resource d32bd4b6-6f4c-48ee-b06d-b057ae6fe4e3 (type: security_group_rules) to 0
2026-04-24 07:21:54.663 8 INFO neutron.db.ovn_revision_numbers_db [None req-b9e06ff5-3379-47f8-99a3-fede63716995 - - - - - -] Successfully bumped revision number for resource 892390f7-05bf-4e45-886a-cd59c2c82594 (type: ports) to 7 [pid: 7|app: 0|req: 602/1335] 10.0.0.68 () {34 vars in 694 bytes} [Fri Apr 24 07:21:54 2026] POST /v2.0/security-group-rules => generated 596 bytes in 173 msecs (HTTP/1.1 201) 4 headers in 162 bytes (1 switches on core 0) [pid: 7|app: 0|req: 603/1336] 199.204.45.44 () {34 vars in 1059 bytes} [Fri Apr 24 07:21:54 2026] GET /v2.0/floatingips?fixed_ip_address=10.100.0.11&port_id=40a4ec40-72b0-49cd-a8f9-472ec45c46eb => generated 19 bytes in 16 msecs (HTTP/1.1 200) 4 headers in 156 bytes (1 switches on core 0) [pid: 7|app: 0|req: 604/1337] 10.0.0.68 () {32 vars in 646 bytes} [Fri Apr 24 07:21:54 2026] GET /v2.0/routers => generated 3866 bytes in 75 msecs (HTTP/1.1 200) 4 headers in 158 bytes (1 switches on core 0)
2026-04-24 07:21:54.805 8 WARNING neutron.scheduler.dhcp_agent_scheduler [None req-67034bb1-11bb-4edc-a0fb-fa22a94b73ec 7d77bd800ca446b1b40c7bacc87ddaf7 6e116c3d94fc4384b527d65f83c5a31b - - default default] No more DHCP agents
2026-04-24 07:21:54.808 8 WARNING neutron.api.rpc.agentnotifiers.dhcp_rpc_agent_api [None req-67034bb1-11bb-4edc-a0fb-fa22a94b73ec 7d77bd800ca446b1b40c7bacc87ddaf7 6e116c3d94fc4384b527d65f83c5a31b - - default default] Unable to schedule network 8979dd38-8ba8-4449-8538-44e9969cfd53: no agents available; will retry on subsequent port and subnet creation events.
2026-04-24 07:21:54.842 8 INFO neutron.plugins.ml2.drivers.ovn.mech_driver.mech_driver [None req-6e8df7d6-89e5-410c-810d-5826838b3168 - - - - - -] OVN reports status down for port: 24654f05-ee7b-4134-a05e-1f9ccba4c981
2026-04-24 07:21:54.921 7 INFO neutron.db.ovn_revision_numbers_db [None req-08a7f78b-70ce-4bcd-b4e5-af6c2d82c9b7 5dff403fda0644d180e4c577a40b88c0 c0ed06bf6916441b84ffdeb1c5b5a5a8 - - default default] Successfully bumped revision number for resource 7578ffda-5206-4014-85e8-5c145867922f (type: security_group_rules) to 0 [pid: 7|app: 0|req: 605/1338] 10.0.0.68 () {34 vars in 694 bytes} [Fri Apr 24 07:21:54 2026] POST /v2.0/security-group-rules => generated 602 bytes in 182 msecs (HTTP/1.1 201) 4 headers in 162 bytes (1 switches on core 0) [pid: 7|app: 0|req: 606/1339] 199.204.45.44 () {34 vars in 983 bytes} [Fri Apr 24 07:21:54 2026] GET /v2.0/subnets?id=c6e5241c-0241-4f45-9790-f1cb8cd3bfc1 => generated 696 bytes in 21 msecs (HTTP/1.1 200) 4 headers in 157 bytes (1 switches on core 0)
2026-04-24 07:21:54.982 8 INFO neutron.db.ovn_revision_numbers_db [None req-67034bb1-11bb-4edc-a0fb-fa22a94b73ec 7d77bd800ca446b1b40c7bacc87ddaf7 6e116c3d94fc4384b527d65f83c5a31b - - default default] Successfully bumped revision number for resource c4136eb4-f368-43ff-98c1-3177f7e5e1c0 (type: ports) to 1
2026-04-24 07:21:55.028 8 INFO neutron.plugins.ml2.drivers.ovn.mech_driver.mech_driver [None req-6e8df7d6-89e5-410c-810d-5826838b3168 - - - - - -] OVN reports status down for port: 40a4ec40-72b0-49cd-a8f9-472ec45c46eb [pid: 8|app: 0|req: 734/1340] 10.0.0.68 () {34 vars in 663 bytes} [Fri Apr 24 07:21:54 2026] POST /v2.0/ports => generated 743 bytes in 694 msecs (HTTP/1.1 201) 4 headers in 162 bytes (1 switches on core 0) /var/lib/openstack/lib/python3.12/site-packages/pycadf/identifier.py:70: UserWarning: Invalid uuid: neutron. To ensure interoperability, identifiers should be a valid uuid. warnings.warn(('Invalid uuid: %s. To ensure interoperability, '
2026-04-24 07:21:55.089 7 INFO neutron.db.ovn_revision_numbers_db [None req-f08411b7-ef91-4a23-a185-6a9dc0071015 d68ef9acda594a64b20db1d6554ed4f2 4246a90e68bb41daa3022684d65e1297 - - default default] Successfully bumped revision number for resource 9bed1c68-19d8-453c-8bef-b9a743bf3cbf (type: security_groups) to 1
2026-04-24 07:21:55.100 7 INFO neutron.db.ovn_revision_numbers_db [None req-f08411b7-ef91-4a23-a185-6a9dc0071015 d68ef9acda594a64b20db1d6554ed4f2 4246a90e68bb41daa3022684d65e1297 - - default default] Successfully bumped revision number for resource d0576553-2f91-4e31-a45d-41de1ca70f1b (type: security_group_rules) to 0
2026-04-24 07:21:55.110 7 INFO neutron.db.ovn_revision_numbers_db [None req-f08411b7-ef91-4a23-a185-6a9dc0071015 d68ef9acda594a64b20db1d6554ed4f2 4246a90e68bb41daa3022684d65e1297 - - default default] Successfully bumped revision number for resource dd92603b-5e22-46d4-bc97-7231c087b67d (type: security_group_rules) to 0
2026-04-24 07:21:55.129 8 INFO neutron.plugins.ml2.drivers.ovn.mech_driver.mech_driver [None req-6e8df7d6-89e5-410c-810d-5826838b3168 - - - - - -] OVN reports status down for port: 40389522-dd3a-44a0-8fe8-c4fe34061d7c [pid: 7|app: 0|req: 607/1341] 10.0.0.68 () {34 vars in 684 bytes} [Fri Apr 24 07:21:54 2026] POST /v2.0/security-groups => generated 1675 bytes in 171 msecs (HTTP/1.1 201) 4 headers in 163 bytes (1 switches on core 0) [pid: 7|app: 0|req: 608/1342] 199.204.45.44 () {34 vars in 1051 bytes} [Fri Apr 24 07:21:55 2026] GET /v2.0/ports?network_id=4cecaec0-2393-4814-b7e6-1ab285b81208&device_owner=network%3Adhcp => generated 12 bytes in 17 msecs (HTTP/1.1 200) 4 headers in 156 bytes (1 switches on core 0)
2026-04-24 07:21:55.187 8 INFO neutron.notifiers.nova [-] Nova event matching ['req-c784e618-685e-4dc2-ae3a-2a27f9700759'] response: {'server_uuid': '7526de4d-1d42-4422-8f76-ccfc41efc470', 'name': 'network-vif-unplugged', 'status': 'completed', 'tag': '40a4ec40-72b0-49cd-a8f9-472ec45c46eb', 'code': 200}
2026-04-24 07:21:55.254 7 INFO neutron.db.segments_db [None req-e0fd65a9-a7be-41be-97f9-601db1477690 7d77bd800ca446b1b40c7bacc87ddaf7 6e116c3d94fc4384b527d65f83c5a31b - - default default] Added segment f224c88b-20d0-457b-9f0d-f7de2246accf of type geneve for network aa134958-9be3-4f13-b419-79280556ac7d
2026-04-24 07:21:55.370 8 INFO neutron.db.ovn_revision_numbers_db [None req-71673e9b-2602-4178-ab3c-728bd818c2da 5dff403fda0644d180e4c577a40b88c0 c0ed06bf6916441b84ffdeb1c5b5a5a8 - - default default] Successfully bumped revision number for resource 356dd824-7218-4cdb-a9fd-5cda66f9de86 (type: security_group_rules) to 0
2026-04-24 07:21:55.375 7 INFO neutron.db.ovn_revision_numbers_db [None req-e0fd65a9-a7be-41be-97f9-601db1477690 7d77bd800ca446b1b40c7bacc87ddaf7 6e116c3d94fc4384b527d65f83c5a31b - - default default] Successfully bumped revision number for resource aa134958-9be3-4f13-b419-79280556ac7d (type: networks) to 1 [pid: 8|app: 0|req: 735/1343] 10.0.0.68 () {34 vars in 694 bytes} [Fri Apr 24 07:21:55 2026] POST /v2.0/security-group-rules => generated 601 bytes in 341 msecs (HTTP/1.1 201) 4 headers in 162 bytes (1 switches on core 0)
2026-04-24 07:21:55.547 7 WARNING neutron.scheduler.dhcp_agent_scheduler [None req-e0fd65a9-a7be-41be-97f9-601db1477690 7d77bd800ca446b1b40c7bacc87ddaf7 6e116c3d94fc4384b527d65f83c5a31b - - default default] No more DHCP agents
2026-04-24 07:21:55.549 7 WARNING neutron.api.rpc.agentnotifiers.dhcp_rpc_agent_api [None req-e0fd65a9-a7be-41be-97f9-601db1477690 7d77bd800ca446b1b40c7bacc87ddaf7 6e116c3d94fc4384b527d65f83c5a31b - - default default] Unable to schedule network aa134958-9be3-4f13-b419-79280556ac7d: no agents available; will retry on subsequent port and subnet creation events.
2026-04-24 07:21:55.634 7 INFO neutron.db.ovn_revision_numbers_db [None req-e0fd65a9-a7be-41be-97f9-601db1477690 7d77bd800ca446b1b40c7bacc87ddaf7 6e116c3d94fc4384b527d65f83c5a31b - - default default] Successfully bumped revision number for resource ecc0da21-21c0-4725-b517-27270d61deb7 (type: ports) to 1
2026-04-24 07:21:55.649 8 INFO neutron.db.ovn_revision_numbers_db [None req-34e24e8f-c8f4-46ce-9dee-aa88af12c158 d68ef9acda594a64b20db1d6554ed4f2 4246a90e68bb41daa3022684d65e1297 - - default default] Successfully bumped revision number for resource 49c2f6bc-ed6a-41ae-845a-40f904154db9 (type: security_group_rules) to 0 [pid: 7|app: 0|req: 609/1344] 10.0.0.68 () {34 vars in 669 bytes} [Fri Apr 24 07:21:55 2026] POST /v2.0/networks => generated 650 bytes in 493 msecs (HTTP/1.1 201) 4 headers in 162 bytes (1 switches on core 0)
2026-04-24 07:21:55.678 8 INFO neutron.db.ovn_revision_numbers_db [None req-6e8df7d6-89e5-410c-810d-5826838b3168 - - - - - -] Successfully bumped revision number for resource 40389522-dd3a-44a0-8fe8-c4fe34061d7c (type: ports) to 6 [pid: 7|app: 0|req: 610/1345] 199.204.45.44 () {34 vars in 1011 bytes} [Fri Apr 24 07:21:55 2026] GET /v2.0/networks/4cecaec0-2393-4814-b7e6-1ab285b81208?fields=segments => generated 14 bytes in 38 msecs (HTTP/1.1 200) 4 headers in 156 bytes (1 switches on core 0) [pid: 8|app: 0|req: 736/1346] 10.0.0.68 () {34 vars in 694 bytes} [Fri Apr 24 07:21:55 2026] POST /v2.0/security-group-rules => generated 597 bytes in 284 msecs (HTTP/1.1 201) 4 headers in 162 bytes (1 switches on core 0)
2026-04-24 07:21:55.736 7 INFO neutron.db.securitygroups_db [None req-4d85562f-ecb8-4a05-a433-4ce17d0cfe93 5dff403fda0644d180e4c577a40b88c0 c0ed06bf6916441b84ffdeb1c5b5a5a8 - - default default] Project c0ed06bf6916441b84ffdeb1c5b5a5a8 added a security group rule with legacy IPv6 ICMP protocol name icmp, ipv6-icmp should be used instead. It was automatically converted. [pid: 8|app: 0|req: 737/1347] 10.0.0.199 () {34 vars in 990 bytes} [Fri Apr 24 07:21:55 2026] GET /v2.0/ports?device_id=7526de4d-1d42-4422-8f76-ccfc41efc470 => generated 973 bytes in 128 msecs (HTTP/1.1 200) 4 headers in 157 bytes (1 switches on core 0)
2026-04-24 07:21:55.849 7 INFO neutron.db.ovn_revision_numbers_db [None req-4d85562f-ecb8-4a05-a433-4ce17d0cfe93 5dff403fda0644d180e4c577a40b88c0 c0ed06bf6916441b84ffdeb1c5b5a5a8 - - default default] Successfully bumped revision number for resource e86c9d8d-f9db-499c-8cd5-454dea46c907 (type: security_group_rules) to 0
2026-04-24 07:21:55.861 8 WARNING neutron.plugins.ml2.drivers.ovn.mech_driver.ovsdb.ovn_client [None req-448233c4-bcd4-4d24-a24a-e9b95e7ee19d - - - - - -] Logical_Switch_Port %s host information not removed, the port state is up
2026-04-24 07:21:55.861 8 INFO neutron.plugins.ml2.drivers.ovn.mech_driver.mech_driver [None req-448233c4-bcd4-4d24-a24a-e9b95e7ee19d - - - - - -] OVN reports status down for port: 75fe6102-7c96-4ec5-91db-d57116832499 [pid: 7|app: 0|req: 611/1348] 10.0.0.68 () {34 vars in 694 bytes} [Fri Apr 24 07:21:55 2026] POST /v2.0/security-group-rules => generated 607 bytes in 188 msecs (HTTP/1.1 201) 4 headers in 162 bytes (1 switches on core 0)
2026-04-24 07:21:55.970 8 INFO neutron.plugins.ml2.drivers.ovn.mech_driver.mech_driver [None req-448233c4-bcd4-4d24-a24a-e9b95e7ee19d - - - - - -] OVN reports status up for port: 40389522-dd3a-44a0-8fe8-c4fe34061d7c
2026-04-24 07:21:55.999 8 INFO neutron.plugins.ml2.plugin [None req-448233c4-bcd4-4d24-a24a-e9b95e7ee19d - - - - - -] Attempt 1 to provision port 40389522-dd3a-44a0-8fe8-c4fe34061d7c
2026-04-24 07:21:56.011 7 INFO neutron.db.ovn_revision_numbers_db [None req-b101beaf-7f6a-4dbe-afe1-521730c0c63e d68ef9acda594a64b20db1d6554ed4f2 4246a90e68bb41daa3022684d65e1297 - - default default] Successfully bumped revision number for resource be30d3c3-e77e-480b-9ec1-3ad273d89292 (type: security_group_rules) to 0 [pid: 7|app: 0|req: 612/1349] 10.0.0.68 () {34 vars in 694 bytes} [Fri Apr 24 07:21:55 2026] POST /v2.0/security-group-rules => generated 596 bytes in 158 msecs (HTTP/1.1 201) 4 headers in 162 bytes (1 switches on core 0) [pid: 7|app: 0|req: 613/1350] 199.204.45.44 () {34 vars in 1111 bytes} [Fri Apr 24 07:21:56 2026] GET /v2.0/networks/4cecaec0-2393-4814-b7e6-1ab285b81208?fields=provider%3Aphysical_network&fields=provider%3Anetwork_type => generated 79 bytes in 40 msecs (HTTP/1.1 200) 4 headers in 156 bytes (1 switches on core 0) [pid: 7|app: 0|req: 614/1351] 10.0.0.199 () {34 vars in 1040 bytes} [Fri Apr 24 07:21:56 2026] GET /v2.0/security-groups?id=fbb2f1fa-9126-438e-a39e-96e81453d56f&fields=id&fields=name => generated 88 bytes in 28 msecs (HTTP/1.1 200) 4 headers in 156 bytes (1 switches on core 0)
2026-04-24 07:21:56.149 7 INFO neutron.db.securitygroups_db [None req-a9506da7-57f2-424f-8579-5598ca9cfbb0 5dff403fda0644d180e4c577a40b88c0 c0ed06bf6916441b84ffdeb1c5b5a5a8 - - default default] Project c0ed06bf6916441b84ffdeb1c5b5a5a8 added a security group rule with legacy IPv6 ICMP protocol name icmp, ipv6-icmp should be used instead. It was automatically converted.
2026-04-24 07:21:56.175 8 WARNING neutron.scheduler.dhcp_agent_scheduler [None req-1f833bd7-4869-41ee-a8cf-fe3a695aa44b 7d77bd800ca446b1b40c7bacc87ddaf7 6e116c3d94fc4384b527d65f83c5a31b - - default default] No more DHCP agents
2026-04-24 07:21:56.178 8 WARNING neutron.api.rpc.agentnotifiers.dhcp_rpc_agent_api [None req-1f833bd7-4869-41ee-a8cf-fe3a695aa44b 7d77bd800ca446b1b40c7bacc87ddaf7 6e116c3d94fc4384b527d65f83c5a31b - - default default] Unable to schedule network aa134958-9be3-4f13-b419-79280556ac7d: no agents available; will retry on subsequent port and subnet creation events.
2026-04-24 07:21:56.316 8 INFO neutron.db.ovn_revision_numbers_db [None req-1f833bd7-4869-41ee-a8cf-fe3a695aa44b 7d77bd800ca446b1b40c7bacc87ddaf7 6e116c3d94fc4384b527d65f83c5a31b - - default default] Successfully bumped revision number for resource 4d482d14-bfbb-412f-9415-0304d8325637 (type: ports) to 1
2026-04-24 07:21:56.326 7 INFO neutron.db.ovn_revision_numbers_db [None req-a9506da7-57f2-424f-8579-5598ca9cfbb0 5dff403fda0644d180e4c577a40b88c0 c0ed06bf6916441b84ffdeb1c5b5a5a8 - - default default] Successfully bumped revision number for resource 2ab9a47d-010c-4ef1-ac9d-67bb63bddb1c (type: security_group_rules) to 0 [pid: 7|app: 0|req: 615/1352] 10.0.0.68 () {34 vars in 694 bytes} [Fri Apr 24 07:21:56 2026] POST /v2.0/security-group-rules => generated 606 bytes in 245 msecs (HTTP/1.1 201) 4 headers in 162 bytes (1 switches on core 0) [pid: 8|app: 0|req: 738/1353] 10.0.0.68 () {34 vars in 663 bytes} [Fri Apr 24 07:21:55 2026] POST /v2.0/ports => generated 743 bytes in 613 msecs (HTTP/1.1 201) 4 headers in 162 bytes (1 switches on core 0) /var/lib/openstack/lib/python3.12/site-packages/pycadf/identifier.py:70: UserWarning: Invalid uuid: neutron. To ensure interoperability, identifiers should be a valid uuid. warnings.warn(('Invalid uuid: %s. To ensure interoperability, '
2026-04-24 07:21:56.490 7 INFO neutron.db.ovn_revision_numbers_db [None req-3f3cfe3b-8f9d-4243-b943-ef05e15f69f1 d68ef9acda594a64b20db1d6554ed4f2 4246a90e68bb41daa3022684d65e1297 - - default default] Successfully bumped revision number for resource b1595bb9-8961-4e7b-b457-f35c8e4cdeff (type: security_group_rules) to 0 [pid: 7|app: 0|req: 616/1354] 10.0.0.68 () {34 vars in 694 bytes} [Fri Apr 24 07:21:56 2026] POST /v2.0/security-group-rules => generated 602 bytes in 172 msecs (HTTP/1.1 201) 4 headers in 162 bytes (1 switches on core 0) [pid: 8|app: 0|req: 739/1355] 10.0.0.68 () {34 vars in 746 bytes} [Fri Apr 24 07:21:56 2026] PUT /v2.0/ports/761cfb44-8948-409f-867e-64f9cf093ed2/tags => generated 17 bytes in 191 msecs (HTTP/1.1 200) 4 headers in 156 bytes (1 switches on core 0) /var/lib/openstack/lib/python3.12/site-packages/pycadf/identifier.py:70: UserWarning: Invalid uuid: neutron. To ensure interoperability, identifiers should be a valid uuid. warnings.warn(('Invalid uuid: %s. To ensure interoperability, '
2026-04-24 07:21:56.646 8 INFO neutron.db.ovn_revision_numbers_db [None req-448233c4-bcd4-4d24-a24a-e9b95e7ee19d - - - - - -] Successfully bumped revision number for resource 40389522-dd3a-44a0-8fe8-c4fe34061d7c (type: ports) to 7
2026-04-24 07:21:56.684 7 INFO neutron.db.ovn_revision_numbers_db [None req-5eda4651-b56b-4512-be3a-4bdc520d2d99 d68ef9acda594a64b20db1d6554ed4f2 4246a90e68bb41daa3022684d65e1297 - - default default] Successfully bumped revision number for resource 264f8275-ea60-43a2-bb3a-01f6c585262b (type: security_group_rules) to 0 [pid: 7|app: 0|req: 617/1356] 10.0.0.68 () {34 vars in 694 bytes} [Fri Apr 24 07:21:56 2026] POST /v2.0/security-group-rules => generated 601 bytes in 181 msecs (HTTP/1.1 201) 4 headers in 162 bytes (1 switches on core 0) [pid: 8|app: 0|req: 740/1357] 10.0.0.68 () {34 vars in 746 bytes} [Fri Apr 24 07:21:56 2026] PUT /v2.0/ports/75fe6102-7c96-4ec5-91db-d57116832499/tags => generated 25 bytes in 124 msecs (HTTP/1.1 200) 4 headers in 156 bytes (1 switches on core 0) /var/lib/openstack/lib/python3.12/site-packages/pycadf/identifier.py:70: UserWarning: Invalid uuid: neutron. To ensure interoperability, identifiers should be a valid uuid. warnings.warn(('Invalid uuid: %s. To ensure interoperability, '
2026-04-24 07:21:56.825 7 INFO neutron.db.ovn_revision_numbers_db [None req-fffce727-3f25-4251-8316-841bcd5ca48e 5dff403fda0644d180e4c577a40b88c0 c0ed06bf6916441b84ffdeb1c5b5a5a8 - - default default] Successfully bumped revision number for resource 3dfdeecd-a31e-45eb-8329-b1438761fdcd (type: security_groups) to 1
2026-04-24 07:21:56.835 8 INFO neutron.db.securitygroups_db [None req-d5ab2541-99a3-433c-b0ed-c8cb76a83189 d68ef9acda594a64b20db1d6554ed4f2 4246a90e68bb41daa3022684d65e1297 - - default default] Project 4246a90e68bb41daa3022684d65e1297 added a security group rule with legacy IPv6 ICMP protocol name icmp, ipv6-icmp should be used instead. It was automatically converted.
2026-04-24 07:21:56.836 7 INFO neutron.db.ovn_revision_numbers_db [None req-fffce727-3f25-4251-8316-841bcd5ca48e 5dff403fda0644d180e4c577a40b88c0 c0ed06bf6916441b84ffdeb1c5b5a5a8 - - default default] Successfully bumped revision number for resource 2300ed6d-3a88-4c5d-8193-7239c5d9ccd0 (type: security_group_rules) to 0
2026-04-24 07:21:56.842 8 INFO neutron.plugins.ml2.drivers.ovn.mech_driver.mech_driver [None req-9f738b86-3afa-4d75-817c-32c9f179fdf6 - - - - - -] OVN reports status down for port: ebbc9304-bf68-4400-b3f8-ba842a6793ff
2026-04-24 07:21:56.847 7 INFO neutron.db.ovn_revision_numbers_db [None req-fffce727-3f25-4251-8316-841bcd5ca48e 5dff403fda0644d180e4c577a40b88c0 c0ed06bf6916441b84ffdeb1c5b5a5a8 - - default default] Successfully bumped revision number for resource 427ed1e1-f912-4e0d-b234-00cb6621b994 (type: security_group_rules) to 0 [pid: 7|app: 0|req: 618/1358] 10.0.0.68 () {34 vars in 684 bytes} [Fri Apr 24 07:21:56 2026] POST /v2.0/security-groups => generated 1660 bytes in 161 msecs (HTTP/1.1 201) 4 headers in 163 bytes (1 switches on core 0)
2026-04-24 07:21:56.944 8 WARNING neutron.plugins.ml2.drivers.ovn.mech_driver.ovsdb.ovn_client [None req-9f738b86-3afa-4d75-817c-32c9f179fdf6 - - - - - -] Logical_Switch_Port %s host information not removed, the port state is up
2026-04-24 07:21:56.945 8 INFO neutron.plugins.ml2.drivers.ovn.mech_driver.mech_driver [None req-9f738b86-3afa-4d75-817c-32c9f179fdf6 - - - - - -] OVN reports status up for port: ebbc9304-bf68-4400-b3f8-ba842a6793ff [pid: 7|app: 0|req: 619/1359] 10.0.0.68 () {34 vars in 746 bytes} [Fri Apr 24 07:21:56 2026] PUT /v2.0/ports/f4844a26-79b9-41e8-a56a-6c3fe113af54/tags => generated 34 bytes in 66 msecs (HTTP/1.1 200) 4 headers in 156 bytes (1 switches on core 0) /var/lib/openstack/lib/python3.12/site-packages/pycadf/identifier.py:70: UserWarning: Invalid uuid: neutron. To ensure interoperability, identifiers should be a valid uuid. warnings.warn(('Invalid uuid: %s. To ensure interoperability, '
2026-04-24 07:21:56.968 8 INFO neutron.plugins.ml2.plugin [None req-9f738b86-3afa-4d75-817c-32c9f179fdf6 - - - - - -] Attempt 1 to provision port ebbc9304-bf68-4400-b3f8-ba842a6793ff
2026-04-24 07:21:57.023 8 INFO neutron.db.ovn_revision_numbers_db [None req-d5ab2541-99a3-433c-b0ed-c8cb76a83189 d68ef9acda594a64b20db1d6554ed4f2 4246a90e68bb41daa3022684d65e1297 - - default default] Successfully bumped revision number for resource 58161167-3570-4787-a763-83fec43d4d8f (type: security_group_rules) to 0
