2026-04-24 07:22:52.895 8 INFO neutron.db.ovn_revision_numbers_db [None req-853b5871-17e8-474b-8adf-783218c0b0a1 1ecf8d84ab8449448c3f4a0b78eb024d 0ee8f48a6d554c9997985959c1e461dd - - default default] Successfully bumped revision number for resource 1703347c-413d-4458-96f4-b6376c1f9871 (type: subnets) to 0 [pid: 8|app: 0|req: 968/1806] 10.0.0.68 () {34 vars in 668 bytes} [Fri Apr 24 07:22:52 2026] POST /v2.0/subnets => generated 627 bytes in 266 msecs (HTTP/1.1 201) 4 headers in 162 bytes (1 switches on core 0)
2026-04-24 07:22:52.932 8 INFO neutron.pecan_wsgi.hooks.translation [None req-c5f67475-1529-4a2a-94e3-129be7c126d8 e2a2c4d348da41fda6189e109796d722 490f27a9786848e39c245bd70e968c8f - - default default] DELETE failed (client error): The resource could not be found. [pid: 8|app: 0|req: 969/1807] 10.0.0.68 () {32 vars in 723 bytes} [Fri Apr 24 07:22:52 2026] DELETE /v2.0/subnets/f71c0fb7-f58f-46dd-aa36-ec7896b80a66 => generated 136 bytes in 17 msecs (HTTP/1.1 404) 4 headers in 164 bytes (1 switches on core 0)
2026-04-24 07:22:53.122 7 WARNING neutron.scheduler.dhcp_agent_scheduler [None req-c3eb3b99-4f6e-4988-83cd-c0b93fb432db - - - - - -] No more DHCP agents
2026-04-24 07:22:53.123 7 WARNING neutron.api.rpc.agentnotifiers.dhcp_rpc_agent_api [None req-c3eb3b99-4f6e-4988-83cd-c0b93fb432db - - - - - -] Unable to schedule network 3d702f68-720f-4600-bce0-27a9facaa856: no agents available; will retry on subsequent port and subnet creation events.
2026-04-24 07:22:53.389 8 WARNING neutron.scheduler.dhcp_agent_scheduler [None req-d24beb92-5826-42d4-b3b1-9c019f02ec15 1ecf8d84ab8449448c3f4a0b78eb024d 0ee8f48a6d554c9997985959c1e461dd - - default default] No more DHCP agents
2026-04-24 07:22:53.390 8 WARNING neutron.api.rpc.agentnotifiers.dhcp_rpc_agent_api [None req-d24beb92-5826-42d4-b3b1-9c019f02ec15 1ecf8d84ab8449448c3f4a0b78eb024d 0ee8f48a6d554c9997985959c1e461dd - - default default] Unable to schedule network bc58738b-b270-485d-ba42-984270190180: no agents available; will retry on subsequent port and subnet creation events.
2026-04-24 07:22:53.525 7 INFO neutron.plugins.ml2.drivers.ovn.mech_driver.mech_driver [None req-701ac692-dd8f-411e-b99c-36012e2d9d23 - - - - - -] OVN reports status down for port: 5791ad5c-aa03-40e6-b566-ebb1753cb2a5
2026-04-24 07:22:53.529 8 INFO neutron.db.ovn_revision_numbers_db [None req-d24beb92-5826-42d4-b3b1-9c019f02ec15 1ecf8d84ab8449448c3f4a0b78eb024d 0ee8f48a6d554c9997985959c1e461dd - - default default] Successfully bumped revision number for resource 5791ad5c-aa03-40e6-b566-ebb1753cb2a5 (type: ports) to 1
2026-04-24 07:22:53.608 7 INFO neutron.db.ovn_revision_numbers_db [None req-c3eb3b99-4f6e-4988-83cd-c0b93fb432db - - - - - -] Successfully bumped revision number for resource b65f3e4d-2aa9-4696-89f2-9b70d46d26df (type: router_ports) to 1
2026-04-24 07:22:53.795 7 WARNING neutron.scheduler.dhcp_agent_scheduler [None req-c3eb3b99-4f6e-4988-83cd-c0b93fb432db - - - - - -] No more DHCP agents
2026-04-24 07:22:53.797 7 WARNING neutron.api.rpc.agentnotifiers.dhcp_rpc_agent_api [None req-c3eb3b99-4f6e-4988-83cd-c0b93fb432db - - - - - -] Unable to schedule network 3d702f68-720f-4600-bce0-27a9facaa856: no agents available; will retry on subsequent port and subnet creation events.
2026-04-24 07:22:53.943 7 INFO neutron.db.ovn_revision_numbers_db [None req-c3eb3b99-4f6e-4988-83cd-c0b93fb432db - - - - - -] Successfully bumped revision number for resource 704ab7cc-4ce2-4d95-bf14-b000a67753ab (type: ports) to 1
2026-04-24 07:22:54.158 7 INFO neutron.db.ovn_revision_numbers_db [None req-c3eb3b99-4f6e-4988-83cd-c0b93fb432db - - - - - -] Successfully bumped revision number for resource 704ab7cc-4ce2-4d95-bf14-b000a67753ab (type: ports) to 3
2026-04-24 07:22:54.303 8 INFO neutron.plugins.ml2.drivers.ovn.mech_driver.ovsdb.commands [None req-f026d100-ed3f-47df-97c5-9c6787b80471 - - - - - -] Schedule LRP lrp-5791ad5c-aa03-40e6-b566-ebb1753cb2a5 on gateway d5982dc8-2f99-4d7b-9822-8bb2237a2d15 with priority 1
2026-04-24 07:22:54.363 8 INFO neutron.db.ovn_revision_numbers_db [None req-d24beb92-5826-42d4-b3b1-9c019f02ec15 1ecf8d84ab8449448c3f4a0b78eb024d 0ee8f48a6d554c9997985959c1e461dd - - default default] Successfully bumped revision number for resource 5791ad5c-aa03-40e6-b566-ebb1753cb2a5 (type: router_ports) to 1
2026-04-24 07:22:54.397 7 INFO neutron.plugins.ml2.drivers.ovn.mech_driver.mech_driver [None req-701ac692-dd8f-411e-b99c-36012e2d9d23 - - - - - -] OVN reports status up for port: 5791ad5c-aa03-40e6-b566-ebb1753cb2a5
2026-04-24 07:22:54.414 8 INFO neutron.db.ovn_revision_numbers_db [None req-d24beb92-5826-42d4-b3b1-9c019f02ec15 1ecf8d84ab8449448c3f4a0b78eb024d 0ee8f48a6d554c9997985959c1e461dd - - default default] Successfully bumped revision number for resource 3600d000-2a80-456d-baca-bc5b413aae4d (type: routers) to 2 [pid: 7|app: 0|req: 839/1808] 10.0.0.68 () {34 vars in 684 bytes} [Fri Apr 24 07:22:50 2026] POST /v2.0/vpn/vpnservices => generated 457 bytes in 4411 msecs (HTTP/1.1 201) 4 headers in 162 bytes (1 switches on core 0)
2026-04-24 07:22:54.423 7 INFO neutron.plugins.ml2.plugin [None req-701ac692-dd8f-411e-b99c-36012e2d9d23 - - - - - -] Attempt 1 to provision port 5791ad5c-aa03-40e6-b566-ebb1753cb2a5 [pid: 8|app: 0|req: 970/1811] 10.0.0.68 () {34 vars in 668 bytes} [Fri Apr 24 07:22:52 2026] POST /v2.0/routers => generated 955 bytes in 1494 msecs (HTTP/1.1 201) 4 headers in 162 bytes (1 switches on core 0)
2026-04-24 07:22:54.718 7 INFO neutron.db.ovn_revision_numbers_db [None req-a221c7a7-07ba-497a-b80c-44a11b9da03c a54cc2f3933943d4a9d7f1e9bb3a764a 3b42a3090d7541cfa3fc39a7ef0e52f5 - - default default] Successfully bumped revision number for resource a1c3384d-199c-4374-a48d-cf8a43dcff10 (type: security_groups) to 1
2026-04-24 07:22:54.731 7 INFO neutron.db.ovn_revision_numbers_db [None req-a221c7a7-07ba-497a-b80c-44a11b9da03c a54cc2f3933943d4a9d7f1e9bb3a764a 3b42a3090d7541cfa3fc39a7ef0e52f5 - - default default] Successfully bumped revision number for resource 1f4b8075-cf8d-48df-b305-e43b7b61f559 (type: security_group_rules) to 0
2026-04-24 07:22:54.743 7 INFO neutron.db.ovn_revision_numbers_db [None req-a221c7a7-07ba-497a-b80c-44a11b9da03c a54cc2f3933943d4a9d7f1e9bb3a764a 3b42a3090d7541cfa3fc39a7ef0e52f5 - - default default] Successfully bumped revision number for resource 23a20137-f6f8-464f-a973-6ab2fc89fd80 (type: security_group_rules) to 0
2026-04-24 07:22:54.753 7 INFO neutron.db.ovn_revision_numbers_db [None req-a221c7a7-07ba-497a-b80c-44a11b9da03c a54cc2f3933943d4a9d7f1e9bb3a764a 3b42a3090d7541cfa3fc39a7ef0e52f5 - - default default] Successfully bumped revision number for resource 82189685-0171-411b-a136-ed8f02044d46 (type: security_group_rules) to 0
2026-04-24 07:22:54.764 7 INFO neutron.db.ovn_revision_numbers_db [None req-a221c7a7-07ba-497a-b80c-44a11b9da03c a54cc2f3933943d4a9d7f1e9bb3a764a 3b42a3090d7541cfa3fc39a7ef0e52f5 - - default default] Successfully bumped revision number for resource 8fed5129-0273-47d4-bec8-fa238480cc08 (type: security_group_rules) to 0 [pid: 7|app: 0|req: 842/1812] 10.0.0.68 () {32 vars in 773 bytes} [Fri Apr 24 07:22:54 2026] GET /v2.0/security-groups?tenant_id=a3d1097bbe2142138ef041d73be5c3a9&name=default => generated 2925 bytes in 367 msecs (HTTP/1.1 200) 4 headers in 158 bytes (1 switches on core 0) [pid: 8|app: 0|req: 971/1813] 10.0.0.68 () {34 vars in 684 bytes} [Fri Apr 24 07:22:54 2026] POST /v2.0/vpn/vpnservices => generated 424 bytes in 838 msecs (HTTP/1.1 201) 4 headers in 162 bytes (1 switches on core 0)
2026-04-24 07:22:55.292 7 WARNING neutron.scheduler.dhcp_agent_scheduler [None req-4f18f9b0-9a80-4533-8c6b-01fd97159d46 1ecf8d84ab8449448c3f4a0b78eb024d 0ee8f48a6d554c9997985959c1e461dd - - default default] No more DHCP agents
2026-04-24 07:22:55.294 7 WARNING neutron.api.rpc.agentnotifiers.dhcp_rpc_agent_api [None req-4f18f9b0-9a80-4533-8c6b-01fd97159d46 1ecf8d84ab8449448c3f4a0b78eb024d 0ee8f48a6d554c9997985959c1e461dd - - default default] Unable to schedule network 28ead543-ad0b-4a36-9282-431251059ea0: no agents available; will retry on subsequent port and subnet creation events.
2026-04-24 07:22:55.321 8 WARNING neutron.plugins.ml2.drivers.ovn.mech_driver.ovsdb.ovn_client [None req-e1d88349-5737-4789-a8b8-5ce6745424ea - - - - - -] No hosting information found for port 4a9d85cc-c82c-4844-a1b1-6047c8bd558e: RuntimeError: No hosting information found for port 4a9d85cc-c82c-4844-a1b1-6047c8bd558e
2026-04-24 07:22:55.429 7 INFO neutron.db.ovn_revision_numbers_db [None req-4f18f9b0-9a80-4533-8c6b-01fd97159d46 1ecf8d84ab8449448c3f4a0b78eb024d 0ee8f48a6d554c9997985959c1e461dd - - default default] Successfully bumped revision number for resource 7afb29c8-2503-47ae-9196-94195fd34abd (type: ports) to 1
2026-04-24 07:22:55.485 8 INFO neutron.db.ovn_revision_numbers_db [None req-e1d88349-5737-4789-a8b8-5ce6745424ea - - - - - -] Successfully bumped revision number for resource 4a9d85cc-c82c-4844-a1b1-6047c8bd558e (type: router_ports) to 2
2026-04-24 07:22:55.562 8 INFO neutron.plugins.ml2.drivers.ovn.mech_driver.mech_driver [None req-e1d88349-5737-4789-a8b8-5ce6745424ea - - - - - -] OVN reports status down for port: 6f118f37-e769-4bb0-b13f-e1b8e91303ff
2026-04-24 07:22:55.635 8 INFO neutron.plugins.ml2.drivers.ovn.mech_driver.mech_driver [None req-e1d88349-5737-4789-a8b8-5ce6745424ea - - - - - -] OVN reports status down for port: b65f3e4d-2aa9-4696-89f2-9b70d46d26df [pid: 8|app: 0|req: 972/1814] 10.0.0.68 () {32 vars in 739 bytes} [Fri Apr 24 07:22:55 2026] DELETE /v2.0/security-groups/a1c3384d-199c-4374-a48d-cf8a43dcff10 => generated 0 bytes in 385 msecs (HTTP/1.1 204) 2 headers in 112 bytes (1 switches on core 0) [pid: 8|app: 0|req: 973/1815] 10.0.0.68 () {34 vars in 683 bytes} [Fri Apr 24 07:22:55 2026] POST /v2.0/vpn/ikepolicies => generated 404 bytes in 69 msecs (HTTP/1.1 201) 4 headers in 162 bytes (1 switches on core 0)
2026-04-24 07:22:55.743 8 WARNING neutron.plugins.ml2.drivers.ovn.mech_driver.ovsdb.ovn_client [None req-e1d88349-5737-4789-a8b8-5ce6745424ea - - - - - -] Logical_Switch_Port %s host information not removed, the port state is up
2026-04-24 07:22:55.743 8 INFO neutron.plugins.ml2.drivers.ovn.mech_driver.mech_driver [None req-e1d88349-5737-4789-a8b8-5ce6745424ea - - - - - -] OVN reports status up for port: b65f3e4d-2aa9-4696-89f2-9b70d46d26df
2026-04-24 07:22:55.765 8 INFO neutron.plugins.ml2.plugin [None req-e1d88349-5737-4789-a8b8-5ce6745424ea - - - - - -] Attempt 1 to provision port b65f3e4d-2aa9-4696-89f2-9b70d46d26df [pid: 8|app: 0|req: 974/1816] 10.0.0.199 () {34 vars in 990 bytes} [Fri Apr 24 07:22:55 2026] GET /v2.0/ports?device_id=04b0b2dd-9465-4ab8-ac25-6123b5657a6b => generated 971 bytes in 126 msecs (HTTP/1.1 200) 4 headers in 157 bytes (1 switches on core 0) [pid: 8|app: 0|req: 975/1817] 10.0.0.68 () {34 vars in 687 bytes} [Fri Apr 24 07:22:55 2026] POST /v2.0/vpn/ipsecpolicies => generated 413 bytes in 63 msecs (HTTP/1.1 201) 4 headers in 162 bytes (1 switches on core 0)
2026-04-24 07:22:56.141 8 INFO neutron.db.ovn_revision_numbers_db [None req-f6e7565a-ba05-4964-8410-d420cc9b5596 a54cc2f3933943d4a9d7f1e9bb3a764a 3b42a3090d7541cfa3fc39a7ef0e52f5 - - default default] Successfully bumped revision number for resource 89d87e68-6ac2-4e24-81d9-939b4297f284 (type: security_groups) to 1
2026-04-24 07:22:56.151 7 WARNING neutron.scheduler.dhcp_agent_scheduler [None req-4f18f9b0-9a80-4533-8c6b-01fd97159d46 1ecf8d84ab8449448c3f4a0b78eb024d 0ee8f48a6d554c9997985959c1e461dd - - default default] No more DHCP agents
2026-04-24 07:22:56.152 7 WARNING neutron.api.rpc.agentnotifiers.dhcp_rpc_agent_api [None req-4f18f9b0-9a80-4533-8c6b-01fd97159d46 1ecf8d84ab8449448c3f4a0b78eb024d 0ee8f48a6d554c9997985959c1e461dd - - default default] Unable to schedule network 28ead543-ad0b-4a36-9282-431251059ea0: no agents available; will retry on subsequent port and subnet creation events.
2026-04-24 07:22:56.161 8 INFO neutron.db.ovn_revision_numbers_db [None req-f6e7565a-ba05-4964-8410-d420cc9b5596 a54cc2f3933943d4a9d7f1e9bb3a764a 3b42a3090d7541cfa3fc39a7ef0e52f5 - - default default] Successfully bumped revision number for resource 018d19f1-ae14-42de-9ed9-0fa28a56817c (type: security_group_rules) to 0
2026-04-24 07:22:56.182 8 INFO neutron.db.ovn_revision_numbers_db [None req-f6e7565a-ba05-4964-8410-d420cc9b5596 a54cc2f3933943d4a9d7f1e9bb3a764a 3b42a3090d7541cfa3fc39a7ef0e52f5 - - default default] Successfully bumped revision number for resource 4f2d45ae-ccd6-4df0-9710-d8bda15e4d50 (type: security_group_rules) to 0
2026-04-24 07:22:56.202 8 INFO neutron.db.ovn_revision_numbers_db [None req-f6e7565a-ba05-4964-8410-d420cc9b5596 a54cc2f3933943d4a9d7f1e9bb3a764a 3b42a3090d7541cfa3fc39a7ef0e52f5 - - default default] Successfully bumped revision number for resource 7c67a18d-cecf-4284-bf5d-4d60248f2641 (type: security_group_rules) to 0
2026-04-24 07:22:56.227 8 INFO neutron.db.ovn_revision_numbers_db [None req-f6e7565a-ba05-4964-8410-d420cc9b5596 a54cc2f3933943d4a9d7f1e9bb3a764a 3b42a3090d7541cfa3fc39a7ef0e52f5 - - default default] Successfully bumped revision number for resource d9410161-1540-4a28-ac8a-c83886be485e (type: security_group_rules) to 0 [pid: 8|app: 0|req: 976/1818] 10.0.0.68 () {32 vars in 773 bytes} [Fri Apr 24 07:22:55 2026] GET /v2.0/security-groups?tenant_id=bf69f0ade3ec4f0ab00ceefdb5488cdf&name=default => generated 2925 bytes in 389 msecs (HTTP/1.1 200) 4 headers in 158 bytes (1 switches on core 0) [pid: 8|app: 0|req: 977/1819] 10.0.0.199 () {34 vars in 1040 bytes} [Fri Apr 24 07:22:56 2026] GET /v2.0/security-groups?id=52d6c2af-e21a-4f9c-b4ef-77727cb976cd&fields=id&fields=name => generated 114 bytes in 65 msecs (HTTP/1.1 200) 4 headers in 157 bytes (1 switches on core 0)
2026-04-24 07:22:56.428 8 INFO neutron.db.ovn_revision_numbers_db [None req-e1d88349-5737-4789-a8b8-5ce6745424ea - - - - - -] Successfully bumped revision number for resource b65f3e4d-2aa9-4696-89f2-9b70d46d26df (type: ports) to 2 [pid: 8|app: 0|req: 978/1820] 10.0.0.68 () {34 vars in 692 bytes} [Fri Apr 24 07:22:56 2026] POST /v2.0/vpn/endpoint-groups => generated 328 bytes in 109 msecs (HTTP/1.1 201) 4 headers in 162 bytes (1 switches on core 0)
2026-04-24 07:22:56.570 7 INFO neutron.db.ovn_revision_numbers_db [None req-4f18f9b0-9a80-4533-8c6b-01fd97159d46 1ecf8d84ab8449448c3f4a0b78eb024d 0ee8f48a6d554c9997985959c1e461dd - - default default] Successfully bumped revision number for resource 7afb29c8-2503-47ae-9196-94195fd34abd (type: router_ports) to 1 [pid: 7|app: 0|req: 843/1821] 10.0.0.68 () {34 vars in 782 bytes} [Fri Apr 24 07:22:54 2026] PUT /v2.0/routers/3600d000-2a80-456d-baca-bc5b413aae4d/add_router_interface => generated 309 bytes in 1778 msecs (HTTP/1.1 200) 4 headers in 157 bytes (1 switches on core 0) [pid: 7|app: 0|req: 844/1822] 10.0.0.68 () {34 vars in 692 bytes} [Fri Apr 24 07:22:56 2026] POST /v2.0/vpn/endpoint-groups => generated 320 bytes in 49 msecs (HTTP/1.1 201) 4 headers in 162 bytes (1 switches on core 0) [pid: 8|app: 0|req: 979/1823] 10.0.0.68 () {32 vars in 739 bytes} [Fri Apr 24 07:22:56 2026] DELETE /v2.0/security-groups/89d87e68-6ac2-4e24-81d9-939b4297f284 => generated 0 bytes in 347 msecs (HTTP/1.1 204) 2 headers in 112 bytes (1 switches on core 0)
2026-04-24 07:22:56.977 7 WARNING neutron.scheduler.dhcp_agent_scheduler [None req-d9359983-080a-4bd8-9060-828f14b717e1 1ecf8d84ab8449448c3f4a0b78eb024d 0ee8f48a6d554c9997985959c1e461dd - - default default] No more DHCP agents
2026-04-24 07:22:56.978 7 WARNING neutron.api.rpc.agentnotifiers.dhcp_rpc_agent_api [None req-d9359983-080a-4bd8-9060-828f14b717e1 1ecf8d84ab8449448c3f4a0b78eb024d 0ee8f48a6d554c9997985959c1e461dd - - default default] Unable to schedule network 28ead543-ad0b-4a36-9282-431251059ea0: no agents available; will retry on subsequent port and subnet creation events.
2026-04-24 07:22:57.130 7 INFO neutron.db.ovn_revision_numbers_db [None req-d9359983-080a-4bd8-9060-828f14b717e1 1ecf8d84ab8449448c3f4a0b78eb024d 0ee8f48a6d554c9997985959c1e461dd - - default default] Successfully bumped revision number for resource 64cf52c2-f821-44ac-936d-cf6f3a344fa5 (type: ports) to 1 [pid: 7|app: 0|req: 845/1824] 10.0.0.68 () {34 vars in 664 bytes} [Fri Apr 24 07:22:56 2026] POST /v2.0/ports => generated 958 bytes in 550 msecs (HTTP/1.1 201) 4 headers in 162 bytes (1 switches on core 0) /var/lib/openstack/lib/python3.12/site-packages/pycadf/identifier.py:70: UserWarning: Invalid uuid: neutron. To ensure interoperability, identifiers should be a valid uuid. warnings.warn(('Invalid uuid: %s. To ensure interoperability, ' [pid: 7|app: 0|req: 846/1825] 10.0.0.68 () {32 vars in 773 bytes} [Fri Apr 24 07:22:57 2026] GET /v2.0/security-groups?tenant_id=490f27a9786848e39c245bd70e968c8f&name=default => generated 2925 bytes in 34 msecs (HTTP/1.1 200) 4 headers in 158 bytes (1 switches on core 0)
2026-04-24 07:22:57.473 7 WARNING neutron.scheduler.dhcp_agent_scheduler [None req-643028a6-05e5-4987-bfe9-d3e6bb9a15db 1ecf8d84ab8449448c3f4a0b78eb024d 0ee8f48a6d554c9997985959c1e461dd - - default default] No more DHCP agents
2026-04-24 07:22:57.474 7 WARNING neutron.api.rpc.agentnotifiers.dhcp_rpc_agent_api [None req-643028a6-05e5-4987-bfe9-d3e6bb9a15db 1ecf8d84ab8449448c3f4a0b78eb024d 0ee8f48a6d554c9997985959c1e461dd - - default default] Unable to schedule network 28ead543-ad0b-4a36-9282-431251059ea0: no agents available; will retry on subsequent port and subnet creation events.
2026-04-24 07:22:57.477 8 INFO neutron.db.ovn_revision_numbers_db [None req-db64202e-f185-452a-bae9-45f565cd100e eff20c66ebf3453083e630a3856283f1 e3339204ab7c4dbdb538f8cf2b664b24 - - default default] Successfully bumped revision number for resource 1cde645d-17e8-4599-a70d-40c4b5b7ef1d (type: routers) to 5 [pid: 8|app: 0|req: 980/1826] 10.0.0.68 () {34 vars in 706 bytes} [Fri Apr 24 07:22:56 2026] POST /v2.0/vpn/ipsec-site-connections => generated 803 bytes in 680 msecs (HTTP/1.1 201) 4 headers in 162 bytes (1 switches on core 0)
2026-04-24 07:22:57.647 7 INFO neutron.db.ovn_revision_numbers_db [None req-643028a6-05e5-4987-bfe9-d3e6bb9a15db 1ecf8d84ab8449448c3f4a0b78eb024d 0ee8f48a6d554c9997985959c1e461dd - - default default] Successfully bumped revision number for resource e49dc6c4-2990-4d04-89ab-0be01adf2a44 (type: ports) to 1 [pid: 7|app: 0|req: 847/1827] 10.0.0.68 () {34 vars in 664 bytes} [Fri Apr 24 07:22:57 2026] POST /v2.0/ports => generated 959 bytes in 469 msecs (HTTP/1.1 201) 4 headers in 162 bytes (1 switches on core 0) /var/lib/openstack/lib/python3.12/site-packages/pycadf/identifier.py:70: UserWarning: Invalid uuid: neutron. To ensure interoperability, identifiers should be a valid uuid. warnings.warn(('Invalid uuid: %s. To ensure interoperability, ' [pid: 7|app: 0|req: 848/1828] 10.0.0.199 () {34 vars in 990 bytes} [Fri Apr 24 07:22:57 2026] GET /v2.0/ports?device_id=04b0b2dd-9465-4ab8-ac25-6123b5657a6b => generated 971 bytes in 98 msecs (HTTP/1.1 200) 4 headers in 157 bytes (1 switches on core 0) [pid: 8|app: 0|req: 981/1829] 10.0.0.68 () {32 vars in 739 bytes} [Fri Apr 24 07:22:57 2026] DELETE /v2.0/security-groups/c20512a4-a4de-46df-9412-0c4792c2bedc => generated 0 bytes in 284 msecs (HTTP/1.1 204) 2 headers in 112 bytes (1 switches on core 0) [pid: 7|app: 0|req: 849/1830] 10.0.0.68 () {34 vars in 692 bytes} [Fri Apr 24 07:22:57 2026] POST /v2.0/vpn/endpoint-groups => generated 289 bytes in 50 msecs (HTTP/1.1 201) 4 headers in 162 bytes (1 switches on core 0) [pid: 7|app: 0|req: 850/1831] 10.0.0.199 () {34 vars in 1040 bytes} [Fri Apr 24 07:22:57 2026] GET /v2.0/security-groups?id=52d6c2af-e21a-4f9c-b4ef-77727cb976cd&fields=id&fields=name => generated 114 bytes in 29 msecs (HTTP/1.1 200) 4 headers in 157 bytes (1 switches on core 0) [pid: 7|app: 0|req: 851/1832] 10.0.0.68 () {32 vars in 747 bytes} [Fri Apr 24 07:22:57 2026] DELETE /v2.0/vpn/endpoint-groups/916901c5-59a0-4ba7-b244-8513687811b0 => generated 0 bytes in 38 msecs (HTTP/1.1 204) 2 headers in 112 bytes (1 switches on core 0) [pid: 7|app: 0|req: 852/1833] 199.204.45.44 () {34 vars in 993 bytes} [Fri Apr 24 07:22:57 2026] GET /v2.0/ports?device_id=04b0b2dd-9465-4ab8-ac25-6123b5657a6b => generated 971 bytes in 39 msecs (HTTP/1.1 200) 4 headers in 157 bytes (1 switches on core 0) [pid: 7|app: 0|req: 853/1834] 10.0.0.68 () {32 vars in 670 bytes} [Fri Apr 24 07:22:57 2026] GET /v2.0/vpn/endpoint-groups => generated 633 bytes in 15 msecs (HTTP/1.1 200) 4 headers in 157 bytes (1 switches on core 0)
2026-04-24 07:22:58.033 8 WARNING neutron.scheduler.dhcp_agent_scheduler [None req-3d18d01e-d74d-4a49-8c92-39974dd1adc2 1ecf8d84ab8449448c3f4a0b78eb024d 0ee8f48a6d554c9997985959c1e461dd - - default default] No more DHCP agents
2026-04-24 07:22:58.036 8 WARNING neutron.api.rpc.agentnotifiers.dhcp_rpc_agent_api [None req-3d18d01e-d74d-4a49-8c92-39974dd1adc2 1ecf8d84ab8449448c3f4a0b78eb024d 0ee8f48a6d554c9997985959c1e461dd - - default default] Unable to schedule network bc58738b-b270-485d-ba42-984270190180: no agents available; will retry on subsequent port and subnet creation events.
2026-04-24 07:22:58.098 7 INFO neutron_taas.services.taas.taas_plugin [req-60c9be8d-9b84-432c-bd15-90da9aadc8df req-1b261a9b-28cd-4e09-aa28-e58b108c9296 d68ef9acda594a64b20db1d6554ed4f2 4246a90e68bb41daa3022684d65e1297 - - default default] TaaS: Handle Delete Port: 7e839533-07fa-423d-b8bc-c0b0773e4c30
2026-04-24 07:22:58.102 7 INFO neutron_taas.services.taas.tap_mirror_plugin [req-60c9be8d-9b84-432c-bd15-90da9aadc8df req-1b261a9b-28cd-4e09-aa28-e58b108c9296 d68ef9acda594a64b20db1d6554ed4f2 4246a90e68bb41daa3022684d65e1297 - - default default] Tap Mirror: Handle Delete Port: 7e839533-07fa-423d-b8bc-c0b0773e4c30
2026-04-24 07:22:58.286 7 INFO neutron.db.l3_db [req-60c9be8d-9b84-432c-bd15-90da9aadc8df req-1b261a9b-28cd-4e09-aa28-e58b108c9296 d68ef9acda594a64b20db1d6554ed4f2 4246a90e68bb41daa3022684d65e1297 - - default default] Floating IP 34b9b0da-7e90-499c-a0a2-44ff939cf100 disassociated. External IP: 10.96.250.207, port: 7e839533-07fa-423d-b8bc-c0b0773e4c30. [pid: 7|app: 0|req: 854/1835] 199.204.45.44 () {36 vars in 996 bytes} [Fri Apr 24 07:22:57 2026] DELETE /v2.0/ports/7e839533-07fa-423d-b8bc-c0b0773e4c30 => generated 0 bytes in 472 msecs (HTTP/1.1 204) 3 headers in 131 bytes (1 switches on core 0) [pid: 7|app: 0|req: 855/1836] 10.0.0.68 () {32 vars in 670 bytes} [Fri Apr 24 07:22:58 2026] GET /v2.0/vpn/endpoint-groups => generated 633 bytes in 10 msecs (HTTP/1.1 200) 4 headers in 157 bytes (1 switches on core 0)
2026-04-24 07:22:58.459 7 INFO neutron.notifiers.nova [-] Nova event matching ['req-5cad3880-97bf-448c-aae9-57230c978c8c'] response: {'server_uuid': '04b0b2dd-9465-4ab8-ac25-6123b5657a6b', 'name': 'network-vif-deleted', 'tag': '7e839533-07fa-423d-b8bc-c0b0773e4c30', 'status': 'completed', 'code': 200}
2026-04-24 07:22:59.015 8 INFO neutron.db.ovn_revision_numbers_db [None req-3d18d01e-d74d-4a49-8c92-39974dd1adc2 1ecf8d84ab8449448c3f4a0b78eb024d 0ee8f48a6d554c9997985959c1e461dd - - default default] Successfully bumped revision number for resource 32d85653-eda5-4e9d-afce-4bc4a016af02 (type: floatingips) to 1
2026-04-24 07:22:59.016 8 INFO neutron.db.l3_db [None req-3d18d01e-d74d-4a49-8c92-39974dd1adc2 1ecf8d84ab8449448c3f4a0b78eb024d 0ee8f48a6d554c9997985959c1e461dd - - default default] Floating IP 32d85653-eda5-4e9d-afce-4bc4a016af02 associated. External IP: 10.96.250.218, port: e49dc6c4-2990-4d04-89ab-0be01adf2a44. [pid: 7|app: 0|req: 856/1837] 10.0.0.68 () {34 vars in 684 bytes} [Fri Apr 24 07:22:58 2026] POST /v2.0/vpn/ikepolicies => generated 401 bytes in 229 msecs (HTTP/1.1 201) 4 headers in 162 bytes (1 switches on core 0) [pid: 8|app: 0|req: 982/1838] 10.0.0.68 () {34 vars in 676 bytes} [Fri Apr 24 07:22:57 2026] POST /v2.0/floatingips => generated 843 bytes in 1265 msecs (HTTP/1.1 201) 4 headers in 162 bytes (1 switches on core 0) [pid: 8|app: 0|req: 983/1839] 10.0.0.68 () {32 vars in 662 bytes} [Fri Apr 24 07:22:59 2026] GET /v2.0/vpn/ikepolicies => generated 796 bytes in 10 msecs (HTTP/1.1 200) 4 headers in 157 bytes (1 switches on core 0) [pid: 7|app: 0|req: 857/1840] 10.0.0.199 () {34 vars in 990 bytes} [Fri Apr 24 07:22:59 2026] GET /v2.0/ports?device_id=04b0b2dd-9465-4ab8-ac25-6123b5657a6b => generated 12 bytes in 19 msecs (HTTP/1.1 200) 4 headers in 156 bytes (1 switches on core 0) [pid: 7|app: 0|req: 858/1841] 10.0.0.68 () {32 vars in 739 bytes} [Fri Apr 24 07:22:59 2026] DELETE /v2.0/vpn/ikepolicies/37446c23-0db9-4b6c-aa4e-f498163885af => generated 0 bytes in 32 msecs (HTTP/1.1 204) 2 headers in 112 bytes (1 switches on core 0) [pid: 7|app: 0|req: 859/1842] 10.0.0.68 () {34 vars in 688 bytes} [Fri Apr 24 07:22:59 2026] POST /v2.0/vpn/ipsecpolicies => generated 411 bytes in 56 msecs (HTTP/1.1 201) 4 headers in 162 bytes (1 switches on core 0) [pid: 7|app: 0|req: 860/1843] 10.0.0.68 () {32 vars in 666 bytes} [Fri Apr 24 07:22:59 2026] GET /v2.0/vpn/ipsecpolicies => generated 813 bytes in 15 msecs (HTTP/1.1 200) 4 headers in 157 bytes (1 switches on core 0)
2026-04-24 07:22:59.236 8 INFO neutron.db.ovn_revision_numbers_db [None req-e99921b2-244d-4c5b-bc85-617041689045 1ecf8d84ab8449448c3f4a0b78eb024d 0ee8f48a6d554c9997985959c1e461dd - - default default] Successfully bumped revision number for resource 32d85653-eda5-4e9d-afce-4bc4a016af02 (type: floatingips) to 2 [pid: 7|app: 0|req: 861/1844] 10.0.0.68 () {32 vars in 743 bytes} [Fri Apr 24 07:22:59 2026] DELETE /v2.0/vpn/ipsecpolicies/72e100d6-9695-4091-93f7-442a6953b624 => generated 0 bytes in 70 msecs (HTTP/1.1 204) 2 headers in 112 bytes (1 switches on core 0)
2026-04-24 07:22:59.295 8 INFO neutron.db.l3_db [None req-e99921b2-244d-4c5b-bc85-617041689045 1ecf8d84ab8449448c3f4a0b78eb024d 0ee8f48a6d554c9997985959c1e461dd - - default default] Floating IP 32d85653-eda5-4e9d-afce-4bc4a016af02 disassociated. External IP: 10.96.250.218, port: e49dc6c4-2990-4d04-89ab-0be01adf2a44. [pid: 8|app: 0|req: 984/1845] 10.0.0.68 () {34 vars in 748 bytes} [Fri Apr 24 07:22:59 2026] PUT /v2.0/floatingips/32d85653-eda5-4e9d-afce-4bc4a016af02 => generated 554 bytes in 284 msecs (HTTP/1.1 200) 4 headers in 157 bytes (1 switches on core 0)
2026-04-24 07:22:59.367 7 INFO neutron.db.segments_db [None req-a60aa623-9cd5-424a-9e70-1419536a72ee eff20c66ebf3453083e630a3856283f1 e3339204ab7c4dbdb538f8cf2b664b24 - - default default] Added segment af8f3d64-9bf2-4e56-969f-583c3234f9c7 of type geneve for network 0848d409-074a-4c52-b83d-c72c68039882
2026-04-24 07:22:59.490 7 INFO neutron.db.ovn_revision_numbers_db [None req-a60aa623-9cd5-424a-9e70-1419536a72ee eff20c66ebf3453083e630a3856283f1 e3339204ab7c4dbdb538f8cf2b664b24 - - default default] Successfully bumped revision number for resource 0848d409-074a-4c52-b83d-c72c68039882 (type: networks) to 1
2026-04-24 07:22:59.490 8 INFO neutron_taas.services.taas.taas_plugin [None req-07de8595-0e0a-454c-8734-19f94fa7bfb0 1ecf8d84ab8449448c3f4a0b78eb024d 0ee8f48a6d554c9997985959c1e461dd - - default default] TaaS: Handle Delete Port: 34dd6894-ad16-4989-bfa2-07472ab6d189
2026-04-24 07:22:59.500 8 INFO neutron_taas.services.taas.tap_mirror_plugin [None req-07de8595-0e0a-454c-8734-19f94fa7bfb0 1ecf8d84ab8449448c3f4a0b78eb024d 0ee8f48a6d554c9997985959c1e461dd - - default default] Tap Mirror: Handle Delete Port: 34dd6894-ad16-4989-bfa2-07472ab6d189
2026-04-24 07:22:59.661 7 WARNING neutron.scheduler.dhcp_agent_scheduler [None req-a60aa623-9cd5-424a-9e70-1419536a72ee eff20c66ebf3453083e630a3856283f1 e3339204ab7c4dbdb538f8cf2b664b24 - - default default] No more DHCP agents
2026-04-24 07:22:59.663 7 WARNING neutron.api.rpc.agentnotifiers.dhcp_rpc_agent_api [None req-a60aa623-9cd5-424a-9e70-1419536a72ee eff20c66ebf3453083e630a3856283f1 e3339204ab7c4dbdb538f8cf2b664b24 - - default default] Unable to schedule network 0848d409-074a-4c52-b83d-c72c68039882: no agents available; will retry on subsequent port and subnet creation events. [pid: 8|app: 0|req: 985/1846] 10.0.0.68 () {32 vars in 731 bytes} [Fri Apr 24 07:22:59 2026] DELETE /v2.0/floatingips/32d85653-eda5-4e9d-afce-4bc4a016af02 => generated 0 bytes in 313 msecs (HTTP/1.1 204) 2 headers in 112 bytes (1 switches on core 0)
2026-04-24 07:22:59.767 7 INFO neutron.db.ovn_revision_numbers_db [None req-a60aa623-9cd5-424a-9e70-1419536a72ee eff20c66ebf3453083e630a3856283f1 e3339204ab7c4dbdb538f8cf2b664b24 - - default default] Successfully bumped revision number for resource 0d07021d-040a-40e3-89f1-0d940e020eed (type: ports) to 1 [pid: 7|app: 0|req: 862/1847] 10.0.0.68 () {34 vars in 669 bytes} [Fri Apr 24 07:22:59 2026] POST /v2.0/networks => generated 649 bytes in 515 msecs (HTTP/1.1 201) 4 headers in 162 bytes (1 switches on core 0)
2026-04-24 07:23:00.007 7 WARNING neutron.scheduler.dhcp_agent_scheduler [None req-af933fb3-7c48-49bf-8d96-a4ba24371ca7 eff20c66ebf3453083e630a3856283f1 e3339204ab7c4dbdb538f8cf2b664b24 - - default default] No more DHCP agents
2026-04-24 07:23:00.017 7 WARNING neutron.api.rpc.agentnotifiers.dhcp_rpc_agent_api [None req-af933fb3-7c48-49bf-8d96-a4ba24371ca7 eff20c66ebf3453083e630a3856283f1 e3339204ab7c4dbdb538f8cf2b664b24 - - default default] Unable to schedule network 0848d409-074a-4c52-b83d-c72c68039882: no agents available; will retry on subsequent port and subnet creation events.
2026-04-24 07:23:00.027 8 WARNING neutron.scheduler.dhcp_agent_scheduler [None req-1207c094-67cc-41f2-b200-406ff679cdb7 1ecf8d84ab8449448c3f4a0b78eb024d 0ee8f48a6d554c9997985959c1e461dd - - default default] No more DHCP agents
2026-04-24 07:23:00.031 8 WARNING neutron.api.rpc.agentnotifiers.dhcp_rpc_agent_api [None req-1207c094-67cc-41f2-b200-406ff679cdb7 1ecf8d84ab8449448c3f4a0b78eb024d 0ee8f48a6d554c9997985959c1e461dd - - default default] Unable to schedule network bc58738b-b270-485d-ba42-984270190180: no agents available; will retry on subsequent port and subnet creation events.
2026-04-24 07:23:00.056 7 WARNING neutron.plugins.ml2.drivers.ovn.mech_driver.ovsdb.ovn_client [None req-701ac692-dd8f-411e-b99c-36012e2d9d23 - - - - - -] No hosting information found for port 5791ad5c-aa03-40e6-b566-ebb1753cb2a5: RuntimeError: No hosting information found for port 5791ad5c-aa03-40e6-b566-ebb1753cb2a5
2026-04-24 07:23:00.056 7 INFO neutron.plugins.ml2.drivers.ovn.mech_driver.mech_driver [None req-701ac692-dd8f-411e-b99c-36012e2d9d23 - - - - - -] OVN reports status down for port: 7afb29c8-2503-47ae-9196-94195fd34abd
2026-04-24 07:23:00.164 7 WARNING neutron.plugins.ml2.drivers.ovn.mech_driver.ovsdb.ovn_client [None req-701ac692-dd8f-411e-b99c-36012e2d9d23 - - - - - -] Logical_Switch_Port %s host information not removed, the port state is up
2026-04-24 07:23:00.167 7 INFO neutron.plugins.ml2.drivers.ovn.mech_driver.mech_driver [None req-701ac692-dd8f-411e-b99c-36012e2d9d23 - - - - - -] OVN reports status up for port: 7afb29c8-2503-47ae-9196-94195fd34abd
2026-04-24 07:23:00.185 7 INFO neutron.plugins.ml2.plugin [None req-701ac692-dd8f-411e-b99c-36012e2d9d23 - - - - - -] Attempt 1 to provision port 7afb29c8-2503-47ae-9196-94195fd34abd
2026-04-24 07:23:00.878 8 INFO neutron.db.ovn_revision_numbers_db [None req-1207c094-67cc-41f2-b200-406ff679cdb7 1ecf8d84ab8449448c3f4a0b78eb024d 0ee8f48a6d554c9997985959c1e461dd - - default default] Successfully bumped revision number for resource a424fa07-36cd-42bd-806f-764c838d3686 (type: floatingips) to 1
2026-04-24 07:23:00.879 8 INFO neutron.db.l3_db [None req-1207c094-67cc-41f2-b200-406ff679cdb7 1ecf8d84ab8449448c3f4a0b78eb024d 0ee8f48a6d554c9997985959c1e461dd - - default default] Floating IP a424fa07-36cd-42bd-806f-764c838d3686 associated. External IP: 10.96.250.210, port: 64cf52c2-f821-44ac-936d-cf6f3a344fa5. [pid: 8|app: 0|req: 986/1848] 10.0.0.68 () {34 vars in 676 bytes} [Fri Apr 24 07:22:59 2026] POST /v2.0/floatingips => generated 842 bytes in 1236 msecs (HTTP/1.1 201) 4 headers in 162 bytes (1 switches on core 0) [pid: 8|app: 0|req: 987/1849] 10.0.0.199 () {34 vars in 990 bytes} [Fri Apr 24 07:23:00 2026] GET /v2.0/ports?device_id=04b0b2dd-9465-4ab8-ac25-6123b5657a6b => generated 12 bytes in 29 msecs (HTTP/1.1 200) 4 headers in 156 bytes (1 switches on core 0) [pid: 8|app: 0|req: 988/1850] 10.0.0.68 () {32 vars in 728 bytes} [Fri Apr 24 07:23:00 2026] GET /v2.0/floatingips/a424fa07-36cd-42bd-806f-764c838d3686 => generated 844 bytes in 33 msecs (HTTP/1.1 200) 4 headers in 157 bytes (1 switches on core 0) [pid: 8|app: 0|req: 989/1851] 10.0.0.226 () {28 vars in 599 bytes} [Fri Apr 24 07:23:00 2026] GET /v2.0/security-groups => generated 36797 bytes in 146 msecs (HTTP/1.1 200) 4 headers in 159 bytes (1 switches on core 0) [pid: 8|app: 0|req: 990/1852] 10.0.0.68 () {32 vars in 654 bytes} [Fri Apr 24 07:23:01 2026] GET /v2.0/floatingips => generated 847 bytes in 60 msecs (HTTP/1.1 200) 4 headers in 157 bytes (1 switches on core 0) [pid: 8|app: 0|req: 991/1853] 10.0.0.226 () {28 vars in 583 bytes} [Fri Apr 24 07:23:01 2026] GET /v2.0/subnets => generated 4573 bytes in 64 msecs (HTTP/1.1 200) 4 headers in 158 bytes (1 switches on core 0)
2026-04-24 07:23:01.337 7 INFO neutron.db.ovn_revision_numbers_db [None req-407e1007-2d7c-41c5-855d-1ae585b4b955 - - - - - -] Successfully bumped revision number for resource 0d07021d-040a-40e3-89f1-0d940e020eed (type: ports) to 2
2026-04-24 07:23:01.400 7 INFO neutron.db.ovn_revision_numbers_db [None req-407e1007-2d7c-41c5-855d-1ae585b4b955 - - - - - -] Successfully bumped revision number for resource ef3fcddf-bdc5-4207-9f73-ec33bba7f1ed (type: subnets) to 0 [pid: 7|app: 0|req: 863/1854] 10.0.0.68 () {34 vars in 668 bytes} [Fri Apr 24 07:22:59 2026] POST /v2.0/subnets => generated 629 bytes in 1657 msecs (HTTP/1.1 201) 4 headers in 162 bytes (1 switches on core 0)
2026-04-24 07:23:01.463 7 INFO neutron.db.ovn_revision_numbers_db [None req-701ac692-dd8f-411e-b99c-36012e2d9d23 - - - - - -] Successfully bumped revision number for resource 7afb29c8-2503-47ae-9196-94195fd34abd (type: ports) to 2
2026-04-24 07:23:01.510 8 WARNING neutron.plugins.ml2.drivers.ovn.mech_driver.ovsdb.ovn_client [None req-bf0846d3-1efe-4133-9faa-97927d867b2e - - - - - -] No hosting information found for port b65f3e4d-2aa9-4696-89f2-9b70d46d26df: RuntimeError: No hosting information found for port b65f3e4d-2aa9-4696-89f2-9b70d46d26df [pid: 7|app: 0|req: 864/1855] 10.0.0.226 () {28 vars in 585 bytes} [Fri Apr 24 07:23:01 2026] GET /v2.0/networks => generated 6171 bytes in 141 msecs (HTTP/1.1 200) 4 headers in 158 bytes (1 switches on core 0)
2026-04-24 07:23:01.649 8 INFO neutron.db.ovn_revision_numbers_db [None req-bf0846d3-1efe-4133-9faa-97927d867b2e - - - - - -] Successfully bumped revision number for resource b65f3e4d-2aa9-4696-89f2-9b70d46d26df (type: router_ports) to 2
2026-04-24 07:23:01.649 8 INFO neutron.plugins.ml2.drivers.ovn.mech_driver.mech_driver [None req-bf0846d3-1efe-4133-9faa-97927d867b2e - - - - - -] OVN reports status down for port: 704ab7cc-4ce2-4d95-bf14-b000a67753ab
2026-04-24 07:23:01.819 8 INFO neutron.plugins.ml2.drivers.ovn.mech_driver.mech_driver [None req-bf0846d3-1efe-4133-9faa-97927d867b2e - - - - - -] OVN reports status down for port: 7e839533-07fa-423d-b8bc-c0b0773e4c30
2026-04-24 07:23:01.854 8 INFO neutron.plugins.ml2.drivers.ovn.mech_driver.mech_driver [None req-bf0846d3-1efe-4133-9faa-97927d867b2e - - - - - -] OVN reports status down for port: 64cf52c2-f821-44ac-936d-cf6f3a344fa5
2026-04-24 07:23:02.045 7 WARNING neutron.scheduler.dhcp_agent_scheduler [None req-7f4fd575-75b8-4cdc-83a7-a9866c210f21 eff20c66ebf3453083e630a3856283f1 e3339204ab7c4dbdb538f8cf2b664b24 - - default default] No more DHCP agents
2026-04-24 07:23:02.052 7 WARNING neutron.api.rpc.agentnotifiers.dhcp_rpc_agent_api [None req-7f4fd575-75b8-4cdc-83a7-a9866c210f21 eff20c66ebf3453083e630a3856283f1 e3339204ab7c4dbdb538f8cf2b664b24 - - default default] Unable to schedule network bc58738b-b270-485d-ba42-984270190180: no agents available; will retry on subsequent port and subnet creation events.
2026-04-24 07:23:02.137 8 INFO neutron.db.ovn_revision_numbers_db [None req-7c7a5db5-6f06-417b-a361-80ece8e63b24 1ecf8d84ab8449448c3f4a0b78eb024d 0ee8f48a6d554c9997985959c1e461dd - - default default] Successfully bumped revision number for resource a424fa07-36cd-42bd-806f-764c838d3686 (type: floatingips) to 2
2026-04-24 07:23:02.210 7 INFO neutron.db.ovn_revision_numbers_db [None req-7f4fd575-75b8-4cdc-83a7-a9866c210f21 eff20c66ebf3453083e630a3856283f1 e3339204ab7c4dbdb538f8cf2b664b24 - - default default] Successfully bumped revision number for resource da3a3cbc-2b63-4ba2-97ad-1d22c28544e3 (type: ports) to 1
2026-04-24 07:23:02.252 8 INFO neutron.db.l3_db [None req-7c7a5db5-6f06-417b-a361-80ece8e63b24 1ecf8d84ab8449448c3f4a0b78eb024d 0ee8f48a6d554c9997985959c1e461dd - - default default] Floating IP a424fa07-36cd-42bd-806f-764c838d3686 associated. External IP: 10.96.250.210, port: 64cf52c2-f821-44ac-936d-cf6f3a344fa5. [pid: 8|app: 0|req: 992/1856] 10.0.0.68 () {34 vars in 748 bytes} [Fri Apr 24 07:23:01 2026] PUT /v2.0/floatingips/a424fa07-36cd-42bd-806f-764c838d3686 => generated 845 bytes in 1069 msecs (HTTP/1.1 200) 4 headers in 157 bytes (1 switches on core 0) /var/lib/openstack/lib/python3.12/site-packages/pycadf/identifier.py:70: UserWarning: Invalid uuid: neutron. To ensure interoperability, identifiers should be a valid uuid. warnings.warn(('Invalid uuid: %s. To ensure interoperability, ' [pid: 8|app: 0|req: 993/1857] 10.0.0.226 () {28 vars in 583 bytes} [Fri Apr 24 07:23:02 2026] GET /v2.0/routers => generated 3933 bytes in 85 msecs (HTTP/1.1 200) 4 headers in 158 bytes (1 switches on core 0) [pid: 8|app: 0|req: 994/1858] 10.0.0.68 () {32 vars in 739 bytes} [Fri Apr 24 07:23:02 2026] DELETE /v2.0/security-groups/52d6c2af-e21a-4f9c-b4ef-77727cb976cd => generated 0 bytes in 163 msecs (HTTP/1.1 204) 2 headers in 112 bytes (1 switches on core 0)
2026-04-24 07:23:02.788 7 INFO neutron.plugins.ml2.drivers.ovn.mech_driver.ovsdb.commands [None req-340f4427-73d7-4691-b2fa-dc8ff8eb94df - - - - - -] Schedule LRP lrp-da3a3cbc-2b63-4ba2-97ad-1d22c28544e3 on gateway d5982dc8-2f99-4d7b-9822-8bb2237a2d15 with priority 1
2026-04-24 07:23:02.840 7 INFO neutron.db.ovn_revision_numbers_db [None req-7f4fd575-75b8-4cdc-83a7-a9866c210f21 eff20c66ebf3453083e630a3856283f1 e3339204ab7c4dbdb538f8cf2b664b24 - - default default] Successfully bumped revision number for resource da3a3cbc-2b63-4ba2-97ad-1d22c28544e3 (type: router_ports) to 1
2026-04-24 07:23:02.903 8 WARNING neutron.scheduler.dhcp_agent_scheduler [None req-fef58116-3da8-4dcc-ba59-c909c289cec2 bb91c835b5e5469e818dc601a6896930 f94342cd3b3742ac90a8e13e9d6ff2f5 - - default default] No more DHCP agents
2026-04-24 07:23:02.905 8 WARNING neutron.api.rpc.agentnotifiers.dhcp_rpc_agent_api [None req-fef58116-3da8-4dcc-ba59-c909c289cec2 bb91c835b5e5469e818dc601a6896930 f94342cd3b3742ac90a8e13e9d6ff2f5 - - default default] Unable to schedule network bc58738b-b270-485d-ba42-984270190180: no agents available; will retry on subsequent port and subnet creation events.
2026-04-24 07:23:02.914 7 INFO neutron.db.ovn_revision_numbers_db [None req-7f4fd575-75b8-4cdc-83a7-a9866c210f21 eff20c66ebf3453083e630a3856283f1 e3339204ab7c4dbdb538f8cf2b664b24 - - default default] Successfully bumped revision number for resource 16f69605-d3c5-4a56-81c5-0a25060929fe (type: routers) to 2 [pid: 7|app: 0|req: 865/1859] 10.0.0.68 () {34 vars in 668 bytes} [Fri Apr 24 07:23:01 2026] POST /v2.0/routers => generated 936 bytes in 1338 msecs (HTTP/1.1 201) 4 headers in 162 bytes (1 switches on core 0)
2026-04-24 07:23:03.100 7 INFO neutron.db.ovn_revision_numbers_db [None req-08380789-d493-4456-bac6-76f8f3b4e1a8 1ecf8d84ab8449448c3f4a0b78eb024d 0ee8f48a6d554c9997985959c1e461dd - - default default] Successfully bumped revision number for resource a424fa07-36cd-42bd-806f-764c838d3686 (type: floatingips) to 3
2026-04-24 07:23:03.171 7 INFO neutron.db.l3_db [None req-08380789-d493-4456-bac6-76f8f3b4e1a8 1ecf8d84ab8449448c3f4a0b78eb024d 0ee8f48a6d554c9997985959c1e461dd - - default default] Floating IP a424fa07-36cd-42bd-806f-764c838d3686 disassociated. External IP: 10.96.250.210, port: e49dc6c4-2990-4d04-89ab-0be01adf2a44.
2026-04-24 07:23:03.189 8 INFO neutron.plugins.ml2.drivers.ovn.mech_driver.mech_driver [None req-bf0846d3-1efe-4133-9faa-97927d867b2e - - - - - -] OVN reports status up for port: 704ab7cc-4ce2-4d95-bf14-b000a67753ab [pid: 7|app: 0|req: 866/1860] 10.0.0.68 () {34 vars in 748 bytes} [Fri Apr 24 07:23:02 2026] PUT /v2.0/floatingips/a424fa07-36cd-42bd-806f-764c838d3686 => generated 554 bytes in 271 msecs (HTTP/1.1 200) 4 headers in 157 bytes (1 switches on core 0)
2026-04-24 07:23:03.212 8 INFO neutron.plugins.ml2.plugin [None req-bf0846d3-1efe-4133-9faa-97927d867b2e - - - - - -] Attempt 1 to provision port 704ab7cc-4ce2-4d95-bf14-b000a67753ab [pid: 7|app: 0|req: 867/1861] 10.0.0.226 () {28 vars in 624 bytes} [Fri Apr 24 07:23:03 2026] GET /v2.0/agents?binary=ovn-controller => generated 416 bytes in 10 msecs (HTTP/1.1 200) 4 headers in 157 bytes (1 switches on core 0) [pid: 8|app: 0|req: 995/1862] 10.0.0.68 () {34 vars in 675 bytes} [Fri Apr 24 07:23:02 2026] POST /v2.0/floatingips => generated 552 bytes in 697 msecs (HTTP/1.1 201) 4 headers in 162 bytes (1 switches on core 0) /var/lib/openstack/lib/python3.12/site-packages/pycadf/identifier.py:70: UserWarning: Invalid uuid: neutron. To ensure interoperability, identifiers should be a valid uuid. warnings.warn(('Invalid uuid: %s. To ensure interoperability, '
2026-04-24 07:23:03.330 7 INFO neutron_taas.services.taas.taas_plugin [None req-76e689d5-05ab-46cc-a336-4afa9882298e d68ef9acda594a64b20db1d6554ed4f2 4246a90e68bb41daa3022684d65e1297 - - default default] TaaS: Handle Delete Port: a5a98d9a-98fa-4838-aa18-360eac7892c5
2026-04-24 07:23:03.334 7 INFO neutron_taas.services.taas.tap_mirror_plugin [None req-76e689d5-05ab-46cc-a336-4afa9882298e d68ef9acda594a64b20db1d6554ed4f2 4246a90e68bb41daa3022684d65e1297 - - default default] Tap Mirror: Handle Delete Port: a5a98d9a-98fa-4838-aa18-360eac7892c5 [pid: 7|app: 0|req: 868/1863] 10.0.0.68 () {32 vars in 731 bytes} [Fri Apr 24 07:23:03 2026] DELETE /v2.0/floatingips/34b9b0da-7e90-499c-a0a2-44ff939cf100 => generated 0 bytes in 286 msecs (HTTP/1.1 204) 2 headers in 112 bytes (1 switches on core 0)
2026-04-24 07:23:03.662 8 INFO neutron.db.ovn_revision_numbers_db [None req-bf0846d3-1efe-4133-9faa-97927d867b2e - - - - - -] Successfully bumped revision number for resource 704ab7cc-4ce2-4d95-bf14-b000a67753ab (type: ports) to 4
2026-04-24 07:23:03.664 7 INFO neutron_taas.services.taas.taas_plugin [None req-bcc27ef0-faab-4dd9-85c4-25e8a0472087 1ecf8d84ab8449448c3f4a0b78eb024d 0ee8f48a6d554c9997985959c1e461dd - - default default] TaaS: Handle Delete Port: 3d3d7e9f-62bd-49b9-a2d1-dc86110a80d1
2026-04-24 07:23:03.667 7 INFO neutron_taas.services.taas.tap_mirror_plugin [None req-bcc27ef0-faab-4dd9-85c4-25e8a0472087 1ecf8d84ab8449448c3f4a0b78eb024d 0ee8f48a6d554c9997985959c1e461dd - - default default] Tap Mirror: Handle Delete Port: 3d3d7e9f-62bd-49b9-a2d1-dc86110a80d1 [pid: 7|app: 0|req: 869/1864] 10.0.0.68 () {32 vars in 731 bytes} [Fri Apr 24 07:23:03 2026] DELETE /v2.0/floatingips/a424fa07-36cd-42bd-806f-764c838d3686 => generated 0 bytes in 301 msecs (HTTP/1.1 204) 2 headers in 112 bytes (1 switches on core 0) [pid: 7|app: 0|req: 870/1865] 10.0.0.226 () {28 vars in 619 bytes} [Fri Apr 24 07:23:03 2026] GET /v2.0/network-ip-availabilities => generated 3236 bytes in 18 msecs (HTTP/1.1 200) 4 headers in 158 bytes (1 switches on core 0)
2026-04-24 07:23:04.031 7 WARNING neutron.scheduler.dhcp_agent_scheduler [None req-36300ad0-a213-43c7-8e99-3a2c32d2e110 bb91c835b5e5469e818dc601a6896930 f94342cd3b3742ac90a8e13e9d6ff2f5 - - default default] No more DHCP agents
2026-04-24 07:23:04.033 7 WARNING neutron.api.rpc.agentnotifiers.dhcp_rpc_agent_api [None req-36300ad0-a213-43c7-8e99-3a2c32d2e110 bb91c835b5e5469e818dc601a6896930 f94342cd3b3742ac90a8e13e9d6ff2f5 - - default default] Unable to schedule network bc58738b-b270-485d-ba42-984270190180: no agents available; will retry on subsequent port and subnet creation events.
2026-04-24 07:23:04.056 8 WARNING neutron.scheduler.dhcp_agent_scheduler [None req-a78b703d-f4d4-4892-b8e7-b57d7bff2ee1 eff20c66ebf3453083e630a3856283f1 e3339204ab7c4dbdb538f8cf2b664b24 - - default default] No more DHCP agents
2026-04-24 07:23:04.058 8 WARNING neutron.api.rpc.agentnotifiers.dhcp_rpc_agent_api [None req-a78b703d-f4d4-4892-b8e7-b57d7bff2ee1 eff20c66ebf3453083e630a3856283f1 e3339204ab7c4dbdb538f8cf2b664b24 - - default default] Unable to schedule network 0848d409-074a-4c52-b83d-c72c68039882: no agents available; will retry on subsequent port and subnet creation events.
2026-04-24 07:23:04.204 8 INFO neutron.db.ovn_revision_numbers_db [None req-a78b703d-f4d4-4892-b8e7-b57d7bff2ee1 eff20c66ebf3453083e630a3856283f1 e3339204ab7c4dbdb538f8cf2b664b24 - - default default] Successfully bumped revision number for resource 204f6377-6a93-44b9-b042-13446338565e (type: ports) to 1 [pid: 7|app: 0|req: 871/1866] 10.0.0.68 () {34 vars in 675 bytes} [Fri Apr 24 07:23:03 2026] POST /v2.0/floatingips => generated 552 bytes in 550 msecs (HTTP/1.1 201) 4 headers in 162 bytes (1 switches on core 0) [pid: 7|app: 0|req: 872/1867] 10.0.0.199 () {34 vars in 990 bytes} [Fri Apr 24 07:23:04 2026] GET /v2.0/ports?device_id=3bd3b5e6-0644-4e6f-bacc-b6a426644ca0 => generated 971 bytes in 68 msecs (HTTP/1.1 200) 4 headers in 157 bytes (1 switches on core 0)
2026-04-24 07:23:04.455 7 INFO neutron.api.v2.resource [None req-d94d33e6-1394-4328-8439-8dbd3323d3ac 1ecf8d84ab8449448c3f4a0b78eb024d 0ee8f48a6d554c9997985959c1e461dd - - default default] delete failed (client error): The resource could not be found. [pid: 7|app: 0|req: 873/1868] 10.0.0.68 () {32 vars in 731 bytes} [Fri Apr 24 07:23:04 2026] DELETE /v2.0/floatingips/a424fa07-36cd-42bd-806f-764c838d3686 => generated 144 bytes in 14 msecs (HTTP/1.1 404) 4 headers in 164 bytes (1 switches on core 0) [pid: 7|app: 0|req: 874/1869] 10.0.0.226 () {28 vars in 579 bytes} [Fri Apr 24 07:23:04 2026] GET /v2.0/ports => generated 27061 bytes in 130 msecs (HTTP/1.1 200) 4 headers in 159 bytes (1 switches on core 0)
2026-04-24 07:23:04.866 7 WARNING neutron.scheduler.dhcp_agent_scheduler [None req-de56f798-9fb3-468a-851f-dd3ee9b312bf bb91c835b5e5469e818dc601a6896930 f94342cd3b3742ac90a8e13e9d6ff2f5 - - default default] No more DHCP agents
2026-04-24 07:23:04.878 7 WARNING neutron.api.rpc.agentnotifiers.dhcp_rpc_agent_api [None req-de56f798-9fb3-468a-851f-dd3ee9b312bf bb91c835b5e5469e818dc601a6896930 f94342cd3b3742ac90a8e13e9d6ff2f5 - - default default] Unable to schedule network bc58738b-b270-485d-ba42-984270190180: no agents available; will retry on subsequent port and subnet creation events.
2026-04-24 07:23:04.953 8 WARNING neutron.scheduler.dhcp_agent_scheduler [None req-a78b703d-f4d4-4892-b8e7-b57d7bff2ee1 eff20c66ebf3453083e630a3856283f1 e3339204ab7c4dbdb538f8cf2b664b24 - - default default] No more DHCP agents
2026-04-24 07:23:04.955 8 WARNING neutron.api.rpc.agentnotifiers.dhcp_rpc_agent_api [None req-a78b703d-f4d4-4892-b8e7-b57d7bff2ee1 eff20c66ebf3453083e630a3856283f1 e3339204ab7c4dbdb538f8cf2b664b24 - - default default] Unable to schedule network 0848d409-074a-4c52-b83d-c72c68039882: no agents available; will retry on subsequent port and subnet creation events. [pid: 7|app: 0|req: 875/1870] 10.0.0.68 () {34 vars in 675 bytes} [Fri Apr 24 07:23:04 2026] POST /v2.0/floatingips => generated 552 bytes in 578 msecs (HTTP/1.1 201) 4 headers in 162 bytes (1 switches on core 0) [pid: 7|app: 0|req: 876/1871] 10.0.0.199 () {34 vars in 1040 bytes} [Fri Apr 24 07:23:05 2026] GET /v2.0/security-groups?id=9bed1c68-19d8-453c-8bef-b9a743bf3cbf&fields=id&fields=name => generated 114 bytes in 29 msecs (HTTP/1.1 200) 4 headers in 157 bytes (1 switches on core 0)
2026-04-24 07:23:05.261 8 INFO neutron.db.ovn_revision_numbers_db [None req-a78b703d-f4d4-4892-b8e7-b57d7bff2ee1 eff20c66ebf3453083e630a3856283f1 e3339204ab7c4dbdb538f8cf2b664b24 - - default default] Successfully bumped revision number for resource 204f6377-6a93-44b9-b042-13446338565e (type: router_ports) to 1 [pid: 8|app: 0|req: 996/1872] 10.0.0.68 () {34 vars in 782 bytes} [Fri Apr 24 07:23:03 2026] PUT /v2.0/routers/16f69605-d3c5-4a56-81c5-0a25060929fe/add_router_interface => generated 309 bytes in 1998 msecs (HTTP/1.1 200) 4 headers in 157 bytes (1 switches on core 0) [pid: 8|app: 0|req: 997/1873] 10.0.0.226 () {28 vars in 581 bytes} [Fri Apr 24 07:23:05 2026] GET /v2.0/agents => generated 1214 bytes in 11 msecs (HTTP/1.1 200) 4 headers in 158 bytes (1 switches on core 0)
2026-04-24 07:23:05.435 7 INFO neutron_taas.services.taas.taas_plugin [None req-85a48474-3fe5-4b3f-9b87-3b3a6d58ca4b 1ecf8d84ab8449448c3f4a0b78eb024d 0ee8f48a6d554c9997985959c1e461dd - - default default] TaaS: Handle Delete Port: e49dc6c4-2990-4d04-89ab-0be01adf2a44
2026-04-24 07:23:05.438 7 INFO neutron_taas.services.taas.tap_mirror_plugin [None req-85a48474-3fe5-4b3f-9b87-3b3a6d58ca4b 1ecf8d84ab8449448c3f4a0b78eb024d 0ee8f48a6d554c9997985959c1e461dd - - default default] Tap Mirror: Handle Delete Port: e49dc6c4-2990-4d04-89ab-0be01adf2a44
2026-04-24 07:23:05.555 8 WARNING neutron.scheduler.dhcp_agent_scheduler [None req-78a16277-7bab-4a17-b337-8ca6689cd4e8 bb91c835b5e5469e818dc601a6896930 f94342cd3b3742ac90a8e13e9d6ff2f5 - - default default] No more DHCP agents
