2026-04-24 07:23:22.309 8 INFO neutron.db.ovn_revision_numbers_db [None req-de3d8d15-f5c8-488e-940b-e76c6fb35840 f7cdaff31fd24ec28bb260da0b205a54 1297b401e3e042beac97e09376deacb0 - - default default] Successfully bumped revision number for resource 033f5a42-101e-4054-a64c-ec024f63efd7 (type: security_group_rules) to 0
2026-04-24 07:23:22.326 8 INFO neutron.db.ovn_revision_numbers_db [None req-de3d8d15-f5c8-488e-940b-e76c6fb35840 f7cdaff31fd24ec28bb260da0b205a54 1297b401e3e042beac97e09376deacb0 - - default default] Successfully bumped revision number for resource 32a86c2f-e55b-4cf1-a613-2935099c5baa (type: security_group_rules) to 0
2026-04-24 07:23:22.345 7 INFO neutron.db.ovn_revision_numbers_db [None req-219128ee-55c8-4ded-ad17-9aee72404f9b 231e6793ee4e45d6b50373d7946f52b9 ee96752dd6694197acb0441e0c94ae41 - - default default] Successfully bumped revision number for resource 9e8bd8de-dea6-448f-ad22-dddd4ac65b68 (type: networks) to 1 [pid: 8|app: 0|req: 1093/2016] 10.0.0.68 () {34 vars in 683 bytes} [Fri Apr 24 07:23:22 2026] POST /v2.0/security-groups => generated 1601 bytes in 204 msecs (HTTP/1.1 201) 4 headers in 163 bytes (1 switches on core 0) [pid: 8|app: 0|req: 1094/2017] 10.0.0.68 () {32 vars in 662 bytes} [Fri Apr 24 07:23:22 2026] GET /v2.0/vpn/ikepolicies => generated 408 bytes in 9 msecs (HTTP/1.1 200) 4 headers in 157 bytes (1 switches on core 0)
2026-04-24 07:23:22.471 8 INFO neutron.db.ovn_revision_numbers_db [None req-51db5ba3-1d9c-4e1c-84ae-4c5284696a34 f7cdaff31fd24ec28bb260da0b205a54 1297b401e3e042beac97e09376deacb0 - - default default] Successfully bumped revision number for resource b1170674-f39d-455f-84f1-b11a9f33c986 (type: security_groups) to 1
2026-04-24 07:23:22.482 8 INFO neutron.db.ovn_revision_numbers_db [None req-51db5ba3-1d9c-4e1c-84ae-4c5284696a34 f7cdaff31fd24ec28bb260da0b205a54 1297b401e3e042beac97e09376deacb0 - - default default] Successfully bumped revision number for resource 24c8ae65-1a55-47cf-a0b8-6726f39454c6 (type: security_group_rules) to 0
2026-04-24 07:23:22.492 8 INFO neutron.db.ovn_revision_numbers_db [None req-51db5ba3-1d9c-4e1c-84ae-4c5284696a34 f7cdaff31fd24ec28bb260da0b205a54 1297b401e3e042beac97e09376deacb0 - - default default] Successfully bumped revision number for resource df54f2d5-b72f-4dec-b2bd-bb251b648090 (type: security_group_rules) to 0 [pid: 8|app: 0|req: 1095/2018] 10.0.0.68 () {34 vars in 683 bytes} [Fri Apr 24 07:23:22 2026] POST /v2.0/security-groups => generated 1601 bytes in 141 msecs (HTTP/1.1 201) 4 headers in 163 bytes (1 switches on core 0) [pid: 8|app: 0|req: 1096/2019] 10.0.0.68 () {32 vars in 662 bytes} [Fri Apr 24 07:23:22 2026] GET /v2.0/vpn/ikepolicies => generated 408 bytes in 9 msecs (HTTP/1.1 200) 4 headers in 157 bytes (1 switches on core 0)
2026-04-24 07:23:22.549 7 WARNING neutron.scheduler.dhcp_agent_scheduler [None req-219128ee-55c8-4ded-ad17-9aee72404f9b 231e6793ee4e45d6b50373d7946f52b9 ee96752dd6694197acb0441e0c94ae41 - - default default] No more DHCP agents
2026-04-24 07:23:22.550 7 WARNING neutron.api.rpc.agentnotifiers.dhcp_rpc_agent_api [None req-219128ee-55c8-4ded-ad17-9aee72404f9b 231e6793ee4e45d6b50373d7946f52b9 ee96752dd6694197acb0441e0c94ae41 - - default default] Unable to schedule network 9e8bd8de-dea6-448f-ad22-dddd4ac65b68: no agents available; will retry on subsequent port and subnet creation events.
2026-04-24 07:23:22.607 7 INFO neutron.plugins.ml2.drivers.ovn.mech_driver.mech_driver [None req-094335ea-53be-4211-a1d3-10532aa643d0 - - - - - -] OVN reports status down for port: e09dd6bd-6dc7-456f-b424-79eadf996a45
2026-04-24 07:23:22.649 8 INFO neutron.db.ovn_revision_numbers_db [None req-bd313dbe-b244-4337-a603-a2f5c7a3eae3 f7cdaff31fd24ec28bb260da0b205a54 1297b401e3e042beac97e09376deacb0 - - default default] Successfully bumped revision number for resource d1655090-9171-4202-abbc-ab73a364a5df (type: security_groups) to 1
2026-04-24 07:23:22.660 8 INFO neutron.db.ovn_revision_numbers_db [None req-bd313dbe-b244-4337-a603-a2f5c7a3eae3 f7cdaff31fd24ec28bb260da0b205a54 1297b401e3e042beac97e09376deacb0 - - default default] Successfully bumped revision number for resource 09afeaaf-ecc2-41e3-8901-b0193d6622dd (type: security_group_rules) to 0
2026-04-24 07:23:22.670 8 INFO neutron.db.ovn_revision_numbers_db [None req-bd313dbe-b244-4337-a603-a2f5c7a3eae3 f7cdaff31fd24ec28bb260da0b205a54 1297b401e3e042beac97e09376deacb0 - - default default] Successfully bumped revision number for resource 79ad9ad9-4a14-436a-8fcf-c4393fa9cef3 (type: security_group_rules) to 0
2026-04-24 07:23:22.675 7 INFO neutron.db.ovn_revision_numbers_db [None req-219128ee-55c8-4ded-ad17-9aee72404f9b 231e6793ee4e45d6b50373d7946f52b9 ee96752dd6694197acb0441e0c94ae41 - - default default] Successfully bumped revision number for resource e09dd6bd-6dc7-456f-b424-79eadf996a45 (type: ports) to 1 [pid: 8|app: 0|req: 1097/2020] 10.0.0.68 () {34 vars in 683 bytes} [Fri Apr 24 07:23:22 2026] POST /v2.0/security-groups => generated 1601 bytes in 170 msecs (HTTP/1.1 201) 4 headers in 163 bytes (1 switches on core 0) [pid: 7|app: 0|req: 924/2021] 10.0.0.68 () {34 vars in 669 bytes} [Fri Apr 24 07:23:22 2026] POST /v2.0/networks => generated 651 bytes in 631 msecs (HTTP/1.1 201) 4 headers in 162 bytes (1 switches on core 0) [pid: 8|app: 0|req: 1098/2022] 10.0.0.68 () {34 vars in 688 bytes} [Fri Apr 24 07:23:22 2026] POST /v2.0/vpn/ipsecpolicies => generated 412 bytes in 39 msecs (HTTP/1.1 201) 4 headers in 162 bytes (1 switches on core 0)
2026-04-24 07:23:22.840 8 INFO neutron.db.ovn_revision_numbers_db [None req-f7dea78e-3708-4e6f-a5f7-77e628abbbd9 f7cdaff31fd24ec28bb260da0b205a54 1297b401e3e042beac97e09376deacb0 - - default default] Successfully bumped revision number for resource 37c9b8da-12e6-4e17-97b3-5c7e35b2427a (type: security_groups) to 1 [pid: 7|app: 0|req: 925/2023] 10.0.0.68 () {32 vars in 773 bytes} [Fri Apr 24 07:23:22 2026] GET /v2.0/security-groups?tenant_id=efab8f8cfbdd4eba82dea530bc9d5fb3&name=default => generated 2925 bytes in 125 msecs (HTTP/1.1 200) 4 headers in 158 bytes (1 switches on core 0)
2026-04-24 07:23:22.852 8 INFO neutron.db.ovn_revision_numbers_db [None req-f7dea78e-3708-4e6f-a5f7-77e628abbbd9 f7cdaff31fd24ec28bb260da0b205a54 1297b401e3e042beac97e09376deacb0 - - default default] Successfully bumped revision number for resource 30d788b8-e78b-4a3e-a3af-6321eaf1bf17 (type: security_group_rules) to 0
2026-04-24 07:23:22.862 8 INFO neutron.db.ovn_revision_numbers_db [None req-f7dea78e-3708-4e6f-a5f7-77e628abbbd9 f7cdaff31fd24ec28bb260da0b205a54 1297b401e3e042beac97e09376deacb0 - - default default] Successfully bumped revision number for resource 60f4e2d0-b433-4853-abf8-5e965c6924d0 (type: security_group_rules) to 0 [pid: 8|app: 0|req: 1099/2024] 10.0.0.68 () {34 vars in 683 bytes} [Fri Apr 24 07:23:22 2026] POST /v2.0/security-groups => generated 1601 bytes in 154 msecs (HTTP/1.1 201) 4 headers in 163 bytes (1 switches on core 0) [pid: 8|app: 0|req: 1100/2025] 10.0.0.68 () {30 vars in 698 bytes} [Fri Apr 24 07:23:22 2026] PUT /v2.0/vpn/ipsecpolicies/38e0b817-8999-4ef5-8a0c-281937a55ae4 => generated 431 bytes in 23 msecs (HTTP/1.1 200) 4 headers in 157 bytes (1 switches on core 0)
2026-04-24 07:23:22.930 7 INFO neutron.db.segments_db [None req-df2eda7f-1635-421d-8428-eecf7d4b16a3 231e6793ee4e45d6b50373d7946f52b9 ee96752dd6694197acb0441e0c94ae41 - - default default] Added segment a5e72450-785e-4b3b-b700-548b9b2ca839 of type geneve for network 46c1177f-d5d9-41be-8a60-2007599ec49d
2026-04-24 07:23:23.049 7 INFO neutron.db.ovn_revision_numbers_db [None req-df2eda7f-1635-421d-8428-eecf7d4b16a3 231e6793ee4e45d6b50373d7946f52b9 ee96752dd6694197acb0441e0c94ae41 - - default default] Successfully bumped revision number for resource 46c1177f-d5d9-41be-8a60-2007599ec49d (type: networks) to 1 [pid: 8|app: 0|req: 1101/2026] 10.0.0.68 () {32 vars in 739 bytes} [Fri Apr 24 07:23:22 2026] DELETE /v2.0/security-groups/9d78a2c9-e244-4e8b-b7c7-16ca17da407a => generated 0 bytes in 232 msecs (HTTP/1.1 204) 2 headers in 112 bytes (1 switches on core 0) [pid: 8|app: 0|req: 1102/2027] 10.0.0.68 () {34 vars in 766 bytes} [Fri Apr 24 07:23:23 2026] PUT /v2.0/security-groups/df8ae3c1-344e-470d-bda7-4704b3133be6/tags => generated 17 bytes in 87 msecs (HTTP/1.1 200) 4 headers in 156 bytes (1 switches on core 0)
2026-04-24 07:23:23.255 7 WARNING neutron.scheduler.dhcp_agent_scheduler [None req-df2eda7f-1635-421d-8428-eecf7d4b16a3 231e6793ee4e45d6b50373d7946f52b9 ee96752dd6694197acb0441e0c94ae41 - - default default] No more DHCP agents
2026-04-24 07:23:23.256 7 WARNING neutron.api.rpc.agentnotifiers.dhcp_rpc_agent_api [None req-df2eda7f-1635-421d-8428-eecf7d4b16a3 231e6793ee4e45d6b50373d7946f52b9 ee96752dd6694197acb0441e0c94ae41 - - default default] Unable to schedule network 46c1177f-d5d9-41be-8a60-2007599ec49d: no agents available; will retry on subsequent port and subnet creation events. [pid: 8|app: 0|req: 1103/2028] 10.0.0.68 () {32 vars in 743 bytes} [Fri Apr 24 07:23:23 2026] DELETE /v2.0/vpn/ipsecpolicies/38e0b817-8999-4ef5-8a0c-281937a55ae4 => generated 0 bytes in 25 msecs (HTTP/1.1 204) 2 headers in 112 bytes (1 switches on core 0) [pid: 8|app: 0|req: 1104/2029] 10.0.0.68 () {34 vars in 766 bytes} [Fri Apr 24 07:23:23 2026] PUT /v2.0/security-groups/5675d8c2-420b-46e8-a854-2647428ed721/tags => generated 25 bytes in 50 msecs (HTTP/1.1 200) 4 headers in 156 bytes (1 switches on core 0)
2026-04-24 07:23:23.323 8 INFO neutron.plugins.ml2.drivers.ovn.mech_driver.mech_driver [None req-6f42825e-7838-4422-85a4-1777a95c2daf - - - - - -] OVN reports status down for port: b03b0719-052b-40a1-9b30-656d78e525f3
2026-04-24 07:23:23.330 8 INFO neutron.api.v2.resource [None req-0324ee00-17bd-4beb-a7c5-5445c63d979f eff20c66ebf3453083e630a3856283f1 e3339204ab7c4dbdb538f8cf2b664b24 - - default default] delete failed (client error): The resource could not be found.
2026-04-24 07:23:23.331 7 INFO neutron.db.ovn_revision_numbers_db [None req-df2eda7f-1635-421d-8428-eecf7d4b16a3 231e6793ee4e45d6b50373d7946f52b9 ee96752dd6694197acb0441e0c94ae41 - - default default] Successfully bumped revision number for resource b03b0719-052b-40a1-9b30-656d78e525f3 (type: ports) to 1 [pid: 8|app: 0|req: 1105/2030] 10.0.0.68 () {32 vars in 743 bytes} [Fri Apr 24 07:23:23 2026] DELETE /v2.0/vpn/ipsecpolicies/38e0b817-8999-4ef5-8a0c-281937a55ae4 => generated 145 bytes in 15 msecs (HTTP/1.1 404) 4 headers in 164 bytes (1 switches on core 0) [pid: 7|app: 0|req: 926/2031] 10.0.0.68 () {34 vars in 669 bytes} [Fri Apr 24 07:23:22 2026] POST /v2.0/networks => generated 650 bytes in 510 msecs (HTTP/1.1 201) 4 headers in 162 bytes (1 switches on core 0)
2026-04-24 07:23:23.376 7 INFO neutron.api.v2.resource [None req-95878074-aa05-4c19-bf3f-429ef106b29f eff20c66ebf3453083e630a3856283f1 e3339204ab7c4dbdb538f8cf2b664b24 - - default default] delete failed (client error): The resource could not be found. [pid: 7|app: 0|req: 927/2032] 10.0.0.68 () {32 vars in 743 bytes} [Fri Apr 24 07:23:23 2026] DELETE /v2.0/vpn/ipsecpolicies/38e0b817-8999-4ef5-8a0c-281937a55ae4 => generated 145 bytes in 16 msecs (HTTP/1.1 404) 4 headers in 164 bytes (1 switches on core 0) [pid: 8|app: 0|req: 1106/2033] 10.0.0.68 () {34 vars in 766 bytes} [Fri Apr 24 07:23:23 2026] PUT /v2.0/security-groups/b1170674-f39d-455f-84f1-b11a9f33c986/tags => generated 34 bytes in 67 msecs (HTTP/1.1 200) 4 headers in 156 bytes (1 switches on core 0)
2026-04-24 07:23:23.461 7 INFO neutron.db.segments_db [None req-10b68424-9a95-47c1-80e3-74422501714d 231e6793ee4e45d6b50373d7946f52b9 ee96752dd6694197acb0441e0c94ae41 - - default default] Added segment 96ba83bb-f2ca-4abb-a696-54f63061ce43 of type geneve for network f614619f-26cc-4d7a-baa7-e26e21880d27
2026-04-24 07:23:23.496 8 INFO neutron.db.segments_db [None req-07cc53e4-cc82-4dd7-b8cc-546e2e0c845b eff20c66ebf3453083e630a3856283f1 e3339204ab7c4dbdb538f8cf2b664b24 - - default default] Added segment 34887c9b-1e63-4338-a66b-9c629513961b of type geneve for network 04cf6155-607d-4e54-84d4-ffd85560b53d
2026-04-24 07:23:23.556 7 INFO neutron.db.ovn_revision_numbers_db [None req-10b68424-9a95-47c1-80e3-74422501714d 231e6793ee4e45d6b50373d7946f52b9 ee96752dd6694197acb0441e0c94ae41 - - default default] Successfully bumped revision number for resource f614619f-26cc-4d7a-baa7-e26e21880d27 (type: networks) to 1
2026-04-24 07:23:23.611 8 INFO neutron.db.ovn_revision_numbers_db [None req-07cc53e4-cc82-4dd7-b8cc-546e2e0c845b eff20c66ebf3453083e630a3856283f1 e3339204ab7c4dbdb538f8cf2b664b24 - - default default] Successfully bumped revision number for resource 04cf6155-607d-4e54-84d4-ffd85560b53d (type: networks) to 1
2026-04-24 07:23:23.729 7 WARNING neutron.scheduler.dhcp_agent_scheduler [None req-10b68424-9a95-47c1-80e3-74422501714d 231e6793ee4e45d6b50373d7946f52b9 ee96752dd6694197acb0441e0c94ae41 - - default default] No more DHCP agents
2026-04-24 07:23:23.730 7 WARNING neutron.api.rpc.agentnotifiers.dhcp_rpc_agent_api [None req-10b68424-9a95-47c1-80e3-74422501714d 231e6793ee4e45d6b50373d7946f52b9 ee96752dd6694197acb0441e0c94ae41 - - default default] Unable to schedule network f614619f-26cc-4d7a-baa7-e26e21880d27: no agents available; will retry on subsequent port and subnet creation events.
2026-04-24 07:23:23.736 8 WARNING neutron.scheduler.dhcp_agent_scheduler [None req-07cc53e4-cc82-4dd7-b8cc-546e2e0c845b eff20c66ebf3453083e630a3856283f1 e3339204ab7c4dbdb538f8cf2b664b24 - - default default] No more DHCP agents
2026-04-24 07:23:23.738 8 WARNING neutron.api.rpc.agentnotifiers.dhcp_rpc_agent_api [None req-07cc53e4-cc82-4dd7-b8cc-546e2e0c845b eff20c66ebf3453083e630a3856283f1 e3339204ab7c4dbdb538f8cf2b664b24 - - default default] Unable to schedule network 04cf6155-607d-4e54-84d4-ffd85560b53d: no agents available; will retry on subsequent port and subnet creation events.
2026-04-24 07:23:23.776 7 INFO neutron.plugins.ml2.drivers.ovn.mech_driver.mech_driver [None req-094335ea-53be-4211-a1d3-10532aa643d0 - - - - - -] OVN reports status down for port: 2e622d99-f344-4fdd-9b6a-531834bc60ed
2026-04-24 07:23:23.804 8 INFO neutron.plugins.ml2.drivers.ovn.mech_driver.mech_driver [None req-6f42825e-7838-4422-85a4-1777a95c2daf - - - - - -] OVN reports status down for port: c131f5d6-2dbb-400b-bb53-53e3ac470284
2026-04-24 07:23:23.864 8 INFO neutron.db.ovn_revision_numbers_db [None req-07cc53e4-cc82-4dd7-b8cc-546e2e0c845b eff20c66ebf3453083e630a3856283f1 e3339204ab7c4dbdb538f8cf2b664b24 - - default default] Successfully bumped revision number for resource c131f5d6-2dbb-400b-bb53-53e3ac470284 (type: ports) to 1
2026-04-24 07:23:23.882 7 INFO neutron.db.ovn_revision_numbers_db [None req-10b68424-9a95-47c1-80e3-74422501714d 231e6793ee4e45d6b50373d7946f52b9 ee96752dd6694197acb0441e0c94ae41 - - default default] Successfully bumped revision number for resource 2e622d99-f344-4fdd-9b6a-531834bc60ed (type: ports) to 1 [pid: 8|app: 0|req: 1109/2036] 10.0.0.68 () {34 vars in 669 bytes} [Fri Apr 24 07:23:23 2026] POST /v2.0/networks => generated 650 bytes in 495 msecs (HTTP/1.1 201) 4 headers in 162 bytes (1 switches on core 0) [pid: 7|app: 0|req: 928/2037] 10.0.0.68 () {34 vars in 669 bytes} [Fri Apr 24 07:23:23 2026] POST /v2.0/networks => generated 650 bytes in 553 msecs (HTTP/1.1 201) 4 headers in 162 bytes (1 switches on core 0) [pid: 8|app: 0|req: 1110/2038] 10.0.0.68 () {34 vars in 766 bytes} [Fri Apr 24 07:23:23 2026] PUT /v2.0/security-groups/d1655090-9171-4202-abbc-ab73a364a5df/tags => generated 19 bytes in 54 msecs (HTTP/1.1 200) 4 headers in 156 bytes (1 switches on core 0)
2026-04-24 07:23:24.050 8 INFO neutron.db.segments_db [None req-f3d53322-4a71-4397-bd68-f2384111df0a 231e6793ee4e45d6b50373d7946f52b9 ee96752dd6694197acb0441e0c94ae41 - - default default] Added segment ecfa60c5-4e6e-4dc9-a9bb-e2e4f14979b3 of type geneve for network e951ad5d-5329-4f88-b6af-c45ebce65020
2026-04-24 07:23:24.147 7 WARNING neutron.scheduler.dhcp_agent_scheduler [None req-cbf43a2a-be7c-4de3-9f35-e2d3e7783ae0 eff20c66ebf3453083e630a3856283f1 e3339204ab7c4dbdb538f8cf2b664b24 - - default default] No more DHCP agents
2026-04-24 07:23:24.149 7 WARNING neutron.api.rpc.agentnotifiers.dhcp_rpc_agent_api [None req-cbf43a2a-be7c-4de3-9f35-e2d3e7783ae0 eff20c66ebf3453083e630a3856283f1 e3339204ab7c4dbdb538f8cf2b664b24 - - default default] Unable to schedule network 04cf6155-607d-4e54-84d4-ffd85560b53d: no agents available; will retry on subsequent port and subnet creation events.
2026-04-24 07:23:24.154 8 INFO neutron.db.ovn_revision_numbers_db [None req-f3d53322-4a71-4397-bd68-f2384111df0a 231e6793ee4e45d6b50373d7946f52b9 ee96752dd6694197acb0441e0c94ae41 - - default default] Successfully bumped revision number for resource e951ad5d-5329-4f88-b6af-c45ebce65020 (type: networks) to 1
2026-04-24 07:23:24.316 8 WARNING neutron.scheduler.dhcp_agent_scheduler [None req-f3d53322-4a71-4397-bd68-f2384111df0a 231e6793ee4e45d6b50373d7946f52b9 ee96752dd6694197acb0441e0c94ae41 - - default default] No more DHCP agents
2026-04-24 07:23:24.317 8 WARNING neutron.api.rpc.agentnotifiers.dhcp_rpc_agent_api [None req-f3d53322-4a71-4397-bd68-f2384111df0a 231e6793ee4e45d6b50373d7946f52b9 ee96752dd6694197acb0441e0c94ae41 - - default default] Unable to schedule network e951ad5d-5329-4f88-b6af-c45ebce65020: no agents available; will retry on subsequent port and subnet creation events.
2026-04-24 07:23:24.391 7 INFO neutron.plugins.ml2.drivers.ovn.mech_driver.mech_driver [None req-094335ea-53be-4211-a1d3-10532aa643d0 - - - - - -] OVN reports status down for port: 971482da-582e-42a8-be37-91a2248db349
2026-04-24 07:23:24.403 8 INFO neutron.db.ovn_revision_numbers_db [None req-f3d53322-4a71-4397-bd68-f2384111df0a 231e6793ee4e45d6b50373d7946f52b9 ee96752dd6694197acb0441e0c94ae41 - - default default] Successfully bumped revision number for resource 971482da-582e-42a8-be37-91a2248db349 (type: ports) to 1 [pid: 8|app: 0|req: 1111/2039] 10.0.0.68 () {34 vars in 669 bytes} [Fri Apr 24 07:23:23 2026] POST /v2.0/networks => generated 650 bytes in 474 msecs (HTTP/1.1 201) 4 headers in 162 bytes (1 switches on core 0) [pid: 8|app: 0|req: 1112/2040] 10.0.0.68 () {32 vars in 679 bytes} [Fri Apr 24 07:23:24 2026] GET /v2.0/security-groups?tags=red => generated 4804 bytes in 50 msecs (HTTP/1.1 200) 4 headers in 158 bytes (1 switches on core 0) [pid: 8|app: 0|req: 1113/2041] 10.0.0.68 () {34 vars in 752 bytes} [Fri Apr 24 07:23:24 2026] PUT /v2.0/networks/7f8bc13c-0054-421a-b548-e5a564d4ab5c/tags => generated 17 bytes in 88 msecs (HTTP/1.1 200) 4 headers in 156 bytes (1 switches on core 0) [pid: 8|app: 0|req: 1114/2042] 10.0.0.68 () {32 vars in 693 bytes} [Fri Apr 24 07:23:24 2026] GET /v2.0/security-groups?tags=red%2Cblue => generated 3218 bytes in 48 msecs (HTTP/1.1 200) 4 headers in 158 bytes (1 switches on core 0) [pid: 8|app: 0|req: 1115/2043] 10.0.0.68 () {34 vars in 752 bytes} [Fri Apr 24 07:23:24 2026] PUT /v2.0/networks/9e8bd8de-dea6-448f-ad22-dddd4ac65b68/tags => generated 25 bytes in 70 msecs (HTTP/1.1 200) 4 headers in 156 bytes (1 switches on core 0)
2026-04-24 07:23:24.708 7 INFO neutron.db.ovn_revision_numbers_db [None req-341e934d-5f79-496d-b307-f2019af0129b - - - - - -] Successfully bumped revision number for resource c131f5d6-2dbb-400b-bb53-53e3ac470284 (type: ports) to 2 [pid: 8|app: 0|req: 1116/2044] 10.0.0.68 () {32 vars in 689 bytes} [Fri Apr 24 07:23:24 2026] GET /v2.0/security-groups?tags-any=blue => generated 3218 bytes in 41 msecs (HTTP/1.1 200) 4 headers in 158 bytes (1 switches on core 0)
2026-04-24 07:23:24.743 7 INFO neutron.db.ovn_revision_numbers_db [None req-341e934d-5f79-496d-b307-f2019af0129b - - - - - -] Successfully bumped revision number for resource 582f4fcf-0ab6-494d-9a60-d5dd12ba6886 (type: subnets) to 0 [pid: 7|app: 0|req: 929/2045] 10.0.0.68 () {34 vars in 668 bytes} [Fri Apr 24 07:23:23 2026] POST /v2.0/subnets => generated 629 bytes in 834 msecs (HTTP/1.1 201) 4 headers in 162 bytes (1 switches on core 0) [pid: 8|app: 0|req: 1117/2046] 10.0.0.68 () {34 vars in 752 bytes} [Fri Apr 24 07:23:24 2026] PUT /v2.0/networks/46c1177f-d5d9-41be-8a60-2007599ec49d/tags => generated 34 bytes in 51 msecs (HTTP/1.1 200) 4 headers in 156 bytes (1 switches on core 0) [pid: 7|app: 0|req: 930/2047] 10.0.0.68 () {32 vars in 701 bytes} [Fri Apr 24 07:23:24 2026] GET /v2.0/security-groups?tags-any=red%2Cblue => generated 4804 bytes in 39 msecs (HTTP/1.1 200) 4 headers in 158 bytes (1 switches on core 0) [pid: 7|app: 0|req: 931/2048] 10.0.0.68 () {34 vars in 752 bytes} [Fri Apr 24 07:23:24 2026] PUT /v2.0/networks/f614619f-26cc-4d7a-baa7-e26e21880d27/tags => generated 19 bytes in 56 msecs (HTTP/1.1 200) 4 headers in 156 bytes (1 switches on core 0) [pid: 7|app: 0|req: 932/2049] 10.0.0.68 () {32 vars in 687 bytes} [Fri Apr 24 07:23:24 2026] GET /v2.0/security-groups?not-tags=red => generated 6094 bytes in 39 msecs (HTTP/1.1 200) 4 headers in 158 bytes (1 switches on core 0) [pid: 7|app: 0|req: 933/2050] 10.0.0.68 () {32 vars in 665 bytes} [Fri Apr 24 07:23:24 2026] GET /v2.0/networks?tags=red => generated 1988 bytes in 57 msecs (HTTP/1.1 200) 4 headers in 158 bytes (1 switches on core 0)
2026-04-24 07:23:25.243 7 INFO neutron.db.ovn_revision_numbers_db [None req-9ef3ea6a-4c71-48fc-a6e9-208f479a99a3 c941e0ae05f34fa38d715479f2532a5c 322d6bd671904bcc8b17036e1ee927be - - default default] Successfully bumped revision number for resource ea1ade5b-c0cf-4dc6-853a-4d189e27de19 (type: security_groups) to 1
2026-04-24 07:23:25.256 7 INFO neutron.db.ovn_revision_numbers_db [None req-9ef3ea6a-4c71-48fc-a6e9-208f479a99a3 c941e0ae05f34fa38d715479f2532a5c 322d6bd671904bcc8b17036e1ee927be - - default default] Successfully bumped revision number for resource 1ed11ca3-babc-4fbe-9dde-d75aa2c76b9e (type: security_group_rules) to 0
2026-04-24 07:23:25.267 7 INFO neutron.db.ovn_revision_numbers_db [None req-9ef3ea6a-4c71-48fc-a6e9-208f479a99a3 c941e0ae05f34fa38d715479f2532a5c 322d6bd671904bcc8b17036e1ee927be - - default default] Successfully bumped revision number for resource 1ff985cb-9398-4b2c-b6a8-22c65060dd18 (type: security_group_rules) to 0
2026-04-24 07:23:25.269 8 WARNING neutron.scheduler.dhcp_agent_scheduler [None req-792d8572-6768-40f7-bf9e-62dac868d877 eff20c66ebf3453083e630a3856283f1 e3339204ab7c4dbdb538f8cf2b664b24 - - default default] No more DHCP agents
2026-04-24 07:23:25.270 8 WARNING neutron.api.rpc.agentnotifiers.dhcp_rpc_agent_api [None req-792d8572-6768-40f7-bf9e-62dac868d877 eff20c66ebf3453083e630a3856283f1 e3339204ab7c4dbdb538f8cf2b664b24 - - default default] Unable to schedule network bc58738b-b270-485d-ba42-984270190180: no agents available; will retry on subsequent port and subnet creation events.
2026-04-24 07:23:25.279 7 INFO neutron.db.ovn_revision_numbers_db [None req-9ef3ea6a-4c71-48fc-a6e9-208f479a99a3 c941e0ae05f34fa38d715479f2532a5c 322d6bd671904bcc8b17036e1ee927be - - default default] Successfully bumped revision number for resource 7910a38e-33b4-4b75-a342-69350935a315 (type: security_group_rules) to 0
2026-04-24 07:23:25.290 7 INFO neutron.db.ovn_revision_numbers_db [None req-9ef3ea6a-4c71-48fc-a6e9-208f479a99a3 c941e0ae05f34fa38d715479f2532a5c 322d6bd671904bcc8b17036e1ee927be - - default default] Successfully bumped revision number for resource ab82cdf7-b4d8-41ba-9b48-17935c0a6e66 (type: security_group_rules) to 0
2026-04-24 07:23:25.375 8 INFO neutron.plugins.ml2.drivers.ovn.mech_driver.mech_driver [None req-6f42825e-7838-4422-85a4-1777a95c2daf - - - - - -] OVN reports status down for port: ea716463-96c7-48e7-8adc-7e4a9c52784d
2026-04-24 07:23:25.375 7 INFO neutron.db.segments_db [None req-9ef3ea6a-4c71-48fc-a6e9-208f479a99a3 c941e0ae05f34fa38d715479f2532a5c 322d6bd671904bcc8b17036e1ee927be - - default default] Added segment 7097b47c-a9e3-4641-9682-b7239cf40c62 of type geneve for network 2b75fa3c-7199-45d4-bf42-4d73ec573c3c
2026-04-24 07:23:25.422 8 INFO neutron.db.ovn_revision_numbers_db [None req-792d8572-6768-40f7-bf9e-62dac868d877 eff20c66ebf3453083e630a3856283f1 e3339204ab7c4dbdb538f8cf2b664b24 - - default default] Successfully bumped revision number for resource ea716463-96c7-48e7-8adc-7e4a9c52784d (type: ports) to 1
2026-04-24 07:23:25.482 7 INFO neutron.db.ovn_revision_numbers_db [None req-9ef3ea6a-4c71-48fc-a6e9-208f479a99a3 c941e0ae05f34fa38d715479f2532a5c 322d6bd671904bcc8b17036e1ee927be - - default default] Successfully bumped revision number for resource 2b75fa3c-7199-45d4-bf42-4d73ec573c3c (type: networks) to 1
2026-04-24 07:23:25.638 7 WARNING neutron.scheduler.dhcp_agent_scheduler [None req-9ef3ea6a-4c71-48fc-a6e9-208f479a99a3 c941e0ae05f34fa38d715479f2532a5c 322d6bd671904bcc8b17036e1ee927be - - default default] No more DHCP agents
2026-04-24 07:23:25.639 7 WARNING neutron.api.rpc.agentnotifiers.dhcp_rpc_agent_api [None req-9ef3ea6a-4c71-48fc-a6e9-208f479a99a3 c941e0ae05f34fa38d715479f2532a5c 322d6bd671904bcc8b17036e1ee927be - - default default] Unable to schedule network 2b75fa3c-7199-45d4-bf42-4d73ec573c3c: no agents available; will retry on subsequent port and subnet creation events.
2026-04-24 07:23:25.715 7 INFO neutron.db.ovn_revision_numbers_db [None req-9ef3ea6a-4c71-48fc-a6e9-208f479a99a3 c941e0ae05f34fa38d715479f2532a5c 322d6bd671904bcc8b17036e1ee927be - - default default] Successfully bumped revision number for resource daa99371-442a-415a-ab93-ff135b8b96da (type: ports) to 1
2026-04-24 07:23:25.718 8 INFO neutron.plugins.ml2.drivers.ovn.mech_driver.mech_driver [None req-6f42825e-7838-4422-85a4-1777a95c2daf - - - - - -] OVN reports status down for port: daa99371-442a-415a-ab93-ff135b8b96da [pid: 7|app: 0|req: 934/2051] 10.0.0.68 () {34 vars in 669 bytes} [Fri Apr 24 07:23:24 2026] POST /v2.0/networks => generated 648 bytes in 776 msecs (HTTP/1.1 201) 4 headers in 162 bytes (1 switches on core 0) [pid: 7|app: 0|req: 935/2052] 10.0.0.68 () {32 vars in 701 bytes} [Fri Apr 24 07:23:25 2026] GET /v2.0/security-groups?not-tags=red%2Cblue => generated 7680 bytes in 41 msecs (HTTP/1.1 200) 4 headers in 158 bytes (1 switches on core 0) [pid: 7|app: 0|req: 936/2053] 10.0.0.68 () {32 vars in 679 bytes} [Fri Apr 24 07:23:25 2026] GET /v2.0/networks?tags=red%2Cblue => generated 1337 bytes in 41 msecs (HTTP/1.1 200) 4 headers in 158 bytes (1 switches on core 0)
2026-04-24 07:23:25.895 7 INFO neutron.db.segments_db [None req-1450c082-b292-4193-a1f6-c34bb4534cac c941e0ae05f34fa38d715479f2532a5c 322d6bd671904bcc8b17036e1ee927be - - default default] Added segment 0f4808ef-cb9b-4d75-868c-c93c48429f7a of type geneve for network 3bd75f3f-6274-4b7a-9c61-3649faabd16a
2026-04-24 07:23:26.001 7 INFO neutron.db.ovn_revision_numbers_db [None req-1450c082-b292-4193-a1f6-c34bb4534cac c941e0ae05f34fa38d715479f2532a5c 322d6bd671904bcc8b17036e1ee927be - - default default] Successfully bumped revision number for resource 3bd75f3f-6274-4b7a-9c61-3649faabd16a (type: networks) to 1
2026-04-24 07:23:26.147 8 INFO neutron.plugins.ml2.drivers.ovn.mech_driver.ovsdb.commands [None req-f026d100-ed3f-47df-97c5-9c6787b80471 - - - - - -] Schedule LRP lrp-ea716463-96c7-48e7-8adc-7e4a9c52784d on gateway d5982dc8-2f99-4d7b-9822-8bb2237a2d15 with priority 1
2026-04-24 07:23:26.187 7 WARNING neutron.scheduler.dhcp_agent_scheduler [None req-1450c082-b292-4193-a1f6-c34bb4534cac c941e0ae05f34fa38d715479f2532a5c 322d6bd671904bcc8b17036e1ee927be - - default default] No more DHCP agents
2026-04-24 07:23:26.187 8 INFO neutron.plugins.ml2.drivers.ovn.mech_driver.mech_driver [None req-6f42825e-7838-4422-85a4-1777a95c2daf - - - - - -] OVN reports status up for port: ea716463-96c7-48e7-8adc-7e4a9c52784d
2026-04-24 07:23:26.191 7 WARNING neutron.api.rpc.agentnotifiers.dhcp_rpc_agent_api [None req-1450c082-b292-4193-a1f6-c34bb4534cac c941e0ae05f34fa38d715479f2532a5c 322d6bd671904bcc8b17036e1ee927be - - default default] Unable to schedule network 3bd75f3f-6274-4b7a-9c61-3649faabd16a: no agents available; will retry on subsequent port and subnet creation events.
2026-04-24 07:23:26.223 8 INFO neutron.plugins.ml2.plugin [None req-6f42825e-7838-4422-85a4-1777a95c2daf - - - - - -] Attempt 1 to provision port ea716463-96c7-48e7-8adc-7e4a9c52784d
2026-04-24 07:23:26.247 8 INFO neutron.db.ovn_revision_numbers_db [None req-792d8572-6768-40f7-bf9e-62dac868d877 eff20c66ebf3453083e630a3856283f1 e3339204ab7c4dbdb538f8cf2b664b24 - - default default] Successfully bumped revision number for resource ea716463-96c7-48e7-8adc-7e4a9c52784d (type: router_ports) to 1
2026-04-24 07:23:26.372 8 INFO neutron.db.ovn_revision_numbers_db [None req-792d8572-6768-40f7-bf9e-62dac868d877 eff20c66ebf3453083e630a3856283f1 e3339204ab7c4dbdb538f8cf2b664b24 - - default default] Successfully bumped revision number for resource 976b6467-33f5-45ad-ad92-212a4d0852a3 (type: routers) to 2 [pid: 8|app: 0|req: 1118/2054] 10.0.0.68 () {34 vars in 668 bytes} [Fri Apr 24 07:23:24 2026] POST /v2.0/routers => generated 937 bytes in 1612 msecs (HTTP/1.1 201) 4 headers in 162 bytes (1 switches on core 0) [pid: 8|app: 0|req: 1119/2055] 10.0.0.68 () {32 vars in 697 bytes} [Fri Apr 24 07:23:26 2026] GET /v2.0/security-groups?not-tags-any=blue => generated 7680 bytes in 39 msecs (HTTP/1.1 200) 4 headers in 158 bytes (1 switches on core 0) [pid: 8|app: 0|req: 1120/2056] 10.0.0.68 () {32 vars in 675 bytes} [Fri Apr 24 07:23:26 2026] GET /v2.0/networks?tags-any=blue => generated 1337 bytes in 40 msecs (HTTP/1.1 200) 4 headers in 158 bytes (1 switches on core 0)
2026-04-24 07:23:26.771 7 INFO neutron.db.ovn_revision_numbers_db [None req-1450c082-b292-4193-a1f6-c34bb4534cac c941e0ae05f34fa38d715479f2532a5c 322d6bd671904bcc8b17036e1ee927be - - default default] Successfully bumped revision number for resource 3b4659a5-8c11-4820-9663-fdc91d0175e2 (type: ports) to 1 [pid: 7|app: 0|req: 937/2057] 10.0.0.68 () {34 vars in 669 bytes} [Fri Apr 24 07:23:25 2026] POST /v2.0/networks => generated 648 bytes in 975 msecs (HTTP/1.1 201) 4 headers in 162 bytes (1 switches on core 0) [pid: 7|app: 0|req: 938/2058] 10.0.0.68 () {32 vars in 709 bytes} [Fri Apr 24 07:23:26 2026] GET /v2.0/security-groups?not-tags-any=red%2Cblue => generated 6094 bytes in 39 msecs (HTTP/1.1 200) 4 headers in 158 bytes (1 switches on core 0) [pid: 7|app: 0|req: 939/2059] 10.0.0.68 () {32 vars in 687 bytes} [Fri Apr 24 07:23:26 2026] GET /v2.0/networks?tags-any=red%2Cblue => generated 1988 bytes in 54 msecs (HTTP/1.1 200) 4 headers in 158 bytes (1 switches on core 0)
2026-04-24 07:23:26.969 8 WARNING neutron.scheduler.dhcp_agent_scheduler [None req-13411939-d4d0-4091-9894-1231d381cf6e eff20c66ebf3453083e630a3856283f1 e3339204ab7c4dbdb538f8cf2b664b24 - - default default] No more DHCP agents
2026-04-24 07:23:26.970 8 WARNING neutron.api.rpc.agentnotifiers.dhcp_rpc_agent_api [None req-13411939-d4d0-4091-9894-1231d381cf6e eff20c66ebf3453083e630a3856283f1 e3339204ab7c4dbdb538f8cf2b664b24 - - default default] Unable to schedule network 04cf6155-607d-4e54-84d4-ffd85560b53d: no agents available; will retry on subsequent port and subnet creation events.
2026-04-24 07:23:27.083 7 WARNING neutron.scheduler.dhcp_agent_scheduler [None req-e31ed738-2ccd-47c7-b7af-482e004b14bf c941e0ae05f34fa38d715479f2532a5c 322d6bd671904bcc8b17036e1ee927be - - default default] No more DHCP agents
2026-04-24 07:23:27.087 7 WARNING neutron.api.rpc.agentnotifiers.dhcp_rpc_agent_api [None req-e31ed738-2ccd-47c7-b7af-482e004b14bf c941e0ae05f34fa38d715479f2532a5c 322d6bd671904bcc8b17036e1ee927be - - default default] Unable to schedule network 2b75fa3c-7199-45d4-bf42-4d73ec573c3c: no agents available; will retry on subsequent port and subnet creation events.
2026-04-24 07:23:27.110 8 INFO neutron.db.ovn_revision_numbers_db [None req-13411939-d4d0-4091-9894-1231d381cf6e eff20c66ebf3453083e630a3856283f1 e3339204ab7c4dbdb538f8cf2b664b24 - - default default] Successfully bumped revision number for resource b9f6a690-df57-490c-a0b5-d24897b575f5 (type: ports) to 1
2026-04-24 07:23:27.518 7 INFO neutron.db.ovn_revision_numbers_db [None req-fe8ff503-3aaa-4909-89d0-63f220d2543c - - - - - -] Successfully bumped revision number for resource daa99371-442a-415a-ab93-ff135b8b96da (type: ports) to 2
2026-04-24 07:23:27.559 7 INFO neutron.db.ovn_revision_numbers_db [None req-fe8ff503-3aaa-4909-89d0-63f220d2543c - - - - - -] Successfully bumped revision number for resource babb4ede-ea75-41e0-a123-a6a0a0713c8a (type: subnets) to 0 [pid: 7|app: 0|req: 940/2060] 10.0.0.68 () {34 vars in 668 bytes} [Fri Apr 24 07:23:26 2026] POST /v2.0/subnets => generated 626 bytes in 685 msecs (HTTP/1.1 201) 4 headers in 162 bytes (1 switches on core 0) [pid: 7|app: 0|req: 941/2061] 10.0.0.68 () {32 vars in 739 bytes} [Fri Apr 24 07:23:27 2026] DELETE /v2.0/security-groups/df8ae3c1-344e-470d-bda7-4704b3133be6 => generated 0 bytes in 124 msecs (HTTP/1.1 204) 2 headers in 112 bytes (1 switches on core 0) [pid: 7|app: 0|req: 942/2062] 10.0.0.68 () {32 vars in 673 bytes} [Fri Apr 24 07:23:27 2026] GET /v2.0/networks?not-tags=red => generated 1986 bytes in 62 msecs (HTTP/1.1 200) 4 headers in 158 bytes (1 switches on core 0)
2026-04-24 07:23:27.774 8 WARNING neutron.scheduler.dhcp_agent_scheduler [None req-13411939-d4d0-4091-9894-1231d381cf6e eff20c66ebf3453083e630a3856283f1 e3339204ab7c4dbdb538f8cf2b664b24 - - default default] No more DHCP agents
2026-04-24 07:23:27.775 8 WARNING neutron.api.rpc.agentnotifiers.dhcp_rpc_agent_api [None req-13411939-d4d0-4091-9894-1231d381cf6e eff20c66ebf3453083e630a3856283f1 e3339204ab7c4dbdb538f8cf2b664b24 - - default default] Unable to schedule network 04cf6155-607d-4e54-84d4-ffd85560b53d: no agents available; will retry on subsequent port and subnet creation events.
2026-04-24 07:23:27.923 7 WARNING neutron.scheduler.dhcp_agent_scheduler [None req-f4204e5e-dd66-4e3c-a0f4-e42a57a9fa02 c941e0ae05f34fa38d715479f2532a5c 322d6bd671904bcc8b17036e1ee927be - - default default] No more DHCP agents
2026-04-24 07:23:27.924 7 WARNING neutron.api.rpc.agentnotifiers.dhcp_rpc_agent_api [None req-f4204e5e-dd66-4e3c-a0f4-e42a57a9fa02 c941e0ae05f34fa38d715479f2532a5c 322d6bd671904bcc8b17036e1ee927be - - default default] Unable to schedule network 3bd75f3f-6274-4b7a-9c61-3649faabd16a: no agents available; will retry on subsequent port and subnet creation events.
2026-04-24 07:23:28.170 8 INFO neutron.db.ovn_revision_numbers_db [None req-13411939-d4d0-4091-9894-1231d381cf6e eff20c66ebf3453083e630a3856283f1 e3339204ab7c4dbdb538f8cf2b664b24 - - default default] Successfully bumped revision number for resource b9f6a690-df57-490c-a0b5-d24897b575f5 (type: router_ports) to 1 [pid: 8|app: 0|req: 1121/2063] 10.0.0.68 () {34 vars in 782 bytes} [Fri Apr 24 07:23:26 2026] PUT /v2.0/routers/976b6467-33f5-45ad-ad92-212a4d0852a3/add_router_interface => generated 309 bytes in 1699 msecs (HTTP/1.1 200) 4 headers in 157 bytes (1 switches on core 0) [pid: 8|app: 0|req: 1122/2064] 10.0.0.68 () {32 vars in 739 bytes} [Fri Apr 24 07:23:28 2026] DELETE /v2.0/security-groups/5675d8c2-420b-46e8-a854-2647428ed721 => generated 0 bytes in 120 msecs (HTTP/1.1 204) 2 headers in 112 bytes (1 switches on core 0) [pid: 8|app: 0|req: 1123/2065] 10.0.0.68 () {32 vars in 687 bytes} [Fri Apr 24 07:23:28 2026] GET /v2.0/networks?not-tags=red%2Cblue => generated 2637 bytes in 65 msecs (HTTP/1.1 200) 4 headers in 158 bytes (1 switches on core 0)
2026-04-24 07:23:28.419 7 INFO neutron.db.ovn_revision_numbers_db [None req-a61a0f2d-32a9-481b-af2b-29039066237d - - - - - -] Successfully bumped revision number for resource 3b4659a5-8c11-4820-9663-fdc91d0175e2 (type: ports) to 2
2026-04-24 07:23:28.444 7 INFO neutron.db.ovn_revision_numbers_db [None req-a61a0f2d-32a9-481b-af2b-29039066237d - - - - - -] Successfully bumped revision number for resource 577c10dd-5d59-4429-bfa8-e789a571f13f (type: subnets) to 0 [pid: 7|app: 0|req: 943/2066] 10.0.0.68 () {34 vars in 668 bytes} [Fri Apr 24 07:23:27 2026] POST /v2.0/subnets => generated 626 bytes in 698 msecs (HTTP/1.1 201) 4 headers in 162 bytes (1 switches on core 0) [pid: 7|app: 0|req: 944/2067] 10.0.0.68 () {32 vars in 739 bytes} [Fri Apr 24 07:23:28 2026] DELETE /v2.0/security-groups/b1170674-f39d-455f-84f1-b11a9f33c986 => generated 0 bytes in 144 msecs (HTTP/1.1 204) 2 headers in 112 bytes (1 switches on core 0) [pid: 7|app: 0|req: 945/2068] 10.0.0.68 () {32 vars in 683 bytes} [Fri Apr 24 07:23:28 2026] GET /v2.0/networks?not-tags-any=blue => generated 2637 bytes in 61 msecs (HTTP/1.1 200) 4 headers in 158 bytes (1 switches on core 0)
2026-04-24 07:23:28.761 7 INFO neutron.db.ovn_revision_numbers_db [None req-e54c5ff3-9b0d-4f16-84cf-aa27e47c43f5 c941e0ae05f34fa38d715479f2532a5c 322d6bd671904bcc8b17036e1ee927be - - default default] Successfully bumped revision number for resource 646c917b-edae-411c-a0bc-b29d1361bb80 (type: routers) to 1 [pid: 7|app: 0|req: 946/2069] 10.0.0.68 () {34 vars in 668 bytes} [Fri Apr 24 07:23:28 2026] POST /v2.0/routers => generated 602 bytes in 110 msecs (HTTP/1.1 201) 4 headers in 162 bytes (1 switches on core 0) [pid: 7|app: 0|req: 947/2070] 10.0.0.68 () {32 vars in 739 bytes} [Fri Apr 24 07:23:28 2026] DELETE /v2.0/security-groups/d1655090-9171-4202-abbc-ab73a364a5df => generated 0 bytes in 129 msecs (HTTP/1.1 204) 2 headers in 112 bytes (1 switches on core 0)
2026-04-24 07:23:28.953 8 WARNING neutron.scheduler.dhcp_agent_scheduler [None req-09a9c309-7d4b-4c05-b6aa-238529645156 - - - - - -] No more DHCP agents
2026-04-24 07:23:28.954 8 WARNING neutron.api.rpc.agentnotifiers.dhcp_rpc_agent_api [None req-09a9c309-7d4b-4c05-b6aa-238529645156 - - - - - -] Unable to schedule network bc58738b-b270-485d-ba42-984270190180: no agents available; will retry on subsequent port and subnet creation events. [pid: 7|app: 0|req: 948/2071] 10.0.0.68 () {32 vars in 695 bytes} [Fri Apr 24 07:23:28 2026] GET /v2.0/networks?not-tags-any=red%2Cblue => generated 1986 bytes in 62 msecs (HTTP/1.1 200) 4 headers in 158 bytes (1 switches on core 0)
2026-04-24 07:23:29.090 7 INFO neutron.plugins.ml2.drivers.ovn.mech_driver.mech_driver [None req-094335ea-53be-4211-a1d3-10532aa643d0 - - - - - -] OVN reports status down for port: 031a1f44-029b-4848-8763-4d0e2f4de5d4
2026-04-24 07:23:29.095 8 INFO neutron.db.ovn_revision_numbers_db [None req-09a9c309-7d4b-4c05-b6aa-238529645156 - - - - - -] Successfully bumped revision number for resource 031a1f44-029b-4848-8763-4d0e2f4de5d4 (type: ports) to 1
2026-04-24 07:23:29.329 8 INFO neutron.db.ovn_revision_numbers_db [None req-09a9c309-7d4b-4c05-b6aa-238529645156 - - - - - -] Successfully bumped revision number for resource 031a1f44-029b-4848-8763-4d0e2f4de5d4 (type: ports) to 3
2026-04-24 07:23:29.392 8 INFO neutron.db.segments_db [None req-09a9c309-7d4b-4c05-b6aa-238529645156 - - - - - -] Added segment f8da49a6-3544-4b6d-a575-71237b8f4b18 of type geneve for network f48f48f2-d392-49f5-b2c0-2569a7f57ad9
2026-04-24 07:23:29.425 7 WARNING neutron.scheduler.dhcp_agent_scheduler [None req-bcbed810-7237-40cb-84ab-c54127b86907 c941e0ae05f34fa38d715479f2532a5c 322d6bd671904bcc8b17036e1ee927be - - default default] No more DHCP agents
2026-04-24 07:23:29.426 7 WARNING neutron.api.rpc.agentnotifiers.dhcp_rpc_agent_api [None req-bcbed810-7237-40cb-84ab-c54127b86907 c941e0ae05f34fa38d715479f2532a5c 322d6bd671904bcc8b17036e1ee927be - - default default] Unable to schedule network 2b75fa3c-7199-45d4-bf42-4d73ec573c3c: no agents available; will retry on subsequent port and subnet creation events.
2026-04-24 07:23:29.493 8 INFO neutron.db.ovn_revision_numbers_db [None req-42951c0d-3bf8-4c5d-a889-65d9ea27e9d7 - - - - - -] Successfully bumped revision number for resource f48f48f2-d392-49f5-b2c0-2569a7f57ad9 (type: networks) to 1
2026-04-24 07:23:29.556 7 INFO neutron.plugins.ml2.drivers.ovn.mech_driver.mech_driver [None req-094335ea-53be-4211-a1d3-10532aa643d0 - - - - - -] OVN reports status down for port: 20344c7a-8cb8-48de-a923-454ceb94c322
2026-04-24 07:23:29.608 7 INFO neutron.db.ovn_revision_numbers_db [None req-bcbed810-7237-40cb-84ab-c54127b86907 c941e0ae05f34fa38d715479f2532a5c 322d6bd671904bcc8b17036e1ee927be - - default default] Successfully bumped revision number for resource 20344c7a-8cb8-48de-a923-454ceb94c322 (type: ports) to 1
2026-04-24 07:23:29.662 8 WARNING neutron.scheduler.dhcp_agent_scheduler [None req-42951c0d-3bf8-4c5d-a889-65d9ea27e9d7 - - - - - -] No more DHCP agents
2026-04-24 07:23:29.664 8 WARNING neutron.api.rpc.agentnotifiers.dhcp_rpc_agent_api [None req-42951c0d-3bf8-4c5d-a889-65d9ea27e9d7 - - - - - -] Unable to schedule network f48f48f2-d392-49f5-b2c0-2569a7f57ad9: no agents available; will retry on subsequent port and subnet creation events.
2026-04-24 07:23:29.730 7 INFO neutron.plugins.ml2.drivers.ovn.mech_driver.mech_driver [None req-094335ea-53be-4211-a1d3-10532aa643d0 - - - - - -] OVN reports status down for port: f1b2815a-0427-4881-935b-b800be50a936
2026-04-24 07:23:29.738 8 INFO neutron.db.ovn_revision_numbers_db [None req-42951c0d-3bf8-4c5d-a889-65d9ea27e9d7 - - - - - -] Successfully bumped revision number for resource f1b2815a-0427-4881-935b-b800be50a936 (type: ports) to 1
2026-04-24 07:23:29.884 8 WARNING neutron.scheduler.dhcp_agent_scheduler [None req-42951c0d-3bf8-4c5d-a889-65d9ea27e9d7 - - - - - -] No more DHCP agents
2026-04-24 07:23:29.886 8 WARNING neutron.api.rpc.agentnotifiers.dhcp_rpc_agent_api [None req-42951c0d-3bf8-4c5d-a889-65d9ea27e9d7 - - - - - -] Unable to schedule network f48f48f2-d392-49f5-b2c0-2569a7f57ad9: no agents available; will retry on subsequent port and subnet creation events.
2026-04-24 07:23:29.910 8 INFO neutron.db.ovn_revision_numbers_db [None req-42951c0d-3bf8-4c5d-a889-65d9ea27e9d7 - - - - - -] Successfully bumped revision number for resource 6ccb4d95-658b-4ade-8e79-3104119ff967 (type: subnets) to 0
2026-04-24 07:23:30.197 7 INFO neutron.plugins.ml2.drivers.ovn.mech_driver.mech_driver [None req-094335ea-53be-4211-a1d3-10532aa643d0 - - - - - -] OVN reports status up for port: 20344c7a-8cb8-48de-a923-454ceb94c322
2026-04-24 07:23:30.226 7 INFO neutron.plugins.ml2.plugin [None req-094335ea-53be-4211-a1d3-10532aa643d0 - - - - - -] Attempt 1 to provision port 20344c7a-8cb8-48de-a923-454ceb94c322
2026-04-24 07:23:30.278 8 WARNING neutron.scheduler.dhcp_agent_scheduler [None req-42951c0d-3bf8-4c5d-a889-65d9ea27e9d7 - - - - - -] No more DHCP agents
2026-04-24 07:23:30.279 8 WARNING neutron.api.rpc.agentnotifiers.dhcp_rpc_agent_api [None req-42951c0d-3bf8-4c5d-a889-65d9ea27e9d7 - - - - - -] Unable to schedule network f48f48f2-d392-49f5-b2c0-2569a7f57ad9: no agents available; will retry on subsequent port and subnet creation events.
2026-04-24 07:23:30.326 7 WARNING neutron.scheduler.dhcp_agent_scheduler [None req-bcbed810-7237-40cb-84ab-c54127b86907 c941e0ae05f34fa38d715479f2532a5c 322d6bd671904bcc8b17036e1ee927be - - default default] No more DHCP agents
2026-04-24 07:23:30.329 7 WARNING neutron.api.rpc.agentnotifiers.dhcp_rpc_agent_api [None req-bcbed810-7237-40cb-84ab-c54127b86907 c941e0ae05f34fa38d715479f2532a5c 322d6bd671904bcc8b17036e1ee927be - - default default] Unable to schedule network 2b75fa3c-7199-45d4-bf42-4d73ec573c3c: no agents available; will retry on subsequent port and subnet creation events.
2026-04-24 07:23:30.422 8 INFO neutron.db.ovn_revision_numbers_db [None req-42951c0d-3bf8-4c5d-a889-65d9ea27e9d7 - - - - - -] Successfully bumped revision number for resource 98160010-b817-4958-8c9f-8abc5dfc531a (type: ports) to 1
2026-04-24 07:23:30.740 7 INFO neutron.db.ovn_revision_numbers_db [None req-bcbed810-7237-40cb-84ab-c54127b86907 c941e0ae05f34fa38d715479f2532a5c 322d6bd671904bcc8b17036e1ee927be - - default default] Successfully bumped revision number for resource 20344c7a-8cb8-48de-a923-454ceb94c322 (type: router_ports) to 1 [pid: 7|app: 0|req: 949/2072] 10.0.0.68 () {34 vars in 782 bytes} [Fri Apr 24 07:23:28 2026] PUT /v2.0/routers/646c917b-edae-411c-a0bc-b29d1361bb80/add_router_interface => generated 309 bytes in 1782 msecs (HTTP/1.1 200) 4 headers in 157 bytes (1 switches on core 0)
2026-04-24 07:23:30.941 7 INFO neutron.db.ovn_revision_numbers_db [None req-094335ea-53be-4211-a1d3-10532aa643d0 - - - - - -] Successfully bumped revision number for resource 20344c7a-8cb8-48de-a923-454ceb94c322 (type: ports) to 2 [pid: 7|app: 0|req: 950/2073] 10.0.0.68 () {32 vars in 739 bytes} [Fri Apr 24 07:23:30 2026] DELETE /v2.0/security-groups/37c9b8da-12e6-4e17-97b3-5c7e35b2427a => generated 0 bytes in 278 msecs (HTTP/1.1 204) 2 headers in 112 bytes (1 switches on core 0)
2026-04-24 07:23:31.053 8 WARNING neutron.scheduler.dhcp_agent_scheduler [None req-42951c0d-3bf8-4c5d-a889-65d9ea27e9d7 - - - - - -] No more DHCP agents
2026-04-24 07:23:31.054 8 WARNING neutron.api.rpc.agentnotifiers.dhcp_rpc_agent_api [None req-42951c0d-3bf8-4c5d-a889-65d9ea27e9d7 - - - - - -] Unable to schedule network f48f48f2-d392-49f5-b2c0-2569a7f57ad9: no agents available; will retry on subsequent port and subnet creation events.
2026-04-24 07:23:31.208 7 INFO neutron_taas.services.taas.taas_plugin [None req-a776cb49-7dd9-4bb9-a2f3-09fa6cc1a8ea 231e6793ee4e45d6b50373d7946f52b9 ee96752dd6694197acb0441e0c94ae41 - - default default] TaaS: Handle Delete Port: 6b77e05e-6aea-4b09-aad3-924125a916d8
2026-04-24 07:23:31.211 7 INFO neutron_taas.services.taas.tap_mirror_plugin [None req-a776cb49-7dd9-4bb9-a2f3-09fa6cc1a8ea 231e6793ee4e45d6b50373d7946f52b9 ee96752dd6694197acb0441e0c94ae41 - - default default] Tap Mirror: Handle Delete Port: 6b77e05e-6aea-4b09-aad3-924125a916d8
2026-04-24 07:23:31.395 7 INFO neutron.services.segments.plugin [-] Segment f5d38302-8476-4b47-8692-189e56970dda resource provider aggregate not found
2026-04-24 07:23:31.399 7 INFO neutron.services.segments.plugin [-] Segment f5d38302-8476-4b47-8692-189e56970dda resource provider aggregate not found
2026-04-24 07:23:31.415 7 INFO neutron.services.segments.plugin [-] Segment f5d38302-8476-4b47-8692-189e56970dda resource provider not found; error: Placement Client Error (4xx): {"errors": [{"status": 404, "title": "Not Found", "detail": "The resource could not be found.\n\n No resource provider with uuid f5d38302-8476-4b47-8692-189e56970dda found for delete ", "request_id": "req-3ca9947e-c717-4398-a135-ccabc11738df"}]}
2026-04-24 07:23:31.418 7 INFO neutron.services.segments.plugin [-] Segment f5d38302-8476-4b47-8692-189e56970dda resource provider not found; error: Placement Client Error (4xx): {"errors": [{"status": 404, "title": "Not Found", "detail": "The resource could not be found.\n\n No resource provider with uuid f5d38302-8476-4b47-8692-189e56970dda found for delete ", "request_id": "req-e7aa0dfb-d4b7-423c-97ac-341a88eeb5e0"}]} [pid: 7|app: 0|req: 951/2074] 10.0.0.68 () {32 vars in 725 bytes} [Fri Apr 24 07:23:31 2026] DELETE /v2.0/networks/7f8bc13c-0054-421a-b548-e5a564d4ab5c => generated 0 bytes in 418 msecs (HTTP/1.1 204) 3 headers in 131 bytes (1 switches on core 0) [pid: 7|app: 0|req: 952/2075] 10.0.0.68 () {32 vars in 716 bytes} [Fri Apr 24 07:23:31 2026] GET /v2.0/ports/20344c7a-8cb8-48de-a923-454ceb94c322 => generated 943 bytes in 37 msecs (HTTP/1.1 200) 4 headers in 157 bytes (1 switches on core 0)
2026-04-24 07:23:31.567 8 INFO neutron.db.ovn_revision_numbers_db [None req-42951c0d-3bf8-4c5d-a889-65d9ea27e9d7 - - - - - -] Successfully bumped revision number for resource 98160010-b817-4958-8c9f-8abc5dfc531a (type: router_ports) to 1
2026-04-24 07:23:31.687 8 WARNING neutron.plugins.ml2.drivers.ovn.mech_driver.ovsdb.ovn_client [None req-6f42825e-7838-4422-85a4-1777a95c2daf - - - - - -] No hosting information found for port ea716463-96c7-48e7-8adc-7e4a9c52784d: RuntimeError: No hosting information found for port ea716463-96c7-48e7-8adc-7e4a9c52784d
2026-04-24 07:23:31.688 8 INFO neutron.plugins.ml2.drivers.ovn.mech_driver.mech_driver [None req-6f42825e-7838-4422-85a4-1777a95c2daf - - - - - -] OVN reports status down for port: 3b4659a5-8c11-4820-9663-fdc91d0175e2
2026-04-24 07:23:31.742 7 INFO neutron_taas.services.taas.taas_plugin [None req-c798d9d0-ae1a-4ae4-a7b5-773cca827787 231e6793ee4e45d6b50373d7946f52b9 ee96752dd6694197acb0441e0c94ae41 - - default default] TaaS: Handle Delete Port: e09dd6bd-6dc7-456f-b424-79eadf996a45
2026-04-24 07:23:31.746 7 INFO neutron_taas.services.taas.tap_mirror_plugin [None req-c798d9d0-ae1a-4ae4-a7b5-773cca827787 231e6793ee4e45d6b50373d7946f52b9 ee96752dd6694197acb0441e0c94ae41 - - default default] Tap Mirror: Handle Delete Port: e09dd6bd-6dc7-456f-b424-79eadf996a45
2026-04-24 07:23:31.785 8 INFO neutron.plugins.ml2.drivers.ovn.mech_driver.mech_driver [None req-6f42825e-7838-4422-85a4-1777a95c2daf - - - - - -] OVN reports status down for port: b9f6a690-df57-490c-a0b5-d24897b575f5
2026-04-24 07:23:31.853 8 WARNING neutron.scheduler.dhcp_agent_scheduler [None req-42951c0d-3bf8-4c5d-a889-65d9ea27e9d7 - - - - - -] No more DHCP agents
2026-04-24 07:23:31.858 8 WARNING neutron.api.rpc.agentnotifiers.dhcp_rpc_agent_api [None req-42951c0d-3bf8-4c5d-a889-65d9ea27e9d7 - - - - - -] Unable to schedule network f48f48f2-d392-49f5-b2c0-2569a7f57ad9: no agents available; will retry on subsequent port and subnet creation events.
2026-04-24 07:23:31.895 8 WARNING neutron.plugins.ml2.drivers.ovn.mech_driver.ovsdb.ovn_client [None req-6f42825e-7838-4422-85a4-1777a95c2daf - - - - - -] Logical_Switch_Port %s host information not removed, the port state is up
2026-04-24 07:23:31.896 8 INFO neutron.plugins.ml2.drivers.ovn.mech_driver.mech_driver [None req-6f42825e-7838-4422-85a4-1777a95c2daf - - - - - -] OVN reports status up for port: b9f6a690-df57-490c-a0b5-d24897b575f5
2026-04-24 07:23:31.918 8 INFO neutron.plugins.ml2.plugin [None req-6f42825e-7838-4422-85a4-1777a95c2daf - - - - - -] Attempt 1 to provision port b9f6a690-df57-490c-a0b5-d24897b575f5 [pid: 7|app: 0|req: 953/2076] 10.0.0.68 () {32 vars in 725 bytes} [Fri Apr 24 07:23:31 2026] DELETE /v2.0/networks/9e8bd8de-dea6-448f-ad22-dddd4ac65b68 => generated 0 bytes in 462 msecs (HTTP/1.1 204) 3 headers in 131 bytes (1 switches on core 0)
