2026-04-24 07:28:38.629 8 INFO neutron.api.v2.resource [None req-8923916e-258b-4021-9984-0ae267761523 e1dd00d3b3024eb8ac5eafe79d4c5a5b 5ec0288265854311869c9885d53e8119 - - default default] show failed (client error): The resource could not be found. [pid: 8|app: 0|req: 1714/3276] 10.0.0.68 () {32 vars in 746 bytes} [Fri Apr 24 07:28:38 2026] GET /v2.0/security-group-rules/8b77dc0f-efe5-44b1-8c37-60abf34ade47 => generated 155 bytes in 13 msecs (HTTP/1.1 404) 4 headers in 164 bytes (1 switches on core 0) [pid: 7|app: 0|req: 1563/3277] 10.0.0.68 () {32 vars in 749 bytes} [Fri Apr 24 07:28:38 2026] DELETE /v2.0/security-group-rules/1e72aad6-6de5-42a5-887e-e6344b28cc0f => generated 0 bytes in 152 msecs (HTTP/1.1 204) 2 headers in 112 bytes (1 switches on core 0)
2026-04-24 07:28:38.808 8 INFO neutron.api.v2.resource [None req-d600eb6c-5c1c-4ad1-affc-700d6c7a59b2 e1dd00d3b3024eb8ac5eafe79d4c5a5b 5ec0288265854311869c9885d53e8119 - - default default] show failed (client error): The resource could not be found. [pid: 8|app: 0|req: 1715/3278] 10.0.0.68 () {32 vars in 746 bytes} [Fri Apr 24 07:28:38 2026] GET /v2.0/security-group-rules/1e72aad6-6de5-42a5-887e-e6344b28cc0f => generated 155 bytes in 17 msecs (HTTP/1.1 404) 4 headers in 164 bytes (1 switches on core 0) [pid: 7|app: 0|req: 1564/3279] 10.0.0.68 () {32 vars in 749 bytes} [Fri Apr 24 07:28:38 2026] DELETE /v2.0/security-group-rules/a05c40af-b45c-4e11-ad6a-c2fb0e8e4611 => generated 0 bytes in 137 msecs (HTTP/1.1 204) 2 headers in 112 bytes (1 switches on core 0)
2026-04-24 07:28:38.971 8 INFO neutron.api.v2.resource [None req-28ed5822-e660-46cc-aed3-875e4b9a2816 e1dd00d3b3024eb8ac5eafe79d4c5a5b 5ec0288265854311869c9885d53e8119 - - default default] show failed (client error): The resource could not be found. [pid: 8|app: 0|req: 1716/3280] 10.0.0.68 () {32 vars in 746 bytes} [Fri Apr 24 07:28:38 2026] GET /v2.0/security-group-rules/a05c40af-b45c-4e11-ad6a-c2fb0e8e4611 => generated 155 bytes in 14 msecs (HTTP/1.1 404) 4 headers in 164 bytes (1 switches on core 0) [pid: 7|app: 0|req: 1565/3281] 10.0.0.68 () {32 vars in 749 bytes} [Fri Apr 24 07:28:38 2026] DELETE /v2.0/security-group-rules/47f3eaad-1968-4e0a-9633-90b993cea60d => generated 0 bytes in 119 msecs (HTTP/1.1 204) 2 headers in 112 bytes (1 switches on core 0)
2026-04-24 07:28:39.113 8 INFO neutron.api.v2.resource [None req-d5c2a642-9029-4ad7-bce1-c8a6006f2fd1 e1dd00d3b3024eb8ac5eafe79d4c5a5b 5ec0288265854311869c9885d53e8119 - - default default] show failed (client error): The resource could not be found. [pid: 8|app: 0|req: 1717/3282] 10.0.0.68 () {32 vars in 746 bytes} [Fri Apr 24 07:28:39 2026] GET /v2.0/security-group-rules/47f3eaad-1968-4e0a-9633-90b993cea60d => generated 155 bytes in 15 msecs (HTTP/1.1 404) 4 headers in 164 bytes (1 switches on core 0) [pid: 7|app: 0|req: 1566/3283] 10.0.0.68 () {32 vars in 749 bytes} [Fri Apr 24 07:28:39 2026] DELETE /v2.0/security-group-rules/84479ec5-984f-40b4-a9d4-05e61d83c7ab => generated 0 bytes in 122 msecs (HTTP/1.1 204) 2 headers in 112 bytes (1 switches on core 0)
2026-04-24 07:28:39.260 8 INFO neutron.api.v2.resource [None req-a096d2f6-c7d8-458b-8a2d-068d038fde7b e1dd00d3b3024eb8ac5eafe79d4c5a5b 5ec0288265854311869c9885d53e8119 - - default default] show failed (client error): The resource could not be found. [pid: 8|app: 0|req: 1718/3284] 10.0.0.68 () {32 vars in 746 bytes} [Fri Apr 24 07:28:39 2026] GET /v2.0/security-group-rules/84479ec5-984f-40b4-a9d4-05e61d83c7ab => generated 155 bytes in 14 msecs (HTTP/1.1 404) 4 headers in 164 bytes (1 switches on core 0) [pid: 7|app: 0|req: 1567/3285] 10.0.0.68 () {32 vars in 749 bytes} [Fri Apr 24 07:28:39 2026] DELETE /v2.0/security-group-rules/413c698e-5c42-490b-827a-7b4b57bc4187 => generated 0 bytes in 111 msecs (HTTP/1.1 204) 2 headers in 112 bytes (1 switches on core 0)
2026-04-24 07:28:39.392 8 INFO neutron.api.v2.resource [None req-c8152453-31dd-4e1b-b4ca-1f1ca306bcc7 e1dd00d3b3024eb8ac5eafe79d4c5a5b 5ec0288265854311869c9885d53e8119 - - default default] show failed (client error): The resource could not be found. [pid: 8|app: 0|req: 1719/3286] 10.0.0.68 () {32 vars in 746 bytes} [Fri Apr 24 07:28:39 2026] GET /v2.0/security-group-rules/413c698e-5c42-490b-827a-7b4b57bc4187 => generated 155 bytes in 12 msecs (HTTP/1.1 404) 4 headers in 164 bytes (1 switches on core 0) [pid: 7|app: 0|req: 1568/3287] 10.0.0.68 () {32 vars in 749 bytes} [Fri Apr 24 07:28:39 2026] DELETE /v2.0/security-group-rules/983a5f16-8d21-4f33-8a90-ae24dcc493f1 => generated 0 bytes in 118 msecs (HTTP/1.1 204) 2 headers in 112 bytes (1 switches on core 0)
2026-04-24 07:28:39.533 8 INFO neutron.api.v2.resource [None req-f13e0ad8-130e-485b-a72d-3dc7ecc041e7 e1dd00d3b3024eb8ac5eafe79d4c5a5b 5ec0288265854311869c9885d53e8119 - - default default] show failed (client error): The resource could not be found. [pid: 8|app: 0|req: 1720/3288] 10.0.0.68 () {32 vars in 746 bytes} [Fri Apr 24 07:28:39 2026] GET /v2.0/security-group-rules/983a5f16-8d21-4f33-8a90-ae24dcc493f1 => generated 155 bytes in 15 msecs (HTTP/1.1 404) 4 headers in 164 bytes (1 switches on core 0) [pid: 7|app: 0|req: 1569/3289] 10.0.0.68 () {32 vars in 749 bytes} [Fri Apr 24 07:28:39 2026] DELETE /v2.0/security-group-rules/dbcac7a9-6ec8-4a4b-b201-92457ed6e230 => generated 0 bytes in 118 msecs (HTTP/1.1 204) 2 headers in 112 bytes (1 switches on core 0)
2026-04-24 07:28:39.676 8 INFO neutron.api.v2.resource [None req-1ea56148-4508-4679-a91a-b78cd782fe28 e1dd00d3b3024eb8ac5eafe79d4c5a5b 5ec0288265854311869c9885d53e8119 - - default default] show failed (client error): The resource could not be found. [pid: 8|app: 0|req: 1721/3290] 10.0.0.68 () {32 vars in 746 bytes} [Fri Apr 24 07:28:39 2026] GET /v2.0/security-group-rules/dbcac7a9-6ec8-4a4b-b201-92457ed6e230 => generated 155 bytes in 15 msecs (HTTP/1.1 404) 4 headers in 164 bytes (1 switches on core 0) [pid: 7|app: 0|req: 1570/3291] 10.0.0.68 () {32 vars in 749 bytes} [Fri Apr 24 07:28:39 2026] DELETE /v2.0/security-group-rules/e7fb0d94-56e2-465e-9313-64caa4463431 => generated 0 bytes in 115 msecs (HTTP/1.1 204) 2 headers in 112 bytes (1 switches on core 0)
2026-04-24 07:28:39.815 8 INFO neutron.api.v2.resource [None req-6983742f-8359-46f4-8f66-fd26963caa28 e1dd00d3b3024eb8ac5eafe79d4c5a5b 5ec0288265854311869c9885d53e8119 - - default default] show failed (client error): The resource could not be found. [pid: 8|app: 0|req: 1722/3292] 10.0.0.68 () {32 vars in 746 bytes} [Fri Apr 24 07:28:39 2026] GET /v2.0/security-group-rules/e7fb0d94-56e2-465e-9313-64caa4463431 => generated 155 bytes in 12 msecs (HTTP/1.1 404) 4 headers in 164 bytes (1 switches on core 0) [pid: 7|app: 0|req: 1571/3293] 10.0.0.68 () {32 vars in 749 bytes} [Fri Apr 24 07:28:39 2026] DELETE /v2.0/security-group-rules/42a1618f-e688-4117-9537-25c50770c23d => generated 0 bytes in 113 msecs (HTTP/1.1 204) 2 headers in 112 bytes (1 switches on core 0)
2026-04-24 07:28:39.948 8 INFO neutron.api.v2.resource [None req-f8e98ec1-f9bd-4286-b43c-c1378083853d e1dd00d3b3024eb8ac5eafe79d4c5a5b 5ec0288265854311869c9885d53e8119 - - default default] show failed (client error): The resource could not be found. [pid: 8|app: 0|req: 1723/3294] 10.0.0.68 () {32 vars in 746 bytes} [Fri Apr 24 07:28:39 2026] GET /v2.0/security-group-rules/42a1618f-e688-4117-9537-25c50770c23d => generated 155 bytes in 12 msecs (HTTP/1.1 404) 4 headers in 164 bytes (1 switches on core 0) [pid: 7|app: 0|req: 1572/3295] 10.0.0.68 () {32 vars in 749 bytes} [Fri Apr 24 07:28:39 2026] DELETE /v2.0/security-group-rules/5f202bc1-3f1f-4b2d-9f61-a93d2e8e1a6e => generated 0 bytes in 96 msecs (HTTP/1.1 204) 2 headers in 112 bytes (1 switches on core 0)
2026-04-24 07:28:40.065 8 INFO neutron.api.v2.resource [None req-9747f0f9-8e5e-4b17-9903-438c00146566 e1dd00d3b3024eb8ac5eafe79d4c5a5b 5ec0288265854311869c9885d53e8119 - - default default] show failed (client error): The resource could not be found. [pid: 8|app: 0|req: 1724/3296] 10.0.0.68 () {32 vars in 746 bytes} [Fri Apr 24 07:28:40 2026] GET /v2.0/security-group-rules/5f202bc1-3f1f-4b2d-9f61-a93d2e8e1a6e => generated 155 bytes in 11 msecs (HTTP/1.1 404) 4 headers in 164 bytes (1 switches on core 0) [pid: 7|app: 0|req: 1573/3297] 10.0.0.68 () {32 vars in 739 bytes} [Fri Apr 24 07:28:40 2026] DELETE /v2.0/security-groups/2dc1b1eb-b884-4529-8e4f-d88f35b83750 => generated 0 bytes in 92 msecs (HTTP/1.1 204) 2 headers in 112 bytes (1 switches on core 0)
2026-04-24 07:28:40.179 8 INFO neutron.api.v2.resource [None req-651f4d6c-ff8d-40b1-b141-e5d9e983c084 e1dd00d3b3024eb8ac5eafe79d4c5a5b 5ec0288265854311869c9885d53e8119 - - default default] show failed (client error): The resource could not be found. [pid: 8|app: 0|req: 1725/3298] 10.0.0.68 () {32 vars in 736 bytes} [Fri Apr 24 07:28:40 2026] GET /v2.0/security-groups/2dc1b1eb-b884-4529-8e4f-d88f35b83750 => generated 146 bytes in 12 msecs (HTTP/1.1 404) 4 headers in 164 bytes (1 switches on core 0)
2026-04-24 07:28:40.476 7 INFO neutron_taas.services.taas.taas_plugin [None req-6209f7e2-6f3c-4630-a1d2-0773b987f0e0 e1dd00d3b3024eb8ac5eafe79d4c5a5b 5ec0288265854311869c9885d53e8119 - - default default] TaaS: Handle Delete Port: 580659d4-cc3b-442f-a656-0722bc454a01
2026-04-24 07:28:40.479 7 INFO neutron_taas.services.taas.tap_mirror_plugin [None req-6209f7e2-6f3c-4630-a1d2-0773b987f0e0 e1dd00d3b3024eb8ac5eafe79d4c5a5b 5ec0288265854311869c9885d53e8119 - - default default] Tap Mirror: Handle Delete Port: 580659d4-cc3b-442f-a656-0722bc454a01 [pid: 7|app: 0|req: 1574/3299] 10.0.0.68 () {34 vars in 788 bytes} [Fri Apr 24 07:28:40 2026] PUT /v2.0/routers/494eff97-9b1f-4213-a45b-231bd2566e46/remove_router_interface => generated 309 bytes in 825 msecs (HTTP/1.1 200) 4 headers in 157 bytes (1 switches on core 0)
2026-04-24 07:28:41.157 8 INFO neutron.api.v2.resource [None req-78362f10-0764-4f81-8196-2dc2a8acb5a2 e1dd00d3b3024eb8ac5eafe79d4c5a5b 5ec0288265854311869c9885d53e8119 - - default default] remove_router_interface failed (client error): The resource could not be found. [pid: 8|app: 0|req: 1726/3300] 10.0.0.68 () {34 vars in 788 bytes} [Fri Apr 24 07:28:41 2026] PUT /v2.0/routers/494eff97-9b1f-4213-a45b-231bd2566e46/remove_router_interface => generated 198 bytes in 97 msecs (HTTP/1.1 404) 4 headers in 164 bytes (1 switches on core 0) /var/lib/openstack/lib/python3.12/site-packages/pycadf/identifier.py:70: UserWarning: Invalid uuid: neutron. To ensure interoperability, identifiers should be a valid uuid. warnings.warn(('Invalid uuid: %s. To ensure interoperability, '
2026-04-24 07:28:41.452 7 INFO neutron_taas.services.taas.taas_plugin [None req-b6c4ba24-edfa-4e09-927c-3ae3f58aebaf e1dd00d3b3024eb8ac5eafe79d4c5a5b 5ec0288265854311869c9885d53e8119 - - default default] TaaS: Handle Delete Port: 9661eb58-e0bc-48e8-9f6a-76b1a22990dc
2026-04-24 07:28:41.456 7 INFO neutron_taas.services.taas.tap_mirror_plugin [None req-b6c4ba24-edfa-4e09-927c-3ae3f58aebaf e1dd00d3b3024eb8ac5eafe79d4c5a5b 5ec0288265854311869c9885d53e8119 - - default default] Tap Mirror: Handle Delete Port: 9661eb58-e0bc-48e8-9f6a-76b1a22990dc [pid: 7|app: 0|req: 1575/3301] 10.0.0.68 () {34 vars in 788 bytes} [Fri Apr 24 07:28:41 2026] PUT /v2.0/routers/494eff97-9b1f-4213-a45b-231bd2566e46/remove_router_interface => generated 309 bytes in 818 msecs (HTTP/1.1 200) 4 headers in 157 bytes (1 switches on core 0)
2026-04-24 07:28:42.079 8 INFO neutron.api.v2.resource [None req-5a569b9c-81c8-441c-a6b7-afad2844d467 e1dd00d3b3024eb8ac5eafe79d4c5a5b 5ec0288265854311869c9885d53e8119 - - default default] remove_router_interface failed (client error): The resource could not be found. [pid: 8|app: 0|req: 1727/3302] 10.0.0.68 () {34 vars in 788 bytes} [Fri Apr 24 07:28:41 2026] PUT /v2.0/routers/494eff97-9b1f-4213-a45b-231bd2566e46/remove_router_interface => generated 198 bytes in 96 msecs (HTTP/1.1 404) 4 headers in 164 bytes (1 switches on core 0) /var/lib/openstack/lib/python3.12/site-packages/pycadf/identifier.py:70: UserWarning: Invalid uuid: neutron. To ensure interoperability, identifiers should be a valid uuid. warnings.warn(('Invalid uuid: %s. To ensure interoperability, '
2026-04-24 07:28:42.341 7 INFO neutron_taas.services.taas.taas_plugin [None req-2d7a6b1a-1e44-4563-ae77-745d5845ddf9 e1dd00d3b3024eb8ac5eafe79d4c5a5b 5ec0288265854311869c9885d53e8119 - - default default] TaaS: Handle Delete Port: abef11a2-d3d8-41f0-a6c5-f17f5ac39ae9
2026-04-24 07:28:42.344 7 INFO neutron_taas.services.taas.tap_mirror_plugin [None req-2d7a6b1a-1e44-4563-ae77-745d5845ddf9 e1dd00d3b3024eb8ac5eafe79d4c5a5b 5ec0288265854311869c9885d53e8119 - - default default] Tap Mirror: Handle Delete Port: abef11a2-d3d8-41f0-a6c5-f17f5ac39ae9 [pid: 7|app: 0|req: 1576/3303] 10.0.0.68 () {34 vars in 788 bytes} [Fri Apr 24 07:28:42 2026] PUT /v2.0/routers/494eff97-9b1f-4213-a45b-231bd2566e46/remove_router_interface => generated 309 bytes in 788 msecs (HTTP/1.1 200) 4 headers in 157 bytes (1 switches on core 0)
2026-04-24 07:28:42.987 8 INFO neutron.api.v2.resource [None req-360bca26-c4d6-4fb7-b21f-649b5fe21b2d e1dd00d3b3024eb8ac5eafe79d4c5a5b 5ec0288265854311869c9885d53e8119 - - default default] remove_router_interface failed (client error): The resource could not be found. [pid: 8|app: 0|req: 1728/3304] 10.0.0.68 () {34 vars in 788 bytes} [Fri Apr 24 07:28:42 2026] PUT /v2.0/routers/494eff97-9b1f-4213-a45b-231bd2566e46/remove_router_interface => generated 198 bytes in 112 msecs (HTTP/1.1 404) 4 headers in 164 bytes (1 switches on core 0) /var/lib/openstack/lib/python3.12/site-packages/pycadf/identifier.py:70: UserWarning: Invalid uuid: neutron. To ensure interoperability, identifiers should be a valid uuid. warnings.warn(('Invalid uuid: %s. To ensure interoperability, '
2026-04-24 07:28:43.295 7 INFO neutron_taas.services.taas.taas_plugin [None req-dc4a01e2-26f0-460b-8791-0b03589bb171 e1dd00d3b3024eb8ac5eafe79d4c5a5b 5ec0288265854311869c9885d53e8119 - - default default] TaaS: Handle Delete Port: 82992352-bf2e-41d8-91d4-e6f49d5c07c0
2026-04-24 07:28:43.299 7 INFO neutron_taas.services.taas.tap_mirror_plugin [None req-dc4a01e2-26f0-460b-8791-0b03589bb171 e1dd00d3b3024eb8ac5eafe79d4c5a5b 5ec0288265854311869c9885d53e8119 - - default default] Tap Mirror: Handle Delete Port: 82992352-bf2e-41d8-91d4-e6f49d5c07c0 [pid: 7|app: 0|req: 1577/3305] 10.0.0.68 () {32 vars in 723 bytes} [Fri Apr 24 07:28:42 2026] DELETE /v2.0/routers/494eff97-9b1f-4213-a45b-231bd2566e46 => generated 0 bytes in 698 msecs (HTTP/1.1 204) 2 headers in 112 bytes (1 switches on core 0)
2026-04-24 07:28:43.714 8 INFO neutron.api.v2.resource [None req-fcc4b068-685e-48f9-a33e-a82feff62871 e1dd00d3b3024eb8ac5eafe79d4c5a5b 5ec0288265854311869c9885d53e8119 - - default default] show failed (client error): The resource could not be found. [pid: 8|app: 0|req: 1729/3306] 10.0.0.68 () {32 vars in 720 bytes} [Fri Apr 24 07:28:43 2026] GET /v2.0/routers/494eff97-9b1f-4213-a45b-231bd2566e46 => generated 135 bytes in 18 msecs (HTTP/1.1 404) 4 headers in 164 bytes (1 switches on core 0) [pid: 7|app: 0|req: 1578/3307] 10.0.0.68 () {32 vars in 723 bytes} [Fri Apr 24 07:28:43 2026] DELETE /v2.0/subnets/85447d7a-23a0-409d-bc9e-26972718f8c3 => generated 0 bytes in 138 msecs (HTTP/1.1 204) 3 headers in 131 bytes (1 switches on core 0)
2026-04-24 07:28:43.873 8 INFO neutron.pecan_wsgi.hooks.translation [None req-e6d46e04-727a-44a0-b367-48e5aa34f83b e1dd00d3b3024eb8ac5eafe79d4c5a5b 5ec0288265854311869c9885d53e8119 - - default default] GET failed (client error): The resource could not be found. [pid: 8|app: 0|req: 1730/3308] 10.0.0.68 () {32 vars in 720 bytes} [Fri Apr 24 07:28:43 2026] GET /v2.0/subnets/85447d7a-23a0-409d-bc9e-26972718f8c3 => generated 136 bytes in 10 msecs (HTTP/1.1 404) 4 headers in 164 bytes (1 switches on core 0) [pid: 7|app: 0|req: 1579/3309] 10.0.0.68 () {32 vars in 723 bytes} [Fri Apr 24 07:28:43 2026] DELETE /v2.0/subnets/94bdf6f4-c01d-4b61-a248-0f301366abaa => generated 0 bytes in 155 msecs (HTTP/1.1 204) 3 headers in 131 bytes (1 switches on core 0)
2026-04-24 07:28:44.050 8 INFO neutron.pecan_wsgi.hooks.translation [None req-c2d43e30-f24a-4b1f-b809-1630e3d6db2e e1dd00d3b3024eb8ac5eafe79d4c5a5b 5ec0288265854311869c9885d53e8119 - - default default] GET failed (client error): The resource could not be found. [pid: 8|app: 0|req: 1731/3310] 10.0.0.68 () {32 vars in 720 bytes} [Fri Apr 24 07:28:44 2026] GET /v2.0/subnets/94bdf6f4-c01d-4b61-a248-0f301366abaa => generated 136 bytes in 14 msecs (HTTP/1.1 404) 4 headers in 164 bytes (1 switches on core 0)
2026-04-24 07:28:44.165 7 INFO neutron_taas.services.taas.taas_plugin [None req-d4090f46-8333-4fb1-8a9e-a5abb353561f e1dd00d3b3024eb8ac5eafe79d4c5a5b 5ec0288265854311869c9885d53e8119 - - default default] TaaS: Handle Delete Port: 81a31838-bc9d-499a-a96d-a393850bbf62
2026-04-24 07:28:44.168 7 INFO neutron_taas.services.taas.tap_mirror_plugin [None req-d4090f46-8333-4fb1-8a9e-a5abb353561f e1dd00d3b3024eb8ac5eafe79d4c5a5b 5ec0288265854311869c9885d53e8119 - - default default] Tap Mirror: Handle Delete Port: 81a31838-bc9d-499a-a96d-a393850bbf62
2026-04-24 07:28:44.358 7 INFO neutron.services.segments.plugin [-] Segment a577db2f-8935-4057-8a59-433e864e36aa resource provider aggregate not found
2026-04-24 07:28:44.363 7 INFO neutron.services.segments.plugin [-] Segment a577db2f-8935-4057-8a59-433e864e36aa resource provider aggregate not found
2026-04-24 07:28:44.379 7 INFO neutron.services.segments.plugin [-] Segment a577db2f-8935-4057-8a59-433e864e36aa resource provider not found; error: Placement Client Error (4xx): {"errors": [{"status": 404, "title": "Not Found", "detail": "The resource could not be found.\n\n No resource provider with uuid a577db2f-8935-4057-8a59-433e864e36aa found for delete ", "request_id": "req-59363834-ea7c-477e-8411-e63c705778cb"}]}
2026-04-24 07:28:44.384 7 INFO neutron.services.segments.plugin [-] Segment a577db2f-8935-4057-8a59-433e864e36aa resource provider not found; error: Placement Client Error (4xx): {"errors": [{"status": 404, "title": "Not Found", "detail": "The resource could not be found.\n\n No resource provider with uuid a577db2f-8935-4057-8a59-433e864e36aa found for delete ", "request_id": "req-6a4dd3a4-319a-4675-aa3b-66adb8d4e755"}]} [pid: 7|app: 0|req: 1580/3311] 10.0.0.68 () {32 vars in 725 bytes} [Fri Apr 24 07:28:44 2026] DELETE /v2.0/networks/d1079180-0ff3-43ea-9c70-eeb40c04c462 => generated 0 bytes in 363 msecs (HTTP/1.1 204) 3 headers in 131 bytes (1 switches on core 0)
2026-04-24 07:28:44.436 8 INFO neutron.pecan_wsgi.hooks.translation [None req-2ad91c41-2fdc-49b9-af8c-1f950d47c65c e1dd00d3b3024eb8ac5eafe79d4c5a5b 5ec0288265854311869c9885d53e8119 - - default default] GET failed (client error): The resource could not be found. [pid: 8|app: 0|req: 1732/3312] 10.0.0.68 () {32 vars in 722 bytes} [Fri Apr 24 07:28:44 2026] GET /v2.0/networks/d1079180-0ff3-43ea-9c70-eeb40c04c462 => generated 138 bytes in 14 msecs (HTTP/1.1 404) 4 headers in 164 bytes (1 switches on core 0) [pid: 7|app: 0|req: 1581/3313] 10.0.0.68 () {32 vars in 723 bytes} [Fri Apr 24 07:28:44 2026] DELETE /v2.0/subnets/a4fc6e9a-fa96-40d7-9724-78712668a48d => generated 0 bytes in 166 msecs (HTTP/1.1 204) 3 headers in 131 bytes (1 switches on core 0)
2026-04-24 07:28:44.624 8 INFO neutron.pecan_wsgi.hooks.translation [None req-503b167f-362e-4dbb-945c-1dffbda9fb8d e1dd00d3b3024eb8ac5eafe79d4c5a5b 5ec0288265854311869c9885d53e8119 - - default default] GET failed (client error): The resource could not be found. [pid: 8|app: 0|req: 1733/3314] 10.0.0.68 () {32 vars in 720 bytes} [Fri Apr 24 07:28:44 2026] GET /v2.0/subnets/a4fc6e9a-fa96-40d7-9724-78712668a48d => generated 136 bytes in 13 msecs (HTTP/1.1 404) 4 headers in 164 bytes (1 switches on core 0) [pid: 7|app: 0|req: 1582/3315] 10.0.0.68 () {32 vars in 723 bytes} [Fri Apr 24 07:28:44 2026] DELETE /v2.0/subnets/dfe81217-28ca-46c4-a07a-1b1cf1efa4e4 => generated 0 bytes in 161 msecs (HTTP/1.1 204) 3 headers in 131 bytes (1 switches on core 0)
2026-04-24 07:28:44.808 8 INFO neutron.pecan_wsgi.hooks.translation [None req-7c29af60-aeae-4e08-b9c5-5b628aacde64 e1dd00d3b3024eb8ac5eafe79d4c5a5b 5ec0288265854311869c9885d53e8119 - - default default] GET failed (client error): The resource could not be found. [pid: 8|app: 0|req: 1734/3316] 10.0.0.68 () {32 vars in 720 bytes} [Fri Apr 24 07:28:44 2026] GET /v2.0/subnets/dfe81217-28ca-46c4-a07a-1b1cf1efa4e4 => generated 136 bytes in 12 msecs (HTTP/1.1 404) 4 headers in 164 bytes (1 switches on core 0)
2026-04-24 07:28:44.927 7 INFO neutron_taas.services.taas.taas_plugin [None req-4d21cdff-dfb1-4589-8e86-8327c13cd0f3 e1dd00d3b3024eb8ac5eafe79d4c5a5b 5ec0288265854311869c9885d53e8119 - - default default] TaaS: Handle Delete Port: 77d9da73-fdf4-4fc0-ac6a-0721218e973b
2026-04-24 07:28:44.929 7 INFO neutron_taas.services.taas.tap_mirror_plugin [None req-4d21cdff-dfb1-4589-8e86-8327c13cd0f3 e1dd00d3b3024eb8ac5eafe79d4c5a5b 5ec0288265854311869c9885d53e8119 - - default default] Tap Mirror: Handle Delete Port: 77d9da73-fdf4-4fc0-ac6a-0721218e973b [pid: 7|app: 0|req: 1583/3317] 10.0.0.68 () {32 vars in 725 bytes} [Fri Apr 24 07:28:44 2026] DELETE /v2.0/networks/0d3da212-8de0-49db-ad18-2c1dd4c7107d => generated 0 bytes in 318 msecs (HTTP/1.1 204) 3 headers in 131 bytes (1 switches on core 0)
2026-04-24 07:28:45.150 8 INFO neutron.pecan_wsgi.hooks.translation [None req-5820f2e9-f4f9-4f04-8294-09b252a982a7 e1dd00d3b3024eb8ac5eafe79d4c5a5b 5ec0288265854311869c9885d53e8119 - - default default] GET failed (client error): The resource could not be found. [pid: 8|app: 0|req: 1735/3318] 10.0.0.68 () {32 vars in 722 bytes} [Fri Apr 24 07:28:45 2026] GET /v2.0/networks/0d3da212-8de0-49db-ad18-2c1dd4c7107d => generated 138 bytes in 14 msecs (HTTP/1.1 404) 4 headers in 164 bytes (1 switches on core 0) [pid: 7|app: 0|req: 1584/3319] 10.0.0.68 () {32 vars in 723 bytes} [Fri Apr 24 07:28:45 2026] DELETE /v2.0/subnets/0803dab3-7c46-4b2c-a1f4-a8c34d755fae => generated 0 bytes in 137 msecs (HTTP/1.1 204) 3 headers in 131 bytes (1 switches on core 0)
2026-04-24 07:28:45.311 8 INFO neutron.pecan_wsgi.hooks.translation [None req-62a55385-09e1-4cb9-a198-1c9e291d382f e1dd00d3b3024eb8ac5eafe79d4c5a5b 5ec0288265854311869c9885d53e8119 - - default default] GET failed (client error): The resource could not be found. [pid: 8|app: 0|req: 1736/3320] 10.0.0.68 () {32 vars in 720 bytes} [Fri Apr 24 07:28:45 2026] GET /v2.0/subnets/0803dab3-7c46-4b2c-a1f4-a8c34d755fae => generated 136 bytes in 13 msecs (HTTP/1.1 404) 4 headers in 164 bytes (1 switches on core 0) [pid: 7|app: 0|req: 1585/3321] 10.0.0.68 () {32 vars in 723 bytes} [Fri Apr 24 07:28:45 2026] DELETE /v2.0/subnets/d6129193-d25b-408c-8d35-b08ee1d11cf5 => generated 0 bytes in 174 msecs (HTTP/1.1 204) 3 headers in 131 bytes (1 switches on core 0)
2026-04-24 07:28:45.512 8 INFO neutron.pecan_wsgi.hooks.translation [None req-acf7c377-7058-4ceb-a345-a9e677885d95 e1dd00d3b3024eb8ac5eafe79d4c5a5b 5ec0288265854311869c9885d53e8119 - - default default] GET failed (client error): The resource could not be found. [pid: 8|app: 0|req: 1737/3322] 10.0.0.68 () {32 vars in 720 bytes} [Fri Apr 24 07:28:45 2026] GET /v2.0/subnets/d6129193-d25b-408c-8d35-b08ee1d11cf5 => generated 136 bytes in 18 msecs (HTTP/1.1 404) 4 headers in 164 bytes (1 switches on core 0)
2026-04-24 07:28:45.630 7 INFO neutron_taas.services.taas.taas_plugin [None req-67ec1622-82d7-4d64-a552-16d31cf8e9cf e1dd00d3b3024eb8ac5eafe79d4c5a5b 5ec0288265854311869c9885d53e8119 - - default default] TaaS: Handle Delete Port: f7365d92-0c61-4ee7-8d03-3f1ac956654b
2026-04-24 07:28:45.633 7 INFO neutron_taas.services.taas.tap_mirror_plugin [None req-67ec1622-82d7-4d64-a552-16d31cf8e9cf e1dd00d3b3024eb8ac5eafe79d4c5a5b 5ec0288265854311869c9885d53e8119 - - default default] Tap Mirror: Handle Delete Port: f7365d92-0c61-4ee7-8d03-3f1ac956654b [pid: 7|app: 0|req: 1586/3323] 10.0.0.68 () {32 vars in 725 bytes} [Fri Apr 24 07:28:45 2026] DELETE /v2.0/networks/edfff6ad-06ad-4b8f-aa11-884b5d79a12b => generated 0 bytes in 351 msecs (HTTP/1.1 204) 3 headers in 131 bytes (1 switches on core 0)
2026-04-24 07:28:45.891 8 INFO neutron.pecan_wsgi.hooks.translation [None req-b3cd9e0f-a714-483a-9379-0d954e24f4f9 e1dd00d3b3024eb8ac5eafe79d4c5a5b 5ec0288265854311869c9885d53e8119 - - default default] GET failed (client error): The resource could not be found. [pid: 8|app: 0|req: 1738/3324] 10.0.0.68 () {32 vars in 722 bytes} [Fri Apr 24 07:28:45 2026] GET /v2.0/networks/edfff6ad-06ad-4b8f-aa11-884b5d79a12b => generated 138 bytes in 17 msecs (HTTP/1.1 404) 4 headers in 164 bytes (1 switches on core 0)
2026-04-24 07:28:46.407 7 INFO neutron.services.segments.plugin [-] Segment 04dc9180-8c8a-4b02-8460-916cde936b80 resource provider aggregate not found
2026-04-24 07:28:46.411 7 INFO neutron.services.segments.plugin [-] Segment 04dc9180-8c8a-4b02-8460-916cde936b80 resource provider aggregate not found
2026-04-24 07:28:46.424 7 INFO neutron.services.segments.plugin [-] Segment 04dc9180-8c8a-4b02-8460-916cde936b80 resource provider not found; error: Placement Client Error (4xx): {"errors": [{"status": 404, "title": "Not Found", "detail": "The resource could not be found.\n\n No resource provider with uuid 04dc9180-8c8a-4b02-8460-916cde936b80 found for delete ", "request_id": "req-ceda2981-5024-41fc-934b-2ae576f1db02"}]}
2026-04-24 07:28:46.428 7 INFO neutron.services.segments.plugin [-] Segment 04dc9180-8c8a-4b02-8460-916cde936b80 resource provider not found; error: Placement Client Error (4xx): {"errors": [{"status": 404, "title": "Not Found", "detail": "The resource could not be found.\n\n No resource provider with uuid 04dc9180-8c8a-4b02-8460-916cde936b80 found for delete ", "request_id": "req-8ce457f2-3a20-4b2f-b510-f65f2c132773"}]}
2026-04-24 07:28:46.441 7 INFO neutron.services.segments.plugin [-] Segment 74ec3f2f-6b03-484c-9009-0314e0e3b352 resource provider aggregate not found
2026-04-24 07:28:46.441 7 INFO neutron.services.segments.plugin [-] Segment 74ec3f2f-6b03-484c-9009-0314e0e3b352 resource provider aggregate not found
2026-04-24 07:28:46.456 7 INFO neutron.services.segments.plugin [-] Segment 74ec3f2f-6b03-484c-9009-0314e0e3b352 resource provider not found; error: Placement Client Error (4xx): {"errors": [{"status": 404, "title": "Not Found", "detail": "The resource could not be found.\n\n No resource provider with uuid 74ec3f2f-6b03-484c-9009-0314e0e3b352 found for delete ", "request_id": "req-af2bd997-11cc-407e-9ff5-11531f9e0f5b"}]}
2026-04-24 07:28:46.459 7 INFO neutron.services.segments.plugin [-] Segment 74ec3f2f-6b03-484c-9009-0314e0e3b352 resource provider not found; error: Placement Client Error (4xx): {"errors": [{"status": 404, "title": "Not Found", "detail": "The resource could not be found.\n\n No resource provider with uuid 74ec3f2f-6b03-484c-9009-0314e0e3b352 found for delete ", "request_id": "req-7a0d0c12-ed31-4155-9a76-9b3c7dcabccd"}]}
2026-04-24 07:28:48.023 7 INFO neutron.db.ovn_revision_numbers_db [None req-af4928fa-746c-466d-86b3-158739b1a50a a54cc2f3933943d4a9d7f1e9bb3a764a 3b42a3090d7541cfa3fc39a7ef0e52f5 - - default default] Successfully bumped revision number for resource 31c9f51f-7e88-4873-ae9e-8d87a9d0daa5 (type: security_groups) to 1
2026-04-24 07:28:48.035 7 INFO neutron.db.ovn_revision_numbers_db [None req-af4928fa-746c-466d-86b3-158739b1a50a a54cc2f3933943d4a9d7f1e9bb3a764a 3b42a3090d7541cfa3fc39a7ef0e52f5 - - default default] Successfully bumped revision number for resource 76867341-674b-4ec4-ba7a-006c16090f79 (type: security_group_rules) to 0
2026-04-24 07:28:48.045 7 INFO neutron.db.ovn_revision_numbers_db [None req-af4928fa-746c-466d-86b3-158739b1a50a a54cc2f3933943d4a9d7f1e9bb3a764a 3b42a3090d7541cfa3fc39a7ef0e52f5 - - default default] Successfully bumped revision number for resource 9fc52aa9-754f-4c08-b680-1f124ea14acb (type: security_group_rules) to 0
2026-04-24 07:28:48.055 7 INFO neutron.db.ovn_revision_numbers_db [None req-af4928fa-746c-466d-86b3-158739b1a50a a54cc2f3933943d4a9d7f1e9bb3a764a 3b42a3090d7541cfa3fc39a7ef0e52f5 - - default default] Successfully bumped revision number for resource a1bda6c5-4ffe-4978-80d5-afe400fdf1df (type: security_group_rules) to 0
2026-04-24 07:28:48.066 7 INFO neutron.db.ovn_revision_numbers_db [None req-af4928fa-746c-466d-86b3-158739b1a50a a54cc2f3933943d4a9d7f1e9bb3a764a 3b42a3090d7541cfa3fc39a7ef0e52f5 - - default default] Successfully bumped revision number for resource b1db3425-8e7b-40f8-9b6b-88fc0236d345 (type: security_group_rules) to 0 [pid: 7|app: 0|req: 1587/3325] 10.0.0.68 () {32 vars in 773 bytes} [Fri Apr 24 07:28:47 2026] GET /v2.0/security-groups?tenant_id=baf9d54745c742a4967171656d7fde10&name=default => generated 2929 bytes in 363 msecs (HTTP/1.1 200) 4 headers in 158 bytes (1 switches on core 0) [pid: 8|app: 0|req: 1739/3326] 10.0.0.68 () {32 vars in 739 bytes} [Fri Apr 24 07:28:48 2026] DELETE /v2.0/security-groups/31c9f51f-7e88-4873-ae9e-8d87a9d0daa5 => generated 0 bytes in 229 msecs (HTTP/1.1 204) 2 headers in 112 bytes (1 switches on core 0)
2026-04-24 07:28:48.561 7 INFO neutron.db.ovn_revision_numbers_db [None req-ca918df5-ea1b-4eee-a5e2-052ebc191f5e a54cc2f3933943d4a9d7f1e9bb3a764a 3b42a3090d7541cfa3fc39a7ef0e52f5 - - default default] Successfully bumped revision number for resource d564cdb5-607e-46ea-af5c-7e98a8f0701c (type: security_groups) to 1
2026-04-24 07:28:48.570 7 INFO neutron.db.ovn_revision_numbers_db [None req-ca918df5-ea1b-4eee-a5e2-052ebc191f5e a54cc2f3933943d4a9d7f1e9bb3a764a 3b42a3090d7541cfa3fc39a7ef0e52f5 - - default default] Successfully bumped revision number for resource 607d66ef-6876-4a78-9139-7632bb558e70 (type: security_group_rules) to 0
2026-04-24 07:28:48.581 7 INFO neutron.db.ovn_revision_numbers_db [None req-ca918df5-ea1b-4eee-a5e2-052ebc191f5e a54cc2f3933943d4a9d7f1e9bb3a764a 3b42a3090d7541cfa3fc39a7ef0e52f5 - - default default] Successfully bumped revision number for resource 87f671e1-baff-4de7-84a3-c81e51eed4fa (type: security_group_rules) to 0
2026-04-24 07:28:48.592 7 INFO neutron.db.ovn_revision_numbers_db [None req-ca918df5-ea1b-4eee-a5e2-052ebc191f5e a54cc2f3933943d4a9d7f1e9bb3a764a 3b42a3090d7541cfa3fc39a7ef0e52f5 - - default default] Successfully bumped revision number for resource d583b782-5ce7-4f8c-84a5-cdf400c9b8e6 (type: security_group_rules) to 0
2026-04-24 07:28:48.603 7 INFO neutron.db.ovn_revision_numbers_db [None req-ca918df5-ea1b-4eee-a5e2-052ebc191f5e a54cc2f3933943d4a9d7f1e9bb3a764a 3b42a3090d7541cfa3fc39a7ef0e52f5 - - default default] Successfully bumped revision number for resource ed292fba-49d5-4d04-92cd-7d0a2f28b4bc (type: security_group_rules) to 0 [pid: 7|app: 0|req: 1588/3327] 10.0.0.68 () {32 vars in 773 bytes} [Fri Apr 24 07:28:48 2026] GET /v2.0/security-groups?tenant_id=e67690a6ca6b46e89742d833d121da8e&name=default => generated 2929 bytes in 221 msecs (HTTP/1.1 200) 4 headers in 158 bytes (1 switches on core 0) [pid: 8|app: 0|req: 1740/3328] 10.0.0.68 () {32 vars in 739 bytes} [Fri Apr 24 07:28:48 2026] DELETE /v2.0/security-groups/d564cdb5-607e-46ea-af5c-7e98a8f0701c => generated 0 bytes in 221 msecs (HTTP/1.1 204) 2 headers in 112 bytes (1 switches on core 0)
2026-04-24 07:28:49.171 7 INFO neutron.db.ovn_revision_numbers_db [None req-af13b6da-86b8-46ae-af34-92b58fbdb9c6 a54cc2f3933943d4a9d7f1e9bb3a764a 3b42a3090d7541cfa3fc39a7ef0e52f5 - - default default] Successfully bumped revision number for resource 46c1f554-fd7e-4782-8a9a-c845067b3334 (type: security_groups) to 1
2026-04-24 07:28:49.183 7 INFO neutron.db.ovn_revision_numbers_db [None req-af13b6da-86b8-46ae-af34-92b58fbdb9c6 a54cc2f3933943d4a9d7f1e9bb3a764a 3b42a3090d7541cfa3fc39a7ef0e52f5 - - default default] Successfully bumped revision number for resource 4e6483c4-2f8e-4e9a-b1d3-1338ae0aa014 (type: security_group_rules) to 0
2026-04-24 07:28:49.194 7 INFO neutron.db.ovn_revision_numbers_db [None req-af13b6da-86b8-46ae-af34-92b58fbdb9c6 a54cc2f3933943d4a9d7f1e9bb3a764a 3b42a3090d7541cfa3fc39a7ef0e52f5 - - default default] Successfully bumped revision number for resource 5a95e685-2015-4d83-9c5a-82112be228ef (type: security_group_rules) to 0
2026-04-24 07:28:49.206 7 INFO neutron.db.ovn_revision_numbers_db [None req-af13b6da-86b8-46ae-af34-92b58fbdb9c6 a54cc2f3933943d4a9d7f1e9bb3a764a 3b42a3090d7541cfa3fc39a7ef0e52f5 - - default default] Successfully bumped revision number for resource 72a05a80-ca16-4a57-8568-9172fbf62ce4 (type: security_group_rules) to 0
2026-04-24 07:28:49.218 7 INFO neutron.db.ovn_revision_numbers_db [None req-af13b6da-86b8-46ae-af34-92b58fbdb9c6 a54cc2f3933943d4a9d7f1e9bb3a764a 3b42a3090d7541cfa3fc39a7ef0e52f5 - - default default] Successfully bumped revision number for resource c33fa74f-85f0-4aa6-8d21-2038575cb97f (type: security_group_rules) to 0 [pid: 7|app: 0|req: 1589/3329] 10.0.0.68 () {32 vars in 773 bytes} [Fri Apr 24 07:28:49 2026] GET /v2.0/security-groups?tenant_id=051b0d1e1ff94e5592d0d348ec39732b&name=default => generated 2929 bytes in 233 msecs (HTTP/1.1 200) 4 headers in 158 bytes (1 switches on core 0) [pid: 8|app: 0|req: 1741/3330] 10.0.0.68 () {32 vars in 739 bytes} [Fri Apr 24 07:28:49 2026] DELETE /v2.0/security-groups/46c1f554-fd7e-4782-8a9a-c845067b3334 => generated 0 bytes in 202 msecs (HTTP/1.1 204) 2 headers in 112 bytes (1 switches on core 0)
2026-04-24 07:28:49.714 7 INFO neutron.db.ovn_revision_numbers_db [None req-d4448c34-370d-4971-969f-e29e8b4ad9b9 a54cc2f3933943d4a9d7f1e9bb3a764a 3b42a3090d7541cfa3fc39a7ef0e52f5 - - default default] Successfully bumped revision number for resource 9119baed-75c1-41e8-9b59-27462bd38d1e (type: security_groups) to 1
2026-04-24 07:28:49.729 7 INFO neutron.db.ovn_revision_numbers_db [None req-d4448c34-370d-4971-969f-e29e8b4ad9b9 a54cc2f3933943d4a9d7f1e9bb3a764a 3b42a3090d7541cfa3fc39a7ef0e52f5 - - default default] Successfully bumped revision number for resource 2143e708-6ff4-45c8-b733-089fda463b26 (type: security_group_rules) to 0
2026-04-24 07:28:49.740 7 INFO neutron.db.ovn_revision_numbers_db [None req-d4448c34-370d-4971-969f-e29e8b4ad9b9 a54cc2f3933943d4a9d7f1e9bb3a764a 3b42a3090d7541cfa3fc39a7ef0e52f5 - - default default] Successfully bumped revision number for resource 286fe4c9-a52f-412a-8a06-55ad0ad333c2 (type: security_group_rules) to 0
2026-04-24 07:28:49.751 7 INFO neutron.db.ovn_revision_numbers_db [None req-d4448c34-370d-4971-969f-e29e8b4ad9b9 a54cc2f3933943d4a9d7f1e9bb3a764a 3b42a3090d7541cfa3fc39a7ef0e52f5 - - default default] Successfully bumped revision number for resource 3708af72-0190-4ab8-a259-7a2513c6e501 (type: security_group_rules) to 0
2026-04-24 07:28:49.762 7 INFO neutron.db.ovn_revision_numbers_db [None req-d4448c34-370d-4971-969f-e29e8b4ad9b9 a54cc2f3933943d4a9d7f1e9bb3a764a 3b42a3090d7541cfa3fc39a7ef0e52f5 - - default default] Successfully bumped revision number for resource 70b815a2-d650-4e44-99a5-98ae9cfabb9e (type: security_group_rules) to 0 [pid: 7|app: 0|req: 1590/3331] 10.0.0.68 () {32 vars in 773 bytes} [Fri Apr 24 07:28:49 2026] GET /v2.0/security-groups?tenant_id=528a58c119404e6994039240d9d68307&name=default => generated 2929 bytes in 217 msecs (HTTP/1.1 200) 4 headers in 158 bytes (1 switches on core 0) [pid: 8|app: 0|req: 1742/3332] 10.0.0.68 () {32 vars in 739 bytes} [Fri Apr 24 07:28:49 2026] DELETE /v2.0/security-groups/9119baed-75c1-41e8-9b59-27462bd38d1e => generated 0 bytes in 210 msecs (HTTP/1.1 204) 2 headers in 112 bytes (1 switches on core 0) [pid: 7|app: 0|req: 1591/3333] 10.0.0.68 () {32 vars in 773 bytes} [Fri Apr 24 07:28:50 2026] GET /v2.0/security-groups?tenant_id=5ec0288265854311869c9885d53e8119&name=default => generated 2929 bytes in 26 msecs (HTTP/1.1 200) 4 headers in 158 bytes (1 switches on core 0) [pid: 8|app: 0|req: 1743/3334] 10.0.0.68 () {32 vars in 739 bytes} [Fri Apr 24 07:28:50 2026] DELETE /v2.0/security-groups/d999d81c-0068-4836-9a71-41792de83278 => generated 0 bytes in 240 msecs (HTTP/1.1 204) 2 headers in 112 bytes (1 switches on core 0)
2026-04-24 07:28:50.712 7 INFO neutron.db.ovn_revision_numbers_db [None req-4535102a-5250-4ee4-835f-864d102c4178 a54cc2f3933943d4a9d7f1e9bb3a764a 3b42a3090d7541cfa3fc39a7ef0e52f5 - - default default] Successfully bumped revision number for resource b29c3622-883f-4b06-b3d5-ffd5afbc134d (type: security_groups) to 1
2026-04-24 07:28:50.724 7 INFO neutron.db.ovn_revision_numbers_db [None req-4535102a-5250-4ee4-835f-864d102c4178 a54cc2f3933943d4a9d7f1e9bb3a764a 3b42a3090d7541cfa3fc39a7ef0e52f5 - - default default] Successfully bumped revision number for resource 476c1d9d-3b10-4abc-8bd4-48260b247241 (type: security_group_rules) to 0
2026-04-24 07:28:50.737 7 INFO neutron.db.ovn_revision_numbers_db [None req-4535102a-5250-4ee4-835f-864d102c4178 a54cc2f3933943d4a9d7f1e9bb3a764a 3b42a3090d7541cfa3fc39a7ef0e52f5 - - default default] Successfully bumped revision number for resource 91a84306-91f9-4c81-a3eb-d267f05159a2 (type: security_group_rules) to 0
2026-04-24 07:28:50.749 7 INFO neutron.db.ovn_revision_numbers_db [None req-4535102a-5250-4ee4-835f-864d102c4178 a54cc2f3933943d4a9d7f1e9bb3a764a 3b42a3090d7541cfa3fc39a7ef0e52f5 - - default default] Successfully bumped revision number for resource 9692176b-314b-49b8-a25d-755764a3c0c9 (type: security_group_rules) to 0
2026-04-24 07:28:50.761 7 INFO neutron.db.ovn_revision_numbers_db [None req-4535102a-5250-4ee4-835f-864d102c4178 a54cc2f3933943d4a9d7f1e9bb3a764a 3b42a3090d7541cfa3fc39a7ef0e52f5 - - default default] Successfully bumped revision number for resource e824499e-2ec5-434a-b0c4-ebb9f8a2fd61 (type: security_group_rules) to 0 [pid: 7|app: 0|req: 1592/3335] 10.0.0.68 () {32 vars in 773 bytes} [Fri Apr 24 07:28:50 2026] GET /v2.0/security-groups?tenant_id=18604d27b07d4a4aa79dc526fbd7f21d&name=default => generated 2929 bytes in 225 msecs (HTTP/1.1 200) 4 headers in 158 bytes (1 switches on core 0) [pid: 8|app: 0|req: 1744/3336] 10.0.0.68 () {32 vars in 739 bytes} [Fri Apr 24 07:28:50 2026] DELETE /v2.0/security-groups/b29c3622-883f-4b06-b3d5-ffd5afbc134d => generated 0 bytes in 214 msecs (HTTP/1.1 204) 2 headers in 112 bytes (1 switches on core 0)
2026-04-24 07:28:51.287 7 INFO neutron.db.ovn_revision_numbers_db [None req-3dc9fbcd-fafe-4457-b3bd-c07fcd0bc485 a54cc2f3933943d4a9d7f1e9bb3a764a 3b42a3090d7541cfa3fc39a7ef0e52f5 - - default default] Successfully bumped revision number for resource cea3764f-364a-43c6-b6b0-bc5b2ccc09fd (type: security_groups) to 1
2026-04-24 07:28:51.299 7 INFO neutron.db.ovn_revision_numbers_db [None req-3dc9fbcd-fafe-4457-b3bd-c07fcd0bc485 a54cc2f3933943d4a9d7f1e9bb3a764a 3b42a3090d7541cfa3fc39a7ef0e52f5 - - default default] Successfully bumped revision number for resource 15093026-be90-40a7-8f85-7ecf6cca79c2 (type: security_group_rules) to 0
2026-04-24 07:28:51.311 7 INFO neutron.db.ovn_revision_numbers_db [None req-3dc9fbcd-fafe-4457-b3bd-c07fcd0bc485 a54cc2f3933943d4a9d7f1e9bb3a764a 3b42a3090d7541cfa3fc39a7ef0e52f5 - - default default] Successfully bumped revision number for resource 44c26bba-5380-4a41-9c9c-de78c4906a02 (type: security_group_rules) to 0
2026-04-24 07:28:51.322 7 INFO neutron.db.ovn_revision_numbers_db [None req-3dc9fbcd-fafe-4457-b3bd-c07fcd0bc485 a54cc2f3933943d4a9d7f1e9bb3a764a 3b42a3090d7541cfa3fc39a7ef0e52f5 - - default default] Successfully bumped revision number for resource 75a95035-9c9b-4b09-ab44-d0d8bb2b3163 (type: security_group_rules) to 0
