2026-04-24 07:23:05.556 8 WARNING neutron.api.rpc.agentnotifiers.dhcp_rpc_agent_api [None req-78a16277-7bab-4a17-b337-8ca6689cd4e8 bb91c835b5e5469e818dc601a6896930 f94342cd3b3742ac90a8e13e9d6ff2f5 - - default default] Unable to schedule network bc58738b-b270-485d-ba42-984270190180: no agents available; will retry on subsequent port and subnet creation events. [pid: 7|app: 0|req: 877/1874] 10.0.0.68 () {32 vars in 719 bytes} [Fri Apr 24 07:23:05 2026] DELETE /v2.0/ports/e49dc6c4-2990-4d04-89ab-0be01adf2a44 => generated 0 bytes in 424 msecs (HTTP/1.1 204) 3 headers in 131 bytes (1 switches on core 0) [pid: 8|app: 0|req: 998/1875] 10.0.0.68 () {34 vars in 675 bytes} [Fri Apr 24 07:23:05 2026] POST /v2.0/floatingips => generated 552 bytes in 560 msecs (HTTP/1.1 201) 4 headers in 162 bytes (1 switches on core 0) [pid: 8|app: 0|req: 999/1876] 10.0.0.226 () {28 vars in 583 bytes} [Fri Apr 24 07:23:05 2026] GET /v2.0/subnets => generated 4573 bytes in 42 msecs (HTTP/1.1 200) 4 headers in 158 bytes (1 switches on core 0)
2026-04-24 07:23:06.051 8 INFO neutron_taas.services.taas.taas_plugin [None req-999692f0-ef2b-4a60-b774-0eed88637817 1ecf8d84ab8449448c3f4a0b78eb024d 0ee8f48a6d554c9997985959c1e461dd - - default default] TaaS: Handle Delete Port: 64cf52c2-f821-44ac-936d-cf6f3a344fa5
2026-04-24 07:23:06.055 8 INFO neutron_taas.services.taas.tap_mirror_plugin [None req-999692f0-ef2b-4a60-b774-0eed88637817 1ecf8d84ab8449448c3f4a0b78eb024d 0ee8f48a6d554c9997985959c1e461dd - - default default] Tap Mirror: Handle Delete Port: 64cf52c2-f821-44ac-936d-cf6f3a344fa5
2026-04-24 07:23:06.202 7 WARNING neutron.scheduler.dhcp_agent_scheduler [None req-d3abbc94-c5f1-4b5a-bbd9-c0a2ef387c84 - - - - - -] No more DHCP agents
2026-04-24 07:23:06.203 7 WARNING neutron.api.rpc.agentnotifiers.dhcp_rpc_agent_api [None req-d3abbc94-c5f1-4b5a-bbd9-c0a2ef387c84 - - - - - -] Unable to schedule network bc58738b-b270-485d-ba42-984270190180: no agents available; will retry on subsequent port and subnet creation events. [pid: 8|app: 0|req: 1000/1877] 10.0.0.68 () {32 vars in 719 bytes} [Fri Apr 24 07:23:05 2026] DELETE /v2.0/ports/64cf52c2-f821-44ac-936d-cf6f3a344fa5 => generated 0 bytes in 349 msecs (HTTP/1.1 204) 3 headers in 131 bytes (1 switches on core 0)
2026-04-24 07:23:06.347 8 INFO neutron.plugins.ml2.drivers.ovn.mech_driver.mech_driver [None req-6f42825e-7838-4422-85a4-1777a95c2daf - - - - - -] OVN reports status down for port: 567d94c6-c1b1-49d9-bc27-ef71cde59906
2026-04-24 07:23:06.361 7 INFO neutron.db.ovn_revision_numbers_db [None req-d3abbc94-c5f1-4b5a-bbd9-c0a2ef387c84 - - - - - -] Successfully bumped revision number for resource 567d94c6-c1b1-49d9-bc27-ef71cde59906 (type: ports) to 1
2026-04-24 07:23:06.544 8 WARNING neutron.scheduler.dhcp_agent_scheduler [None req-657be51a-b878-4e44-8237-cb12c666b81c bb91c835b5e5469e818dc601a6896930 f94342cd3b3742ac90a8e13e9d6ff2f5 - - default default] No more DHCP agents
2026-04-24 07:23:06.546 8 WARNING neutron.api.rpc.agentnotifiers.dhcp_rpc_agent_api [None req-657be51a-b878-4e44-8237-cb12c666b81c bb91c835b5e5469e818dc601a6896930 f94342cd3b3742ac90a8e13e9d6ff2f5 - - default default] Unable to schedule network bc58738b-b270-485d-ba42-984270190180: no agents available; will retry on subsequent port and subnet creation events.
2026-04-24 07:23:06.587 7 INFO neutron.db.ovn_revision_numbers_db [None req-d3abbc94-c5f1-4b5a-bbd9-c0a2ef387c84 - - - - - -] Successfully bumped revision number for resource 567d94c6-c1b1-49d9-bc27-ef71cde59906 (type: ports) to 3
2026-04-24 07:23:06.641 7 INFO neutron.db.segments_db [None req-d3abbc94-c5f1-4b5a-bbd9-c0a2ef387c84 - - - - - -] Added segment c04ea095-ab70-4685-ae84-63dc496de9b7 of type geneve for network c18349d1-61d5-4e27-8a6c-e1faf6659eaf
2026-04-24 07:23:06.739 7 INFO neutron.db.ovn_revision_numbers_db [None req-707bc29c-4e8d-4ba4-ac74-b6909f466d9f - - - - - -] Successfully bumped revision number for resource c18349d1-61d5-4e27-8a6c-e1faf6659eaf (type: networks) to 1 [pid: 8|app: 0|req: 1001/1878] 10.0.0.68 () {34 vars in 675 bytes} [Fri Apr 24 07:23:06 2026] POST /v2.0/floatingips => generated 552 bytes in 616 msecs (HTTP/1.1 201) 4 headers in 162 bytes (1 switches on core 0) [pid: 8|app: 0|req: 1002/1879] 10.0.0.226 () {28 vars in 591 bytes} [Fri Apr 24 07:23:06 2026] GET /v2.0/subnetpools => generated 19 bytes in 8 msecs (HTTP/1.1 200) 4 headers in 156 bytes (1 switches on core 0)
2026-04-24 07:23:06.891 7 WARNING neutron.scheduler.dhcp_agent_scheduler [None req-707bc29c-4e8d-4ba4-ac74-b6909f466d9f - - - - - -] No more DHCP agents
2026-04-24 07:23:06.892 7 WARNING neutron.api.rpc.agentnotifiers.dhcp_rpc_agent_api [None req-707bc29c-4e8d-4ba4-ac74-b6909f466d9f - - - - - -] Unable to schedule network c18349d1-61d5-4e27-8a6c-e1faf6659eaf: no agents available; will retry on subsequent port and subnet creation events.
2026-04-24 07:23:06.937 8 INFO neutron.plugins.ml2.drivers.ovn.mech_driver.mech_driver [None req-6f42825e-7838-4422-85a4-1777a95c2daf - - - - - -] OVN reports status down for port: 232d65c1-620a-43f6-88f3-0c02d1a10cba [pid: 8|app: 0|req: 1003/1880] 199.204.45.44 () {34 vars in 993 bytes} [Fri Apr 24 07:23:06 2026] GET /v2.0/ports?device_id=3bd3b5e6-0644-4e6f-bacc-b6a426644ca0 => generated 971 bytes in 110 msecs (HTTP/1.1 200) 4 headers in 157 bytes (1 switches on core 0)
2026-04-24 07:23:06.969 7 INFO neutron.db.ovn_revision_numbers_db [None req-707bc29c-4e8d-4ba4-ac74-b6909f466d9f - - - - - -] Successfully bumped revision number for resource 232d65c1-620a-43f6-88f3-0c02d1a10cba (type: ports) to 1 [pid: 8|app: 0|req: 1004/1881] 10.0.0.68 () {32 vars in 735 bytes} [Fri Apr 24 07:23:06 2026] GET /v2.0/ports?device_id=3600d000-2a80-456d-baca-bc5b413aae4d => generated 946 bytes in 47 msecs (HTTP/1.1 200) 4 headers in 157 bytes (1 switches on core 0) [pid: 8|app: 0|req: 1005/1882] 10.0.0.199 () {34 vars in 990 bytes} [Fri Apr 24 07:23:07 2026] GET /v2.0/ports?device_id=3bd3b5e6-0644-4e6f-bacc-b6a426644ca0 => generated 971 bytes in 60 msecs (HTTP/1.1 200) 4 headers in 157 bytes (1 switches on core 0)
2026-04-24 07:23:07.103 7 WARNING neutron.scheduler.dhcp_agent_scheduler [None req-707bc29c-4e8d-4ba4-ac74-b6909f466d9f - - - - - -] No more DHCP agents
2026-04-24 07:23:07.104 7 WARNING neutron.api.rpc.agentnotifiers.dhcp_rpc_agent_api [None req-707bc29c-4e8d-4ba4-ac74-b6909f466d9f - - - - - -] Unable to schedule network c18349d1-61d5-4e27-8a6c-e1faf6659eaf: no agents available; will retry on subsequent port and subnet creation events.
2026-04-24 07:23:07.141 7 INFO neutron.db.ovn_revision_numbers_db [None req-707bc29c-4e8d-4ba4-ac74-b6909f466d9f - - - - - -] Successfully bumped revision number for resource a521ef0a-e553-489c-8847-65ebb34c1486 (type: subnets) to 0
2026-04-24 07:23:07.142 7 WARNING neutron.plugins.ml2.drivers.ovn.mech_driver.ovsdb.ovn_client [None req-f4c83f63-957e-4f3e-833d-e04ee57ac660 - - - - - -] No hosting information found for port 7afb29c8-2503-47ae-9196-94195fd34abd: RuntimeError: No hosting information found for port 7afb29c8-2503-47ae-9196-94195fd34abd [pid: 8|app: 0|req: 1006/1883] 10.0.0.68 () {34 vars in 758 bytes} [Fri Apr 24 07:23:07 2026] PUT /v2.0/floatingips/60b36083-4b35-4303-839b-4b3c5d95b824/tags => generated 17 bytes in 69 msecs (HTTP/1.1 200) 4 headers in 156 bytes (1 switches on core 0) [pid: 8|app: 0|req: 1007/1884] 10.0.0.226 () {28 vars in 591 bytes} [Fri Apr 24 07:23:07 2026] GET /v2.0/floatingips => generated 2712 bytes in 30 msecs (HTTP/1.1 200) 4 headers in 158 bytes (1 switches on core 0)
2026-04-24 07:23:07.280 7 INFO neutron.db.ovn_revision_numbers_db [None req-f4c83f63-957e-4f3e-833d-e04ee57ac660 - - - - - -] Successfully bumped revision number for resource 7afb29c8-2503-47ae-9196-94195fd34abd (type: router_ports) to 2
2026-04-24 07:23:07.281 7 INFO neutron.plugins.ml2.drivers.ovn.mech_driver.mech_driver [None req-f4c83f63-957e-4f3e-833d-e04ee57ac660 - - - - - -] OVN reports status down for port: e49dc6c4-2990-4d04-89ab-0be01adf2a44
2026-04-24 07:23:07.304 8 INFO neutron_taas.services.taas.taas_plugin [req-5db5eb02-3083-48cf-99e5-cc8aeec5691f req-a38431c2-d439-42f8-9711-91a870f06b55 d68ef9acda594a64b20db1d6554ed4f2 4246a90e68bb41daa3022684d65e1297 - - default default] TaaS: Handle Delete Port: 409f181b-9d10-42f6-b7b8-b8b587a5045c
2026-04-24 07:23:07.308 8 INFO neutron_taas.services.taas.tap_mirror_plugin [req-5db5eb02-3083-48cf-99e5-cc8aeec5691f req-a38431c2-d439-42f8-9711-91a870f06b55 d68ef9acda594a64b20db1d6554ed4f2 4246a90e68bb41daa3022684d65e1297 - - default default] Tap Mirror: Handle Delete Port: 409f181b-9d10-42f6-b7b8-b8b587a5045c
2026-04-24 07:23:07.360 7 INFO neutron.plugins.ml2.drivers.ovn.mech_driver.mech_driver [None req-f4c83f63-957e-4f3e-833d-e04ee57ac660 - - - - - -] OVN reports status down for port: 0d07021d-040a-40e3-89f1-0d940e020eed [pid: 8|app: 0|req: 1008/1885] 199.204.45.44 () {36 vars in 996 bytes} [Fri Apr 24 07:23:07 2026] DELETE /v2.0/ports/409f181b-9d10-42f6-b7b8-b8b587a5045c => generated 0 bytes in 278 msecs (HTTP/1.1 204) 3 headers in 131 bytes (1 switches on core 0)
2026-04-24 07:23:07.509 8 INFO neutron.notifiers.nova [-] Nova event matching ['req-a3cb2cca-6d74-4c45-9394-1b99be4fceac'] response: {'server_uuid': '3bd3b5e6-0644-4e6f-bacc-b6a426644ca0', 'name': 'network-vif-deleted', 'tag': '409f181b-9d10-42f6-b7b8-b8b587a5045c', 'status': 'completed', 'code': 200}
2026-04-24 07:23:07.691 7 INFO neutron.plugins.ml2.drivers.ovn.mech_driver.mech_driver [None req-f4c83f63-957e-4f3e-833d-e04ee57ac660 - - - - - -] OVN reports status down for port: da3a3cbc-2b63-4ba2-97ad-1d22c28544e3
2026-04-24 07:23:07.776 8 INFO neutron_taas.services.taas.taas_plugin [None req-037e2605-17d2-4808-92eb-274faf9e5dbd 1ecf8d84ab8449448c3f4a0b78eb024d 0ee8f48a6d554c9997985959c1e461dd - - default default] TaaS: Handle Delete Port: 7afb29c8-2503-47ae-9196-94195fd34abd
2026-04-24 07:23:07.779 8 INFO neutron_taas.services.taas.tap_mirror_plugin [None req-037e2605-17d2-4808-92eb-274faf9e5dbd 1ecf8d84ab8449448c3f4a0b78eb024d 0ee8f48a6d554c9997985959c1e461dd - - default default] Tap Mirror: Handle Delete Port: 7afb29c8-2503-47ae-9196-94195fd34abd
2026-04-24 07:23:07.811 7 WARNING neutron.plugins.ml2.drivers.ovn.mech_driver.ovsdb.ovn_client [None req-f4c83f63-957e-4f3e-833d-e04ee57ac660 - - - - - -] Logical_Switch_Port %s host information not removed, the port state is up
2026-04-24 07:23:07.812 7 INFO neutron.plugins.ml2.drivers.ovn.mech_driver.mech_driver [None req-f4c83f63-957e-4f3e-833d-e04ee57ac660 - - - - - -] OVN reports status up for port: 84d665a9-ac40-4add-aed4-362c7f468a84
2026-04-24 07:23:07.834 7 INFO neutron.plugins.ml2.plugin [None req-f4c83f63-957e-4f3e-833d-e04ee57ac660 - - - - - -] Attempt 1 to provision port 84d665a9-ac40-4add-aed4-362c7f468a84
2026-04-24 07:23:07.858 7 WARNING neutron.scheduler.dhcp_agent_scheduler [None req-707bc29c-4e8d-4ba4-ac74-b6909f466d9f - - - - - -] No more DHCP agents
2026-04-24 07:23:07.861 7 WARNING neutron.api.rpc.agentnotifiers.dhcp_rpc_agent_api [None req-707bc29c-4e8d-4ba4-ac74-b6909f466d9f - - - - - -] Unable to schedule network c18349d1-61d5-4e27-8a6c-e1faf6659eaf: no agents available; will retry on subsequent port and subnet creation events.
2026-04-24 07:23:08.101 7 INFO neutron.db.ovn_revision_numbers_db [None req-707bc29c-4e8d-4ba4-ac74-b6909f466d9f - - - - - -] Successfully bumped revision number for resource 5be31827-ad4a-4321-8503-273b570d3a52 (type: ports) to 1
2026-04-24 07:23:08.222 7 INFO neutron.db.ovn_revision_numbers_db [None req-f4c83f63-957e-4f3e-833d-e04ee57ac660 - - - - - -] Successfully bumped revision number for resource 84d665a9-ac40-4add-aed4-362c7f468a84 (type: ports) to 4 [pid: 8|app: 0|req: 1009/1886] 10.0.0.68 () {34 vars in 788 bytes} [Fri Apr 24 07:23:07 2026] PUT /v2.0/routers/3600d000-2a80-456d-baca-bc5b413aae4d/remove_router_interface => generated 309 bytes in 860 msecs (HTTP/1.1 200) 4 headers in 157 bytes (1 switches on core 0) /var/lib/openstack/lib/python3.12/site-packages/pycadf/identifier.py:70: UserWarning: Invalid uuid: neutron. To ensure interoperability, identifiers should be a valid uuid. warnings.warn(('Invalid uuid: %s. To ensure interoperability, ' [pid: 8|app: 0|req: 1010/1887] 10.0.0.199 () {34 vars in 1040 bytes} [Fri Apr 24 07:23:08 2026] GET /v2.0/security-groups?id=9bed1c68-19d8-453c-8bef-b9a743bf3cbf&fields=id&fields=name => generated 114 bytes in 43 msecs (HTTP/1.1 200) 4 headers in 157 bytes (1 switches on core 0)
2026-04-24 07:23:08.402 7 INFO neutron.plugins.ml2.drivers.ovn.mech_driver.mech_driver [None req-046fa066-adbe-48a7-8c73-c9ce31d13491 - - - - - -] OVN reports status up for port: da3a3cbc-2b63-4ba2-97ad-1d22c28544e3
2026-04-24 07:23:08.415 7 INFO neutron.plugins.ml2.plugin [None req-046fa066-adbe-48a7-8c73-c9ce31d13491 - - - - - -] Attempt 1 to provision port da3a3cbc-2b63-4ba2-97ad-1d22c28544e3 [pid: 8|app: 0|req: 1011/1888] 10.0.0.68 () {34 vars in 758 bytes} [Fri Apr 24 07:23:08 2026] PUT /v2.0/floatingips/35c036bc-8910-4f84-989a-4b9edcdff219/tags => generated 25 bytes in 78 msecs (HTTP/1.1 200) 4 headers in 156 bytes (1 switches on core 0)
2026-04-24 07:23:08.736 8 INFO neutron_taas.services.taas.taas_plugin [None req-3eb4c4c3-7ff2-49b9-9e17-f1e9a681e99d 1ecf8d84ab8449448c3f4a0b78eb024d 0ee8f48a6d554c9997985959c1e461dd - - default default] TaaS: Handle Delete Port: 5791ad5c-aa03-40e6-b566-ebb1753cb2a5
2026-04-24 07:23:08.739 8 INFO neutron_taas.services.taas.tap_mirror_plugin [None req-3eb4c4c3-7ff2-49b9-9e17-f1e9a681e99d 1ecf8d84ab8449448c3f4a0b78eb024d 0ee8f48a6d554c9997985959c1e461dd - - default default] Tap Mirror: Handle Delete Port: 5791ad5c-aa03-40e6-b566-ebb1753cb2a5
2026-04-24 07:23:08.997 7 WARNING neutron.scheduler.dhcp_agent_scheduler [None req-707bc29c-4e8d-4ba4-ac74-b6909f466d9f - - - - - -] No more DHCP agents
2026-04-24 07:23:08.998 7 WARNING neutron.api.rpc.agentnotifiers.dhcp_rpc_agent_api [None req-707bc29c-4e8d-4ba4-ac74-b6909f466d9f - - - - - -] Unable to schedule network c18349d1-61d5-4e27-8a6c-e1faf6659eaf: no agents available; will retry on subsequent port and subnet creation events. [pid: 8|app: 0|req: 1012/1889] 10.0.0.68 () {32 vars in 723 bytes} [Fri Apr 24 07:23:08 2026] DELETE /v2.0/routers/3600d000-2a80-456d-baca-bc5b413aae4d => generated 0 bytes in 708 msecs (HTTP/1.1 204) 2 headers in 112 bytes (1 switches on core 0) [pid: 8|app: 0|req: 1015/1892] 10.0.0.68 () {34 vars in 758 bytes} [Fri Apr 24 07:23:09 2026] PUT /v2.0/floatingips/0949f760-cd50-4bdf-b569-4cca726eb012/tags => generated 34 bytes in 51 msecs (HTTP/1.1 200) 4 headers in 156 bytes (1 switches on core 0) [pid: 8|app: 0|req: 1016/1893] 10.0.0.68 () {32 vars in 723 bytes} [Fri Apr 24 07:23:09 2026] DELETE /v2.0/subnets/1703347c-413d-4458-96f4-b6376c1f9871 => generated 0 bytes in 123 msecs (HTTP/1.1 204) 3 headers in 131 bytes (1 switches on core 0) [pid: 8|app: 0|req: 1017/1894] 10.0.0.68 () {34 vars in 758 bytes} [Fri Apr 24 07:23:09 2026] PUT /v2.0/floatingips/090bda66-202c-4722-98a0-30e73a7121b0/tags => generated 19 bytes in 45 msecs (HTTP/1.1 200) 4 headers in 156 bytes (1 switches on core 0)
2026-04-24 07:23:09.501 7 INFO neutron.db.ovn_revision_numbers_db [None req-707bc29c-4e8d-4ba4-ac74-b6909f466d9f - - - - - -] Successfully bumped revision number for resource 5be31827-ad4a-4321-8503-273b570d3a52 (type: router_ports) to 1
2026-04-24 07:23:09.553 8 INFO neutron_taas.services.taas.taas_plugin [None req-ddf9f53f-b3bc-4718-9dcc-1f90bb5ae9b8 1ecf8d84ab8449448c3f4a0b78eb024d 0ee8f48a6d554c9997985959c1e461dd - - default default] TaaS: Handle Delete Port: 342341e2-dfee-4dc6-8f19-89ef094a8903
2026-04-24 07:23:09.557 8 INFO neutron_taas.services.taas.tap_mirror_plugin [None req-ddf9f53f-b3bc-4718-9dcc-1f90bb5ae9b8 1ecf8d84ab8449448c3f4a0b78eb024d 0ee8f48a6d554c9997985959c1e461dd - - default default] Tap Mirror: Handle Delete Port: 342341e2-dfee-4dc6-8f19-89ef094a8903
2026-04-24 07:23:09.679 7 WARNING neutron.scheduler.dhcp_agent_scheduler [None req-707bc29c-4e8d-4ba4-ac74-b6909f466d9f - - - - - -] No more DHCP agents
2026-04-24 07:23:09.681 7 WARNING neutron.api.rpc.agentnotifiers.dhcp_rpc_agent_api [None req-707bc29c-4e8d-4ba4-ac74-b6909f466d9f - - - - - -] Unable to schedule network c18349d1-61d5-4e27-8a6c-e1faf6659eaf: no agents available; will retry on subsequent port and subnet creation events.
2026-04-24 07:23:09.741 8 INFO neutron.services.segments.plugin [-] Segment 98494af3-258a-4e0c-bd10-534ac03f21ae resource provider aggregate not found
2026-04-24 07:23:09.746 8 INFO neutron.services.segments.plugin [-] Segment 98494af3-258a-4e0c-bd10-534ac03f21ae resource provider aggregate not found
2026-04-24 07:23:09.762 8 INFO neutron.services.segments.plugin [-] Segment 98494af3-258a-4e0c-bd10-534ac03f21ae resource provider not found; error: Placement Client Error (4xx): {"errors": [{"status": 404, "title": "Not Found", "detail": "The resource could not be found.\n\n No resource provider with uuid 98494af3-258a-4e0c-bd10-534ac03f21ae found for delete ", "request_id": "req-f379b291-2d5e-4f8a-9e1d-f694ae02f781"}]}
2026-04-24 07:23:09.768 8 INFO neutron.services.segments.plugin [-] Segment 98494af3-258a-4e0c-bd10-534ac03f21ae resource provider not found; error: Placement Client Error (4xx): {"errors": [{"status": 404, "title": "Not Found", "detail": "The resource could not be found.\n\n No resource provider with uuid 98494af3-258a-4e0c-bd10-534ac03f21ae found for delete ", "request_id": "req-58cf56bf-4cdd-49c4-a47e-c0bbac71e9ed"}]}
2026-04-24 07:23:09.779 8 INFO neutron.plugins.ml2.drivers.ovn.mech_driver.mech_driver [None req-6f42825e-7838-4422-85a4-1777a95c2daf - - - - - -] OVN reports status down for port: 5e4f61aa-2b9f-4045-a6ce-7bf3fb56512b [pid: 8|app: 0|req: 1018/1895] 10.0.0.68 () {32 vars in 725 bytes} [Fri Apr 24 07:23:09 2026] DELETE /v2.0/networks/28ead543-ad0b-4a36-9282-431251059ea0 => generated 0 bytes in 443 msecs (HTTP/1.1 204) 3 headers in 131 bytes (1 switches on core 0)
2026-04-24 07:23:09.820 7 INFO neutron.db.ovn_revision_numbers_db [None req-707bc29c-4e8d-4ba4-ac74-b6909f466d9f - - - - - -] Successfully bumped revision number for resource 5e4f61aa-2b9f-4045-a6ce-7bf3fb56512b (type: ports) to 1 [pid: 8|app: 0|req: 1019/1896] 10.0.0.68 () {32 vars in 671 bytes} [Fri Apr 24 07:23:09 2026] GET /v2.0/floatingips?tags=red => generated 1671 bytes in 63 msecs (HTTP/1.1 200) 4 headers in 158 bytes (1 switches on core 0) [pid: 8|app: 0|req: 1020/1897] 10.0.0.199 () {34 vars in 990 bytes} [Fri Apr 24 07:23:09 2026] GET /v2.0/ports?device_id=3bd3b5e6-0644-4e6f-bacc-b6a426644ca0 => generated 12 bytes in 30 msecs (HTTP/1.1 200) 4 headers in 156 bytes (1 switches on core 0)
2026-04-24 07:23:10.072 7 INFO neutron.db.ovn_revision_numbers_db [None req-707bc29c-4e8d-4ba4-ac74-b6909f466d9f - - - - - -] Successfully bumped revision number for resource 5e4f61aa-2b9f-4045-a6ce-7bf3fb56512b (type: ports) to 3 [pid: 7|app: 0|req: 878/1898] 10.0.0.68 () {34 vars in 684 bytes} [Fri Apr 24 07:23:05 2026] POST /v2.0/vpn/vpnservices => generated 458 bytes in 4671 msecs (HTTP/1.1 201) 4 headers in 162 bytes (1 switches on core 0) /var/lib/openstack/lib/python3.12/site-packages/pycadf/identifier.py:70: UserWarning: Invalid uuid: neutron. To ensure interoperability, identifiers should be a valid uuid. warnings.warn(('Invalid uuid: %s. To ensure interoperability, ' [pid: 7|app: 0|req: 879/1899] 10.0.0.68 () {32 vars in 662 bytes} [Fri Apr 24 07:23:10 2026] GET /v2.0/vpn/vpnservices => generated 1314 bytes in 15 msecs (HTTP/1.1 200) 4 headers in 158 bytes (1 switches on core 0) [pid: 7|app: 0|req: 880/1900] 10.0.0.68 () {32 vars in 773 bytes} [Fri Apr 24 07:23:10 2026] GET /v2.0/security-groups?tenant_id=0ee8f48a6d554c9997985959c1e461dd&name=default => generated 2925 bytes in 96 msecs (HTTP/1.1 200) 4 headers in 158 bytes (1 switches on core 0) [pid: 8|app: 0|req: 1021/1901] 10.0.0.68 () {32 vars in 685 bytes} [Fri Apr 24 07:23:09 2026] GET /v2.0/floatingips?tags=red%2Cblue => generated 1128 bytes in 613 msecs (HTTP/1.1 200) 4 headers in 158 bytes (1 switches on core 0)
2026-04-24 07:23:10.681 7 INFO neutron_taas.services.taas.taas_plugin [None req-a5caaa61-5939-4d5d-a1ac-d27dc430c5db 2f15cfc045234895a0e8320b97474ed4 7a97a09db8e1469d9951d65eb08a202d - - default default] TaaS: Handle Delete Port: 567d94c6-c1b1-49d9-bc27-ef71cde59906
2026-04-24 07:23:10.684 7 INFO neutron_taas.services.taas.tap_mirror_plugin [None req-a5caaa61-5939-4d5d-a1ac-d27dc430c5db 2f15cfc045234895a0e8320b97474ed4 7a97a09db8e1469d9951d65eb08a202d - - default default] Tap Mirror: Handle Delete Port: 567d94c6-c1b1-49d9-bc27-ef71cde59906 [pid: 8|app: 0|req: 1022/1902] 10.0.0.68 () {32 vars in 739 bytes} [Fri Apr 24 07:23:10 2026] DELETE /v2.0/security-groups/853e61ee-f4e3-4642-a7ee-aa8e3dcf960c => generated 0 bytes in 200 msecs (HTTP/1.1 204) 2 headers in 112 bytes (1 switches on core 0) [pid: 8|app: 0|req: 1023/1903] 10.0.0.68 () {32 vars in 681 bytes} [Fri Apr 24 07:23:10 2026] GET /v2.0/floatingips?tags-any=blue => generated 1128 bytes in 39 msecs (HTTP/1.1 200) 4 headers in 158 bytes (1 switches on core 0) [pid: 8|app: 0|req: 1024/1904] 10.0.0.68 () {32 vars in 693 bytes} [Fri Apr 24 07:23:10 2026] GET /v2.0/floatingips?tags-any=red%2Cblue => generated 1671 bytes in 42 msecs (HTTP/1.1 200) 4 headers in 158 bytes (1 switches on core 0) [pid: 8|app: 0|req: 1025/1905] 10.0.0.68 () {32 vars in 679 bytes} [Fri Apr 24 07:23:10 2026] GET /v2.0/floatingips?not-tags=red => generated 1100 bytes in 62 msecs (HTTP/1.1 200) 4 headers in 158 bytes (1 switches on core 0) [pid: 8|app: 0|req: 1026/1906] 10.0.0.68 () {32 vars in 693 bytes} [Fri Apr 24 07:23:10 2026] GET /v2.0/floatingips?not-tags=red%2Cblue => generated 1643 bytes in 60 msecs (HTTP/1.1 200) 4 headers in 158 bytes (1 switches on core 0)
2026-04-24 07:23:10.959 7 INFO neutron_taas.services.taas.taas_plugin [None req-9bc37871-4e05-4333-afda-d0957a0a0e31 - - - - - -] TaaS: Handle Delete Port: 5e4f61aa-2b9f-4045-a6ce-7bf3fb56512b
2026-04-24 07:23:10.961 7 INFO neutron_taas.services.taas.tap_mirror_plugin [None req-9bc37871-4e05-4333-afda-d0957a0a0e31 - - - - - -] Tap Mirror: Handle Delete Port: 5e4f61aa-2b9f-4045-a6ce-7bf3fb56512b [pid: 8|app: 0|req: 1027/1907] 10.0.0.68 () {32 vars in 689 bytes} [Fri Apr 24 07:23:10 2026] GET /v2.0/floatingips?not-tags-any=blue => generated 1643 bytes in 45 msecs (HTTP/1.1 200) 4 headers in 158 bytes (1 switches on core 0) [pid: 8|app: 0|req: 1028/1908] 10.0.0.199 () {34 vars in 990 bytes} [Fri Apr 24 07:23:11 2026] GET /v2.0/ports?device_id=3bd3b5e6-0644-4e6f-bacc-b6a426644ca0 => generated 12 bytes in 16 msecs (HTTP/1.1 200) 4 headers in 156 bytes (1 switches on core 0) [pid: 8|app: 0|req: 1029/1909] 10.0.0.68 () {32 vars in 701 bytes} [Fri Apr 24 07:23:11 2026] GET /v2.0/floatingips?not-tags-any=red%2Cblue => generated 1100 bytes in 27 msecs (HTTP/1.1 200) 4 headers in 158 bytes (1 switches on core 0)
2026-04-24 07:23:11.209 8 INFO neutron_taas.services.taas.taas_plugin [None req-5c64be35-6a4c-4206-bbb9-086b4bcab1da bb91c835b5e5469e818dc601a6896930 f94342cd3b3742ac90a8e13e9d6ff2f5 - - default default] TaaS: Handle Delete Port: 886cbb02-7ebf-4a2a-ac17-4d42a4f7ee69
2026-04-24 07:23:11.212 8 INFO neutron_taas.services.taas.tap_mirror_plugin [None req-5c64be35-6a4c-4206-bbb9-086b4bcab1da bb91c835b5e5469e818dc601a6896930 f94342cd3b3742ac90a8e13e9d6ff2f5 - - default default] Tap Mirror: Handle Delete Port: 886cbb02-7ebf-4a2a-ac17-4d42a4f7ee69
2026-04-24 07:23:11.350 7 INFO neutron_taas.services.taas.taas_plugin [None req-60b71376-7d5b-43c1-8370-daba1eb9dda9 - - - - - -] TaaS: Handle Delete Port: 5be31827-ad4a-4321-8503-273b570d3a52 [pid: 8|app: 0|req: 1030/1910] 10.0.0.68 () {32 vars in 731 bytes} [Fri Apr 24 07:23:11 2026] DELETE /v2.0/floatingips/60b36083-4b35-4303-839b-4b3c5d95b824 => generated 0 bytes in 288 msecs (HTTP/1.1 204) 2 headers in 112 bytes (1 switches on core 0)
2026-04-24 07:23:11.354 7 INFO neutron_taas.services.taas.tap_mirror_plugin [None req-60b71376-7d5b-43c1-8370-daba1eb9dda9 - - - - - -] Tap Mirror: Handle Delete Port: 5be31827-ad4a-4321-8503-273b570d3a52
2026-04-24 07:23:11.466 8 INFO neutron_taas.services.taas.taas_plugin [None req-81c032cd-3692-4f4e-b53d-a71ab79384c4 bb91c835b5e5469e818dc601a6896930 f94342cd3b3742ac90a8e13e9d6ff2f5 - - default default] TaaS: Handle Delete Port: 18997027-0a3f-4612-b263-ce4771ef6c5a
2026-04-24 07:23:11.469 8 INFO neutron_taas.services.taas.tap_mirror_plugin [None req-81c032cd-3692-4f4e-b53d-a71ab79384c4 bb91c835b5e5469e818dc601a6896930 f94342cd3b3742ac90a8e13e9d6ff2f5 - - default default] Tap Mirror: Handle Delete Port: 18997027-0a3f-4612-b263-ce4771ef6c5a [pid: 8|app: 0|req: 1031/1911] 10.0.0.68 () {32 vars in 731 bytes} [Fri Apr 24 07:23:11 2026] DELETE /v2.0/floatingips/35c036bc-8910-4f84-989a-4b9edcdff219 => generated 0 bytes in 290 msecs (HTTP/1.1 204) 2 headers in 112 bytes (1 switches on core 0)
2026-04-24 07:23:11.777 8 INFO neutron_taas.services.taas.taas_plugin [None req-d44f1fea-8406-4d0f-8b21-689189c1f726 bb91c835b5e5469e818dc601a6896930 f94342cd3b3742ac90a8e13e9d6ff2f5 - - default default] TaaS: Handle Delete Port: 68acd5c0-2ffa-44c2-9bb2-94f1c9b654b7
2026-04-24 07:23:11.779 8 INFO neutron_taas.services.taas.tap_mirror_plugin [None req-d44f1fea-8406-4d0f-8b21-689189c1f726 bb91c835b5e5469e818dc601a6896930 f94342cd3b3742ac90a8e13e9d6ff2f5 - - default default] Tap Mirror: Handle Delete Port: 68acd5c0-2ffa-44c2-9bb2-94f1c9b654b7 [pid: 8|app: 0|req: 1032/1912] 10.0.0.68 () {32 vars in 731 bytes} [Fri Apr 24 07:23:11 2026] DELETE /v2.0/floatingips/0949f760-cd50-4bdf-b569-4cca726eb012 => generated 0 bytes in 288 msecs (HTTP/1.1 204) 2 headers in 112 bytes (1 switches on core 0)
2026-04-24 07:23:12.073 8 INFO neutron_taas.services.taas.taas_plugin [None req-81e0e1ce-e011-4b73-b3db-9040eb198be4 bb91c835b5e5469e818dc601a6896930 f94342cd3b3742ac90a8e13e9d6ff2f5 - - default default] TaaS: Handle Delete Port: b99e195a-7a64-4f53-aaaf-5629a7498ff2
2026-04-24 07:23:12.077 8 INFO neutron_taas.services.taas.tap_mirror_plugin [None req-81e0e1ce-e011-4b73-b3db-9040eb198be4 bb91c835b5e5469e818dc601a6896930 f94342cd3b3742ac90a8e13e9d6ff2f5 - - default default] Tap Mirror: Handle Delete Port: b99e195a-7a64-4f53-aaaf-5629a7498ff2
2026-04-24 07:23:12.190 7 INFO neutron_taas.services.taas.taas_plugin [None req-60b71376-7d5b-43c1-8370-daba1eb9dda9 - - - - - -] TaaS: Handle Delete Port: 232d65c1-620a-43f6-88f3-0c02d1a10cba
2026-04-24 07:23:12.193 7 INFO neutron_taas.services.taas.tap_mirror_plugin [None req-60b71376-7d5b-43c1-8370-daba1eb9dda9 - - - - - -] Tap Mirror: Handle Delete Port: 232d65c1-620a-43f6-88f3-0c02d1a10cba [pid: 8|app: 0|req: 1033/1913] 10.0.0.68 () {32 vars in 731 bytes} [Fri Apr 24 07:23:11 2026] DELETE /v2.0/floatingips/090bda66-202c-4722-98a0-30e73a7121b0 => generated 0 bytes in 286 msecs (HTTP/1.1 204) 2 headers in 112 bytes (1 switches on core 0)
2026-04-24 07:23:12.365 7 INFO neutron.services.segments.plugin [-] Segment c04ea095-ab70-4685-ae84-63dc496de9b7 resource provider aggregate not found
2026-04-24 07:23:12.372 7 INFO neutron.services.segments.plugin [-] Segment c04ea095-ab70-4685-ae84-63dc496de9b7 resource provider aggregate not found
2026-04-24 07:23:12.381 7 INFO neutron.services.segments.plugin [-] Segment c04ea095-ab70-4685-ae84-63dc496de9b7 resource provider not found; error: Placement Client Error (4xx): {"errors": [{"status": 404, "title": "Not Found", "detail": "The resource could not be found.\n\n No resource provider with uuid c04ea095-ab70-4685-ae84-63dc496de9b7 found for delete ", "request_id": "req-9ffd310e-27d6-4bde-8f94-12abdd8ffb12"}]}
2026-04-24 07:23:12.398 7 INFO neutron.services.segments.plugin [-] Segment c04ea095-ab70-4685-ae84-63dc496de9b7 resource provider not found; error: Placement Client Error (4xx): {"errors": [{"status": 404, "title": "Not Found", "detail": "The resource could not be found.\n\n No resource provider with uuid c04ea095-ab70-4685-ae84-63dc496de9b7 found for delete ", "request_id": "req-c479b91f-9bd6-484b-aa14-7d0952b9d36a"}]} [pid: 8|app: 0|req: 1034/1914] 10.0.0.68 () {32 vars in 739 bytes} [Fri Apr 24 07:23:12 2026] DELETE /v2.0/security-groups/9bed1c68-19d8-453c-8bef-b9a743bf3cbf => generated 0 bytes in 171 msecs (HTTP/1.1 204) 2 headers in 112 bytes (1 switches on core 0) [pid: 7|app: 0|req: 881/1915] 10.0.0.68 () {32 vars in 739 bytes} [Fri Apr 24 07:23:10 2026] DELETE /v2.0/vpn/vpnservices/1f56c33d-1122-4a2b-957c-0725987f7346 => generated 0 bytes in 2009 msecs (HTTP/1.1 204) 2 headers in 112 bytes (1 switches on core 0) /var/lib/openstack/lib/python3.12/site-packages/pycadf/identifier.py:70: UserWarning: Invalid uuid: neutron. To ensure interoperability, identifiers should be a valid uuid. warnings.warn(('Invalid uuid: %s. To ensure interoperability, ' [pid: 7|app: 0|req: 882/1916] 10.0.0.68 () {34 vars in 692 bytes} [Fri Apr 24 07:23:12 2026] POST /v2.0/vpn/endpoint-groups => generated 302 bytes in 57 msecs (HTTP/1.1 201) 4 headers in 162 bytes (1 switches on core 0)
2026-04-24 07:23:12.547 8 INFO neutron_taas.services.taas.taas_plugin [None req-02eb44a0-e632-4cee-84c1-c283f12d3508 bb91c835b5e5469e818dc601a6896930 f94342cd3b3742ac90a8e13e9d6ff2f5 - - default default] TaaS: Handle Delete Port: 8ab4bd11-1ad4-4880-a947-370f015268cd
2026-04-24 07:23:12.550 8 INFO neutron_taas.services.taas.tap_mirror_plugin [None req-02eb44a0-e632-4cee-84c1-c283f12d3508 bb91c835b5e5469e818dc601a6896930 f94342cd3b3742ac90a8e13e9d6ff2f5 - - default default] Tap Mirror: Handle Delete Port: 8ab4bd11-1ad4-4880-a947-370f015268cd [pid: 8|app: 0|req: 1035/1917] 10.0.0.68 () {32 vars in 731 bytes} [Fri Apr 24 07:23:12 2026] DELETE /v2.0/floatingips/6eed84f6-8e64-4b85-bf7d-916a564d2c64 => generated 0 bytes in 299 msecs (HTTP/1.1 204) 2 headers in 112 bytes (1 switches on core 0)
2026-04-24 07:23:12.739 7 INFO neutron_taas.services.taas.taas_plugin [None req-6d66317c-0b75-41c7-9a4e-5a6f33bd2ac4 d68ef9acda594a64b20db1d6554ed4f2 4246a90e68bb41daa3022684d65e1297 - - default default] TaaS: Handle Delete Port: 11ad232b-e430-42de-b9ef-f11b154fb298
2026-04-24 07:23:12.741 7 INFO neutron_taas.services.taas.tap_mirror_plugin [None req-6d66317c-0b75-41c7-9a4e-5a6f33bd2ac4 d68ef9acda594a64b20db1d6554ed4f2 4246a90e68bb41daa3022684d65e1297 - - default default] Tap Mirror: Handle Delete Port: 11ad232b-e430-42de-b9ef-f11b154fb298 [pid: 8|app: 0|req: 1036/1918] 10.0.0.68 () {34 vars in 692 bytes} [Fri Apr 24 07:23:12 2026] POST /v2.0/vpn/endpoint-groups => generated 294 bytes in 51 msecs (HTTP/1.1 201) 4 headers in 162 bytes (1 switches on core 0)
2026-04-24 07:23:13.121 8 INFO neutron.db.ovn_revision_numbers_db [None req-ec2b650b-b0c3-4f54-8bf8-4f6f28d094fc 112a41974f864765be4549f0e6167542 efab8f8cfbdd4eba82dea530bc9d5fb3 - - default default] Successfully bumped revision number for resource 9d78a2c9-e244-4e8b-b7c7-16ca17da407a (type: security_groups) to 1
2026-04-24 07:23:13.136 8 INFO neutron.db.ovn_revision_numbers_db [None req-ec2b650b-b0c3-4f54-8bf8-4f6f28d094fc 112a41974f864765be4549f0e6167542 efab8f8cfbdd4eba82dea530bc9d5fb3 - - default default] Successfully bumped revision number for resource 3961f585-e075-4152-8c75-df5561935923 (type: security_group_rules) to 0
2026-04-24 07:23:13.149 8 INFO neutron.db.ovn_revision_numbers_db [None req-ec2b650b-b0c3-4f54-8bf8-4f6f28d094fc 112a41974f864765be4549f0e6167542 efab8f8cfbdd4eba82dea530bc9d5fb3 - - default default] Successfully bumped revision number for resource 409e6fbe-994f-4139-b8e9-4ac9212c3e06 (type: security_group_rules) to 0
2026-04-24 07:23:13.162 8 INFO neutron.db.ovn_revision_numbers_db [None req-ec2b650b-b0c3-4f54-8bf8-4f6f28d094fc 112a41974f864765be4549f0e6167542 efab8f8cfbdd4eba82dea530bc9d5fb3 - - default default] Successfully bumped revision number for resource 4f962d60-4c22-44d9-ac27-9127337965f1 (type: security_group_rules) to 0
2026-04-24 07:23:13.175 8 INFO neutron.db.ovn_revision_numbers_db [None req-ec2b650b-b0c3-4f54-8bf8-4f6f28d094fc 112a41974f864765be4549f0e6167542 efab8f8cfbdd4eba82dea530bc9d5fb3 - - default default] Successfully bumped revision number for resource 8ca01722-31ce-44bf-bc92-01dd267261ee (type: security_group_rules) to 0 [pid: 7|app: 0|req: 883/1919] 10.0.0.68 () {34 vars in 788 bytes} [Fri Apr 24 07:23:12 2026] PUT /v2.0/routers/e3d44b91-6545-4509-9e65-70dd6a012e83/remove_router_interface => generated 309 bytes in 759 msecs (HTTP/1.1 200) 4 headers in 157 bytes (1 switches on core 0) /var/lib/openstack/lib/python3.12/site-packages/pycadf/identifier.py:70: UserWarning: Invalid uuid: neutron. To ensure interoperability, identifiers should be a valid uuid. warnings.warn(('Invalid uuid: %s. To ensure interoperability, '
2026-04-24 07:23:13.247 7 WARNING neutron.api.v2.base [None req-82acf381-ada1-4782-b63d-0f582001e281 eff20c66ebf3453083e630a3856283f1 e3339204ab7c4dbdb538f8cf2b664b24 - - default default] An exception happened while processing the request body. The exception message is [Unrecognized attribute(s) 'peer_cidr'].: webob.exc.HTTPBadRequest: Unrecognized attribute(s) 'peer_cidr'
2026-04-24 07:23:13.248 7 INFO neutron.api.v2.resource [None req-82acf381-ada1-4782-b63d-0f582001e281 eff20c66ebf3453083e630a3856283f1 e3339204ab7c4dbdb538f8cf2b664b24 - - default default] create failed (client error): Unrecognized attribute(s) 'peer_cidr' [pid: 7|app: 0|req: 884/1920] 10.0.0.68 () {34 vars in 706 bytes} [Fri Apr 24 07:23:13 2026] POST /v2.0/vpn/ipsec-site-connections => generated 110 bytes in 7 msecs (HTTP/1.1 400) 4 headers in 166 bytes (1 switches on core 0)
2026-04-24 07:23:13.285 8 INFO neutron.db.segments_db [None req-ec2b650b-b0c3-4f54-8bf8-4f6f28d094fc 112a41974f864765be4549f0e6167542 efab8f8cfbdd4eba82dea530bc9d5fb3 - - default default] Added segment ec75458b-4702-47e0-a834-5e01c04dae92 of type geneve for network e307f88e-19a1-4227-bcf6-cf4626238c1a
2026-04-24 07:23:13.387 8 INFO neutron.db.ovn_revision_numbers_db [None req-ec2b650b-b0c3-4f54-8bf8-4f6f28d094fc 112a41974f864765be4549f0e6167542 efab8f8cfbdd4eba82dea530bc9d5fb3 - - default default] Successfully bumped revision number for resource e307f88e-19a1-4227-bcf6-cf4626238c1a (type: networks) to 1 [pid: 7|app: 0|req: 885/1921] 10.0.0.68 () {32 vars in 723 bytes} [Fri Apr 24 07:23:13 2026] DELETE /v2.0/subnets/2d4bf4cf-2012-41e9-8ddc-d8f0e7bc0bb7 => generated 0 bytes in 156 msecs (HTTP/1.1 204) 3 headers in 131 bytes (1 switches on core 0) [pid: 7|app: 0|req: 886/1922] 10.0.0.68 () {32 vars in 670 bytes} [Fri Apr 24 07:23:13 2026] GET /v2.0/vpn/endpoint-groups => generated 1193 bytes in 10 msecs (HTTP/1.1 200) 4 headers in 158 bytes (1 switches on core 0)
2026-04-24 07:23:13.452 7 WARNING neutron.plugins.ml2.drivers.ovn.mech_driver.ovsdb.ovn_client [None req-046fa066-adbe-48a7-8c73-c9ce31d13491 - - - - - -] No hosting information found for port da3a3cbc-2b63-4ba2-97ad-1d22c28544e3: RuntimeError: No hosting information found for port da3a3cbc-2b63-4ba2-97ad-1d22c28544e3
2026-04-24 07:23:13.453 7 INFO neutron.plugins.ml2.drivers.ovn.mech_driver.mech_driver [None req-046fa066-adbe-48a7-8c73-c9ce31d13491 - - - - - -] OVN reports status down for port: 204f6377-6a93-44b9-b042-13446338565e
2026-04-24 07:23:13.556 8 WARNING neutron.scheduler.dhcp_agent_scheduler [None req-ec2b650b-b0c3-4f54-8bf8-4f6f28d094fc 112a41974f864765be4549f0e6167542 efab8f8cfbdd4eba82dea530bc9d5fb3 - - default default] No more DHCP agents
2026-04-24 07:23:13.558 8 WARNING neutron.api.rpc.agentnotifiers.dhcp_rpc_agent_api [None req-ec2b650b-b0c3-4f54-8bf8-4f6f28d094fc 112a41974f864765be4549f0e6167542 efab8f8cfbdd4eba82dea530bc9d5fb3 - - default default] Unable to schedule network e307f88e-19a1-4227-bcf6-cf4626238c1a: no agents available; will retry on subsequent port and subnet creation events.
2026-04-24 07:23:13.565 7 WARNING neutron.plugins.ml2.drivers.ovn.mech_driver.ovsdb.ovn_client [None req-046fa066-adbe-48a7-8c73-c9ce31d13491 - - - - - -] Logical_Switch_Port %s host information not removed, the port state is up
2026-04-24 07:23:13.566 7 INFO neutron.plugins.ml2.drivers.ovn.mech_driver.mech_driver [None req-046fa066-adbe-48a7-8c73-c9ce31d13491 - - - - - -] OVN reports status down for port: 409f181b-9d10-42f6-b7b8-b8b587a5045c
2026-04-24 07:23:13.576 7 INFO neutron.plugins.ml2.drivers.ovn.mech_driver.mech_driver [None req-046fa066-adbe-48a7-8c73-c9ce31d13491 - - - - - -] OVN reports status up for port: 204f6377-6a93-44b9-b042-13446338565e
2026-04-24 07:23:13.609 7 INFO neutron.plugins.ml2.plugin [None req-046fa066-adbe-48a7-8c73-c9ce31d13491 - - - - - -] Attempt 1 to provision port 204f6377-6a93-44b9-b042-13446338565e
2026-04-24 07:23:13.624 8 INFO neutron.db.ovn_revision_numbers_db [None req-ec2b650b-b0c3-4f54-8bf8-4f6f28d094fc 112a41974f864765be4549f0e6167542 efab8f8cfbdd4eba82dea530bc9d5fb3 - - default default] Successfully bumped revision number for resource b3df570f-aa37-494d-a5d1-6930e97e0d43 (type: ports) to 1 [pid: 8|app: 0|req: 1037/1923] 10.0.0.68 () {34 vars in 669 bytes} [Fri Apr 24 07:23:12 2026] POST /v2.0/networks => generated 663 bytes in 891 msecs (HTTP/1.1 201) 4 headers in 162 bytes (1 switches on core 0) [pid: 8|app: 0|req: 1038/1924] 10.0.0.68 () {32 vars in 747 bytes} [Fri Apr 24 07:23:13 2026] DELETE /v2.0/vpn/endpoint-groups/46703a4b-c05c-41e8-a94d-d76213f438c6 => generated 0 bytes in 31 msecs (HTTP/1.1 204) 2 headers in 112 bytes (1 switches on core 0)
2026-04-24 07:23:13.891 8 INFO neutron.db.ovn_revision_numbers_db [None req-dc0ff332-f0c5-46bd-889c-62985e823c85 a54cc2f3933943d4a9d7f1e9bb3a764a 3b42a3090d7541cfa3fc39a7ef0e52f5 - - default default] Successfully bumped revision number for resource 63f10b28-6697-40f3-8b9b-8b2731c9278c (type: security_groups) to 1
2026-04-24 07:23:13.913 8 INFO neutron.db.ovn_revision_numbers_db [None req-dc0ff332-f0c5-46bd-889c-62985e823c85 a54cc2f3933943d4a9d7f1e9bb3a764a 3b42a3090d7541cfa3fc39a7ef0e52f5 - - default default] Successfully bumped revision number for resource 5e823ef4-e230-4fc5-aad1-bad5b933193b (type: security_group_rules) to 0
2026-04-24 07:23:13.914 7 INFO neutron_taas.services.taas.taas_plugin [None req-7aca045d-cd1c-41d2-9cd1-985b6aa474a5 d68ef9acda594a64b20db1d6554ed4f2 4246a90e68bb41daa3022684d65e1297 - - default default] TaaS: Handle Delete Port: 892390f7-05bf-4e45-886a-cd59c2c82594
2026-04-24 07:23:13.920 7 INFO neutron_taas.services.taas.tap_mirror_plugin [None req-7aca045d-cd1c-41d2-9cd1-985b6aa474a5 d68ef9acda594a64b20db1d6554ed4f2 4246a90e68bb41daa3022684d65e1297 - - default default] Tap Mirror: Handle Delete Port: 892390f7-05bf-4e45-886a-cd59c2c82594
2026-04-24 07:23:13.929 8 INFO neutron.db.ovn_revision_numbers_db [None req-dc0ff332-f0c5-46bd-889c-62985e823c85 a54cc2f3933943d4a9d7f1e9bb3a764a 3b42a3090d7541cfa3fc39a7ef0e52f5 - - default default] Successfully bumped revision number for resource 61efd704-b6a4-483a-9eeb-fc78462c79c7 (type: security_group_rules) to 0
2026-04-24 07:23:13.943 8 INFO neutron.db.ovn_revision_numbers_db [None req-dc0ff332-f0c5-46bd-889c-62985e823c85 a54cc2f3933943d4a9d7f1e9bb3a764a 3b42a3090d7541cfa3fc39a7ef0e52f5 - - default default] Successfully bumped revision number for resource 65174881-437a-4fd9-90cf-3b02b77ac0e5 (type: security_group_rules) to 0
2026-04-24 07:23:13.956 8 INFO neutron.db.ovn_revision_numbers_db [None req-dc0ff332-f0c5-46bd-889c-62985e823c85 a54cc2f3933943d4a9d7f1e9bb3a764a 3b42a3090d7541cfa3fc39a7ef0e52f5 - - default default] Successfully bumped revision number for resource 9eea989a-b39e-4ed6-954a-50c0c7cc813f (type: security_group_rules) to 0 [pid: 8|app: 0|req: 1039/1925] 10.0.0.68 () {32 vars in 773 bytes} [Fri Apr 24 07:23:13 2026] GET /v2.0/security-groups?tenant_id=a120f617fca44b98b4891b279a1ab10f&name=default => generated 2925 bytes in 309 msecs (HTTP/1.1 200) 4 headers in 158 bytes (1 switches on core 0)
2026-04-24 07:23:14.209 8 WARNING neutron.scheduler.dhcp_agent_scheduler [None req-f08e4d34-285b-407b-a4d3-af2c1907dbb8 112a41974f864765be4549f0e6167542 efab8f8cfbdd4eba82dea530bc9d5fb3 - - default default] No more DHCP agents
2026-04-24 07:23:14.213 8 WARNING neutron.api.rpc.agentnotifiers.dhcp_rpc_agent_api [None req-f08e4d34-285b-407b-a4d3-af2c1907dbb8 112a41974f864765be4549f0e6167542 efab8f8cfbdd4eba82dea530bc9d5fb3 - - default default] Unable to schedule network e307f88e-19a1-4227-bcf6-cf4626238c1a: no agents available; will retry on subsequent port and subnet creation events.
2026-04-24 07:23:14.292 8 INFO neutron.db.ovn_revision_numbers_db [None req-f08e4d34-285b-407b-a4d3-af2c1907dbb8 112a41974f864765be4549f0e6167542 efab8f8cfbdd4eba82dea530bc9d5fb3 - - default default] Successfully bumped revision number for resource e496c950-47e1-439b-9f2e-b08ad4f6cf27 (type: ports) to 1
2026-04-24 07:23:14.337 7 INFO neutron.db.ovn_revision_numbers_db [None req-046fa066-adbe-48a7-8c73-c9ce31d13491 - - - - - -] Successfully bumped revision number for resource 204f6377-6a93-44b9-b042-13446338565e (type: ports) to 2 [pid: 8|app: 0|req: 1040/1926] 10.0.0.68 () {34 vars in 664 bytes} [Fri Apr 24 07:23:13 2026] POST /v2.0/ports => generated 774 bytes in 357 msecs (HTTP/1.1 201) 4 headers in 162 bytes (1 switches on core 0) /var/lib/openstack/lib/python3.12/site-packages/pycadf/identifier.py:70: UserWarning: Invalid uuid: neutron. To ensure interoperability, identifiers should be a valid uuid. warnings.warn(('Invalid uuid: %s. To ensure interoperability, ' [pid: 8|app: 0|req: 1041/1927] 10.0.0.68 () {32 vars in 670 bytes} [Fri Apr 24 07:23:14 2026] GET /v2.0/vpn/endpoint-groups => generated 917 bytes in 20 msecs (HTTP/1.1 200) 4 headers in 157 bytes (1 switches on core 0) [pid: 7|app: 0|req: 887/1928] 10.0.0.68 () {32 vars in 723 bytes} [Fri Apr 24 07:23:13 2026] DELETE /v2.0/routers/e3d44b91-6545-4509-9e65-70dd6a012e83 => generated 0 bytes in 1172 msecs (HTTP/1.1 204) 2 headers in 112 bytes (1 switches on core 0) [pid: 8|app: 0|req: 1042/1929] 10.0.0.68 () {32 vars in 739 bytes} [Fri Apr 24 07:23:14 2026] DELETE /v2.0/security-groups/63f10b28-6697-40f3-8b9b-8b2731c9278c => generated 0 bytes in 224 msecs (HTTP/1.1 204) 2 headers in 112 bytes (1 switches on core 0) [pid: 8|app: 0|req: 1043/1930] 10.0.0.68 () {32 vars in 670 bytes} [Fri Apr 24 07:23:14 2026] GET /v2.0/vpn/endpoint-groups => generated 917 bytes in 22 msecs (HTTP/1.1 200) 4 headers in 157 bytes (1 switches on core 0)
2026-04-24 07:23:14.686 7 INFO neutron.db.segments_db [None req-a36ee1ea-3bd8-440c-bf1f-285a64d6528f 112a41974f864765be4549f0e6167542 efab8f8cfbdd4eba82dea530bc9d5fb3 - - default default] Added segment a60c5c0f-7036-4ff2-af25-cc73d52e9190 of type geneve for network 2ee8ce26-c48f-46f6-9f29-b1bfd3602fbf
2026-04-24 07:23:14.726 8 INFO neutron_taas.services.taas.taas_plugin [None req-4259ccf6-b3af-4fb5-a239-de77a07ecbbf d68ef9acda594a64b20db1d6554ed4f2 4246a90e68bb41daa3022684d65e1297 - - default default] TaaS: Handle Delete Port: 2b250adb-7d33-4a2b-b06e-c8e4c4f94d43
2026-04-24 07:23:14.728 8 INFO neutron_taas.services.taas.tap_mirror_plugin [None req-4259ccf6-b3af-4fb5-a239-de77a07ecbbf d68ef9acda594a64b20db1d6554ed4f2 4246a90e68bb41daa3022684d65e1297 - - default default] Tap Mirror: Handle Delete Port: 2b250adb-7d33-4a2b-b06e-c8e4c4f94d43
2026-04-24 07:23:14.784 7 INFO neutron.db.ovn_revision_numbers_db [None req-a36ee1ea-3bd8-440c-bf1f-285a64d6528f 112a41974f864765be4549f0e6167542 efab8f8cfbdd4eba82dea530bc9d5fb3 - - default default] Successfully bumped revision number for resource 2ee8ce26-c48f-46f6-9f29-b1bfd3602fbf (type: networks) to 1
2026-04-24 07:23:14.907 8 INFO neutron.services.segments.plugin [-] Segment 1cff7901-7152-4866-a3e4-6723ab60cf48 resource provider aggregate not found
2026-04-24 07:23:14.907 8 INFO neutron.services.segments.plugin [-] Segment 1cff7901-7152-4866-a3e4-6723ab60cf48 resource provider aggregate not found
2026-04-24 07:23:14.930 8 INFO neutron.services.segments.plugin [-] Segment 1cff7901-7152-4866-a3e4-6723ab60cf48 resource provider not found; error: Placement Client Error (4xx): {"errors": [{"status": 404, "title": "Not Found", "detail": "The resource could not be found.\n\n No resource provider with uuid 1cff7901-7152-4866-a3e4-6723ab60cf48 found for delete ", "request_id": "req-1aa2243a-2ae9-413c-b3b4-9c82d4d58eb9"}]}
2026-04-24 07:23:14.934 8 INFO neutron.services.segments.plugin [-] Segment 1cff7901-7152-4866-a3e4-6723ab60cf48 resource provider not found; error: Placement Client Error (4xx): {"errors": [{"status": 404, "title": "Not Found", "detail": "The resource could not be found.\n\n No resource provider with uuid 1cff7901-7152-4866-a3e4-6723ab60cf48 found for delete ", "request_id": "req-e01965e8-a8d0-4da4-8ae2-93ccbacc2a03"}]} [pid: 8|app: 0|req: 1044/1931] 10.0.0.68 () {32 vars in 725 bytes} [Fri Apr 24 07:23:14 2026] DELETE /v2.0/networks/cfda62f2-bfe1-4d20-bdfb-1e6a85b50a0e => generated 0 bytes in 338 msecs (HTTP/1.1 204) 3 headers in 131 bytes (1 switches on core 0)
2026-04-24 07:23:14.967 7 WARNING neutron.scheduler.dhcp_agent_scheduler [None req-a36ee1ea-3bd8-440c-bf1f-285a64d6528f 112a41974f864765be4549f0e6167542 efab8f8cfbdd4eba82dea530bc9d5fb3 - - default default] No more DHCP agents
2026-04-24 07:23:14.968 7 WARNING neutron.api.rpc.agentnotifiers.dhcp_rpc_agent_api [None req-a36ee1ea-3bd8-440c-bf1f-285a64d6528f 112a41974f864765be4549f0e6167542 efab8f8cfbdd4eba82dea530bc9d5fb3 - - default default] Unable to schedule network 2ee8ce26-c48f-46f6-9f29-b1bfd3602fbf: no agents available; will retry on subsequent port and subnet creation events. [pid: 8|app: 0|req: 1045/1932] 10.0.0.68 () {32 vars in 747 bytes} [Fri Apr 24 07:23:14 2026] DELETE /v2.0/vpn/endpoint-groups/336b07c3-70f3-46d0-8896-49b6cd0cbe2d => generated 0 bytes in 21 msecs (HTTP/1.1 204) 2 headers in 112 bytes (1 switches on core 0)
2026-04-24 07:23:15.047 7 INFO neutron.db.ovn_revision_numbers_db [None req-a36ee1ea-3bd8-440c-bf1f-285a64d6528f 112a41974f864765be4549f0e6167542 efab8f8cfbdd4eba82dea530bc9d5fb3 - - default default] Successfully bumped revision number for resource 080c5e50-5441-49f0-8cfc-5a91190df263 (type: ports) to 1 [pid: 7|app: 0|req: 888/1933] 10.0.0.68 () {34 vars in 669 bytes} [Fri Apr 24 07:23:14 2026] POST /v2.0/networks => generated 651 bytes in 481 msecs (HTTP/1.1 201) 4 headers in 162 bytes (1 switches on core 0) [pid: 7|app: 0|req: 889/1934] 10.0.0.68 () {32 vars in 670 bytes} [Fri Apr 24 07:23:15 2026] GET /v2.0/vpn/endpoint-groups => generated 633 bytes in 21 msecs (HTTP/1.1 200) 4 headers in 157 bytes (1 switches on core 0)
2026-04-24 07:23:15.095 8 INFO neutron.db.ovn_revision_numbers_db [None req-efb8d9ca-25d7-49c5-97a4-61016fe6220d a54cc2f3933943d4a9d7f1e9bb3a764a 3b42a3090d7541cfa3fc39a7ef0e52f5 - - default default] Successfully bumped revision number for resource e661256c-3334-4201-a2c6-d658f597f268 (type: security_groups) to 1
2026-04-24 07:23:15.104 8 INFO neutron.db.ovn_revision_numbers_db [None req-efb8d9ca-25d7-49c5-97a4-61016fe6220d a54cc2f3933943d4a9d7f1e9bb3a764a 3b42a3090d7541cfa3fc39a7ef0e52f5 - - default default] Successfully bumped revision number for resource 3a104ba1-c6e8-4088-8d2a-03deca688e67 (type: security_group_rules) to 0
2026-04-24 07:23:15.114 8 INFO neutron.db.ovn_revision_numbers_db [None req-efb8d9ca-25d7-49c5-97a4-61016fe6220d a54cc2f3933943d4a9d7f1e9bb3a764a 3b42a3090d7541cfa3fc39a7ef0e52f5 - - default default] Successfully bumped revision number for resource 6852ee7e-1600-4939-a701-cc75163a010c (type: security_group_rules) to 0
2026-04-24 07:23:15.126 8 INFO neutron.db.ovn_revision_numbers_db [None req-efb8d9ca-25d7-49c5-97a4-61016fe6220d a54cc2f3933943d4a9d7f1e9bb3a764a 3b42a3090d7541cfa3fc39a7ef0e52f5 - - default default] Successfully bumped revision number for resource 7e3cdbbb-3a00-482c-9969-043b56979812 (type: security_group_rules) to 0
2026-04-24 07:23:15.134 8 INFO neutron.db.ovn_revision_numbers_db [None req-efb8d9ca-25d7-49c5-97a4-61016fe6220d a54cc2f3933943d4a9d7f1e9bb3a764a 3b42a3090d7541cfa3fc39a7ef0e52f5 - - default default] Successfully bumped revision number for resource c01c17aa-ba5f-4c50-8d3d-ad2a51c7c15e (type: security_group_rules) to 0 [pid: 8|app: 0|req: 1046/1935] 10.0.0.68 () {32 vars in 773 bytes} [Fri Apr 24 07:23:14 2026] GET /v2.0/security-groups?tenant_id=7f8bf7428c3046fabd1e45b189726a2e&name=default => generated 2925 bytes in 188 msecs (HTTP/1.1 200) 4 headers in 158 bytes (1 switches on core 0) [pid: 8|app: 0|req: 1047/1936] 10.0.0.68 () {34 vars in 692 bytes} [Fri Apr 24 07:23:15 2026] POST /v2.0/vpn/endpoint-groups => generated 302 bytes in 69 msecs (HTTP/1.1 201) 4 headers in 162 bytes (1 switches on core 0)
2026-04-24 07:23:15.286 7 WARNING neutron.scheduler.dhcp_agent_scheduler [None req-ed15410b-c68d-4b90-9a6e-662a486960af 112a41974f864765be4549f0e6167542 efab8f8cfbdd4eba82dea530bc9d5fb3 - - default default] No more DHCP agents
2026-04-24 07:23:15.288 7 WARNING neutron.api.rpc.agentnotifiers.dhcp_rpc_agent_api [None req-ed15410b-c68d-4b90-9a6e-662a486960af 112a41974f864765be4549f0e6167542 efab8f8cfbdd4eba82dea530bc9d5fb3 - - default default] Unable to schedule network 2ee8ce26-c48f-46f6-9f29-b1bfd3602fbf: no agents available; will retry on subsequent port and subnet creation events. [pid: 8|app: 0|req: 1048/1937] 10.0.0.68 () {32 vars in 739 bytes} [Fri Apr 24 07:23:15 2026] DELETE /v2.0/security-groups/e661256c-3334-4201-a2c6-d658f597f268 => generated 0 bytes in 210 msecs (HTTP/1.1 204) 2 headers in 112 bytes (1 switches on core 0) [pid: 8|app: 0|req: 1049/1938] 10.0.0.68 () {34 vars in 692 bytes} [Fri Apr 24 07:23:15 2026] POST /v2.0/vpn/endpoint-groups => generated 294 bytes in 46 msecs (HTTP/1.1 201) 4 headers in 162 bytes (1 switches on core 0)
