Apr 22 02:41:25.776983 np0000169032 neutron-periodic-workers[105691]: DEBUG cotyledon.oslo_config_glue [-] ml2.path_mtu = 0 {{(pid=105691) log_opt_values /opt/stack/data/venv/lib/python3.12/site-packages/oslo_config/cfg.py:3006}}
Apr 22 02:41:25.776983 np0000169032 neutron-periodic-workers[105691]: DEBUG cotyledon.oslo_config_glue [-] ml2.physical_network_mtus = {} {{(pid=105691) log_opt_values /opt/stack/data/venv/lib/python3.12/site-packages/oslo_config/cfg.py:3006}}
Apr 22 02:41:25.776983 np0000169032 neutron-periodic-workers[105691]: DEBUG cotyledon.oslo_config_glue [-] ml2.project_network_types = ['geneve'] {{(pid=105691) log_opt_values /opt/stack/data/venv/lib/python3.12/site-packages/oslo_config/cfg.py:3006}}
Apr 22 02:41:25.776983 np0000169032 neutron-periodic-workers[105691]: DEBUG cotyledon.oslo_config_glue [-] ml2.tunnelled_network_rp_name = rp_tunnelled {{(pid=105691) log_opt_values /opt/stack/data/venv/lib/python3.12/site-packages/oslo_config/cfg.py:3006}}
Apr 22 02:41:25.776983 np0000169032 neutron-periodic-workers[105691]: DEBUG cotyledon.oslo_config_glue [-] ml2.type_drivers = ['local', 'flat', 'vlan', 'geneve'] {{(pid=105691) log_opt_values /opt/stack/data/venv/lib/python3.12/site-packages/oslo_config/cfg.py:3006}}
Apr 22 02:41:25.776983 np0000169032 neutron-periodic-workers[105691]: DEBUG cotyledon.oslo_config_glue [-] ml2_type_flat.flat_networks = ['public'] {{(pid=105691) log_opt_values /opt/stack/data/venv/lib/python3.12/site-packages/oslo_config/cfg.py:3006}}
Apr 22 02:41:25.776983 np0000169032 neutron-periodic-workers[105691]: DEBUG cotyledon.oslo_config_glue [-] ml2_type_geneve.max_header_size = 38 {{(pid=105691) log_opt_values /opt/stack/data/venv/lib/python3.12/site-packages/oslo_config/cfg.py:3006}}
Apr 22 02:41:25.777211 np0000169032 neutron-periodic-workers[105691]: DEBUG cotyledon.oslo_config_glue [-] ml2_type_geneve.vni_ranges = ['1:65536'] {{(pid=105691) log_opt_values /opt/stack/data/venv/lib/python3.12/site-packages/oslo_config/cfg.py:3006}}
Apr 22 02:41:25.777211 np0000169032 neutron-periodic-workers[105691]: DEBUG cotyledon.oslo_config_glue [-] ml2_type_vlan.network_vlan_ranges = ['public'] {{(pid=105691) log_opt_values /opt/stack/data/venv/lib/python3.12/site-packages/oslo_config/cfg.py:3006}}
Apr 22 02:41:25.777211 np0000169032 neutron-periodic-workers[105691]: DEBUG cotyledon.oslo_config_glue [-] network_log.burst_limit = 25 {{(pid=105691) log_opt_values /opt/stack/data/venv/lib/python3.12/site-packages/oslo_config/cfg.py:3006}}
Apr 22 02:41:25.777211 np0000169032 neutron-periodic-workers[105691]: DEBUG cotyledon.oslo_config_glue [-] network_log.local_output_log_base = None {{(pid=105691) log_opt_values /opt/stack/data/venv/lib/python3.12/site-packages/oslo_config/cfg.py:3006}}
Apr 22 02:41:25.777211 np0000169032 neutron-periodic-workers[105691]: DEBUG cotyledon.oslo_config_glue [-] network_log.rate_limit = 100 {{(pid=105691) log_opt_values /opt/stack/data/venv/lib/python3.12/site-packages/oslo_config/cfg.py:3006}}
Apr 22 02:41:25.777211 np0000169032 neutron-periodic-workers[105691]: DEBUG cotyledon.oslo_config_glue [-] database.asyncio_connection = **** {{(pid=105691) log_opt_values /opt/stack/data/venv/lib/python3.12/site-packages/oslo_config/cfg.py:3006}}
Apr 22 02:41:25.777211 np0000169032 neutron-periodic-workers[105691]: DEBUG cotyledon.oslo_config_glue [-] database.asyncio_slave_connection = **** {{(pid=105691) log_opt_values /opt/stack/data/venv/lib/python3.12/site-packages/oslo_config/cfg.py:3006}}
Apr 22 02:41:25.777211 np0000169032 neutron-periodic-workers[105691]: DEBUG cotyledon.oslo_config_glue [-] database.backend = sqlalchemy {{(pid=105691) log_opt_values /opt/stack/data/venv/lib/python3.12/site-packages/oslo_config/cfg.py:3006}}
Apr 22 02:41:25.777211 np0000169032 neutron-periodic-workers[105691]: DEBUG cotyledon.oslo_config_glue [-] database.connection = **** {{(pid=105691) log_opt_values /opt/stack/data/venv/lib/python3.12/site-packages/oslo_config/cfg.py:3006}}
Apr 22 02:41:25.777441 np0000169032 neutron-periodic-workers[105691]: DEBUG cotyledon.oslo_config_glue [-] database.connection_debug = 0 {{(pid=105691) log_opt_values /opt/stack/data/venv/lib/python3.12/site-packages/oslo_config/cfg.py:3006}}
Apr 22 02:41:25.777441 np0000169032 neutron-periodic-workers[105691]: DEBUG cotyledon.oslo_config_glue [-] database.connection_parameters = {{(pid=105691) log_opt_values /opt/stack/data/venv/lib/python3.12/site-packages/oslo_config/cfg.py:3006}}
Apr 22 02:41:25.777441 np0000169032 neutron-periodic-workers[105691]: DEBUG cotyledon.oslo_config_glue [-] database.connection_recycle_time = 3600 {{(pid=105691) log_opt_values /opt/stack/data/venv/lib/python3.12/site-packages/oslo_config/cfg.py:3006}}
Apr 22 02:41:25.777441 np0000169032 neutron-periodic-workers[105691]: DEBUG cotyledon.oslo_config_glue [-] database.connection_trace = False {{(pid=105691) log_opt_values /opt/stack/data/venv/lib/python3.12/site-packages/oslo_config/cfg.py:3006}}
Apr 22 02:41:25.777441 np0000169032 neutron-periodic-workers[105691]: DEBUG cotyledon.oslo_config_glue [-] database.db_inc_retry_interval = True {{(pid=105691) log_opt_values /opt/stack/data/venv/lib/python3.12/site-packages/oslo_config/cfg.py:3006}}
Apr 22 02:41:25.777441 np0000169032 neutron-periodic-workers[105691]: DEBUG cotyledon.oslo_config_glue [-] database.db_max_retries = 20 {{(pid=105691) log_opt_values /opt/stack/data/venv/lib/python3.12/site-packages/oslo_config/cfg.py:3006}}
Apr 22 02:41:25.777441 np0000169032 neutron-periodic-workers[105691]: DEBUG cotyledon.oslo_config_glue [-] database.db_max_retry_interval = 10 {{(pid=105691) log_opt_values /opt/stack/data/venv/lib/python3.12/site-packages/oslo_config/cfg.py:3006}}
Apr 22 02:41:25.777441 np0000169032 neutron-periodic-workers[105691]: DEBUG cotyledon.oslo_config_glue [-] database.db_retry_interval = 1 {{(pid=105691) log_opt_values /opt/stack/data/venv/lib/python3.12/site-packages/oslo_config/cfg.py:3006}}
Apr 22 02:41:25.777441 np0000169032 neutron-periodic-workers[105691]: DEBUG cotyledon.oslo_config_glue [-] database.max_overflow = 50 {{(pid=105691) log_opt_values /opt/stack/data/venv/lib/python3.12/site-packages/oslo_config/cfg.py:3006}}
Apr 22 02:41:25.777665 np0000169032 neutron-periodic-workers[105691]: DEBUG cotyledon.oslo_config_glue [-] database.max_pool_size = 5 {{(pid=105691) log_opt_values /opt/stack/data/venv/lib/python3.12/site-packages/oslo_config/cfg.py:3006}}
Apr 22 02:41:25.777665 np0000169032 neutron-periodic-workers[105691]: DEBUG cotyledon.oslo_config_glue [-] database.max_retries = 10 {{(pid=105691) log_opt_values /opt/stack/data/venv/lib/python3.12/site-packages/oslo_config/cfg.py:3006}}
Apr 22 02:41:25.777665 np0000169032 neutron-periodic-workers[105691]: DEBUG cotyledon.oslo_config_glue [-] database.mysql_sql_mode = TRADITIONAL {{(pid=105691) log_opt_values /opt/stack/data/venv/lib/python3.12/site-packages/oslo_config/cfg.py:3006}}
Apr 22 02:41:25.777665 np0000169032 neutron-periodic-workers[105691]: DEBUG cotyledon.oslo_config_glue [-] database.mysql_wsrep_sync_wait = None {{(pid=105691) log_opt_values /opt/stack/data/venv/lib/python3.12/site-packages/oslo_config/cfg.py:3006}}
Apr 22 02:41:25.777665 np0000169032 neutron-periodic-workers[105691]: DEBUG cotyledon.oslo_config_glue [-] database.pool_timeout = None {{(pid=105691) log_opt_values /opt/stack/data/venv/lib/python3.12/site-packages/oslo_config/cfg.py:3006}}
Apr 22 02:41:25.777665 np0000169032 neutron-periodic-workers[105691]: DEBUG cotyledon.oslo_config_glue [-] database.retry_interval = 10 {{(pid=105691) log_opt_values /opt/stack/data/venv/lib/python3.12/site-packages/oslo_config/cfg.py:3006}}
Apr 22 02:41:25.777665 np0000169032 neutron-periodic-workers[105691]: DEBUG cotyledon.oslo_config_glue [-] database.slave_connection = **** {{(pid=105691) log_opt_values /opt/stack/data/venv/lib/python3.12/site-packages/oslo_config/cfg.py:3006}}
Apr 22 02:41:25.777665 np0000169032 neutron-periodic-workers[105691]: DEBUG cotyledon.oslo_config_glue [-] database.sqlite_synchronous = True {{(pid=105691) log_opt_values /opt/stack/data/venv/lib/python3.12/site-packages/oslo_config/cfg.py:3006}}
Apr 22 02:41:25.777665 np0000169032 neutron-periodic-workers[105691]: DEBUG cotyledon.oslo_config_glue [-] database.synchronous_reader = True {{(pid=105691) log_opt_values /opt/stack/data/venv/lib/python3.12/site-packages/oslo_config/cfg.py:3006}}
Apr 22 02:41:25.777941 np0000169032 neutron-periodic-workers[105691]: DEBUG cotyledon.oslo_config_glue [-] database.use_db_reconnect = False {{(pid=105691) log_opt_values /opt/stack/data/venv/lib/python3.12/site-packages/oslo_config/cfg.py:3006}}
Apr 22 02:41:25.777941 np0000169032 neutron-periodic-workers[105691]: DEBUG cotyledon.oslo_config_glue [-] ovn.bfd_min_rx = 1000 {{(pid=105691) log_opt_values /opt/stack/data/venv/lib/python3.12/site-packages/oslo_config/cfg.py:3006}}
Apr 22 02:41:25.777941 np0000169032 neutron-periodic-workers[105691]: DEBUG cotyledon.oslo_config_glue [-] ovn.bfd_min_tx = 100 {{(pid=105691) log_opt_values /opt/stack/data/venv/lib/python3.12/site-packages/oslo_config/cfg.py:3006}}
Apr 22 02:41:25.777941 np0000169032 neutron-periodic-workers[105691]: DEBUG cotyledon.oslo_config_glue [-] ovn.bfd_mult = 3 {{(pid=105691) log_opt_values /opt/stack/data/venv/lib/python3.12/site-packages/oslo_config/cfg.py:3006}}
Apr 22 02:41:25.777941 np0000169032 neutron-periodic-workers[105691]: DEBUG cotyledon.oslo_config_glue [-] ovn.broadcast_arps_to_all_routers = True {{(pid=105691) log_opt_values /opt/stack/data/venv/lib/python3.12/site-packages/oslo_config/cfg.py:3006}}
Apr 22 02:41:25.777941 np0000169032 neutron-periodic-workers[105691]: DEBUG cotyledon.oslo_config_glue [-] ovn.dhcp_default_lease_time = 43200 {{(pid=105691) log_opt_values /opt/stack/data/venv/lib/python3.12/site-packages/oslo_config/cfg.py:3006}}
Apr 22 02:41:25.777941 np0000169032 neutron-periodic-workers[105691]: DEBUG cotyledon.oslo_config_glue [-] ovn.disable_ovn_dhcp_for_baremetal_ports = False {{(pid=105691) log_opt_values /opt/stack/data/venv/lib/python3.12/site-packages/oslo_config/cfg.py:3006}}
Apr 22 02:41:25.777941 np0000169032 neutron-periodic-workers[105691]: DEBUG cotyledon.oslo_config_glue [-] ovn.dns_records_ovn_owned = False {{(pid=105691) log_opt_values /opt/stack/data/venv/lib/python3.12/site-packages/oslo_config/cfg.py:3006}}
Apr 22 02:41:25.777941 np0000169032 neutron-periodic-workers[105691]: DEBUG cotyledon.oslo_config_glue [-] ovn.dns_servers = [] {{(pid=105691) log_opt_values /opt/stack/data/venv/lib/python3.12/site-packages/oslo_config/cfg.py:3006}}
Apr 22 02:41:25.778157 np0000169032 neutron-periodic-workers[105691]: DEBUG cotyledon.oslo_config_glue [-] ovn.enable_distributed_floating_ip = False {{(pid=105691) log_opt_values /opt/stack/data/venv/lib/python3.12/site-packages/oslo_config/cfg.py:3006}}
Apr 22 02:41:25.778157 np0000169032 neutron-periodic-workers[105691]: DEBUG cotyledon.oslo_config_glue [-] ovn.fdb_age_threshold = 300 {{(pid=105691) log_opt_values /opt/stack/data/venv/lib/python3.12/site-packages/oslo_config/cfg.py:3006}}
Apr 22 02:41:25.778157 np0000169032 neutron-periodic-workers[105691]: DEBUG cotyledon.oslo_config_glue [-] ovn.ha_failover_strategy = normal {{(pid=105691) log_opt_values /opt/stack/data/venv/lib/python3.12/site-packages/oslo_config/cfg.py:3006}}
Apr 22 02:41:25.778157 np0000169032 neutron-periodic-workers[105691]: DEBUG cotyledon.oslo_config_glue [-] ovn.live_migration_activation_strategy = rarp {{(pid=105691) log_opt_values /opt/stack/data/venv/lib/python3.12/site-packages/oslo_config/cfg.py:3006}}
Apr 22 02:41:25.778157 np0000169032 neutron-periodic-workers[105691]: DEBUG cotyledon.oslo_config_glue [-] ovn.localnet_learn_fdb = False {{(pid=105691) log_opt_values /opt/stack/data/venv/lib/python3.12/site-packages/oslo_config/cfg.py:3006}}
Apr 22 02:41:25.778157 np0000169032 neutron-periodic-workers[105691]: DEBUG cotyledon.oslo_config_glue [-] ovn.mac_binding_age_threshold = 300 {{(pid=105691) log_opt_values /opt/stack/data/venv/lib/python3.12/site-packages/oslo_config/cfg.py:3006}}
Apr 22 02:41:25.778157 np0000169032 neutron-periodic-workers[105691]: DEBUG cotyledon.oslo_config_glue [-] ovn.neutron_sync_mode = log {{(pid=105691) log_opt_values /opt/stack/data/venv/lib/python3.12/site-packages/oslo_config/cfg.py:3006}}
Apr 22 02:41:25.778157 np0000169032 neutron-periodic-workers[105691]: DEBUG cotyledon.oslo_config_glue [-] ovn.ovn_dhcp4_global_options = {} {{(pid=105691) log_opt_values /opt/stack/data/venv/lib/python3.12/site-packages/oslo_config/cfg.py:3006}}
Apr 22 02:41:25.778157 np0000169032 neutron-periodic-workers[105691]: DEBUG cotyledon.oslo_config_glue [-] ovn.ovn_dhcp6_global_options = {} {{(pid=105691) log_opt_values /opt/stack/data/venv/lib/python3.12/site-packages/oslo_config/cfg.py:3006}}
Apr 22 02:41:25.778374 np0000169032 neutron-periodic-workers[105691]: DEBUG cotyledon.oslo_config_glue [-] ovn.ovn_l3_scheduler = leastloaded {{(pid=105691) log_opt_values /opt/stack/data/venv/lib/python3.12/site-packages/oslo_config/cfg.py:3006}}
Apr 22 02:41:25.778374 np0000169032 neutron-periodic-workers[105691]: DEBUG cotyledon.oslo_config_glue [-] ovn.ovn_metadata_enabled = True {{(pid=105691) log_opt_values /opt/stack/data/venv/lib/python3.12/site-packages/oslo_config/cfg.py:3006}}
Apr 22 02:41:25.778374 np0000169032 neutron-periodic-workers[105691]: DEBUG cotyledon.oslo_config_glue [-] ovn.ovn_nb_ca_cert = /opt/stack/data/CA/int-ca/ca-chain.pem {{(pid=105691) log_opt_values /opt/stack/data/venv/lib/python3.12/site-packages/oslo_config/cfg.py:3006}}
Apr 22 02:41:25.778374 np0000169032 neutron-periodic-workers[105691]: DEBUG cotyledon.oslo_config_glue [-] ovn.ovn_nb_certificate = /opt/stack/data/CA/int-ca/devstack-cert.crt {{(pid=105691) log_opt_values /opt/stack/data/venv/lib/python3.12/site-packages/oslo_config/cfg.py:3006}}
Apr 22 02:41:25.778374 np0000169032 neutron-periodic-workers[105691]: DEBUG cotyledon.oslo_config_glue [-] ovn.ovn_nb_connection = ['ssl:199.19.213.194:6641'] {{(pid=105691) log_opt_values /opt/stack/data/venv/lib/python3.12/site-packages/oslo_config/cfg.py:3006}}
Apr 22 02:41:25.778374 np0000169032 neutron-periodic-workers[105691]: DEBUG cotyledon.oslo_config_glue [-] ovn.ovn_nb_private_key = /opt/stack/data/CA/int-ca/private/devstack-cert.key {{(pid=105691) log_opt_values /opt/stack/data/venv/lib/python3.12/site-packages/oslo_config/cfg.py:3006}}
Apr 22 02:41:25.778374 np0000169032 neutron-periodic-workers[105691]: DEBUG cotyledon.oslo_config_glue [-] ovn.ovn_router_indirect_snat = False {{(pid=105691) log_opt_values /opt/stack/data/venv/lib/python3.12/site-packages/oslo_config/cfg.py:3006}}
Apr 22 02:41:25.778374 np0000169032 neutron-periodic-workers[105691]: DEBUG cotyledon.oslo_config_glue [-] ovn.ovn_sb_ca_cert = /opt/stack/data/CA/int-ca/ca-chain.pem {{(pid=105691) log_opt_values /opt/stack/data/venv/lib/python3.12/site-packages/oslo_config/cfg.py:3006}}
Apr 22 02:41:25.778579 np0000169032 neutron-periodic-workers[105691]: DEBUG cotyledon.oslo_config_glue [-] ovn.ovn_sb_certificate = /opt/stack/data/CA/int-ca/devstack-cert.crt {{(pid=105691) log_opt_values /opt/stack/data/venv/lib/python3.12/site-packages/oslo_config/cfg.py:3006}}
Apr 22 02:41:25.778579 np0000169032 neutron-periodic-workers[105691]: DEBUG cotyledon.oslo_config_glue [-] ovn.ovn_sb_connection = ['ssl:199.19.213.194:6642'] {{(pid=105691) log_opt_values /opt/stack/data/venv/lib/python3.12/site-packages/oslo_config/cfg.py:3006}}
Apr 22 02:41:25.778579 np0000169032 neutron-periodic-workers[105691]: DEBUG cotyledon.oslo_config_glue [-] ovn.ovn_sb_private_key = /opt/stack/data/CA/int-ca/private/devstack-cert.key {{(pid=105691) log_opt_values /opt/stack/data/venv/lib/python3.12/site-packages/oslo_config/cfg.py:3006}}
Apr 22 02:41:25.778579 np0000169032 neutron-periodic-workers[105691]: DEBUG cotyledon.oslo_config_glue [-] ovn.ovs_create_tap = False {{(pid=105691) log_opt_values /opt/stack/data/venv/lib/python3.12/site-packages/oslo_config/cfg.py:3006}}
Apr 22 02:41:25.778579 np0000169032 neutron-periodic-workers[105691]: DEBUG cotyledon.oslo_config_glue [-] ovn.ovsdb_connection_timeout = 180 {{(pid=105691) log_opt_values /opt/stack/data/venv/lib/python3.12/site-packages/oslo_config/cfg.py:3006}}
Apr 22 02:41:25.778579 np0000169032 neutron-periodic-workers[105691]: DEBUG cotyledon.oslo_config_glue [-] ovn.ovsdb_log_level = INFO {{(pid=105691) log_opt_values /opt/stack/data/venv/lib/python3.12/site-packages/oslo_config/cfg.py:3006}}
Apr 22 02:41:25.778579 np0000169032 neutron-periodic-workers[105691]: DEBUG cotyledon.oslo_config_glue [-] ovn.ovsdb_probe_interval = 60000 {{(pid=105691) log_opt_values /opt/stack/data/venv/lib/python3.12/site-packages/oslo_config/cfg.py:3006}}
Apr 22 02:41:25.778579 np0000169032 neutron-periodic-workers[105691]: DEBUG cotyledon.oslo_config_glue [-] ovn.ovsdb_retry_max_interval = 180 {{(pid=105691) log_opt_values /opt/stack/data/venv/lib/python3.12/site-packages/oslo_config/cfg.py:3006}}
Apr 22 02:41:25.778579 np0000169032 neutron-periodic-workers[105691]: DEBUG cotyledon.oslo_config_glue [-] ovn.stateless_nat_enabled = False {{(pid=105691) log_opt_values /opt/stack/data/venv/lib/python3.12/site-packages/oslo_config/cfg.py:3006}}
Apr 22 02:41:25.779077 np0000169032 neutron-periodic-workers[105691]: DEBUG cotyledon.oslo_config_glue [-] ovn.vhost_sock_dir = /var/run/openvswitch {{(pid=105691) log_opt_values /opt/stack/data/venv/lib/python3.12/site-packages/oslo_config/cfg.py:3006}}
Apr 22 02:41:25.779077 np0000169032 neutron-periodic-workers[105691]: DEBUG cotyledon.oslo_config_glue [-] OVS.bridge_mac_table_size = 50000 {{(pid=105691) log_opt_values /opt/stack/data/venv/lib/python3.12/site-packages/oslo_config/cfg.py:3006}}
Apr 22 02:41:25.779077 np0000169032 neutron-periodic-workers[105691]: DEBUG cotyledon.oslo_config_glue [-] OVS.igmp_flood = False {{(pid=105691) log_opt_values /opt/stack/data/venv/lib/python3.12/site-packages/oslo_config/cfg.py:3006}}
Apr 22 02:41:25.779077 np0000169032 neutron-periodic-workers[105691]: DEBUG cotyledon.oslo_config_glue [-] OVS.igmp_flood_reports = True {{(pid=105691) log_opt_values /opt/stack/data/venv/lib/python3.12/site-packages/oslo_config/cfg.py:3006}}
Apr 22 02:41:25.779077 np0000169032 neutron-periodic-workers[105691]: DEBUG cotyledon.oslo_config_glue [-] OVS.igmp_flood_unregistered = False {{(pid=105691) log_opt_values /opt/stack/data/venv/lib/python3.12/site-packages/oslo_config/cfg.py:3006}}
Apr 22 02:41:25.779077 np0000169032 neutron-periodic-workers[105691]: DEBUG cotyledon.oslo_config_glue [-] OVS.igmp_snooping_enable = False {{(pid=105691) log_opt_values /opt/stack/data/venv/lib/python3.12/site-packages/oslo_config/cfg.py:3006}}
Apr 22 02:41:25.779077 np0000169032 neutron-periodic-workers[105691]: DEBUG cotyledon.oslo_config_glue [-] OVS.ovsdb_timeout = 10 {{(pid=105691) log_opt_values /opt/stack/data/venv/lib/python3.12/site-packages/oslo_config/cfg.py:3006}}
Apr 22 02:41:25.779077 np0000169032 neutron-periodic-workers[105691]: DEBUG cotyledon.oslo_config_glue [-] ovn_nb_global.fdb_removal_limit = 0 {{(pid=105691) log_opt_values /opt/stack/data/venv/lib/python3.12/site-packages/oslo_config/cfg.py:3006}}
Apr 22 02:41:25.779077 np0000169032 neutron-periodic-workers[105691]: DEBUG cotyledon.oslo_config_glue [-] ovn_nb_global.ignore_lsp_down = False {{(pid=105691) log_opt_values /opt/stack/data/venv/lib/python3.12/site-packages/oslo_config/cfg.py:3006}}
Apr 22 02:41:25.779591 np0000169032 neutron-periodic-workers[105691]: DEBUG cotyledon.oslo_config_glue [-] ovn_nb_global.mac_binding_removal_limit = 0 {{(pid=105691) log_opt_values /opt/stack/data/venv/lib/python3.12/site-packages/oslo_config/cfg.py:3006}}
Apr 22 02:41:25.779591 np0000169032 neutron-periodic-workers[105691]: DEBUG cotyledon.oslo_config_glue [-] ******************************************************************************** {{(pid=105691) log_opt_values /opt/stack/data/venv/lib/python3.12/site-packages/oslo_config/cfg.py:3013}}
Apr 22 02:41:25.779591 np0000169032 neutron-periodic-workers[105691]: DEBUG cotyledon._service_worker [-] Run service ServiceWrapper(0) [105691] {{(pid=105691) wait_forever /opt/stack/data/venv/lib/python3.12/site-packages/cotyledon/_service_worker.py:218}}
Apr 22 02:41:35.408553 np0000169032 neutron-periodic-workers[104897]: DEBUG dbcounter [-] [104897] Writing DB stats neutron:SELECT=4 {{(pid=104897) stat_writer /opt/stack/data/venv/lib/python3.12/site-packages/dbcounter.py:115}}
Apr 22 02:42:12.746470 np0000169032 neutron-periodic-workers[105662]: DEBUG oslo_db.sqlalchemy.engines [None req-03539a5b-5684-464a-bae3-00db30e70d06 None None] Parent process 104897 forked (105662) with an open database connection, which is being discarded and recreated. {{(pid=105662) checkout /opt/stack/data/venv/lib/python3.12/site-packages/oslo_db/sqlalchemy/engines.py:402}}
Apr 22 02:42:12.754828 np0000169032 neutron-periodic-workers[105662]: DEBUG dbcounter [-] [105662] Writer thread running {{(pid=105662) stat_writer /opt/stack/data/venv/lib/python3.12/site-packages/dbcounter.py:102}}
Apr 22 02:42:12.763141 np0000169032 neutron-periodic-workers[105662]: DEBUG oslo.service.backend._threading.loopingcall [None req-03539a5b-5684-464a-bae3-00db30e70d06 None None] Fixed interval looping call 'neutron.plugins.ml2.plugin.DhcpAgentSchedulerDbMixin.remove_networks_from_down_agents' sleeping for 36.98 seconds {{(pid=105662) _run_loop /opt/stack/data/venv/lib/python3.12/site-packages/oslo_service/backend/_threading/loopingcall.py:125}}
Apr 22 02:42:22.762720 np0000169032 neutron-periodic-workers[105662]: DEBUG dbcounter [-] [105662] Writing DB stats neutron:SELECT=3 {{(pid=105662) stat_writer /opt/stack/data/venv/lib/python3.12/site-packages/dbcounter.py:115}}
Apr 22 02:42:26.784000 np0000169032 neutron-periodic-workers[105674]: DEBUG dbcounter [-] [105674] Writer thread running {{(pid=105674) stat_writer /opt/stack/data/venv/lib/python3.12/site-packages/dbcounter.py:102}}
Apr 22 02:42:26.787764 np0000169032 neutron-periodic-workers[105674]: DEBUG neutron.db.agents_db [None req-aea264ed-5717-4d1b-9c95-39644e203f56 None None] Agent healthcheck: found 0 active agents {{(pid=105674) agent_health_check /opt/stack/neutron/neutron/db/agents_db.py:317}}
Apr 22 02:42:26.787956 np0000169032 neutron-periodic-workers[105674]: DEBUG oslo.service.backend._threading.loopingcall [None req-aea264ed-5717-4d1b-9c95-39644e203f56 None None] Fixed interval looping call 'neutron.plugins.ml2.plugin.AgentDbMixin.agent_health_check' sleeping for 36.98 seconds {{(pid=105674) _run_loop /opt/stack/data/venv/lib/python3.12/site-packages/oslo_service/backend/_threading/loopingcall.py:125}}
Apr 22 02:42:36.784494 np0000169032 neutron-periodic-workers[105674]: DEBUG dbcounter [-] [105674] Writing DB stats neutron:SELECT=1 {{(pid=105674) stat_writer /opt/stack/data/venv/lib/python3.12/site-packages/dbcounter.py:115}}
Apr 22 02:42:44.748765 np0000169032 neutron-periodic-workers[105653]: DEBUG dbcounter [-] [105653] Writer thread running {{(pid=105653) stat_writer /opt/stack/data/venv/lib/python3.12/site-packages/dbcounter.py:102}}
Apr 22 02:42:44.759852 np0000169032 neutron-periodic-workers[105653]: DEBUG oslo.service.backend._threading.loopingcall [None req-ce781ce3-042e-461a-b994-27a4c9d44326 None None] Fixed interval looping call 'neutron.services.ovn_l3.plugin.L3_NAT_dbonly_mixin._clean_garbage' sleeping for 299.96 seconds {{(pid=105653) _run_loop /opt/stack/data/venv/lib/python3.12/site-packages/oslo_service/backend/_threading/loopingcall.py:125}}
Apr 22 02:42:49.756463 np0000169032 neutron-periodic-workers[105662]: DEBUG oslo.service.backend._threading.loopingcall [None req-03539a5b-5684-464a-bae3-00db30e70d06 None None] Fixed interval looping call 'neutron.plugins.ml2.plugin.DhcpAgentSchedulerDbMixin.remove_networks_from_down_agents' sleeping for 36.99 seconds {{(pid=105662) _run_loop /opt/stack/data/venv/lib/python3.12/site-packages/oslo_service/backend/_threading/loopingcall.py:125}}
Apr 22 02:42:54.750335 np0000169032 neutron-periodic-workers[105653]: DEBUG dbcounter [-] [105653] Writing DB stats neutron:SELECT=1 {{(pid=105653) stat_writer /opt/stack/data/venv/lib/python3.12/site-packages/dbcounter.py:115}}
Apr 22 02:42:59.753276 np0000169032 neutron-periodic-workers[105662]: DEBUG dbcounter [-] [105662] Writing DB stats neutron:SELECT=3 {{(pid=105662) stat_writer /opt/stack/data/venv/lib/python3.12/site-packages/dbcounter.py:115}}
Apr 22 02:43:03.774332 np0000169032 neutron-periodic-workers[105674]: DEBUG neutron.db.agents_db [None req-aea264ed-5717-4d1b-9c95-39644e203f56 None None] Agent healthcheck: found 0 active agents {{(pid=105674) agent_health_check /opt/stack/neutron/neutron/db/agents_db.py:317}}
Apr 22 02:43:03.775040 np0000169032 neutron-periodic-workers[105674]: DEBUG oslo.service.backend._threading.loopingcall [None req-aea264ed-5717-4d1b-9c95-39644e203f56 None None] Fixed interval looping call 'neutron.plugins.ml2.plugin.AgentDbMixin.agent_health_check' sleeping for 36.99 seconds {{(pid=105674) _run_loop /opt/stack/data/venv/lib/python3.12/site-packages/oslo_service/backend/_threading/loopingcall.py:125}}
Apr 22 02:43:13.772442 np0000169032 neutron-periodic-workers[105674]: DEBUG dbcounter [-] [105674] Writing DB stats neutron:SELECT=1 {{(pid=105674) stat_writer /opt/stack/data/venv/lib/python3.12/site-packages/dbcounter.py:115}}
Apr 22 02:43:25.792972 np0000169032 neutron-periodic-workers[105691]: DEBUG dbcounter [-] [105691] Writer thread running {{(pid=105691) stat_writer /opt/stack/data/venv/lib/python3.12/site-packages/dbcounter.py:102}}
Apr 22 02:43:25.794942 np0000169032 neutron-periodic-workers[105691]: DEBUG oslo.service.backend._threading.loopingcall [None req-bf6732d1-1c65-4779-a364-5b6c68f252f2 None None] Fixed interval looping call 'neutron.db.quota.driver_nolock.DbQuotaNoLockDriver._remove_expired_reservations' sleeping for 119.98 seconds {{(pid=105691) _run_loop /opt/stack/data/venv/lib/python3.12/site-packages/oslo_service/backend/_threading/loopingcall.py:125}}
Apr 22 02:43:26.755483 np0000169032 neutron-periodic-workers[105662]: DEBUG oslo.service.backend._threading.loopingcall [None req-03539a5b-5684-464a-bae3-00db30e70d06 None None] Fixed interval looping call 'neutron.plugins.ml2.plugin.DhcpAgentSchedulerDbMixin.remove_networks_from_down_agents' sleeping for 36.99 seconds {{(pid=105662) _run_loop /opt/stack/data/venv/lib/python3.12/site-packages/oslo_service/backend/_threading/loopingcall.py:125}}
Apr 22 02:43:35.793736 np0000169032 neutron-periodic-workers[105691]: DEBUG dbcounter [-] [105691] Writing DB stats neutron:DELETE=1 {{(pid=105691) stat_writer /opt/stack/data/venv/lib/python3.12/site-packages/dbcounter.py:115}}
Apr 22 02:43:36.754404 np0000169032 neutron-periodic-workers[105662]: DEBUG dbcounter [-] [105662] Writing DB stats neutron:SELECT=3 {{(pid=105662) stat_writer /opt/stack/data/venv/lib/python3.12/site-packages/dbcounter.py:115}}
Apr 22 02:43:40.769861 np0000169032 neutron-periodic-workers[105674]: DEBUG neutron.db.agents_db [None req-aea264ed-5717-4d1b-9c95-39644e203f56 None None] Agent healthcheck: found 0 active agents {{(pid=105674) agent_health_check /opt/stack/neutron/neutron/db/agents_db.py:317}}
Apr 22 02:43:40.770416 np0000169032 neutron-periodic-workers[105674]: DEBUG oslo.service.backend._threading.loopingcall [None req-aea264ed-5717-4d1b-9c95-39644e203f56 None None] Fixed interval looping call 'neutron.plugins.ml2.plugin.AgentDbMixin.agent_health_check' sleeping for 36.99 seconds {{(pid=105674) _run_loop /opt/stack/data/venv/lib/python3.12/site-packages/oslo_service/backend/_threading/loopingcall.py:125}}
Apr 22 02:43:50.768144 np0000169032 neutron-periodic-workers[105674]: DEBUG dbcounter [-] [105674] Writing DB stats neutron:SELECT=1 {{(pid=105674) stat_writer /opt/stack/data/venv/lib/python3.12/site-packages/dbcounter.py:115}}
Apr 22 02:44:03.762262 np0000169032 neutron-periodic-workers[105662]: DEBUG oslo.service.backend._threading.loopingcall [None req-03539a5b-5684-464a-bae3-00db30e70d06 None None] Fixed interval looping call 'neutron.plugins.ml2.plugin.DhcpAgentSchedulerDbMixin.remove_networks_from_down_agents' sleeping for 36.99 seconds {{(pid=105662) _run_loop /opt/stack/data/venv/lib/python3.12/site-packages/oslo_service/backend/_threading/loopingcall.py:125}}
Apr 22 02:44:13.760858 np0000169032 neutron-periodic-workers[105662]: DEBUG dbcounter [-] [105662] Writing DB stats neutron:SELECT=3 {{(pid=105662) stat_writer /opt/stack/data/venv/lib/python3.12/site-packages/dbcounter.py:115}}
Apr 22 02:44:17.765361 np0000169032 neutron-periodic-workers[105674]: DEBUG neutron.db.agents_db [None req-aea264ed-5717-4d1b-9c95-39644e203f56 None None] Agent healthcheck: found 0 active agents {{(pid=105674) agent_health_check /opt/stack/neutron/neutron/db/agents_db.py:317}}
Apr 22 02:44:17.765361 np0000169032 neutron-periodic-workers[105674]: DEBUG oslo.service.backend._threading.loopingcall [None req-aea264ed-5717-4d1b-9c95-39644e203f56 None None] Fixed interval looping call 'neutron.plugins.ml2.plugin.AgentDbMixin.agent_health_check' sleeping for 36.99 seconds {{(pid=105674) _run_loop /opt/stack/data/venv/lib/python3.12/site-packages/oslo_service/backend/_threading/loopingcall.py:125}}
Apr 22 02:44:27.764970 np0000169032 neutron-periodic-workers[105674]: DEBUG dbcounter [-] [105674] Writing DB stats neutron:SELECT=1 {{(pid=105674) stat_writer /opt/stack/data/venv/lib/python3.12/site-packages/dbcounter.py:115}}
Apr 22 02:44:40.764469 np0000169032 neutron-periodic-workers[105662]: DEBUG oslo.service.backend._threading.loopingcall [None req-03539a5b-5684-464a-bae3-00db30e70d06 None None] Fixed interval looping call 'neutron.plugins.ml2.plugin.DhcpAgentSchedulerDbMixin.remove_networks_from_down_agents' sleeping for 36.99 seconds {{(pid=105662) _run_loop /opt/stack/data/venv/lib/python3.12/site-packages/oslo_service/backend/_threading/loopingcall.py:125}}
Apr 22 02:44:50.760383 np0000169032 neutron-periodic-workers[105662]: DEBUG dbcounter [-] [105662] Writing DB stats neutron:SELECT=3 {{(pid=105662) stat_writer /opt/stack/data/venv/lib/python3.12/site-packages/dbcounter.py:115}}
Apr 22 02:44:54.761963 np0000169032 neutron-periodic-workers[105674]: DEBUG neutron.db.agents_db [None req-aea264ed-5717-4d1b-9c95-39644e203f56 None None] Agent healthcheck: found 0 active agents {{(pid=105674) agent_health_check /opt/stack/neutron/neutron/db/agents_db.py:317}}
Apr 22 02:44:54.762506 np0000169032 neutron-periodic-workers[105674]: DEBUG oslo.service.backend._threading.loopingcall [None req-aea264ed-5717-4d1b-9c95-39644e203f56 None None] Fixed interval looping call 'neutron.plugins.ml2.plugin.AgentDbMixin.agent_health_check' sleeping for 36.99 seconds {{(pid=105674) _run_loop /opt/stack/data/venv/lib/python3.12/site-packages/oslo_service/backend/_threading/loopingcall.py:125}}
Apr 22 02:45:04.759686 np0000169032 neutron-periodic-workers[105674]: DEBUG dbcounter [-] [105674] Writing DB stats neutron:SELECT=1 {{(pid=105674) stat_writer /opt/stack/data/venv/lib/python3.12/site-packages/dbcounter.py:115}}
Apr 22 02:45:17.762280 np0000169032 neutron-periodic-workers[105662]: DEBUG oslo.service.backend._threading.loopingcall [None req-03539a5b-5684-464a-bae3-00db30e70d06 None None] Fixed interval looping call 'neutron.plugins.ml2.plugin.DhcpAgentSchedulerDbMixin.remove_networks_from_down_agents' sleeping for 36.99 seconds {{(pid=105662) _run_loop /opt/stack/data/venv/lib/python3.12/site-packages/oslo_service/backend/_threading/loopingcall.py:125}}
Apr 22 02:45:25.780670 np0000169032 neutron-periodic-workers[105691]: DEBUG oslo.service.backend._threading.loopingcall [None req-bf6732d1-1c65-4779-a364-5b6c68f252f2 None None] Fixed interval looping call 'neutron.db.quota.driver_nolock.DbQuotaNoLockDriver._remove_expired_reservations' sleeping for 119.99 seconds {{(pid=105691) _run_loop /opt/stack/data/venv/lib/python3.12/site-packages/oslo_service/backend/_threading/loopingcall.py:125}}
Apr 22 02:45:27.761753 np0000169032 neutron-periodic-workers[105662]: DEBUG dbcounter [-] [105662] Writing DB stats neutron:SELECT=3 {{(pid=105662) stat_writer /opt/stack/data/venv/lib/python3.12/site-packages/dbcounter.py:115}}
Apr 22 02:45:31.758004 np0000169032 neutron-periodic-workers[105674]: DEBUG neutron.db.agents_db [None req-aea264ed-5717-4d1b-9c95-39644e203f56 None None] Agent healthcheck: found 0 active agents {{(pid=105674) agent_health_check /opt/stack/neutron/neutron/db/agents_db.py:317}}
Apr 22 02:45:31.758601 np0000169032 neutron-periodic-workers[105674]: DEBUG oslo.service.backend._threading.loopingcall [None req-aea264ed-5717-4d1b-9c95-39644e203f56 None None] Fixed interval looping call 'neutron.plugins.ml2.plugin.AgentDbMixin.agent_health_check' sleeping for 36.99 seconds {{(pid=105674) _run_loop /opt/stack/data/venv/lib/python3.12/site-packages/oslo_service/backend/_threading/loopingcall.py:125}}
Apr 22 02:45:35.779107 np0000169032 neutron-periodic-workers[105691]: DEBUG dbcounter [-] [105691] Writing DB stats neutron:DELETE=1 {{(pid=105691) stat_writer /opt/stack/data/venv/lib/python3.12/site-packages/dbcounter.py:115}}
Apr 22 02:45:41.756382 np0000169032 neutron-periodic-workers[105674]: DEBUG dbcounter [-] [105674] Writing DB stats neutron:SELECT=1 {{(pid=105674) stat_writer /opt/stack/data/venv/lib/python3.12/site-packages/dbcounter.py:115}}
Apr 22 02:45:54.759353 np0000169032 neutron-periodic-workers[105662]: DEBUG oslo.service.backend._threading.loopingcall [None req-03539a5b-5684-464a-bae3-00db30e70d06 None None] Fixed interval looping call 'neutron.plugins.ml2.plugin.DhcpAgentSchedulerDbMixin.remove_networks_from_down_agents' sleeping for 36.99 seconds {{(pid=105662) _run_loop /opt/stack/data/venv/lib/python3.12/site-packages/oslo_service/backend/_threading/loopingcall.py:125}}
Apr 22 02:46:04.758982 np0000169032 neutron-periodic-workers[105662]: DEBUG dbcounter [-] [105662] Writing DB stats neutron:SELECT=3 {{(pid=105662) stat_writer /opt/stack/data/venv/lib/python3.12/site-packages/dbcounter.py:115}}
Apr 22 02:46:08.755591 np0000169032 neutron-periodic-workers[105674]: DEBUG neutron.db.agents_db [None req-aea264ed-5717-4d1b-9c95-39644e203f56 None None] Agent healthcheck: found 0 active agents {{(pid=105674) agent_health_check /opt/stack/neutron/neutron/db/agents_db.py:317}}
Apr 22 02:46:08.756234 np0000169032 neutron-periodic-workers[105674]: DEBUG oslo.service.backend._threading.loopingcall [None req-aea264ed-5717-4d1b-9c95-39644e203f56 None None] Fixed interval looping call 'neutron.plugins.ml2.plugin.AgentDbMixin.agent_health_check' sleeping for 36.99 seconds {{(pid=105674) _run_loop /opt/stack/data/venv/lib/python3.12/site-packages/oslo_service/backend/_threading/loopingcall.py:125}}
Apr 22 02:46:18.753303 np0000169032 neutron-periodic-workers[105674]: DEBUG dbcounter [-] [105674] Writing DB stats neutron:SELECT=1 {{(pid=105674) stat_writer /opt/stack/data/venv/lib/python3.12/site-packages/dbcounter.py:115}}
Apr 22 02:46:31.758916 np0000169032 neutron-periodic-workers[105662]: DEBUG oslo.service.backend._threading.loopingcall [None req-03539a5b-5684-464a-bae3-00db30e70d06 None None] Fixed interval looping call 'neutron.plugins.ml2.plugin.DhcpAgentSchedulerDbMixin.remove_networks_from_down_agents' sleeping for 36.99 seconds {{(pid=105662) _run_loop /opt/stack/data/venv/lib/python3.12/site-packages/oslo_service/backend/_threading/loopingcall.py:125}}
Apr 22 02:46:41.757836 np0000169032 neutron-periodic-workers[105662]: DEBUG dbcounter [-] [105662] Writing DB stats neutron:SELECT=3 {{(pid=105662) stat_writer /opt/stack/data/venv/lib/python3.12/site-packages/dbcounter.py:115}}
Apr 22 02:46:45.751984 np0000169032 neutron-periodic-workers[105674]: DEBUG neutron.db.agents_db [None req-aea264ed-5717-4d1b-9c95-39644e203f56 None None] Agent healthcheck: found 0 active agents {{(pid=105674) agent_health_check /opt/stack/neutron/neutron/db/agents_db.py:317}}
Apr 22 02:46:45.752717 np0000169032 neutron-periodic-workers[105674]: DEBUG oslo.service.backend._threading.loopingcall [None req-aea264ed-5717-4d1b-9c95-39644e203f56 None None] Fixed interval looping call 'neutron.plugins.ml2.plugin.AgentDbMixin.agent_health_check' sleeping for 36.99 seconds {{(pid=105674) _run_loop /opt/stack/data/venv/lib/python3.12/site-packages/oslo_service/backend/_threading/loopingcall.py:125}}
Apr 22 02:46:55.751684 np0000169032 neutron-periodic-workers[105674]: DEBUG dbcounter [-] [105674] Writing DB stats neutron:SELECT=1 {{(pid=105674) stat_writer /opt/stack/data/venv/lib/python3.12/site-packages/dbcounter.py:115}}
Apr 22 02:47:08.757600 np0000169032 neutron-periodic-workers[105662]: DEBUG oslo.service.backend._threading.loopingcall [None req-03539a5b-5684-464a-bae3-00db30e70d06 None None] Fixed interval looping call 'neutron.plugins.ml2.plugin.DhcpAgentSchedulerDbMixin.remove_networks_from_down_agents' sleeping for 36.99 seconds {{(pid=105662) _run_loop /opt/stack/data/venv/lib/python3.12/site-packages/oslo_service/backend/_threading/loopingcall.py:125}}
Apr 22 02:47:18.756739 np0000169032 neutron-periodic-workers[105662]: DEBUG dbcounter [-] [105662] Writing DB stats neutron:SELECT=3 {{(pid=105662) stat_writer /opt/stack/data/venv/lib/python3.12/site-packages/dbcounter.py:115}}
Apr 22 02:47:22.748109 np0000169032 neutron-periodic-workers[105674]: DEBUG neutron.db.agents_db [None req-aea264ed-5717-4d1b-9c95-39644e203f56 None None] Agent healthcheck: found 0 active agents {{(pid=105674) agent_health_check /opt/stack/neutron/neutron/db/agents_db.py:317}}
Apr 22 02:47:22.748953 np0000169032 neutron-periodic-workers[105674]: DEBUG oslo.service.backend._threading.loopingcall [None req-aea264ed-5717-4d1b-9c95-39644e203f56 None None] Fixed interval looping call 'neutron.plugins.ml2.plugin.AgentDbMixin.agent_health_check' sleeping for 36.99 seconds {{(pid=105674) _run_loop /opt/stack/data/venv/lib/python3.12/site-packages/oslo_service/backend/_threading/loopingcall.py:125}}
Apr 22 02:47:25.777564 np0000169032 neutron-periodic-workers[105691]: DEBUG oslo.service.backend._threading.loopingcall [None req-bf6732d1-1c65-4779-a364-5b6c68f252f2 None None] Fixed interval looping call 'neutron.db.quota.driver_nolock.DbQuotaNoLockDriver._remove_expired_reservations' sleeping for 119.99 seconds {{(pid=105691) _run_loop /opt/stack/data/venv/lib/python3.12/site-packages/oslo_service/backend/_threading/loopingcall.py:125}}
Apr 22 02:47:32.745962 np0000169032 neutron-periodic-workers[105674]: DEBUG dbcounter [-] [105674] Writing DB stats neutron:SELECT=1 {{(pid=105674) stat_writer /opt/stack/data/venv/lib/python3.12/site-packages/dbcounter.py:115}}
Apr 22 02:47:35.776069 np0000169032 neutron-periodic-workers[105691]: DEBUG dbcounter [-] [105691] Writing DB stats neutron:DELETE=1 {{(pid=105691) stat_writer /opt/stack/data/venv/lib/python3.12/site-packages/dbcounter.py:115}}
Apr 22 02:47:44.733571 np0000169032 neutron-periodic-workers[105653]: DEBUG oslo.service.backend._threading.loopingcall [None req-ce781ce3-042e-461a-b994-27a4c9d44326 None None] Fixed interval looping call 'neutron.services.ovn_l3.plugin.L3_NAT_dbonly_mixin._clean_garbage' sleeping for 299.99 seconds {{(pid=105653) _run_loop /opt/stack/data/venv/lib/python3.12/site-packages/oslo_service/backend/_threading/loopingcall.py:125}}
Apr 22 02:47:45.757983 np0000169032 neutron-periodic-workers[105662]: DEBUG oslo.service.backend._threading.loopingcall [None req-03539a5b-5684-464a-bae3-00db30e70d06 None None] Fixed interval looping call 'neutron.plugins.ml2.plugin.DhcpAgentSchedulerDbMixin.remove_networks_from_down_agents' sleeping for 36.99 seconds {{(pid=105662) _run_loop /opt/stack/data/venv/lib/python3.12/site-packages/oslo_service/backend/_threading/loopingcall.py:125}}
Apr 22 02:47:54.724627 np0000169032 neutron-periodic-workers[105653]: DEBUG dbcounter [-] [105653] Writing DB stats neutron:SELECT=1 {{(pid=105653) stat_writer /opt/stack/data/venv/lib/python3.12/site-packages/dbcounter.py:115}}
Apr 22 02:47:55.757134 np0000169032 neutron-periodic-workers[105662]: DEBUG dbcounter [-] [105662] Writing DB stats neutron:SELECT=3 {{(pid=105662) stat_writer /opt/stack/data/venv/lib/python3.12/site-packages/dbcounter.py:115}}
Apr 22 02:47:59.743787 np0000169032 neutron-periodic-workers[105674]: DEBUG neutron.db.agents_db [None req-aea264ed-5717-4d1b-9c95-39644e203f56 None None] Agent healthcheck: found 0 active agents {{(pid=105674) agent_health_check /opt/stack/neutron/neutron/db/agents_db.py:317}}
Apr 22 02:47:59.744434 np0000169032 neutron-periodic-workers[105674]: DEBUG oslo.service.backend._threading.loopingcall [None req-aea264ed-5717-4d1b-9c95-39644e203f56 None None] Fixed interval looping call 'neutron.plugins.ml2.plugin.AgentDbMixin.agent_health_check' sleeping for 36.99 seconds {{(pid=105674) _run_loop /opt/stack/data/venv/lib/python3.12/site-packages/oslo_service/backend/_threading/loopingcall.py:125}}
Apr 22 02:48:09.754754 np0000169032 neutron-periodic-workers[105674]: DEBUG dbcounter [-] [105674] Writing DB stats neutron:SELECT=1 {{(pid=105674) stat_writer /opt/stack/data/venv/lib/python3.12/site-packages/dbcounter.py:115}}
Apr 22 02:48:22.762912 np0000169032 neutron-periodic-workers[105662]: DEBUG oslo.service.backend._threading.loopingcall [None req-03539a5b-5684-464a-bae3-00db30e70d06 None None] Fixed interval looping call 'neutron.plugins.ml2.plugin.DhcpAgentSchedulerDbMixin.remove_networks_from_down_agents' sleeping for 36.99 seconds {{(pid=105662) _run_loop /opt/stack/data/venv/lib/python3.12/site-packages/oslo_service/backend/_threading/loopingcall.py:125}}
Apr 22 02:48:32.762022 np0000169032 neutron-periodic-workers[105662]: DEBUG dbcounter [-] [105662] Writing DB stats neutron:SELECT=3 {{(pid=105662) stat_writer /opt/stack/data/venv/lib/python3.12/site-packages/dbcounter.py:115}}
Apr 22 02:48:36.740197 np0000169032 neutron-periodic-workers[105674]: DEBUG neutron.db.agents_db [None req-aea264ed-5717-4d1b-9c95-39644e203f56 None None] Agent healthcheck: found 0 active agents {{(pid=105674) agent_health_check /opt/stack/neutron/neutron/db/agents_db.py:317}}
Apr 22 02:48:36.743373 np0000169032 neutron-periodic-workers[105674]: DEBUG oslo.service.backend._threading.loopingcall [None req-aea264ed-5717-4d1b-9c95-39644e203f56 None None] Fixed interval looping call 'neutron.plugins.ml2.plugin.AgentDbMixin.agent_health_check' sleeping for 36.99 seconds {{(pid=105674) _run_loop /opt/stack/data/venv/lib/python3.12/site-packages/oslo_service/backend/_threading/loopingcall.py:125}}
Apr 22 02:48:46.738311 np0000169032 neutron-periodic-workers[105674]: DEBUG dbcounter [-] [105674] Writing DB stats neutron:SELECT=1 {{(pid=105674) stat_writer /opt/stack/data/venv/lib/python3.12/site-packages/dbcounter.py:115}}
Apr 22 02:48:59.763590 np0000169032 neutron-periodic-workers[105662]: DEBUG oslo.service.backend._threading.loopingcall [None req-03539a5b-5684-464a-bae3-00db30e70d06 None None] Fixed interval looping call 'neutron.plugins.ml2.plugin.DhcpAgentSchedulerDbMixin.remove_networks_from_down_agents' sleeping for 36.99 seconds {{(pid=105662) _run_loop /opt/stack/data/venv/lib/python3.12/site-packages/oslo_service/backend/_threading/loopingcall.py:125}}
Apr 22 02:49:09.762062 np0000169032 neutron-periodic-workers[105662]: DEBUG dbcounter [-] [105662] Writing DB stats neutron:SELECT=3 {{(pid=105662) stat_writer /opt/stack/data/venv/lib/python3.12/site-packages/dbcounter.py:115}}
Apr 22 02:49:13.735162 np0000169032 neutron-periodic-workers[105674]: DEBUG neutron.db.agents_db [None req-aea264ed-5717-4d1b-9c95-39644e203f56 None None] Agent healthcheck: found 0 active agents {{(pid=105674) agent_health_check /opt/stack/neutron/neutron/db/agents_db.py:317}}
Apr 22 02:49:13.735714 np0000169032 neutron-periodic-workers[105674]: DEBUG oslo.service.backend._threading.loopingcall [None req-aea264ed-5717-4d1b-9c95-39644e203f56 None None] Fixed interval looping call 'neutron.plugins.ml2.plugin.AgentDbMixin.agent_health_check' sleeping for 37.00 seconds {{(pid=105674) _run_loop /opt/stack/data/venv/lib/python3.12/site-packages/oslo_service/backend/_threading/loopingcall.py:125}}
Apr 22 02:49:23.733487 np0000169032 neutron-periodic-workers[105674]: DEBUG dbcounter [-] [105674] Writing DB stats neutron:SELECT=1 {{(pid=105674) stat_writer /opt/stack/data/venv/lib/python3.12/site-packages/dbcounter.py:115}}
Apr 22 02:49:25.773149 np0000169032 neutron-periodic-workers[105691]: DEBUG oslo.service.backend._threading.loopingcall [None req-bf6732d1-1c65-4779-a364-5b6c68f252f2 None None] Fixed interval looping call 'neutron.db.quota.driver_nolock.DbQuotaNoLockDriver._remove_expired_reservations' sleeping for 119.99 seconds {{(pid=105691) _run_loop /opt/stack/data/venv/lib/python3.12/site-packages/oslo_service/backend/_threading/loopingcall.py:125}}
Apr 22 02:49:35.772202 np0000169032 neutron-periodic-workers[105691]: DEBUG dbcounter [-] [105691] Writing DB stats neutron:DELETE=1 {{(pid=105691) stat_writer /opt/stack/data/venv/lib/python3.12/site-packages/dbcounter.py:115}}
Apr 22 02:49:36.761704 np0000169032 neutron-periodic-workers[105662]: DEBUG oslo.service.backend._threading.loopingcall [None req-03539a5b-5684-464a-bae3-00db30e70d06 None None] Fixed interval looping call 'neutron.plugins.ml2.plugin.DhcpAgentSchedulerDbMixin.remove_networks_from_down_agents' sleeping for 36.99 seconds {{(pid=105662) _run_loop /opt/stack/data/venv/lib/python3.12/site-packages/oslo_service/backend/_threading/loopingcall.py:125}}
Apr 22 02:49:46.760192 np0000169032 neutron-periodic-workers[105662]: DEBUG dbcounter [-] [105662] Writing DB stats neutron:SELECT=3 {{(pid=105662) stat_writer /opt/stack/data/venv/lib/python3.12/site-packages/dbcounter.py:115}}
Apr 22 02:49:50.742252 np0000169032 neutron-periodic-workers[105674]: DEBUG neutron.db.agents_db [None req-aea264ed-5717-4d1b-9c95-39644e203f56 None None] Agent healthcheck: found 0 active agents {{(pid=105674) agent_health_check /opt/stack/neutron/neutron/db/agents_db.py:317}}
Apr 22 02:49:50.742762 np0000169032 neutron-periodic-workers[105674]: DEBUG oslo.service.backend._threading.loopingcall [None req-aea264ed-5717-4d1b-9c95-39644e203f56 None None] Fixed interval looping call 'neutron.plugins.ml2.plugin.AgentDbMixin.agent_health_check' sleeping for 36.99 seconds {{(pid=105674) _run_loop /opt/stack/data/venv/lib/python3.12/site-packages/oslo_service/backend/_threading/loopingcall.py:125}}
Apr 22 02:50:00.741104 np0000169032 neutron-periodic-workers[105674]: DEBUG dbcounter [-] [105674] Writing DB stats neutron:SELECT=1 {{(pid=105674) stat_writer /opt/stack/data/venv/lib/python3.12/site-packages/dbcounter.py:115}}
Apr 22 02:50:13.761340 np0000169032 neutron-periodic-workers[105662]: DEBUG oslo.service.backend._threading.loopingcall [None req-03539a5b-5684-464a-bae3-00db30e70d06 None None] Fixed interval looping call 'neutron.plugins.ml2.plugin.DhcpAgentSchedulerDbMixin.remove_networks_from_down_agents' sleeping for 36.99 seconds {{(pid=105662) _run_loop /opt/stack/data/venv/lib/python3.12/site-packages/oslo_service/backend/_threading/loopingcall.py:125}}
Apr 22 02:50:23.761024 np0000169032 neutron-periodic-workers[105662]: DEBUG dbcounter [-] [105662] Writing DB stats neutron:SELECT=3 {{(pid=105662) stat_writer /opt/stack/data/venv/lib/python3.12/site-packages/dbcounter.py:115}}
Apr 22 02:50:27.739311 np0000169032 neutron-periodic-workers[105674]: DEBUG neutron.db.agents_db [None req-aea264ed-5717-4d1b-9c95-39644e203f56 None None] Agent healthcheck: found 0 active agents {{(pid=105674) agent_health_check /opt/stack/neutron/neutron/db/agents_db.py:317}}
Apr 22 02:50:27.739311 np0000169032 neutron-periodic-workers[105674]: DEBUG oslo.service.backend._threading.loopingcall [None req-aea264ed-5717-4d1b-9c95-39644e203f56 None None] Fixed interval looping call 'neutron.plugins.ml2.plugin.AgentDbMixin.agent_health_check' sleeping for 36.99 seconds {{(pid=105674) _run_loop /opt/stack/data/venv/lib/python3.12/site-packages/oslo_service/backend/_threading/loopingcall.py:125}}
Apr 22 02:50:37.738477 np0000169032 neutron-periodic-workers[105674]: DEBUG dbcounter [-] [105674] Writing DB stats neutron:SELECT=1 {{(pid=105674) stat_writer /opt/stack/data/venv/lib/python3.12/site-packages/dbcounter.py:115}}
Apr 22 02:50:50.762792 np0000169032 neutron-periodic-workers[105662]: DEBUG oslo.service.backend._threading.loopingcall [None req-03539a5b-5684-464a-bae3-00db30e70d06 None None] Fixed interval looping call 'neutron.plugins.ml2.plugin.DhcpAgentSchedulerDbMixin.remove_networks_from_down_agents' sleeping for 36.99 seconds {{(pid=105662) _run_loop /opt/stack/data/venv/lib/python3.12/site-packages/oslo_service/backend/_threading/loopingcall.py:125}}
Apr 22 02:51:00.761018 np0000169032 neutron-periodic-workers[105662]: DEBUG dbcounter [-] [105662] Writing DB stats neutron:SELECT=3 {{(pid=105662) stat_writer /opt/stack/data/venv/lib/python3.12/site-packages/dbcounter.py:115}}
Apr 22 02:51:04.734925 np0000169032 neutron-periodic-workers[105674]: DEBUG neutron.db.agents_db [None req-aea264ed-5717-4d1b-9c95-39644e203f56 None None] Agent healthcheck: found 0 active agents {{(pid=105674) agent_health_check /opt/stack/neutron/neutron/db/agents_db.py:317}}
Apr 22 02:51:04.735322 np0000169032 neutron-periodic-workers[105674]: DEBUG oslo.service.backend._threading.loopingcall [None req-aea264ed-5717-4d1b-9c95-39644e203f56 None None] Fixed interval looping call 'neutron.plugins.ml2.plugin.AgentDbMixin.agent_health_check' sleeping for 36.99 seconds {{(pid=105674) _run_loop /opt/stack/data/venv/lib/python3.12/site-packages/oslo_service/backend/_threading/loopingcall.py:125}}
Apr 22 02:51:14.734733 np0000169032 neutron-periodic-workers[105674]: DEBUG dbcounter [-] [105674] Writing DB stats neutron:SELECT=1 {{(pid=105674) stat_writer /opt/stack/data/venv/lib/python3.12/site-packages/dbcounter.py:115}}
