Apr 22 02:44:57.227503 np0000169032 devstack@neutron-api.service[103911]: DEBUG neutron_lib.callbacks.manager [None req-5a06e990-5a03-45b2-9e87-55624c4d0c2c admin admin] Publish callbacks ['neutron.services.segments.db._add_segment_host_mapping_for_segment-8312354827418', 'neutron.plugins.ml2.plugin.Ml2Plugin._handle_segment_change-269172'] for segment (a0f8d15d-fb95-420c-9682-9cfe0742d33c), precommit_create {{(pid=103911) _notify_loop /opt/stack/data/venv/lib/python3.12/site-packages/neutron_lib/callbacks/manager.py:184}}
Apr 22 02:44:57.227684 np0000169032 devstack@neutron-api.service[103911]: INFO neutron.db.segments_db [None req-5a06e990-5a03-45b2-9e87-55624c4d0c2c admin admin] Added segment a0f8d15d-fb95-420c-9682-9cfe0742d33c of type geneve for network 40442899-a112-4481-9ed6-328e98ca24c2
Apr 22 02:44:57.243859 np0000169032 devstack@neutron-api.service[103911]: DEBUG neutron_lib.callbacks.manager [None req-5a06e990-5a03-45b2-9e87-55624c4d0c2c admin admin] Publish callbacks ['neutron.services.auto_allocate.db._ensure_external_network_default_value_callback-8312353165416'] for network (40442899-a112-4481-9ed6-328e98ca24c2), precommit_create {{(pid=103911) _notify_loop /opt/stack/data/venv/lib/python3.12/site-packages/neutron_lib/callbacks/manager.py:184}}
Apr 22 02:44:57.259163 np0000169032 devstack@neutron-api.service[103911]: DEBUG neutron.plugins.ml2.drivers.ovn.mech_driver.mech_driver [None req-5a06e990-5a03-45b2-9e87-55624c4d0c2c admin admin] Validating network segment with type geneve, segmentation ID 63842, physical network None {{(pid=103911) _validate_network_segments /opt/stack/neutron/neutron/plugins/ml2/drivers/ovn/mech_driver/mech_driver.py:641}}
Apr 22 02:44:57.259331 np0000169032 devstack@neutron-api.service[103911]: DEBUG neutron.db.ovn_revision_numbers_db [None req-5a06e990-5a03-45b2-9e87-55624c4d0c2c admin admin] create_initial_revision uuid=40442899-a112-4481-9ed6-328e98ca24c2, type=networks, rev=-1 {{(pid=103911) create_initial_revision /opt/stack/neutron/neutron/db/ovn_revision_numbers_db.py:98}}
Apr 22 02:44:57.268284 np0000169032 devstack@neutron-api.service[103911]: DEBUG neutron_lib.callbacks.manager [None req-5a06e990-5a03-45b2-9e87-55624c4d0c2c admin admin] Publish callbacks ['neutron.plugins.ml2.ovo_rpc._ObjectChangeHandler.handle_event-3133849'] for network (40442899-a112-4481-9ed6-328e98ca24c2), after_create {{(pid=103911) _notify_loop /opt/stack/data/venv/lib/python3.12/site-packages/neutron_lib/callbacks/manager.py:184}}
Apr 22 02:44:57.283446 np0000169032 devstack@neutron-api.service[103911]: DEBUG neutron.api.rpc.handlers.resources_rpc [None req-5a06e990-5a03-45b2-9e87-55624c4d0c2c admin admin] Pushing event updated for resources: {'Network': ['ID=40442899-a112-4481-9ed6-328e98ca24c2,revision_number=1']} {{(pid=103911) push /opt/stack/neutron/neutron/api/rpc/handlers/resources_rpc.py:237}}
Apr 22 02:44:57.291655 np0000169032 devstack@neutron-api.service[103911]: DEBUG ovsdbapp.backend.ovs_idl.transaction [None req-6777c199-5b65-41c4-b79a-967cdb457970 None None] Running txn n=1 command(idx=0): AddNetworkCommand(_result=None, network_uuid=40442899-a112-4481-9ed6-328e98ca24c2, may_exist=True, columns={'external_ids': {'neutron:network_name': 'admin_net', 'neutron:mtu': '1372', 'neutron:revision_number': '1', 'neutron:availability_zone_hints': '', 'neutron:provnet-network-type': 'geneve'}, 'other_config': {'mcast_snoop': 'false', 'mcast_flood_unregistered': 'false', 'vlan-passthru': 'false'}}) {{(pid=103911) do_commit /opt/stack/data/venv/lib/python3.12/site-packages/ovsdbapp/backend/ovs_idl/transaction.py:89}}
Apr 22 02:44:57.300615 np0000169032 devstack@neutron-api.service[103912]: DEBUG neutron.plugins.ml2.drivers.ovn.mech_driver.ovsdb.ovsdb_monitor [None req-aecb3cb5-c418-47e5-ad5c-971d9af7ec27 None None] Touching Hash Ring node "1f0c04627f0253a18448558aa20441dc" from IDL notify handler {{(pid=103912) notify /opt/stack/neutron/neutron/plugins/ml2/drivers/ovn/mech_driver/ovsdb/ovsdb_monitor.py:906}}
Apr 22 02:44:57.302063 np0000169032 devstack@neutron-api.service[103911]: DEBUG neutron.plugins.ml2.drivers.ovn.mech_driver.ovsdb.ovsdb_monitor [None req-b96e171e-dbcf-4ab5-955e-d7f1d8727fb0 None None] Hash Ring: Node 7a9727f425b355159b8a1b4dc47e9f5c (host: np0000169032) handling event "create" for row 3375fc0e-5f35-4a96-9826-3472806fabcd (table: Datapath_Binding) {{(pid=103911) notify /opt/stack/neutron/neutron/plugins/ml2/drivers/ovn/mech_driver/ovsdb/ovsdb_monitor.py:914}}
Apr 22 02:44:57.311050 np0000169032 devstack@neutron-api.service[103912]: DEBUG neutron.plugins.ml2.drivers.ovn.mech_driver.ovsdb.ovsdb_monitor [None req-aecb3cb5-c418-47e5-ad5c-971d9af7ec27 None None] Hash Ring: Node 1f0c04627f0253a18448558aa20441dc (host: np0000169032) handling event "create" for row 40442899-a112-4481-9ed6-328e98ca24c2 (table: Logical_Switch) {{(pid=103912) notify /opt/stack/neutron/neutron/plugins/ml2/drivers/ovn/mech_driver/ovsdb/ovsdb_monitor.py:914}}
Apr 22 02:44:57.320781 np0000169032 devstack@neutron-api.service[103911]: INFO neutron.db.ovn_revision_numbers_db [None req-5a06e990-5a03-45b2-9e87-55624c4d0c2c admin admin] Successfully bumped revision number for resource 40442899-a112-4481-9ed6-328e98ca24c2 (type: networks) to 1
Apr 22 02:44:57.334406 np0000169032 devstack@neutron-api.service[103911]: DEBUG neutron_lib.callbacks.manager [None req-5a06e990-5a03-45b2-9e87-55624c4d0c2c admin admin] Publish callbacks ['neutron.plugins.ml2.plugin.SecurityGroupDbMixin._ensure_default_security_group_handler-259392'] for port (None), before_create {{(pid=103911) _notify_loop /opt/stack/data/venv/lib/python3.12/site-packages/neutron_lib/callbacks/manager.py:184}}
Apr 22 02:44:57.401230 np0000169032 devstack@neutron-api.service[103911]: DEBUG neutron_lib.callbacks.manager [None req-5a06e990-5a03-45b2-9e87-55624c4d0c2c admin admin] Publish callbacks ['neutron.plugins.ml2.drivers.ovn.mech_driver.mech_driver.OVNMechanismDriver._validate_allowed_address_pairs-1897250'] for allowed_address_pair (ec3f89ea-cea2-4904-ba9a-1ff44530ad0c), before_create {{(pid=103911) _notify_loop /opt/stack/data/venv/lib/python3.12/site-packages/neutron_lib/callbacks/manager.py:184}}
Apr 22 02:44:57.401627 np0000169032 devstack@neutron-api.service[103911]: DEBUG neutron_lib.callbacks.manager [None req-5a06e990-5a03-45b2-9e87-55624c4d0c2c admin admin] Publish callbacks [] for port (ec3f89ea-cea2-4904-ba9a-1ff44530ad0c), precommit_create {{(pid=103911) _notify_loop /opt/stack/data/venv/lib/python3.12/site-packages/neutron_lib/callbacks/manager.py:184}}
Apr 22 02:44:57.401762 np0000169032 devstack@neutron-api.service[103911]: DEBUG neutron.plugins.ml2.drivers.ovn.mech_driver.mech_driver [None req-5a06e990-5a03-45b2-9e87-55624c4d0c2c admin admin] No provisioning block for port ec3f89ea-cea2-4904-ba9a-1ff44530ad0c since it does not have a host {{(pid=103911) _is_port_provisioning_required /opt/stack/neutron/neutron/plugins/ml2/drivers/ovn/mech_driver/mech_driver.py:894}}
Apr 22 02:44:57.401947 np0000169032 devstack@neutron-api.service[103911]: DEBUG neutron.db.ovn_revision_numbers_db [None req-5a06e990-5a03-45b2-9e87-55624c4d0c2c admin admin] create_initial_revision uuid=ec3f89ea-cea2-4904-ba9a-1ff44530ad0c, type=ports, rev=-1 {{(pid=103911) create_initial_revision /opt/stack/neutron/neutron/db/ovn_revision_numbers_db.py:98}}
Apr 22 02:44:57.433521 np0000169032 devstack@neutron-api.service[103911]: DEBUG neutron_lib.callbacks.manager [None req-5a06e990-5a03-45b2-9e87-55624c4d0c2c admin admin] Publish callbacks ['neutron.plugins.ml2.ovo_rpc._ObjectChangeHandler.handle_event-3133544'] for port (ec3f89ea-cea2-4904-ba9a-1ff44530ad0c), after_create {{(pid=103911) _notify_loop /opt/stack/data/venv/lib/python3.12/site-packages/neutron_lib/callbacks/manager.py:184}}
Apr 22 02:44:57.461419 np0000169032 devstack@neutron-api.service[103911]: DEBUG neutron.api.rpc.handlers.resources_rpc [None req-5a06e990-5a03-45b2-9e87-55624c4d0c2c admin admin] Pushing event updated for resources: {'Port': ['ID=ec3f89ea-cea2-4904-ba9a-1ff44530ad0c,revision_number=1']} {{(pid=103911) push /opt/stack/neutron/neutron/api/rpc/handlers/resources_rpc.py:237}}
Apr 22 02:44:57.469322 np0000169032 devstack@neutron-api.service[103911]: DEBUG ovsdbapp.backend.ovs_idl.transaction [None req-6777c199-5b65-41c4-b79a-967cdb457970 None None] Running txn n=1 command(idx=0): AddLSwitchPortCommand(_result=None, lport=ec3f89ea-cea2-4904-ba9a-1ff44530ad0c, lswitch=neutron-40442899-a112-4481-9ed6-328e98ca24c2, may_exist=True, network_uuid=40442899-a112-4481-9ed6-328e98ca24c2, columns={'addresses': ['fa:16:3e:dc:f9:59'], 'external_ids': {'neutron:port_name': '', 'neutron:device_id': 'ovnmeta-40442899-a112-4481-9ed6-328e98ca24c2', 'neutron:project_id': '8d20e13b174f45a79cd1e8a838db42ff', 'neutron:cidrs': '', 'neutron:device_owner': 'network:distributed', 'neutron:subnet_pool_addr_scope4': '', 'neutron:subnet_pool_addr_scope6': '', 'neutron:network_name': 'neutron-40442899-a112-4481-9ed6-328e98ca24c2', 'neutron:security_group_ids': '', 'neutron:revision_number': '1', 'neutron:vnic_type': 'normal', 'neutron:port_capabilities': '', 'neutron:mtu': ''}, 'parent_name': [], 'tag': [], 'enabled': True, 'options': {}, 'type': 'localport', 'port_security': [], 'dhcpv4_options': [], 'dhcpv6_options': []}) {{(pid=103911) do_commit /opt/stack/data/venv/lib/python3.12/site-packages/ovsdbapp/backend/ovs_idl/transaction.py:89}}
Apr 22 02:44:57.470112 np0000169032 devstack@neutron-api.service[103911]: DEBUG ovsdbapp.backend.ovs_idl.transaction [None req-6777c199-5b65-41c4-b79a-967cdb457970 None None] Running txn n=1 command(idx=1): QoSDelCommand(_result=None, switch=neutron-40442899-a112-4481-9ed6-328e98ca24c2, conditions=[('direction', '=', 'to-lport'), ('priority', '=', 2002), ('match', '=', 'outport == "ec3f89ea-cea2-4904-ba9a-1ff44530ad0c"')], if_exists=True) {{(pid=103911) do_commit /opt/stack/data/venv/lib/python3.12/site-packages/ovsdbapp/backend/ovs_idl/transaction.py:89}}
Apr 22 02:44:57.470368 np0000169032 devstack@neutron-api.service[103911]: DEBUG ovsdbapp.backend.ovs_idl.transaction [None req-6777c199-5b65-41c4-b79a-967cdb457970 None None] Running txn n=1 command(idx=2): QoSDelCommand(_result=None, switch=neutron-40442899-a112-4481-9ed6-328e98ca24c2, conditions=[('direction', '=', 'from-lport'), ('priority', '=', 2002), ('match', '=', 'inport == "ec3f89ea-cea2-4904-ba9a-1ff44530ad0c"')], if_exists=True) {{(pid=103911) do_commit /opt/stack/data/venv/lib/python3.12/site-packages/ovsdbapp/backend/ovs_idl/transaction.py:89}}
Apr 22 02:44:57.480932 np0000169032 devstack@neutron-api.service[103912]: DEBUG neutron.plugins.ml2.drivers.ovn.mech_driver.ovsdb.ovsdb_monitor [None req-aecb3cb5-c418-47e5-ad5c-971d9af7ec27 None None] Touching Hash Ring node "1f0c04627f0253a18448558aa20441dc" from IDL notify handler {{(pid=103912) notify /opt/stack/neutron/neutron/plugins/ml2/drivers/ovn/mech_driver/ovsdb/ovsdb_monitor.py:906}}
Apr 22 02:44:57.484603 np0000169032 devstack@neutron-api.service[103909]: DEBUG neutron.plugins.ml2.drivers.ovn.mech_driver.ovsdb.ovsdb_monitor [None req-60d504e5-17be-4bfd-812a-4725c2245b12 None None] Hash Ring: Node 2830d2e8b0195a73a41a9c1e6069b9ce (host: np0000169032) handling event "create" for row a03c792a-c8a7-46ec-bcda-c4d2d721dc28 (table: Port_Binding) {{(pid=103909) notify /opt/stack/neutron/neutron/plugins/ml2/drivers/ovn/mech_driver/ovsdb/ovsdb_monitor.py:914}}
Apr 22 02:44:57.485775 np0000169032 devstack@neutron-api.service[103912]: DEBUG neutron.plugins.ml2.drivers.ovn.mech_driver.ovsdb.ovsdb_monitor [None req-aecb3cb5-c418-47e5-ad5c-971d9af7ec27 None None] Hash Ring: Node 1f0c04627f0253a18448558aa20441dc (host: np0000169032) handling event "update" for row 40442899-a112-4481-9ed6-328e98ca24c2 (table: Logical_Switch) {{(pid=103912) notify /opt/stack/neutron/neutron/plugins/ml2/drivers/ovn/mech_driver/ovsdb/ovsdb_monitor.py:914}}
Apr 22 02:44:57.487098 np0000169032 devstack@neutron-api.service[103912]: DEBUG neutron.plugins.ml2.drivers.ovn.mech_driver.ovsdb.ovsdb_monitor [None req-aecb3cb5-c418-47e5-ad5c-971d9af7ec27 None None] Touching Hash Ring node "1f0c04627f0253a18448558aa20441dc" from IDL notify handler {{(pid=103912) notify /opt/stack/neutron/neutron/plugins/ml2/drivers/ovn/mech_driver/ovsdb/ovsdb_monitor.py:906}}
Apr 22 02:44:57.489734 np0000169032 devstack@neutron-api.service[103912]: DEBUG neutron.plugins.ml2.drivers.ovn.mech_driver.ovsdb.ovsdb_monitor [None req-aecb3cb5-c418-47e5-ad5c-971d9af7ec27 None None] Hash Ring: Node 1f0c04627f0253a18448558aa20441dc (host: np0000169032) handling event "create" for row 7f0ec5d9-e423-4a27-b4c2-93d042adc128 (table: Logical_Switch_Port) {{(pid=103912) notify /opt/stack/neutron/neutron/plugins/ml2/drivers/ovn/mech_driver/ovsdb/ovsdb_monitor.py:914}}
Apr 22 02:44:57.491255 np0000169032 devstack@neutron-api.service[103912]: DEBUG ovsdbapp.backend.ovs_idl.event [None req-aecb3cb5-c418-47e5-ad5c-971d9af7ec27 None None] Matched CREATE: LogicalSwitchPortCreateEvent(events=('create',), table='Logical_Switch_Port', conditions=[], old_conditions=None), priority=20 to row=Logical_Switch_Port(uuid=7f0ec5d9-e423-4a27-b4c2-93d042adc128, addresses=['fa:16:3e:dc:f9:59'], dhcpv4_options=[], dhcpv6_options=[], dynamic_addresses=[], enabled=True, external_ids={'neutron:cidrs': '', 'neutron:device_id': 'ovnmeta-40442899-a112-4481-9ed6-328e98ca24c2', 'neutron:device_owner': 'network:distributed', 'neutron:mtu': '', 'neutron:network_name': 'neutron-40442899-a112-4481-9ed6-328e98ca24c2', 'neutron:port_capabilities': '', 'neutron:port_name': '', 'neutron:project_id': '8d20e13b174f45a79cd1e8a838db42ff', 'neutron:revision_number': '1', 'neutron:security_group_ids': '', 'neutron:subnet_pool_addr_scope4': '', 'neutron:subnet_pool_addr_scope6': '', 'neutron:vnic_type': 'normal'}, ha_chassis_group=[], mirror_rules=[], name='ec3f89ea-cea2-4904-ba9a-1ff44530ad0c', options={}, parent_name=[], port_security=[], tag=[], tag_request=[], type='localport', up=[]) old= {{(pid=103912) matches /opt/stack/data/venv/lib/python3.12/site-packages/ovsdbapp/backend/ovs_idl/event.py:55}}
Apr 22 02:44:57.492412 np0000169032 devstack@neutron-api.service[103912]: INFO neutron.plugins.ml2.drivers.ovn.mech_driver.mech_driver [None req-ce0870ba-e67f-45a6-8fcb-2c64398cf139 None None] OVN reports status down for port: ec3f89ea-cea2-4904-ba9a-1ff44530ad0c
Apr 22 02:44:57.494154 np0000169032 devstack@neutron-api.service[103912]: DEBUG neutron.plugins.ml2.drivers.ovn.mech_driver.ovsdb.ovsdb_monitor [None req-aecb3cb5-c418-47e5-ad5c-971d9af7ec27 None None] Touching Hash Ring node "1f0c04627f0253a18448558aa20441dc" from IDL notify handler {{(pid=103912) notify /opt/stack/neutron/neutron/plugins/ml2/drivers/ovn/mech_driver/ovsdb/ovsdb_monitor.py:906}}
Apr 22 02:44:57.496862 np0000169032 devstack@neutron-api.service[103912]: DEBUG neutron.plugins.ml2.drivers.ovn.mech_driver.ovsdb.ovsdb_monitor [None req-aecb3cb5-c418-47e5-ad5c-971d9af7ec27 None None] Hash Ring: Node 1f0c04627f0253a18448558aa20441dc (host: np0000169032) handling event "update" for row 7f0ec5d9-e423-4a27-b4c2-93d042adc128 (table: Logical_Switch_Port) {{(pid=103912) notify /opt/stack/neutron/neutron/plugins/ml2/drivers/ovn/mech_driver/ovsdb/ovsdb_monitor.py:914}}
Apr 22 02:44:57.515768 np0000169032 devstack@neutron-api.service[103911]: INFO neutron.db.ovn_revision_numbers_db [None req-5a06e990-5a03-45b2-9e87-55624c4d0c2c admin admin] Successfully bumped revision number for resource ec3f89ea-cea2-4904-ba9a-1ff44530ad0c (type: ports) to 1
Apr 22 02:44:57.522831 np0000169032 devstack@neutron-api.service[103912]: DEBUG neutron.db.provisioning_blocks [None req-ce0870ba-e67f-45a6-8fcb-2c64398cf139 None None] Transition to ACTIVE for port object ec3f89ea-cea2-4904-ba9a-1ff44530ad0c will not be triggered until provisioned by entity L2. {{(pid=103912) add_provisioning_component /opt/stack/neutron/neutron/db/provisioning_blocks.py:74}}
Apr 22 02:44:57.525089 np0000169032 devstack@neutron-api.service[103911]: DEBUG neutron.pecan_wsgi.hooks.policy_enforcement [None req-5a06e990-5a03-45b2-9e87-55624c4d0c2c admin admin] Attributes excluded by policy engine: ['standard_attr_id'] {{(pid=103911) _exclude_attributes_by_policy /opt/stack/neutron/neutron/pecan_wsgi/hooks/policy_enforcement.py:256}}
Apr 22 02:44:57.525302 np0000169032 devstack@neutron-api.service[103911]: DEBUG neutron_lib.callbacks.manager [None req-5a06e990-5a03-45b2-9e87-55624c4d0c2c admin admin] Publish callbacks [] for network (None), before_response {{(pid=103911) _notify_loop /opt/stack/data/venv/lib/python3.12/site-packages/neutron_lib/callbacks/manager.py:184}}
Apr 22 02:44:57.537587 np0000169032 devstack@neutron-api.service[103911]: [pid: 103911|app: 0|req: 23/93] 199.19.213.194 () {68 vars in 1358 bytes} [Wed Apr 22 02:44:56 2026] POST /networking/v2.0/networks => generated 683 bytes in 614 msecs (HTTP/1.1 201) 4 headers in 162 bytes (1 switches on core 0)
Apr 22 02:44:57.547103 np0000169032 devstack@neutron-api.service[103912]: DEBUG neutron.plugins.ml2.plugin [None req-ce0870ba-e67f-45a6-8fcb-2c64398cf139 None None] Current status of the port ec3f89ea-cea2-4904-ba9a-1ff44530ad0c is: DOWN; New status is: DOWN {{(pid=103912) _update_individual_port_db_status /opt/stack/neutron/neutron/plugins/ml2/plugin.py:2468}}
Apr 22 02:44:57.548780 np0000169032 devstack@neutron-api.service[103912]: DEBUG ovsdbapp.backend.ovs_idl.transaction [None req-aecb3cb5-c418-47e5-ad5c-971d9af7ec27 None None] Running txn n=1 command(idx=0): DbRemoveCommand(_result=None, table=Logical_Switch_Port, record=ec3f89ea-cea2-4904-ba9a-1ff44530ad0c, column=external_ids, values=('neutron:host_id',), keyvalues={}, if_exists=True) {{(pid=103912) do_commit /opt/stack/data/venv/lib/python3.12/site-packages/ovsdbapp/backend/ovs_idl/transaction.py:89}}
Apr 22 02:44:57.761505 np0000169032 devstack@neutron-api.service[103912]: INFO neutron.pecan_wsgi.hooks.translation [None req-4033503b-76cb-4f76-afe8-a5cac1139122 admin admin] GET failed (client error): The resource could not be found.
Apr 22 02:44:57.762236 np0000169032 devstack@neutron-api.service[103912]: [pid: 103912|app: 0|req: 25/94] 199.19.213.194 () {64 vars in 1334 bytes} [Wed Apr 22 02:44:57 2026] GET /networking/v2.0/networks/admin_net => generated 111 bytes in 12 msecs (HTTP/1.1 404) 4 headers in 164 bytes (1 switches on core 0)
Apr 22 02:44:57.808283 np0000169032 devstack@neutron-api.service[103910]: DEBUG neutron.pecan_wsgi.hooks.policy_enforcement [None req-41737ba5-e466-48fb-9313-9b021cd87b5c admin admin] Attributes excluded by policy engine: ['standard_attr_id'] {{(pid=103910) _exclude_attributes_by_policy /opt/stack/neutron/neutron/pecan_wsgi/hooks/policy_enforcement.py:256}}
Apr 22 02:44:57.809029 np0000169032 devstack@neutron-api.service[103910]: [pid: 103910|app: 0|req: 24/95] 199.19.213.194 () {64 vars in 1346 bytes} [Wed Apr 22 02:44:57 2026] GET /networking/v2.0/networks?name=admin_net => generated 667 bytes in 36 msecs (HTTP/1.1 200) 4 headers in 157 bytes (1 switches on core 0)
Apr 22 02:44:58.038693 np0000169032 devstack@neutron-api.service[103909]: INFO neutron.pecan_wsgi.hooks.translation [None req-a74c9fce-a8ad-41fc-b1a3-a9014141d36f admin admin] GET failed (client error): The resource could not be found.
Apr 22 02:44:58.038693 np0000169032 devstack@neutron-api.service[103909]: [pid: 103909|app: 0|req: 24/96] 199.19.213.194 () {64 vars in 1340 bytes} [Wed Apr 22 02:44:58 2026] GET /networking/v2.0/subnets/admin_subnet => generated 112 bytes in 10 msecs (HTTP/1.1 404) 4 headers in 164 bytes (1 switches on core 0)
Apr 22 02:44:58.071566 np0000169032 devstack@neutron-api.service[103911]: [pid: 103911|app: 0|req: 24/97] 199.19.213.194 () {64 vars in 1349 bytes} [Wed Apr 22 02:44:58 2026] GET /networking/v2.0/subnets?name=admin_subnet => generated 14 bytes in 21 msecs (HTTP/1.1 200) 4 headers in 156 bytes (1 switches on core 0)
Apr 22 02:44:58.357299 np0000169032 devstack@neutron-api.service[103912]: DEBUG neutron.pecan_wsgi.hooks.policy_enforcement [None req-bed50951-7f3d-4e6f-877a-fca86fd6219a admin admin] Attributes excluded by policy engine: ['standard_attr_id'] {{(pid=103912) _exclude_attributes_by_policy /opt/stack/neutron/neutron/pecan_wsgi/hooks/policy_enforcement.py:256}}
Apr 22 02:44:58.358075 np0000169032 devstack@neutron-api.service[103912]: [pid: 103912|app: 0|req: 26/98] 199.19.213.194 () {64 vars in 1415 bytes} [Wed Apr 22 02:44:58 2026] GET /networking/v2.0/networks/40442899-a112-4481-9ed6-328e98ca24c2 => generated 664 bytes in 39 msecs (HTTP/1.1 200) 4 headers in 157 bytes (1 switches on core 0)
Apr 22 02:44:58.376881 np0000169032 devstack@neutron-api.service[103910]: DEBUG neutron.api.v2.base [None req-a38b619f-3796-47f1-a69b-198b6f537917 admin admin] Request body: {'subnet': {'network_id': '40442899-a112-4481-9ed6-328e98ca24c2', 'cidr': '10.2.5.0/24', 'project_id': '8d20e13b174f45a79cd1e8a838db42ff', 'name': 'admin_subnet', 'ip_version': 4, 'gateway_ip': None}} {{(pid=103910) prepare_request_body /opt/stack/neutron/neutron/api/v2/base.py:727}}
Apr 22 02:44:58.393079 np0000169032 devstack@neutron-api.service[103910]: DEBUG neutron.pecan_wsgi.hooks.quota_enforcement [None req-a38b619f-3796-47f1-a69b-198b6f537917 admin admin] Made reservation on behalf of 8d20e13b174f45a79cd1e8a838db42ff for: {'subnet': 1} {{(pid=103910) before /opt/stack/neutron/neutron/pecan_wsgi/hooks/quota_enforcement.py:66}}
Apr 22 02:44:58.396249 np0000169032 devstack@neutron-api.service[103910]: DEBUG neutron_lib.callbacks.manager [None req-a38b619f-3796-47f1-a69b-198b6f537917 admin admin] Publish callbacks [] for subnet (None), before_create {{(pid=103910) _notify_loop /opt/stack/data/venv/lib/python3.12/site-packages/neutron_lib/callbacks/manager.py:184}}
Apr 22 02:44:58.463109 np0000169032 devstack@neutron-api.service[103910]: DEBUG neutron.db.ovn_revision_numbers_db [None req-a38b619f-3796-47f1-a69b-198b6f537917 admin admin] create_initial_revision uuid=6d5f18ef-6eb7-4686-838a-b9a2de8358c8, type=subnets, rev=-1 {{(pid=103910) create_initial_revision /opt/stack/neutron/neutron/db/ovn_revision_numbers_db.py:98}}
Apr 22 02:44:58.469047 np0000169032 devstack@neutron-api.service[103910]: DEBUG neutron_lib.callbacks.manager [None req-a38b619f-3796-47f1-a69b-198b6f537917 admin admin] Publish callbacks ['neutron.plugins.ml2.ovo_rpc._ObjectChangeHandler.handle_event-1571071'] for subnet (6d5f18ef-6eb7-4686-838a-b9a2de8358c8), after_create {{(pid=103910) _notify_loop /opt/stack/data/venv/lib/python3.12/site-packages/neutron_lib/callbacks/manager.py:184}}
Apr 22 02:44:58.484155 np0000169032 devstack@neutron-api.service[103910]: DEBUG neutron.api.rpc.handlers.resources_rpc [None req-a38b619f-3796-47f1-a69b-198b6f537917 admin admin] Pushing event updated for resources: {'Subnet': ['ID=6d5f18ef-6eb7-4686-838a-b9a2de8358c8,revision_number=0']} {{(pid=103910) push /opt/stack/neutron/neutron/api/rpc/handlers/resources_rpc.py:237}}
Apr 22 02:44:58.489788 np0000169032 devstack@neutron-api.service[103910]: DEBUG neutron.api.rpc.callbacks.version_manager [None req-a38b619f-3796-47f1-a69b-198b6f537917 admin admin] Tracked resource versions report:
Apr 22 02:44:58.489788 np0000169032 devstack@neutron-api.service[103910]: pushed versions:
Apr 22 02:44:58.489788 np0000169032 devstack@neutron-api.service[103910]: { 'AddressGroup': {'1.2'},
Apr 22 02:44:58.489788 np0000169032 devstack@neutron-api.service[103910]: 'Agent': {'1.1'},
Apr 22 02:44:58.489788 np0000169032 devstack@neutron-api.service[103910]: 'ConntrackHelper': {'1.0'},
Apr 22 02:44:58.489788 np0000169032 devstack@neutron-api.service[103910]: 'LocalIPAssociation': {'1.0'},
Apr 22 02:44:58.489788 np0000169032 devstack@neutron-api.service[103910]: 'Log': {'1.0'},
Apr 22 02:44:58.489788 np0000169032 devstack@neutron-api.service[103910]: 'NDPProxy': {'1.0'},
Apr 22 02:44:58.489788 np0000169032 devstack@neutron-api.service[103910]: 'Network': {'1.2'},
Apr 22 02:44:58.489788 np0000169032 devstack@neutron-api.service[103910]: 'Port': {'1.10'},
Apr 22 02:44:58.489788 np0000169032 devstack@neutron-api.service[103910]: 'PortForwarding': {'1.3'},
Apr 22 02:44:58.489788 np0000169032 devstack@neutron-api.service[103910]: 'QosPolicy': {'1.10'},
Apr 22 02:44:58.489788 np0000169032 devstack@neutron-api.service[103910]: 'SecurityGroup': {'1.6'},
Apr 22 02:44:58.489788 np0000169032 devstack@neutron-api.service[103910]: 'SecurityGroupRule': {'1.3'},
Apr 22 02:44:58.489788 np0000169032 devstack@neutron-api.service[103910]: 'SubPort': {'1.0'},
Apr 22 02:44:58.489788 np0000169032 devstack@neutron-api.service[103910]: 'Subnet': {'1.2'},
Apr 22 02:44:58.489788 np0000169032 devstack@neutron-api.service[103910]: 'Trunk': {'1.1'}}
Apr 22 02:44:58.489788 np0000169032 devstack@neutron-api.service[103910]: consumer versions:
Apr 22 02:44:58.489788 np0000169032 devstack@neutron-api.service[103910]: { OVN Neutron agent@np0000169032: {},
Apr 22 02:44:58.489788 np0000169032 devstack@neutron-api.service[103910]: OVN Controller Gateway agent@np0000169032: {}}
Apr 22 02:44:58.489788 np0000169032 devstack@neutron-api.service[103910]: {{(pid=103910) report /opt/stack/neutron/neutron/api/rpc/callbacks/version_manager.py:183}}
Apr 22 02:44:58.534513 np0000169032 devstack@neutron-api.service[103910]: DEBUG neutron_lib.callbacks.manager [None req-a38b619f-3796-47f1-a69b-198b6f537917 admin admin] Publish callbacks ['neutron.plugins.ml2.plugin.SecurityGroupDbMixin._ensure_default_security_group_handler-735536', 'neutron.services.ovn_l3.plugin.OVNL3RouterPlugin._port_update-8312353698496', 'neutron.db.l3_db.L3_NAT_dbonly_mixin._prevent_internal_ip_change_for_fip-8312354721806'] for port (ec3f89ea-cea2-4904-ba9a-1ff44530ad0c), before_update {{(pid=103910) _notify_loop /opt/stack/data/venv/lib/python3.12/site-packages/neutron_lib/callbacks/manager.py:184}}
Apr 22 02:44:58.620532 np0000169032 devstack@neutron-api.service[103910]: DEBUG neutron.db.db_base_plugin_common [None req-a38b619f-3796-47f1-a69b-198b6f537917 admin admin] Allocated IP 10.2.5.1 (40442899-a112-4481-9ed6-328e98ca24c2/6d5f18ef-6eb7-4686-838a-b9a2de8358c8/ec3f89ea-cea2-4904-ba9a-1ff44530ad0c) {{(pid=103910) _store_ip_allocation /opt/stack/neutron/neutron/db/db_base_plugin_common.py:131}}
Apr 22 02:44:58.677271 np0000169032 devstack@neutron-api.service[103910]: DEBUG neutron_lib.callbacks.manager [None req-a38b619f-3796-47f1-a69b-198b6f537917 admin admin] Publish callbacks [] for port (ec3f89ea-cea2-4904-ba9a-1ff44530ad0c), precommit_update {{(pid=103910) _notify_loop /opt/stack/data/venv/lib/python3.12/site-packages/neutron_lib/callbacks/manager.py:184}}
Apr 22 02:44:58.677412 np0000169032 devstack@neutron-api.service[103910]: DEBUG neutron.plugins.ml2.drivers.ovn.mech_driver.mech_driver [None req-a38b619f-3796-47f1-a69b-198b6f537917 admin admin] No provisioning block for port ec3f89ea-cea2-4904-ba9a-1ff44530ad0c since it does not have a host {{(pid=103910) _is_port_provisioning_required /opt/stack/neutron/neutron/plugins/ml2/drivers/ovn/mech_driver/mech_driver.py:894}}
Apr 22 02:44:58.691260 np0000169032 devstack@neutron-api.service[103910]: DEBUG neutron_lib.callbacks.manager [None req-a38b619f-3796-47f1-a69b-198b6f537917 admin admin] Publish callbacks ['neutron.plugins.ml2.ovo_rpc._ObjectChangeHandler.handle_event-1571072', 'neutron.db.l3_db.L3RpcNotifierMixin._notify_gateway_port_ip_changed-8312354725838', 'neutron.services.ovn_l3.plugin.OVNL3RouterPlugin._port_update-8312353698496'] for port (ec3f89ea-cea2-4904-ba9a-1ff44530ad0c), after_update {{(pid=103910) _notify_loop /opt/stack/data/venv/lib/python3.12/site-packages/neutron_lib/callbacks/manager.py:184}}
Apr 22 02:44:58.721039 np0000169032 devstack@neutron-api.service[103910]: DEBUG neutron.api.rpc.handlers.resources_rpc [None req-a38b619f-3796-47f1-a69b-198b6f537917 admin admin] Pushing event updated for resources: {'Port': ['ID=ec3f89ea-cea2-4904-ba9a-1ff44530ad0c,revision_number=2']} {{(pid=103910) push /opt/stack/neutron/neutron/api/rpc/handlers/resources_rpc.py:237}}
Apr 22 02:44:58.799455 np0000169032 devstack@neutron-api.service[103910]: DEBUG ovsdbapp.backend.ovs_idl.transaction [None req-7218f8d9-7c95-445d-8546-9595c5cfacd7 None None] Running txn n=1 command(idx=0): CheckRevisionNumberCommand(_result=None, name=ec3f89ea-cea2-4904-ba9a-1ff44530ad0c, resource={'id': 'ec3f89ea-cea2-4904-ba9a-1ff44530ad0c', 'name': '', 'network_id': '40442899-a112-4481-9ed6-328e98ca24c2', 'project_id': '8d20e13b174f45a79cd1e8a838db42ff', 'mac_address': 'fa:16:3e:dc:f9:59', 'admin_state_up': True, 'status': 'DOWN', 'device_id': 'ovnmeta-40442899-a112-4481-9ed6-328e98ca24c2', 'device_owner': 'network:distributed', 'standard_attr_id': 44, 'fixed_ips': [{'subnet_id': '6d5f18ef-6eb7-4686-838a-b9a2de8358c8', 'ip_address': '10.2.5.1'}], 'allowed_address_pairs': [], 'extra_dhcp_opts': [], 'security_groups': [], 'description': '', 'binding:vnic_type': 'normal', 'binding:profile': {}, 'binding:host_id': '', 'binding:vif_type': 'unbound', 'binding:vif_details': {}, 'port_security_enabled': False, 'tags': [], 'created_at': '2026-04-22T02:44:57Z', 'updated_at': '2026-04-22T02:44:58Z', 'revision_number': 2, 'tenant_id': '8d20e13b174f45a79cd1e8a838db42ff', 'network': {'id': '40442899-a112-4481-9ed6-328e98ca24c2', 'name': 'admin_net', 'tenant_id': '8d20e13b174f45a79cd1e8a838db42ff', 'project_id': '8d20e13b174f45a79cd1e8a838db42ff', 'admin_state_up': True, 'mtu': 1372, 'status': 'ACTIVE', 'subnets': ['6d5f18ef-6eb7-4686-838a-b9a2de8358c8'], 'standard_attr_id': 42, 'shared': False, 'availability_zone_hints': [], 'availability_zones': [], 'ipv4_address_scope': None, 'ipv6_address_scope': None, 'router:external': False, 'qinq': False, 'vlan_transparent': False, 'description': '', 'port_security_enabled': True, 'tags': [], 'created_at': '2026-04-22T02:44:57Z', 'updated_at': '2026-04-22T02:44:58Z', 'revision_number': 2, 'provider:network_type': 'geneve', 'provider:physical_network': None, 'provider:segmentation_id': 63842}}, resource_type=ports, if_exists=True) {{(pid=103910) do_commit /opt/stack/data/venv/lib/python3.12/site-packages/ovsdbapp/backend/ovs_idl/transaction.py:89}}
Apr 22 02:44:58.800120 np0000169032 devstack@neutron-api.service[103910]: DEBUG ovsdbapp.backend.ovs_idl.transaction [None req-7218f8d9-7c95-445d-8546-9595c5cfacd7 None None] Running txn n=1 command(idx=1): AddDHCPOptionsCommand(_result=None, columns={'cidr': '10.2.5.0/24', 'options': {'server_id': '10.2.5.1', 'lease_time': '43200', 'mtu': '1372', 'server_mac': 'fa:16:3e:17:11:fd', 'dns_server': '{127.0.0.53}', 'classless_static_route': '{169.254.169.254/32,10.2.5.1}'}, 'external_ids': {'subnet_id': '6d5f18ef-6eb7-4686-838a-b9a2de8358c8', 'neutron:network_id': '40442899-a112-4481-9ed6-328e98ca24c2', 'neutron:revision_number': '0'}}, may_exist=True, subnet_id=6d5f18ef-6eb7-4686-838a-b9a2de8358c8, port_id=None, new_insert=False) {{(pid=103910) do_commit /opt/stack/data/venv/lib/python3.12/site-packages/ovsdbapp/backend/ovs_idl/transaction.py:89}}
Apr 22 02:44:58.800693 np0000169032 devstack@neutron-api.service[103910]: DEBUG ovsdbapp.backend.ovs_idl.transaction [None req-7218f8d9-7c95-445d-8546-9595c5cfacd7 None None] Running txn n=1 command(idx=2): SetLSwitchPortCommand(_result=None, lport=ec3f89ea-cea2-4904-ba9a-1ff44530ad0c, external_ids_update=None, columns={'external_ids': {'neutron:port_name': '', 'neutron:device_id': 'ovnmeta-40442899-a112-4481-9ed6-328e98ca24c2', 'neutron:project_id': '8d20e13b174f45a79cd1e8a838db42ff', 'neutron:cidrs': '10.2.5.1/24', 'neutron:device_owner': 'network:distributed', 'neutron:subnet_pool_addr_scope4': '', 'neutron:subnet_pool_addr_scope6': '', 'neutron:network_name': 'neutron-40442899-a112-4481-9ed6-328e98ca24c2', 'neutron:security_group_ids': '', 'neutron:revision_number': '2', 'neutron:vnic_type': 'normal', 'neutron:port_capabilities': '', 'neutron:mtu': ''}, 'parent_name': [], 'tag': [], 'options': {}, 'enabled': True, 'port_security': [], 'dhcpv4_options': [], 'dhcpv6_options': [], 'type': 'localport', 'addresses': ['fa:16:3e:dc:f9:59 10.2.5.1'], 'ha_chassis_group': []}, if_exists=False) {{(pid=103910) do_commit /opt/stack/data/venv/lib/python3.12/site-packages/ovsdbapp/backend/ovs_idl/transaction.py:89}}
Apr 22 02:44:58.802034 np0000169032 devstack@neutron-api.service[103910]: DEBUG ovsdbapp.backend.ovs_idl.transaction [None req-7218f8d9-7c95-445d-8546-9595c5cfacd7 None None] Running txn n=1 command(idx=3): PgDelPortCommand(_result=None, port_group=neutron_pg_drop, lsp=['ec3f89ea-cea2-4904-ba9a-1ff44530ad0c'], if_exists=False) {{(pid=103910) do_commit /opt/stack/data/venv/lib/python3.12/site-packages/ovsdbapp/backend/ovs_idl/transaction.py:89}}
Apr 22 02:44:58.855443 np0000169032 devstack@neutron-api.service[103912]: DEBUG neutron.plugins.ml2.drivers.ovn.mech_driver.ovsdb.ovsdb_monitor [None req-aecb3cb5-c418-47e5-ad5c-971d9af7ec27 None None] Touching Hash Ring node "1f0c04627f0253a18448558aa20441dc" from IDL notify handler {{(pid=103912) notify /opt/stack/neutron/neutron/plugins/ml2/drivers/ovn/mech_driver/ovsdb/ovsdb_monitor.py:906}}
Apr 22 02:44:58.857976 np0000169032 devstack@neutron-api.service[103909]: DEBUG neutron.plugins.ml2.drivers.ovn.mech_driver.ovsdb.ovsdb_monitor [None req-60d504e5-17be-4bfd-812a-4725c2245b12 None None] Hash Ring: Node 2830d2e8b0195a73a41a9c1e6069b9ce (host: np0000169032) handling event "update" for row a03c792a-c8a7-46ec-bcda-c4d2d721dc28 (table: Port_Binding) {{(pid=103909) notify /opt/stack/neutron/neutron/plugins/ml2/drivers/ovn/mech_driver/ovsdb/ovsdb_monitor.py:914}}
Apr 22 02:44:58.866761 np0000169032 devstack@neutron-api.service[103912]: DEBUG neutron.plugins.ml2.drivers.ovn.mech_driver.ovsdb.ovsdb_monitor [None req-aecb3cb5-c418-47e5-ad5c-971d9af7ec27 None None] Hash Ring: Node 1f0c04627f0253a18448558aa20441dc (host: np0000169032) handling event "create" for row 4276c7e3-cc80-400c-bef1-6673a6b0a660 (table: DHCP_Options) {{(pid=103912) notify /opt/stack/neutron/neutron/plugins/ml2/drivers/ovn/mech_driver/ovsdb/ovsdb_monitor.py:914}}
Apr 22 02:44:58.868462 np0000169032 devstack@neutron-api.service[103912]: DEBUG neutron.plugins.ml2.drivers.ovn.mech_driver.ovsdb.ovsdb_monitor [None req-aecb3cb5-c418-47e5-ad5c-971d9af7ec27 None None] Touching Hash Ring node "1f0c04627f0253a18448558aa20441dc" from IDL notify handler {{(pid=103912) notify /opt/stack/neutron/neutron/plugins/ml2/drivers/ovn/mech_driver/ovsdb/ovsdb_monitor.py:906}}
Apr 22 02:44:58.872631 np0000169032 devstack@neutron-api.service[103912]: DEBUG neutron.plugins.ml2.drivers.ovn.mech_driver.ovsdb.ovsdb_monitor [None req-aecb3cb5-c418-47e5-ad5c-971d9af7ec27 None None] Hash Ring: Node 1f0c04627f0253a18448558aa20441dc (host: np0000169032) handling event "update" for row 7f0ec5d9-e423-4a27-b4c2-93d042adc128 (table: Logical_Switch_Port) {{(pid=103912) notify /opt/stack/neutron/neutron/plugins/ml2/drivers/ovn/mech_driver/ovsdb/ovsdb_monitor.py:914}}
Apr 22 02:44:58.880359 np0000169032 devstack@neutron-api.service[103910]: INFO neutron.db.ovn_revision_numbers_db [None req-a38b619f-3796-47f1-a69b-198b6f537917 admin admin] Successfully bumped revision number for resource ec3f89ea-cea2-4904-ba9a-1ff44530ad0c (type: ports) to 2
Apr 22 02:44:58.888007 np0000169032 devstack@neutron-api.service[103910]: DEBUG neutron.plugins.ml2.plugin [None req-a38b619f-3796-47f1-a69b-198b6f537917 admin admin] In _notify_port_updated(), no bound segment for port ec3f89ea-cea2-4904-ba9a-1ff44530ad0c on network 40442899-a112-4481-9ed6-328e98ca24c2 {{(pid=103910) _notify_port_updated /opt/stack/neutron/neutron/plugins/ml2/plugin.py:1036}}
Apr 22 02:44:58.905306 np0000169032 devstack@neutron-api.service[103910]: INFO neutron.db.ovn_revision_numbers_db [None req-a38b619f-3796-47f1-a69b-198b6f537917 admin admin] Successfully bumped revision number for resource 6d5f18ef-6eb7-4686-838a-b9a2de8358c8 (type: subnets) to 0
Apr 22 02:44:58.906602 np0000169032 devstack@neutron-api.service[103910]: DEBUG neutron.pecan_wsgi.hooks.policy_enforcement [None req-a38b619f-3796-47f1-a69b-198b6f537917 admin admin] Attributes excluded by policy engine: ['standard_attr_id', 'shared', 'network'] {{(pid=103910) _exclude_attributes_by_policy /opt/stack/neutron/neutron/pecan_wsgi/hooks/policy_enforcement.py:256}}
Apr 22 02:44:58.906846 np0000169032 devstack@neutron-api.service[103910]: DEBUG neutron_lib.callbacks.manager [None req-a38b619f-3796-47f1-a69b-198b6f537917 admin admin] Publish callbacks [] for subnet (None), before_response {{(pid=103910) _notify_loop /opt/stack/data/venv/lib/python3.12/site-packages/neutron_lib/callbacks/manager.py:184}}
Apr 22 02:44:58.917057 np0000169032 devstack@neutron-api.service[103910]: [pid: 103910|app: 0|req: 25/99] 199.19.213.194 () {68 vars in 1355 bytes} [Wed Apr 22 02:44:58 2026] POST /networking/v2.0/subnets => generated 625 bytes in 545 msecs (HTTP/1.1 201) 4 headers in 162 bytes (1 switches on core 0)
Apr 22 02:44:59.142570 np0000169032 devstack@neutron-api.service[103909]: INFO neutron.pecan_wsgi.hooks.translation [None req-16561ebb-f2dc-49c5-96a1-54a8ee9fcd16 admin admin] GET failed (client error): The resource could not be found.
Apr 22 02:44:59.143310 np0000169032 devstack@neutron-api.service[103909]: [pid: 103909|app: 0|req: 25/100] 199.19.213.194 () {64 vars in 1340 bytes} [Wed Apr 22 02:44:59 2026] GET /networking/v2.0/subnets/admin_subnet => generated 112 bytes in 11 msecs (HTTP/1.1 404) 4 headers in 164 bytes (1 switches on core 0)
Apr 22 02:44:59.178090 np0000169032 devstack@neutron-api.service[103911]: DEBUG neutron.pecan_wsgi.hooks.policy_enforcement [None req-07b7e77e-4881-470f-9c27-b7e6f26e7ca1 admin admin] Attributes excluded by policy engine: ['standard_attr_id', 'shared'] {{(pid=103911) _exclude_attributes_by_policy /opt/stack/neutron/neutron/pecan_wsgi/hooks/policy_enforcement.py:256}}
Apr 22 02:44:59.179077 np0000169032 devstack@neutron-api.service[103911]: [pid: 103911|app: 0|req: 25/101] 199.19.213.194 () {64 vars in 1349 bytes} [Wed Apr 22 02:44:59 2026] GET /networking/v2.0/subnets?name=admin_subnet => generated 628 bytes in 25 msecs (HTTP/1.1 200) 4 headers in 157 bytes (1 switches on core 0)
Apr 22 02:45:00.172923 np0000169032 devstack@neutron-api.service[103909]: DEBUG neutron.plugins.ml2.drivers.ovn.mech_driver.ovsdb.ovsdb_monitor [None req-60d504e5-17be-4bfd-812a-4725c2245b12 None None] ChassisOVNAgentWriteEvent : Matched Chassis_Private, update, None None {{(pid=103909) matches /opt/stack/neutron/neutron/plugins/ml2/drivers/ovn/mech_driver/ovsdb/ovsdb_monitor.py:64}}
Apr 22 02:45:00.173607 np0000169032 devstack@neutron-api.service[103912]: DEBUG neutron.plugins.ml2.drivers.ovn.mech_driver.ovsdb.ovsdb_monitor [None req-f588261d-7b16-46c9-952f-8e5f424bdc82 None None] ChassisOVNAgentWriteEvent : Matched Chassis_Private, update, None None {{(pid=103912) matches /opt/stack/neutron/neutron/plugins/ml2/drivers/ovn/mech_driver/ovsdb/ovsdb_monitor.py:64}}
Apr 22 02:45:00.174295 np0000169032 devstack@neutron-api.service[103910]: DEBUG neutron.plugins.ml2.drivers.ovn.mech_driver.ovsdb.ovsdb_monitor [None req-ae49b062-bd40-4f88-b6cb-c414bd683e6d None None] ChassisOVNAgentWriteEvent : Matched Chassis_Private, update, None None {{(pid=103910) matches /opt/stack/neutron/neutron/plugins/ml2/drivers/ovn/mech_driver/ovsdb/ovsdb_monitor.py:64}}
Apr 22 02:45:00.174728 np0000169032 devstack@neutron-api.service[103911]: DEBUG neutron.plugins.ml2.drivers.ovn.mech_driver.ovsdb.ovsdb_monitor [None req-b96e171e-dbcf-4ab5-955e-d7f1d8727fb0 None None] ChassisOVNAgentWriteEvent : Matched Chassis_Private, update, None None {{(pid=103911) matches /opt/stack/neutron/neutron/plugins/ml2/drivers/ovn/mech_driver/ovsdb/ovsdb_monitor.py:64}}
Apr 22 02:45:00.174879 np0000169032 devstack@neutron-api.service[103912]: DEBUG neutron.plugins.ml2.drivers.ovn.mech_driver.ovsdb.ovsdb_monitor [None req-f588261d-7b16-46c9-952f-8e5f424bdc82 None None] Hash Ring: Node 1f0c04627f0253a18448558aa20441dc (host: np0000169032) handling event "update" for row d5a89f83-6206-408a-927d-3fe8e1f33ea6 (table: Chassis_Private) {{(pid=103912) notify /opt/stack/neutron/neutron/plugins/ml2/drivers/ovn/mech_driver/ovsdb/ovsdb_monitor.py:914}}
Apr 22 02:45:04.025370 np0000169032 devstack@neutron-api.service[103912]: [pid: 103912|app: 0|req: 27/102] 199.19.213.194 () {64 vars in 1369 bytes} [Wed Apr 22 02:45:03 2026] GET /networking/v2.0/ports?device_id=manila-admin-share&binding%3Ahost_id=np0000169032 => generated 12 bytes in 66 msecs (HTTP/1.1 200) 4 headers in 156 bytes (1 switches on core 0)
Apr 22 02:45:04.075384 np0000169032 devstack@neutron-api.service[103910]: DEBUG neutron.api.wsgi [None req-8f44e239-725e-411a-96ce-0e99abefd172 service neutron] Missing Content-Type {{(pid=103910) get_content_type /opt/stack/neutron/neutron/api/wsgi.py:85}}
Apr 22 02:45:04.076173 np0000169032 devstack@neutron-api.service[103910]: DEBUG neutron.api.wsgi [None req-8f44e239-725e-411a-96ce-0e99abefd172 service neutron] https://199.19.213.194/networking/v2.0/extensions returned with HTTP 200 {{(pid=103910) __call__ /opt/stack/neutron/neutron/api/wsgi.py:545}}
Apr 22 02:45:04.076959 np0000169032 devstack@neutron-api.service[103910]: [pid: 103910|app: 0|req: 26/103] 199.19.213.194 () {64 vars in 1265 bytes} [Wed Apr 22 02:45:04 2026] GET /networking/v2.0/extensions => generated 15209 bytes in 9 msecs (HTTP/1.1 200) 4 headers in 159 bytes (2 switches on core 0)
Apr 22 02:45:04.122839 np0000169032 devstack@neutron-api.service[103909]: DEBUG neutron.api.v2.base [None req-fac9c55d-a5ef-4ead-b5fa-e3770d5e7a32 service neutron] Request body: {'port': {'network_id': '40442899-a112-4481-9ed6-328e98ca24c2', 'admin_state_up': True, 'tenant_id': '8d20e13b174f45a79cd1e8a838db42ff', 'port_security_enabled': False, 'binding:host_id': 'np0000169032', 'fixed_ips': [{'subnet_id': '6d5f18ef-6eb7-4686-838a-b9a2de8358c8'}], 'device_owner': 'manila:share', 'device_id': 'manila-admin-share'}} {{(pid=103909) prepare_request_body /opt/stack/neutron/neutron/api/v2/base.py:727}}
Apr 22 02:45:04.145343 np0000169032 devstack@neutron-api.service[103909]: DEBUG neutron.pecan_wsgi.hooks.quota_enforcement [None req-fac9c55d-a5ef-4ead-b5fa-e3770d5e7a32 service neutron] Made reservation on behalf of 8d20e13b174f45a79cd1e8a838db42ff for: {'port': 1} {{(pid=103909) before /opt/stack/neutron/neutron/pecan_wsgi/hooks/quota_enforcement.py:66}}
Apr 22 02:45:04.150539 np0000169032 devstack@neutron-api.service[103909]: DEBUG neutron_lib.callbacks.manager [None req-fac9c55d-a5ef-4ead-b5fa-e3770d5e7a32 service neutron] Publish callbacks ['neutron.plugins.ml2.plugin.SecurityGroupDbMixin._ensure_default_security_group_handler-259392'] for port (None), before_create {{(pid=103909) _notify_loop /opt/stack/data/venv/lib/python3.12/site-packages/neutron_lib/callbacks/manager.py:184}}
Apr 22 02:45:04.205094 np0000169032 devstack@neutron-api.service[103909]: DEBUG neutron.db.db_base_plugin_common [None req-fac9c55d-a5ef-4ead-b5fa-e3770d5e7a32 service neutron] Allocated IP 10.2.5.47 (40442899-a112-4481-9ed6-328e98ca24c2/6d5f18ef-6eb7-4686-838a-b9a2de8358c8/46860c8b-219f-41db-a267-783e3d7bbe71) {{(pid=103909) _store_ip_allocation /opt/stack/neutron/neutron/db/db_base_plugin_common.py:131}}
Apr 22 02:45:04.263006 np0000169032 devstack@neutron-api.service[103909]: DEBUG neutron_lib.callbacks.manager [None req-fac9c55d-a5ef-4ead-b5fa-e3770d5e7a32 service neutron] Publish callbacks ['neutron.plugins.ml2.drivers.ovn.mech_driver.mech_driver.OVNMechanismDriver._validate_allowed_address_pairs-1876218'] for allowed_address_pair (46860c8b-219f-41db-a267-783e3d7bbe71), before_create {{(pid=103909) _notify_loop /opt/stack/data/venv/lib/python3.12/site-packages/neutron_lib/callbacks/manager.py:184}}
Apr 22 02:45:04.263953 np0000169032 devstack@neutron-api.service[103909]: DEBUG neutron_lib.callbacks.manager [None req-fac9c55d-a5ef-4ead-b5fa-e3770d5e7a32 service neutron] Publish callbacks [] for port (46860c8b-219f-41db-a267-783e3d7bbe71), precommit_create {{(pid=103909) _notify_loop /opt/stack/data/venv/lib/python3.12/site-packages/neutron_lib/callbacks/manager.py:184}}
Apr 22 02:45:04.267068 np0000169032 devstack@neutron-api.service[103909]: DEBUG neutron.db.provisioning_blocks [None req-fac9c55d-a5ef-4ead-b5fa-e3770d5e7a32 service neutron] Transition to ACTIVE for port object 46860c8b-219f-41db-a267-783e3d7bbe71 will not be triggered until provisioned by entity L2. {{(pid=103909) add_provisioning_component /opt/stack/neutron/neutron/db/provisioning_blocks.py:74}}
Apr 22 02:45:04.267189 np0000169032 devstack@neutron-api.service[103909]: DEBUG neutron.db.ovn_revision_numbers_db [None req-fac9c55d-a5ef-4ead-b5fa-e3770d5e7a32 service neutron] create_initial_revision uuid=46860c8b-219f-41db-a267-783e3d7bbe71, type=ports, rev=-1 {{(pid=103909) create_initial_revision /opt/stack/neutron/neutron/db/ovn_revision_numbers_db.py:98}}
Apr 22 02:45:04.278099 np0000169032 devstack@neutron-api.service[103909]: DEBUG neutron_lib.callbacks.manager [None req-fac9c55d-a5ef-4ead-b5fa-e3770d5e7a32 service neutron] Publish callbacks ['neutron.plugins.ml2.ovo_rpc._ObjectChangeHandler.handle_event-3129448'] for port (46860c8b-219f-41db-a267-783e3d7bbe71), after_create {{(pid=103909) _notify_loop /opt/stack/data/venv/lib/python3.12/site-packages/neutron_lib/callbacks/manager.py:184}}
Apr 22 02:45:04.296678 np0000169032 devstack@neutron-api.service[103909]: DEBUG neutron.api.rpc.handlers.resources_rpc [None req-fac9c55d-a5ef-4ead-b5fa-e3770d5e7a32 service neutron] Pushing event updated for resources: {'Port': ['ID=46860c8b-219f-41db-a267-783e3d7bbe71,revision_number=1']} {{(pid=103909) push /opt/stack/neutron/neutron/api/rpc/handlers/resources_rpc.py:237}}
Apr 22 02:45:04.336623 np0000169032 devstack@neutron-api.service[103909]: DEBUG ovsdbapp.backend.ovs_idl.transaction [None req-da15d660-ddb2-4457-878d-d010fef77170 None None] Running txn n=1 command(idx=0): AddLSwitchPortCommand(_result=None, lport=46860c8b-219f-41db-a267-783e3d7bbe71, lswitch=neutron-40442899-a112-4481-9ed6-328e98ca24c2, may_exist=True, network_uuid=40442899-a112-4481-9ed6-328e98ca24c2, columns={'addresses': ['fa:16:3e:24:b1:f3 10.2.5.47', 'unknown'], 'external_ids': {'neutron:port_name': '', 'neutron:device_id': 'manila-admin-share', 'neutron:project_id': '8d20e13b174f45a79cd1e8a838db42ff', 'neutron:cidrs': '10.2.5.47/24', 'neutron:device_owner': 'manila:share', 'neutron:subnet_pool_addr_scope4': '', 'neutron:subnet_pool_addr_scope6': '', 'neutron:network_name': 'neutron-40442899-a112-4481-9ed6-328e98ca24c2', 'neutron:security_group_ids': '', 'neutron:revision_number': '1', 'neutron:vnic_type': 'normal', 'neutron:port_capabilities': '', 'neutron:mtu': ''}, 'parent_name': [], 'tag': [], 'enabled': True, 'options': {'requested-chassis': 'np0000169032'}, 'type': '', 'port_security': [], 'dhcpv4_options': [UUID('4276c7e3-cc80-400c-bef1-6673a6b0a660')], 'dhcpv6_options': []}) {{(pid=103909) do_commit /opt/stack/data/venv/lib/python3.12/site-packages/ovsdbapp/backend/ovs_idl/transaction.py:89}}
Apr 22 02:45:04.337662 np0000169032 devstack@neutron-api.service[103909]: DEBUG ovsdbapp.backend.ovs_idl.transaction [None req-da15d660-ddb2-4457-878d-d010fef77170 None None] Running txn n=1 command(idx=1): QoSDelCommand(_result=None, switch=neutron-40442899-a112-4481-9ed6-328e98ca24c2, conditions=[('direction', '=', 'to-lport'), ('priority', '=', 2002), ('match', '=', 'outport == "46860c8b-219f-41db-a267-783e3d7bbe71"')], if_exists=True) {{(pid=103909) do_commit /opt/stack/data/venv/lib/python3.12/site-packages/ovsdbapp/backend/ovs_idl/transaction.py:89}}
Apr 22 02:45:04.338092 np0000169032 devstack@neutron-api.service[103909]: DEBUG ovsdbapp.backend.ovs_idl.transaction [None req-da15d660-ddb2-4457-878d-d010fef77170 None None] Running txn n=1 command(idx=2): QoSDelCommand(_result=None, switch=neutron-40442899-a112-4481-9ed6-328e98ca24c2, conditions=[('direction', '=', 'from-lport'), ('priority', '=', 2002), ('match', '=', 'inport == "46860c8b-219f-41db-a267-783e3d7bbe71"')], if_exists=True) {{(pid=103909) do_commit /opt/stack/data/venv/lib/python3.12/site-packages/ovsdbapp/backend/ovs_idl/transaction.py:89}}
Apr 22 02:45:04.346071 np0000169032 devstack@neutron-api.service[103912]: DEBUG neutron.plugins.ml2.drivers.ovn.mech_driver.ovsdb.ovsdb_monitor [None req-aecb3cb5-c418-47e5-ad5c-971d9af7ec27 None None] Touching Hash Ring node "1f0c04627f0253a18448558aa20441dc" from IDL notify handler {{(pid=103912) notify /opt/stack/neutron/neutron/plugins/ml2/drivers/ovn/mech_driver/ovsdb/ovsdb_monitor.py:906}}
Apr 22 02:45:04.347852 np0000169032 devstack@neutron-api.service[103911]: DEBUG neutron.plugins.ml2.drivers.ovn.mech_driver.ovsdb.ovsdb_monitor [None req-6777c199-5b65-41c4-b79a-967cdb457970 None None] Touching Hash Ring node "7a9727f425b355159b8a1b4dc47e9f5c" from IDL notify handler {{(pid=103911) notify /opt/stack/neutron/neutron/plugins/ml2/drivers/ovn/mech_driver/ovsdb/ovsdb_monitor.py:906}}
Apr 22 02:45:04.359310 np0000169032 devstack@neutron-api.service[103909]: DEBUG neutron.plugins.ml2.drivers.ovn.mech_driver.ovsdb.ovsdb_monitor [None req-60d504e5-17be-4bfd-812a-4725c2245b12 None None] Hash Ring: Node 2830d2e8b0195a73a41a9c1e6069b9ce (host: np0000169032) handling event "create" for row 68bee8c0-a216-43b5-acc7-98ad5b94766e (table: Port_Binding) {{(pid=103909) notify /opt/stack/neutron/neutron/plugins/ml2/drivers/ovn/mech_driver/ovsdb/ovsdb_monitor.py:914}}
Apr 22 02:45:04.359689 np0000169032 devstack@neutron-api.service[103912]: DEBUG neutron.plugins.ml2.drivers.ovn.mech_driver.ovsdb.ovsdb_monitor [None req-aecb3cb5-c418-47e5-ad5c-971d9af7ec27 None None] Hash Ring: Node 1f0c04627f0253a18448558aa20441dc (host: np0000169032) handling event "update" for row 40442899-a112-4481-9ed6-328e98ca24c2 (table: Logical_Switch) {{(pid=103912) notify /opt/stack/neutron/neutron/plugins/ml2/drivers/ovn/mech_driver/ovsdb/ovsdb_monitor.py:914}}
