Apr 22 02:41:56.167666 np0000169032 systemd[1]: Starting devstack@n-api-meta.service - Devstack devstack@n-api-meta.service...
Apr 22 02:41:56.180653 np0000169032 devstack@n-api-meta.service[109047]: [uWSGI] getting INI configuration from /etc/nova/nova-metadata-uwsgi.ini
Apr 22 02:41:56.181252 np0000169032 devstack@n-api-meta.service[109047]: open("./http_plugin.so"): No such file or directory [core/utils.c line 3709]
Apr 22 02:41:56.181252 np0000169032 devstack@n-api-meta.service[109047]: !!! UNABLE to load uWSGI plugin: ./http_plugin.so: cannot open shared object file: No such file or directory !!!
Apr 22 02:41:56.181252 np0000169032 devstack@n-api-meta.service[109047]: open("./python3_plugin.so"): No such file or directory [core/utils.c line 3709]
Apr 22 02:41:56.181252 np0000169032 devstack@n-api-meta.service[109047]: !!! UNABLE to load uWSGI plugin: ./python3_plugin.so: cannot open shared object file: No such file or directory !!!
Apr 22 02:41:56.181252 np0000169032 devstack@n-api-meta.service[109047]: *** Starting uWSGI 2.0.31 (64bit) on [Wed Apr 22 02:41:56 2026] ***
Apr 22 02:41:56.181252 np0000169032 devstack@n-api-meta.service[109047]: compiled with version: 13.3.0 on 22 April 2026 02:31:25
Apr 22 02:41:56.181252 np0000169032 devstack@n-api-meta.service[109047]: os: Linux-6.8.0-110-generic #110-Ubuntu SMP PREEMPT_DYNAMIC Thu Mar 19 15:09:20 UTC 2026
Apr 22 02:41:56.181252 np0000169032 devstack@n-api-meta.service[109047]: nodename: np0000169032
Apr 22 02:41:56.181252 np0000169032 devstack@n-api-meta.service[109047]: machine: x86_64
Apr 22 02:41:56.181252 np0000169032 devstack@n-api-meta.service[109047]: clock source: unix
Apr 22 02:41:56.181252 np0000169032 devstack@n-api-meta.service[109047]: pcre jit disabled
Apr 22 02:41:56.181252 np0000169032 devstack@n-api-meta.service[109047]: detected number of CPU cores: 16
Apr 22 02:41:56.181252 np0000169032 devstack@n-api-meta.service[109047]: current working directory: /
Apr 22 02:41:56.181252 np0000169032 devstack@n-api-meta.service[109047]: detected binary path: /opt/stack/data/venv/bin/uwsgi
Apr 22 02:41:56.181252 np0000169032 devstack@n-api-meta.service[109047]: your processes number limit is 256917
Apr 22 02:41:56.181252 np0000169032 devstack@n-api-meta.service[109047]: your memory page size is 4096 bytes
Apr 22 02:41:56.181252 np0000169032 devstack@n-api-meta.service[109047]: detected max file descriptor number: 2048
Apr 22 02:41:56.181252 np0000169032 devstack@n-api-meta.service[109047]: lock engine: pthread robust mutexes
Apr 22 02:41:56.181252 np0000169032 devstack@n-api-meta.service[109047]: thunder lock: enabled
Apr 22 02:41:56.181252 np0000169032 devstack@n-api-meta.service[109047]: uWSGI http bound on 0.0.0.0:8775 fd 5
Apr 22 02:41:56.182195 np0000169032 devstack@n-api-meta.service[109047]: uwsgi socket 0 bound to TCP address 127.0.0.1:38807 (port auto-assigned) fd 4
Apr 22 02:41:56.182195 np0000169032 devstack@n-api-meta.service[109047]: Python version: 3.12.3 (main, Mar 3 2026, 12:15:18) [GCC 13.3.0]
Apr 22 02:41:56.182195 np0000169032 devstack@n-api-meta.service[109047]: PEP 405 virtualenv detected: /opt/stack/data/venv
Apr 22 02:41:56.182195 np0000169032 devstack@n-api-meta.service[109047]: Set PythonHome to /opt/stack/data/venv
Apr 22 02:41:56.216686 np0000169032 devstack@n-api-meta.service[109047]: Python main interpreter initialized at 0x77b0d04a3668
Apr 22 02:41:56.216686 np0000169032 devstack@n-api-meta.service[109047]: python threads support enabled
Apr 22 02:41:56.216686 np0000169032 devstack@n-api-meta.service[109047]: your server socket listen backlog is limited to 100 connections
Apr 22 02:41:56.216686 np0000169032 devstack@n-api-meta.service[109047]: your mercy for graceful operations on workers is 80 seconds
Apr 22 02:41:56.217234 np0000169032 devstack@n-api-meta.service[109047]: mapped 671795 bytes (656 KB) for 4 cores
Apr 22 02:41:56.217378 np0000169032 devstack@n-api-meta.service[109047]: *** Operational MODE: preforking ***
Apr 22 02:41:56.217606 np0000169032 devstack@n-api-meta.service[109047]: *** uWSGI is running in multiple interpreter mode ***
Apr 22 02:41:56.217606 np0000169032 devstack@n-api-meta.service[109047]: spawned uWSGI master process (pid: 109047)
Apr 22 02:41:56.217784 np0000169032 systemd[1]: Started devstack@n-api-meta.service - Devstack devstack@n-api-meta.service.
Apr 22 02:41:56.218374 np0000169032 devstack@n-api-meta.service[109047]: spawned uWSGI worker 1 (pid: 109048, cores: 1)
Apr 22 02:41:56.218873 np0000169032 devstack@n-api-meta.service[109047]: spawned uWSGI worker 2 (pid: 109049, cores: 1)
Apr 22 02:41:56.219346 np0000169032 devstack@n-api-meta.service[109047]: spawned uWSGI worker 3 (pid: 109050, cores: 1)
Apr 22 02:41:56.219984 np0000169032 devstack@n-api-meta.service[109047]: spawned uWSGI worker 4 (pid: 109051, cores: 1)
Apr 22 02:41:56.220315 np0000169032 devstack@n-api-meta.service[109047]: spawned uWSGI http 1 (pid: 109052)
Apr 22 02:41:56.220315 np0000169032 devstack@n-api-meta.service[109047]: running "unix_signal:15 gracefully_kill_them_all" (master-start)...
Apr 22 02:41:56.522654 np0000169032 devstack@n-api-meta.service[109048]: /opt/stack/data/venv/lib/python3.12/site-packages/oslo_concurrency/lockutils.py:41: EventletDeprecationWarning:
Apr 22 02:41:56.522654 np0000169032 devstack@n-api-meta.service[109048]: Eventlet is deprecated. It is currently being maintained in bugfix mode, and
Apr 22 02:41:56.522654 np0000169032 devstack@n-api-meta.service[109048]: we strongly recommend against using it for new projects.
Apr 22 02:41:56.522654 np0000169032 devstack@n-api-meta.service[109048]: If you are already using Eventlet, we recommend migrating to a different
Apr 22 02:41:56.522654 np0000169032 devstack@n-api-meta.service[109048]: framework. For more detail see
Apr 22 02:41:56.522654 np0000169032 devstack@n-api-meta.service[109048]: https://eventlet.readthedocs.io/en/latest/asyncio/migration.html
Apr 22 02:41:56.522654 np0000169032 devstack@n-api-meta.service[109048]: import eventlet
Apr 22 02:41:56.524044 np0000169032 devstack@n-api-meta.service[109051]: /opt/stack/data/venv/lib/python3.12/site-packages/oslo_concurrency/lockutils.py:41: EventletDeprecationWarning:
Apr 22 02:41:56.524044 np0000169032 devstack@n-api-meta.service[109051]: Eventlet is deprecated. It is currently being maintained in bugfix mode, and
Apr 22 02:41:56.524044 np0000169032 devstack@n-api-meta.service[109051]: we strongly recommend against using it for new projects.
Apr 22 02:41:56.524044 np0000169032 devstack@n-api-meta.service[109051]: If you are already using Eventlet, we recommend migrating to a different
Apr 22 02:41:56.524044 np0000169032 devstack@n-api-meta.service[109051]: framework. For more detail see
Apr 22 02:41:56.524044 np0000169032 devstack@n-api-meta.service[109051]: https://eventlet.readthedocs.io/en/latest/asyncio/migration.html
Apr 22 02:41:56.524044 np0000169032 devstack@n-api-meta.service[109051]: import eventlet
Apr 22 02:41:56.526228 np0000169032 devstack@n-api-meta.service[109050]: /opt/stack/data/venv/lib/python3.12/site-packages/oslo_concurrency/lockutils.py:41: EventletDeprecationWarning:
Apr 22 02:41:56.526228 np0000169032 devstack@n-api-meta.service[109050]: Eventlet is deprecated. It is currently being maintained in bugfix mode, and
Apr 22 02:41:56.526228 np0000169032 devstack@n-api-meta.service[109050]: we strongly recommend against using it for new projects.
Apr 22 02:41:56.526228 np0000169032 devstack@n-api-meta.service[109050]: If you are already using Eventlet, we recommend migrating to a different
Apr 22 02:41:56.526228 np0000169032 devstack@n-api-meta.service[109050]: framework. For more detail see
Apr 22 02:41:56.526228 np0000169032 devstack@n-api-meta.service[109050]: https://eventlet.readthedocs.io/en/latest/asyncio/migration.html
Apr 22 02:41:56.526228 np0000169032 devstack@n-api-meta.service[109050]: import eventlet
Apr 22 02:41:56.539555 np0000169032 devstack@n-api-meta.service[109049]: /opt/stack/data/venv/lib/python3.12/site-packages/oslo_concurrency/lockutils.py:41: EventletDeprecationWarning:
Apr 22 02:41:56.539555 np0000169032 devstack@n-api-meta.service[109049]: Eventlet is deprecated. It is currently being maintained in bugfix mode, and
Apr 22 02:41:56.539555 np0000169032 devstack@n-api-meta.service[109049]: we strongly recommend against using it for new projects.
Apr 22 02:41:56.539555 np0000169032 devstack@n-api-meta.service[109049]: If you are already using Eventlet, we recommend migrating to a different
Apr 22 02:41:56.539555 np0000169032 devstack@n-api-meta.service[109049]: framework. For more detail see
Apr 22 02:41:56.539555 np0000169032 devstack@n-api-meta.service[109049]: https://eventlet.readthedocs.io/en/latest/asyncio/migration.html
Apr 22 02:41:56.539555 np0000169032 devstack@n-api-meta.service[109049]: import eventlet
Apr 22 02:41:56.567957 np0000169032 devstack@n-api-meta.service[109048]: Service is starting with native threading. This is currently experimental. Do not use it in production without first testing it in pre-production.
Apr 22 02:41:56.568756 np0000169032 devstack@n-api-meta.service[109051]: Service is starting with native threading. This is currently experimental. Do not use it in production without first testing it in pre-production.
Apr 22 02:41:56.571461 np0000169032 devstack@n-api-meta.service[109050]: Service is starting with native threading. This is currently experimental. Do not use it in production without first testing it in pre-production.
Apr 22 02:41:56.591373 np0000169032 devstack@n-api-meta.service[109049]: Service is starting with native threading. This is currently experimental. Do not use it in production without first testing it in pre-production.
Apr 22 02:41:57.968904 np0000169032 devstack@n-api-meta.service[109048]: INFO dbcounter [None req-1274f0f9-b81b-43f5-955b-0b6567b6b32f None None] Registered counter for database nova_api
Apr 22 02:41:57.982840 np0000169032 devstack@n-api-meta.service[109048]: DEBUG oslo_db.sqlalchemy.engines [None req-1274f0f9-b81b-43f5-955b-0b6567b6b32f None None] MySQL server mode set to STRICT_TRANS_TABLES,STRICT_ALL_TABLES,NO_ZERO_IN_DATE,NO_ZERO_DATE,ERROR_FOR_DIVISION_BY_ZERO,TRADITIONAL,NO_ENGINE_SUBSTITUTION {{(pid=109048) _check_effective_sql_mode /opt/stack/data/venv/lib/python3.12/site-packages/oslo_db/sqlalchemy/engines.py:325}}
Apr 22 02:41:57.986012 np0000169032 devstack@n-api-meta.service[109051]: INFO dbcounter [None req-40208942-68c7-47c1-bad7-8460c176ec92 None None] Registered counter for database nova_api
Apr 22 02:41:57.992770 np0000169032 devstack@n-api-meta.service[109050]: INFO dbcounter [None req-c871789a-4c1c-4ed1-a811-c75d6359f08c None None] Registered counter for database nova_api
Apr 22 02:41:57.996589 np0000169032 devstack@n-api-meta.service[109049]: INFO dbcounter [None req-cb4cdf3b-8638-4d97-a926-750fb5fc1745 None None] Registered counter for database nova_api
Apr 22 02:41:58.003016 np0000169032 devstack@n-api-meta.service[109051]: DEBUG oslo_db.sqlalchemy.engines [None req-40208942-68c7-47c1-bad7-8460c176ec92 None None] MySQL server mode set to STRICT_TRANS_TABLES,STRICT_ALL_TABLES,NO_ZERO_IN_DATE,NO_ZERO_DATE,ERROR_FOR_DIVISION_BY_ZERO,TRADITIONAL,NO_ENGINE_SUBSTITUTION {{(pid=109051) _check_effective_sql_mode /opt/stack/data/venv/lib/python3.12/site-packages/oslo_db/sqlalchemy/engines.py:325}}
Apr 22 02:41:58.009364 np0000169032 devstack@n-api-meta.service[109050]: DEBUG oslo_db.sqlalchemy.engines [None req-c871789a-4c1c-4ed1-a811-c75d6359f08c None None] MySQL server mode set to STRICT_TRANS_TABLES,STRICT_ALL_TABLES,NO_ZERO_IN_DATE,NO_ZERO_DATE,ERROR_FOR_DIVISION_BY_ZERO,TRADITIONAL,NO_ENGINE_SUBSTITUTION {{(pid=109050) _check_effective_sql_mode /opt/stack/data/venv/lib/python3.12/site-packages/oslo_db/sqlalchemy/engines.py:325}}
Apr 22 02:41:58.014464 np0000169032 devstack@n-api-meta.service[109048]: DEBUG dbcounter [-] [109048] Writer thread running {{(pid=109048) stat_writer /opt/stack/data/venv/lib/python3.12/site-packages/dbcounter.py:102}}
Apr 22 02:41:58.015669 np0000169032 devstack@n-api-meta.service[109049]: DEBUG oslo_db.sqlalchemy.engines [None req-cb4cdf3b-8638-4d97-a926-750fb5fc1745 None None] MySQL server mode set to STRICT_TRANS_TABLES,STRICT_ALL_TABLES,NO_ZERO_IN_DATE,NO_ZERO_DATE,ERROR_FOR_DIVISION_BY_ZERO,TRADITIONAL,NO_ENGINE_SUBSTITUTION {{(pid=109049) _check_effective_sql_mode /opt/stack/data/venv/lib/python3.12/site-packages/oslo_db/sqlalchemy/engines.py:325}}
Apr 22 02:41:58.016558 np0000169032 devstack@n-api-meta.service[109048]: DEBUG nova.context [None req-1274f0f9-b81b-43f5-955b-0b6567b6b32f None None] Found 2 cells: 00000000-0000-0000-0000-000000000000(cell0),50fb61a8-8a55-4ee8-8148-29277e187b21(cell1) {{(pid=109048) load_cells /opt/stack/nova/nova/context.py:509}}
Apr 22 02:41:58.016727 np0000169032 devstack@n-api-meta.service[109048]: INFO nova.utils [None req-1274f0f9-b81b-43f5-955b-0b6567b6b32f None None] The cell worker thread pool MainProcess.cell_worker is initialized
Apr 22 02:41:58.018492 np0000169032 devstack@n-api-meta.service[109048]: DEBUG oslo_concurrency.lockutils [None req-1274f0f9-b81b-43f5-955b-0b6567b6b32f None None] Acquiring lock "00000000-0000-0000-0000-000000000000" by "nova.context.set_target_cell..get_or_set_cached_cell_and_set_connections" {{(pid=109048) inner /opt/stack/data/venv/lib/python3.12/site-packages/oslo_concurrency/lockutils.py:506}}
Apr 22 02:41:58.018632 np0000169032 devstack@n-api-meta.service[109048]: DEBUG oslo_concurrency.lockutils [None req-1274f0f9-b81b-43f5-955b-0b6567b6b32f None None] Lock "00000000-0000-0000-0000-000000000000" acquired by "nova.context.set_target_cell..get_or_set_cached_cell_and_set_connections" :: waited 0.000s {{(pid=109048) inner /opt/stack/data/venv/lib/python3.12/site-packages/oslo_concurrency/lockutils.py:519}}
Apr 22 02:41:58.018995 np0000169032 devstack@n-api-meta.service[109048]: DEBUG oslo_concurrency.lockutils [None req-1274f0f9-b81b-43f5-955b-0b6567b6b32f None None] Lock "00000000-0000-0000-0000-000000000000" "released" by "nova.context.set_target_cell..get_or_set_cached_cell_and_set_connections" :: held 0.000s {{(pid=109048) inner /opt/stack/data/venv/lib/python3.12/site-packages/oslo_concurrency/lockutils.py:538}}
Apr 22 02:41:58.019769 np0000169032 devstack@n-api-meta.service[109048]: DEBUG oslo_concurrency.lockutils [None req-1274f0f9-b81b-43f5-955b-0b6567b6b32f None None] Acquiring lock "50fb61a8-8a55-4ee8-8148-29277e187b21" by "nova.context.set_target_cell..get_or_set_cached_cell_and_set_connections" {{(pid=109048) inner /opt/stack/data/venv/lib/python3.12/site-packages/oslo_concurrency/lockutils.py:506}}
Apr 22 02:41:58.019927 np0000169032 devstack@n-api-meta.service[109048]: DEBUG oslo_concurrency.lockutils [None req-1274f0f9-b81b-43f5-955b-0b6567b6b32f None None] Lock "50fb61a8-8a55-4ee8-8148-29277e187b21" acquired by "nova.context.set_target_cell..get_or_set_cached_cell_and_set_connections" :: waited 0.000s {{(pid=109048) inner /opt/stack/data/venv/lib/python3.12/site-packages/oslo_concurrency/lockutils.py:519}}
Apr 22 02:41:58.020721 np0000169032 devstack@n-api-meta.service[109048]: DEBUG oslo_concurrency.lockutils [None req-1274f0f9-b81b-43f5-955b-0b6567b6b32f None None] Lock "50fb61a8-8a55-4ee8-8148-29277e187b21" "released" by "nova.context.set_target_cell..get_or_set_cached_cell_and_set_connections" :: held 0.001s {{(pid=109048) inner /opt/stack/data/venv/lib/python3.12/site-packages/oslo_concurrency/lockutils.py:538}}
Apr 22 02:41:58.024291 np0000169032 devstack@n-api-meta.service[109048]: INFO dbcounter [None req-1274f0f9-b81b-43f5-955b-0b6567b6b32f None None] Registered counter for database nova_cell0
Apr 22 02:41:58.029149 np0000169032 devstack@n-api-meta.service[109048]: INFO dbcounter [None req-1274f0f9-b81b-43f5-955b-0b6567b6b32f None None] Registered counter for database nova_cell1
Apr 22 02:41:58.035764 np0000169032 devstack@n-api-meta.service[109051]: DEBUG dbcounter [-] [109051] Writer thread running {{(pid=109051) stat_writer /opt/stack/data/venv/lib/python3.12/site-packages/dbcounter.py:102}}
Apr 22 02:41:58.038073 np0000169032 devstack@n-api-meta.service[109051]: DEBUG nova.context [None req-40208942-68c7-47c1-bad7-8460c176ec92 None None] Found 2 cells: 00000000-0000-0000-0000-000000000000(cell0),50fb61a8-8a55-4ee8-8148-29277e187b21(cell1) {{(pid=109051) load_cells /opt/stack/nova/nova/context.py:509}}
Apr 22 02:41:58.038273 np0000169032 devstack@n-api-meta.service[109051]: INFO nova.utils [None req-40208942-68c7-47c1-bad7-8460c176ec92 None None] The cell worker thread pool MainProcess.cell_worker is initialized
Apr 22 02:41:58.039953 np0000169032 devstack@n-api-meta.service[109051]: DEBUG oslo_concurrency.lockutils [None req-40208942-68c7-47c1-bad7-8460c176ec92 None None] Acquiring lock "00000000-0000-0000-0000-000000000000" by "nova.context.set_target_cell..get_or_set_cached_cell_and_set_connections" {{(pid=109051) inner /opt/stack/data/venv/lib/python3.12/site-packages/oslo_concurrency/lockutils.py:506}}
Apr 22 02:41:58.040107 np0000169032 devstack@n-api-meta.service[109051]: DEBUG oslo_concurrency.lockutils [None req-40208942-68c7-47c1-bad7-8460c176ec92 None None] Lock "00000000-0000-0000-0000-000000000000" acquired by "nova.context.set_target_cell..get_or_set_cached_cell_and_set_connections" :: waited 0.000s {{(pid=109051) inner /opt/stack/data/venv/lib/python3.12/site-packages/oslo_concurrency/lockutils.py:519}}
Apr 22 02:41:58.040448 np0000169032 devstack@n-api-meta.service[109051]: DEBUG oslo_concurrency.lockutils [None req-40208942-68c7-47c1-bad7-8460c176ec92 None None] Lock "00000000-0000-0000-0000-000000000000" "released" by "nova.context.set_target_cell..get_or_set_cached_cell_and_set_connections" :: held 0.000s {{(pid=109051) inner /opt/stack/data/venv/lib/python3.12/site-packages/oslo_concurrency/lockutils.py:538}}
Apr 22 02:41:58.040976 np0000169032 devstack@n-api-meta.service[109048]: DEBUG oslo_db.sqlalchemy.engines [None req-1274f0f9-b81b-43f5-955b-0b6567b6b32f None None] MySQL server mode set to STRICT_TRANS_TABLES,STRICT_ALL_TABLES,NO_ZERO_IN_DATE,NO_ZERO_DATE,ERROR_FOR_DIVISION_BY_ZERO,TRADITIONAL,NO_ENGINE_SUBSTITUTION {{(pid=109048) _check_effective_sql_mode /opt/stack/data/venv/lib/python3.12/site-packages/oslo_db/sqlalchemy/engines.py:325}}
Apr 22 02:41:58.041338 np0000169032 devstack@n-api-meta.service[109051]: DEBUG oslo_concurrency.lockutils [None req-40208942-68c7-47c1-bad7-8460c176ec92 None None] Acquiring lock "50fb61a8-8a55-4ee8-8148-29277e187b21" by "nova.context.set_target_cell..get_or_set_cached_cell_and_set_connections" {{(pid=109051) inner /opt/stack/data/venv/lib/python3.12/site-packages/oslo_concurrency/lockutils.py:506}}
Apr 22 02:41:58.041338 np0000169032 devstack@n-api-meta.service[109051]: DEBUG oslo_concurrency.lockutils [None req-40208942-68c7-47c1-bad7-8460c176ec92 None None] Lock "50fb61a8-8a55-4ee8-8148-29277e187b21" acquired by "nova.context.set_target_cell..get_or_set_cached_cell_and_set_connections" :: waited 0.000s {{(pid=109051) inner /opt/stack/data/venv/lib/python3.12/site-packages/oslo_concurrency/lockutils.py:519}}
Apr 22 02:41:58.042124 np0000169032 devstack@n-api-meta.service[109051]: DEBUG oslo_concurrency.lockutils [None req-40208942-68c7-47c1-bad7-8460c176ec92 None None] Lock "50fb61a8-8a55-4ee8-8148-29277e187b21" "released" by "nova.context.set_target_cell..get_or_set_cached_cell_and_set_connections" :: held 0.001s {{(pid=109051) inner /opt/stack/data/venv/lib/python3.12/site-packages/oslo_concurrency/lockutils.py:538}}
Apr 22 02:41:58.042200 np0000169032 devstack@n-api-meta.service[109050]: DEBUG dbcounter [-] [109050] Writer thread running {{(pid=109050) stat_writer /opt/stack/data/venv/lib/python3.12/site-packages/dbcounter.py:102}}
Apr 22 02:41:58.044311 np0000169032 devstack@n-api-meta.service[109050]: DEBUG nova.context [None req-c871789a-4c1c-4ed1-a811-c75d6359f08c None None] Found 2 cells: 00000000-0000-0000-0000-000000000000(cell0),50fb61a8-8a55-4ee8-8148-29277e187b21(cell1) {{(pid=109050) load_cells /opt/stack/nova/nova/context.py:509}}
Apr 22 02:41:58.044464 np0000169032 devstack@n-api-meta.service[109050]: INFO nova.utils [None req-c871789a-4c1c-4ed1-a811-c75d6359f08c None None] The cell worker thread pool MainProcess.cell_worker is initialized
Apr 22 02:41:58.045121 np0000169032 devstack@n-api-meta.service[109051]: INFO dbcounter [None req-40208942-68c7-47c1-bad7-8460c176ec92 None None] Registered counter for database nova_cell0
Apr 22 02:41:58.046166 np0000169032 devstack@n-api-meta.service[109050]: DEBUG oslo_concurrency.lockutils [None req-c871789a-4c1c-4ed1-a811-c75d6359f08c None None] Acquiring lock "00000000-0000-0000-0000-000000000000" by "nova.context.set_target_cell..get_or_set_cached_cell_and_set_connections" {{(pid=109050) inner /opt/stack/data/venv/lib/python3.12/site-packages/oslo_concurrency/lockutils.py:506}}
Apr 22 02:41:58.046302 np0000169032 devstack@n-api-meta.service[109050]: DEBUG oslo_concurrency.lockutils [None req-c871789a-4c1c-4ed1-a811-c75d6359f08c None None] Lock "00000000-0000-0000-0000-000000000000" acquired by "nova.context.set_target_cell..get_or_set_cached_cell_and_set_connections" :: waited 0.000s {{(pid=109050) inner /opt/stack/data/venv/lib/python3.12/site-packages/oslo_concurrency/lockutils.py:519}}
Apr 22 02:41:58.046601 np0000169032 devstack@n-api-meta.service[109050]: DEBUG oslo_concurrency.lockutils [None req-c871789a-4c1c-4ed1-a811-c75d6359f08c None None] Lock "00000000-0000-0000-0000-000000000000" "released" by "nova.context.set_target_cell..get_or_set_cached_cell_and_set_connections" :: held 0.000s {{(pid=109050) inner /opt/stack/data/venv/lib/python3.12/site-packages/oslo_concurrency/lockutils.py:538}}
Apr 22 02:41:58.047780 np0000169032 devstack@n-api-meta.service[109050]: DEBUG oslo_concurrency.lockutils [None req-c871789a-4c1c-4ed1-a811-c75d6359f08c None None] Acquiring lock "50fb61a8-8a55-4ee8-8148-29277e187b21" by "nova.context.set_target_cell..get_or_set_cached_cell_and_set_connections" {{(pid=109050) inner /opt/stack/data/venv/lib/python3.12/site-packages/oslo_concurrency/lockutils.py:506}}
Apr 22 02:41:58.047890 np0000169032 devstack@n-api-meta.service[109049]: DEBUG dbcounter [-] [109049] Writer thread running {{(pid=109049) stat_writer /opt/stack/data/venv/lib/python3.12/site-packages/dbcounter.py:102}}
Apr 22 02:41:58.047989 np0000169032 devstack@n-api-meta.service[109050]: DEBUG oslo_concurrency.lockutils [None req-c871789a-4c1c-4ed1-a811-c75d6359f08c None None] Lock "50fb61a8-8a55-4ee8-8148-29277e187b21" acquired by "nova.context.set_target_cell..get_or_set_cached_cell_and_set_connections" :: waited 0.000s {{(pid=109050) inner /opt/stack/data/venv/lib/python3.12/site-packages/oslo_concurrency/lockutils.py:519}}
Apr 22 02:41:58.048045 np0000169032 devstack@n-api-meta.service[109048]: DEBUG oslo_db.sqlalchemy.engines [None req-1274f0f9-b81b-43f5-955b-0b6567b6b32f None None] MySQL server mode set to STRICT_TRANS_TABLES,STRICT_ALL_TABLES,NO_ZERO_IN_DATE,NO_ZERO_DATE,ERROR_FOR_DIVISION_BY_ZERO,TRADITIONAL,NO_ENGINE_SUBSTITUTION {{(pid=109048) _check_effective_sql_mode /opt/stack/data/venv/lib/python3.12/site-packages/oslo_db/sqlalchemy/engines.py:325}}
Apr 22 02:41:58.048329 np0000169032 devstack@n-api-meta.service[109050]: DEBUG oslo_concurrency.lockutils [None req-c871789a-4c1c-4ed1-a811-c75d6359f08c None None] Lock "50fb61a8-8a55-4ee8-8148-29277e187b21" "released" by "nova.context.set_target_cell..get_or_set_cached_cell_and_set_connections" :: held 0.001s {{(pid=109050) inner /opt/stack/data/venv/lib/python3.12/site-packages/oslo_concurrency/lockutils.py:538}}
Apr 22 02:41:58.050871 np0000169032 devstack@n-api-meta.service[109051]: INFO dbcounter [None req-40208942-68c7-47c1-bad7-8460c176ec92 None None] Registered counter for database nova_cell1
Apr 22 02:41:58.051205 np0000169032 devstack@n-api-meta.service[109050]: INFO dbcounter [None req-c871789a-4c1c-4ed1-a811-c75d6359f08c None None] Registered counter for database nova_cell0
Apr 22 02:41:58.052360 np0000169032 devstack@n-api-meta.service[109049]: DEBUG nova.context [None req-cb4cdf3b-8638-4d97-a926-750fb5fc1745 None None] Found 2 cells: 00000000-0000-0000-0000-000000000000(cell0),50fb61a8-8a55-4ee8-8148-29277e187b21(cell1) {{(pid=109049) load_cells /opt/stack/nova/nova/context.py:509}}
Apr 22 02:41:58.052648 np0000169032 devstack@n-api-meta.service[109049]: INFO nova.utils [None req-cb4cdf3b-8638-4d97-a926-750fb5fc1745 None None] The cell worker thread pool MainProcess.cell_worker is initialized
Apr 22 02:41:58.054948 np0000169032 devstack@n-api-meta.service[109049]: DEBUG oslo_concurrency.lockutils [None req-cb4cdf3b-8638-4d97-a926-750fb5fc1745 None None] Acquiring lock "00000000-0000-0000-0000-000000000000" by "nova.context.set_target_cell..get_or_set_cached_cell_and_set_connections" {{(pid=109049) inner /opt/stack/data/venv/lib/python3.12/site-packages/oslo_concurrency/lockutils.py:506}}
Apr 22 02:41:58.056572 np0000169032 devstack@n-api-meta.service[109049]: DEBUG oslo_concurrency.lockutils [None req-cb4cdf3b-8638-4d97-a926-750fb5fc1745 None None] Lock "00000000-0000-0000-0000-000000000000" acquired by "nova.context.set_target_cell..get_or_set_cached_cell_and_set_connections" :: waited 0.000s {{(pid=109049) inner /opt/stack/data/venv/lib/python3.12/site-packages/oslo_concurrency/lockutils.py:519}}
Apr 22 02:41:58.056572 np0000169032 devstack@n-api-meta.service[109049]: DEBUG oslo_concurrency.lockutils [None req-cb4cdf3b-8638-4d97-a926-750fb5fc1745 None None] Lock "00000000-0000-0000-0000-000000000000" "released" by "nova.context.set_target_cell..get_or_set_cached_cell_and_set_connections" :: held 0.000s {{(pid=109049) inner /opt/stack/data/venv/lib/python3.12/site-packages/oslo_concurrency/lockutils.py:538}}
Apr 22 02:41:58.056721 np0000169032 devstack@n-api-meta.service[109050]: INFO dbcounter [None req-c871789a-4c1c-4ed1-a811-c75d6359f08c None None] Registered counter for database nova_cell1
Apr 22 02:41:58.056765 np0000169032 devstack@n-api-meta.service[109049]: DEBUG oslo_concurrency.lockutils [None req-cb4cdf3b-8638-4d97-a926-750fb5fc1745 None None] Acquiring lock "50fb61a8-8a55-4ee8-8148-29277e187b21" by "nova.context.set_target_cell..get_or_set_cached_cell_and_set_connections" {{(pid=109049) inner /opt/stack/data/venv/lib/python3.12/site-packages/oslo_concurrency/lockutils.py:506}}
Apr 22 02:41:58.056765 np0000169032 devstack@n-api-meta.service[109049]: DEBUG oslo_concurrency.lockutils [None req-cb4cdf3b-8638-4d97-a926-750fb5fc1745 None None] Lock "50fb61a8-8a55-4ee8-8148-29277e187b21" acquired by "nova.context.set_target_cell..get_or_set_cached_cell_and_set_connections" :: waited 0.000s {{(pid=109049) inner /opt/stack/data/venv/lib/python3.12/site-packages/oslo_concurrency/lockutils.py:519}}
Apr 22 02:41:58.057645 np0000169032 devstack@n-api-meta.service[109049]: DEBUG oslo_concurrency.lockutils [None req-cb4cdf3b-8638-4d97-a926-750fb5fc1745 None None] Lock "50fb61a8-8a55-4ee8-8148-29277e187b21" "released" by "nova.context.set_target_cell..get_or_set_cached_cell_and_set_connections" :: held 0.001s {{(pid=109049) inner /opt/stack/data/venv/lib/python3.12/site-packages/oslo_concurrency/lockutils.py:538}}
Apr 22 02:41:58.058829 np0000169032 devstack@n-api-meta.service[109051]: DEBUG oslo_db.sqlalchemy.engines [None req-40208942-68c7-47c1-bad7-8460c176ec92 None None] MySQL server mode set to STRICT_TRANS_TABLES,STRICT_ALL_TABLES,NO_ZERO_IN_DATE,NO_ZERO_DATE,ERROR_FOR_DIVISION_BY_ZERO,TRADITIONAL,NO_ENGINE_SUBSTITUTION {{(pid=109051) _check_effective_sql_mode /opt/stack/data/venv/lib/python3.12/site-packages/oslo_db/sqlalchemy/engines.py:325}}
Apr 22 02:41:58.060078 np0000169032 devstack@n-api-meta.service[109049]: INFO dbcounter [None req-cb4cdf3b-8638-4d97-a926-750fb5fc1745 None None] Registered counter for database nova_cell0
Apr 22 02:41:58.065911 np0000169032 devstack@n-api-meta.service[109049]: INFO dbcounter [None req-cb4cdf3b-8638-4d97-a926-750fb5fc1745 None None] Registered counter for database nova_cell1
Apr 22 02:41:58.072550 np0000169032 devstack@n-api-meta.service[109051]: DEBUG oslo_db.sqlalchemy.engines [None req-40208942-68c7-47c1-bad7-8460c176ec92 None None] MySQL server mode set to STRICT_TRANS_TABLES,STRICT_ALL_TABLES,NO_ZERO_IN_DATE,NO_ZERO_DATE,ERROR_FOR_DIVISION_BY_ZERO,TRADITIONAL,NO_ENGINE_SUBSTITUTION {{(pid=109051) _check_effective_sql_mode /opt/stack/data/venv/lib/python3.12/site-packages/oslo_db/sqlalchemy/engines.py:325}}
Apr 22 02:41:58.073634 np0000169032 devstack@n-api-meta.service[109050]: DEBUG oslo_db.sqlalchemy.engines [None req-c871789a-4c1c-4ed1-a811-c75d6359f08c None None] MySQL server mode set to STRICT_TRANS_TABLES,STRICT_ALL_TABLES,NO_ZERO_IN_DATE,NO_ZERO_DATE,ERROR_FOR_DIVISION_BY_ZERO,TRADITIONAL,NO_ENGINE_SUBSTITUTION {{(pid=109050) _check_effective_sql_mode /opt/stack/data/venv/lib/python3.12/site-packages/oslo_db/sqlalchemy/engines.py:325}}
Apr 22 02:41:58.078970 np0000169032 devstack@n-api-meta.service[109050]: DEBUG oslo_db.sqlalchemy.engines [None req-c871789a-4c1c-4ed1-a811-c75d6359f08c None None] MySQL server mode set to STRICT_TRANS_TABLES,STRICT_ALL_TABLES,NO_ZERO_IN_DATE,NO_ZERO_DATE,ERROR_FOR_DIVISION_BY_ZERO,TRADITIONAL,NO_ENGINE_SUBSTITUTION {{(pid=109050) _check_effective_sql_mode /opt/stack/data/venv/lib/python3.12/site-packages/oslo_db/sqlalchemy/engines.py:325}}
Apr 22 02:41:58.083860 np0000169032 devstack@n-api-meta.service[109049]: DEBUG oslo_db.sqlalchemy.engines [None req-cb4cdf3b-8638-4d97-a926-750fb5fc1745 None None] MySQL server mode set to STRICT_TRANS_TABLES,STRICT_ALL_TABLES,NO_ZERO_IN_DATE,NO_ZERO_DATE,ERROR_FOR_DIVISION_BY_ZERO,TRADITIONAL,NO_ENGINE_SUBSTITUTION {{(pid=109049) _check_effective_sql_mode /opt/stack/data/venv/lib/python3.12/site-packages/oslo_db/sqlalchemy/engines.py:325}}
Apr 22 02:41:58.090642 np0000169032 devstack@n-api-meta.service[109049]: DEBUG oslo_db.sqlalchemy.engines [None req-cb4cdf3b-8638-4d97-a926-750fb5fc1745 None None] MySQL server mode set to STRICT_TRANS_TABLES,STRICT_ALL_TABLES,NO_ZERO_IN_DATE,NO_ZERO_DATE,ERROR_FOR_DIVISION_BY_ZERO,TRADITIONAL,NO_ENGINE_SUBSTITUTION {{(pid=109049) _check_effective_sql_mode /opt/stack/data/venv/lib/python3.12/site-packages/oslo_db/sqlalchemy/engines.py:325}}
Apr 22 02:41:58.138156 np0000169032 devstack@n-api-meta.service[109048]: DEBUG dbcounter [-] [109048] Writer thread running {{(pid=109048) stat_writer /opt/stack/data/venv/lib/python3.12/site-packages/dbcounter.py:102}}
Apr 22 02:41:58.144978 np0000169032 devstack@n-api-meta.service[109048]: DEBUG dbcounter [-] [109048] Writer thread running {{(pid=109048) stat_writer /opt/stack/data/venv/lib/python3.12/site-packages/dbcounter.py:102}}
Apr 22 02:41:58.150641 np0000169032 devstack@n-api-meta.service[109048]: INFO dbcounter [None req-1274f0f9-b81b-43f5-955b-0b6567b6b32f None None] Registered counter for database nova_cell0
Apr 22 02:41:58.153132 np0000169032 devstack@n-api-meta.service[109051]: DEBUG dbcounter [-] [109051] Writer thread running {{(pid=109051) stat_writer /opt/stack/data/venv/lib/python3.12/site-packages/dbcounter.py:102}}
Apr 22 02:41:58.159123 np0000169032 devstack@n-api-meta.service[109051]: DEBUG dbcounter [-] [109051] Writer thread running {{(pid=109051) stat_writer /opt/stack/data/venv/lib/python3.12/site-packages/dbcounter.py:102}}
Apr 22 02:41:58.163283 np0000169032 devstack@n-api-meta.service[109048]: DEBUG oslo_db.sqlalchemy.engines [None req-1274f0f9-b81b-43f5-955b-0b6567b6b32f None None] MySQL server mode set to STRICT_TRANS_TABLES,STRICT_ALL_TABLES,NO_ZERO_IN_DATE,NO_ZERO_DATE,ERROR_FOR_DIVISION_BY_ZERO,TRADITIONAL,NO_ENGINE_SUBSTITUTION {{(pid=109048) _check_effective_sql_mode /opt/stack/data/venv/lib/python3.12/site-packages/oslo_db/sqlalchemy/engines.py:325}}
Apr 22 02:41:58.164315 np0000169032 devstack@n-api-meta.service[109051]: INFO dbcounter [None req-40208942-68c7-47c1-bad7-8460c176ec92 None None] Registered counter for database nova_cell0
Apr 22 02:41:58.170881 np0000169032 devstack@n-api-meta.service[109048]: DEBUG dbcounter [-] [109048] Writer thread running {{(pid=109048) stat_writer /opt/stack/data/venv/lib/python3.12/site-packages/dbcounter.py:102}}
Apr 22 02:41:58.172862 np0000169032 devstack@n-api-meta.service[109051]: DEBUG oslo_db.sqlalchemy.engines [None req-40208942-68c7-47c1-bad7-8460c176ec92 None None] MySQL server mode set to STRICT_TRANS_TABLES,STRICT_ALL_TABLES,NO_ZERO_IN_DATE,NO_ZERO_DATE,ERROR_FOR_DIVISION_BY_ZERO,TRADITIONAL,NO_ENGINE_SUBSTITUTION {{(pid=109051) _check_effective_sql_mode /opt/stack/data/venv/lib/python3.12/site-packages/oslo_db/sqlalchemy/engines.py:325}}
Apr 22 02:41:58.179725 np0000169032 devstack@n-api-meta.service[109049]: DEBUG dbcounter [-] [109049] Writer thread running {{(pid=109049) stat_writer /opt/stack/data/venv/lib/python3.12/site-packages/dbcounter.py:102}}
Apr 22 02:41:58.180967 np0000169032 devstack@n-api-meta.service[109051]: DEBUG dbcounter [-] [109051] Writer thread running {{(pid=109051) stat_writer /opt/stack/data/venv/lib/python3.12/site-packages/dbcounter.py:102}}
Apr 22 02:41:58.184901 np0000169032 devstack@n-api-meta.service[109049]: DEBUG dbcounter [-] [109049] Writer thread running {{(pid=109049) stat_writer /opt/stack/data/venv/lib/python3.12/site-packages/dbcounter.py:102}}
Apr 22 02:41:58.185481 np0000169032 devstack@n-api-meta.service[109050]: DEBUG dbcounter [-] [109050] Writer thread running {{(pid=109050) stat_writer /opt/stack/data/venv/lib/python3.12/site-packages/dbcounter.py:102}}
Apr 22 02:41:58.186536 np0000169032 devstack@n-api-meta.service[109050]: DEBUG dbcounter [-] [109050] Writer thread running {{(pid=109050) stat_writer /opt/stack/data/venv/lib/python3.12/site-packages/dbcounter.py:102}}
Apr 22 02:41:58.189726 np0000169032 devstack@n-api-meta.service[109049]: INFO dbcounter [None req-cb4cdf3b-8638-4d97-a926-750fb5fc1745 None None] Registered counter for database nova_cell0
Apr 22 02:41:58.193048 np0000169032 devstack@n-api-meta.service[109050]: INFO dbcounter [None req-c871789a-4c1c-4ed1-a811-c75d6359f08c None None] Registered counter for database nova_cell0
Apr 22 02:41:58.198277 np0000169032 devstack@n-api-meta.service[109049]: DEBUG oslo_db.sqlalchemy.engines [None req-cb4cdf3b-8638-4d97-a926-750fb5fc1745 None None] MySQL server mode set to STRICT_TRANS_TABLES,STRICT_ALL_TABLES,NO_ZERO_IN_DATE,NO_ZERO_DATE,ERROR_FOR_DIVISION_BY_ZERO,TRADITIONAL,NO_ENGINE_SUBSTITUTION {{(pid=109049) _check_effective_sql_mode /opt/stack/data/venv/lib/python3.12/site-packages/oslo_db/sqlalchemy/engines.py:325}}
Apr 22 02:41:58.204144 np0000169032 devstack@n-api-meta.service[109049]: DEBUG dbcounter [-] [109049] Writer thread running {{(pid=109049) stat_writer /opt/stack/data/venv/lib/python3.12/site-packages/dbcounter.py:102}}
Apr 22 02:41:58.204546 np0000169032 devstack@n-api-meta.service[109050]: DEBUG oslo_db.sqlalchemy.engines [None req-c871789a-4c1c-4ed1-a811-c75d6359f08c None None] MySQL server mode set to STRICT_TRANS_TABLES,STRICT_ALL_TABLES,NO_ZERO_IN_DATE,NO_ZERO_DATE,ERROR_FOR_DIVISION_BY_ZERO,TRADITIONAL,NO_ENGINE_SUBSTITUTION {{(pid=109050) _check_effective_sql_mode /opt/stack/data/venv/lib/python3.12/site-packages/oslo_db/sqlalchemy/engines.py:325}}
Apr 22 02:41:58.211999 np0000169032 devstack@n-api-meta.service[109050]: DEBUG dbcounter [-] [109050] Writer thread running {{(pid=109050) stat_writer /opt/stack/data/venv/lib/python3.12/site-packages/dbcounter.py:102}}
Apr 22 02:41:58.214882 np0000169032 devstack@n-api-meta.service[109048]: WARNING nova.api.metadata.handler [None req-1274f0f9-b81b-43f5-955b-0b6567b6b32f None None] metadata_proxy_shared_secret is not configured, the metadata information returned by the proxy cannot be trusted
Apr 22 02:41:58.217182 np0000169032 devstack@n-api-meta.service[109048]: DEBUG nova.api.openstack.wsgi_app [None req-1274f0f9-b81b-43f5-955b-0b6567b6b32f None None] ******************************************************************************** {{(pid=109048) log_opt_values /opt/stack/data/venv/lib/python3.12/site-packages/oslo_config/cfg.py:2979}}
Apr 22 02:41:58.217284 np0000169032 devstack@n-api-meta.service[109048]: DEBUG nova.api.openstack.wsgi_app [None req-1274f0f9-b81b-43f5-955b-0b6567b6b32f None None] Configuration options gathered from: {{(pid=109048) log_opt_values /opt/stack/data/venv/lib/python3.12/site-packages/oslo_config/cfg.py:2980}}
Apr 22 02:41:58.217399 np0000169032 devstack@n-api-meta.service[109048]: DEBUG nova.api.openstack.wsgi_app [None req-1274f0f9-b81b-43f5-955b-0b6567b6b32f None None] command line args: [] {{(pid=109048) log_opt_values /opt/stack/data/venv/lib/python3.12/site-packages/oslo_config/cfg.py:2981}}
Apr 22 02:41:58.217546 np0000169032 devstack@n-api-meta.service[109048]: DEBUG nova.api.openstack.wsgi_app [None req-1274f0f9-b81b-43f5-955b-0b6567b6b32f None None] config files: ['/etc/nova/api-paste.ini', '/etc/nova/nova.conf'] {{(pid=109048) log_opt_values /opt/stack/data/venv/lib/python3.12/site-packages/oslo_config/cfg.py:2982}}
Apr 22 02:41:58.217646 np0000169032 devstack@n-api-meta.service[109048]: DEBUG nova.api.openstack.wsgi_app [None req-1274f0f9-b81b-43f5-955b-0b6567b6b32f None None] ================================================================================ {{(pid=109048) log_opt_values /opt/stack/data/venv/lib/python3.12/site-packages/oslo_config/cfg.py:2987}}
Apr 22 02:41:58.217842 np0000169032 devstack@n-api-meta.service[109048]: DEBUG nova.api.openstack.wsgi_app [None req-1274f0f9-b81b-43f5-955b-0b6567b6b32f None None] allow_resize_to_same_host = True {{(pid=109048) log_opt_values /opt/stack/data/venv/lib/python3.12/site-packages/oslo_config/cfg.py:2995}}
Apr 22 02:41:58.217990 np0000169032 devstack@n-api-meta.service[109048]: DEBUG nova.api.openstack.wsgi_app [None req-1274f0f9-b81b-43f5-955b-0b6567b6b32f None None] arq_binding_timeout = 300 {{(pid=109048) log_opt_values /opt/stack/data/venv/lib/python3.12/site-packages/oslo_config/cfg.py:2995}}
Apr 22 02:41:58.218120 np0000169032 devstack@n-api-meta.service[109048]: DEBUG nova.api.openstack.wsgi_app [None req-1274f0f9-b81b-43f5-955b-0b6567b6b32f None None] block_device_allocate_retries = 60 {{(pid=109048) log_opt_values /opt/stack/data/venv/lib/python3.12/site-packages/oslo_config/cfg.py:2995}}
Apr 22 02:41:58.218254 np0000169032 devstack@n-api-meta.service[109048]: DEBUG nova.api.openstack.wsgi_app [None req-1274f0f9-b81b-43f5-955b-0b6567b6b32f None None] block_device_allocate_retries_interval = 3 {{(pid=109048) log_opt_values /opt/stack/data/venv/lib/python3.12/site-packages/oslo_config/cfg.py:2995}}
Apr 22 02:41:58.218390 np0000169032 devstack@n-api-meta.service[109048]: DEBUG nova.api.openstack.wsgi_app [None req-1274f0f9-b81b-43f5-955b-0b6567b6b32f None None] cell_worker_thread_pool_size = 5 {{(pid=109048) log_opt_values /opt/stack/data/venv/lib/python3.12/site-packages/oslo_config/cfg.py:2995}}
Apr 22 02:41:58.218524 np0000169032 devstack@n-api-meta.service[109048]: DEBUG nova.api.openstack.wsgi_app [None req-1274f0f9-b81b-43f5-955b-0b6567b6b32f None None] cert = self.pem {{(pid=109048) log_opt_values /opt/stack/data/venv/lib/python3.12/site-packages/oslo_config/cfg.py:2995}}
Apr 22 02:41:58.218649 np0000169032 devstack@n-api-meta.service[109048]: DEBUG nova.api.openstack.wsgi_app [None req-1274f0f9-b81b-43f5-955b-0b6567b6b32f None None] compute_driver = libvirt.LibvirtDriver {{(pid=109048) log_opt_values /opt/stack/data/venv/lib/python3.12/site-packages/oslo_config/cfg.py:2995}}
Apr 22 02:41:58.218776 np0000169032 devstack@n-api-meta.service[109048]: DEBUG nova.api.openstack.wsgi_app [None req-1274f0f9-b81b-43f5-955b-0b6567b6b32f None None] compute_monitors = [] {{(pid=109048) log_opt_values /opt/stack/data/venv/lib/python3.12/site-packages/oslo_config/cfg.py:2995}}
Apr 22 02:41:58.219129 np0000169032 devstack@n-api-meta.service[109048]: DEBUG nova.api.openstack.wsgi_app [None req-1274f0f9-b81b-43f5-955b-0b6567b6b32f None None] config_dir = [] {{(pid=109048) log_opt_values /opt/stack/data/venv/lib/python3.12/site-packages/oslo_config/cfg.py:2995}}
Apr 22 02:41:58.219129 np0000169032 devstack@n-api-meta.service[109048]: DEBUG nova.api.openstack.wsgi_app [None req-1274f0f9-b81b-43f5-955b-0b6567b6b32f None None] config_drive_format = iso9660 {{(pid=109048) log_opt_values /opt/stack/data/venv/lib/python3.12/site-packages/oslo_config/cfg.py:2995}}
Apr 22 02:41:58.219215 np0000169032 devstack@n-api-meta.service[109048]: DEBUG nova.api.openstack.wsgi_app [None req-1274f0f9-b81b-43f5-955b-0b6567b6b32f None None] config_file = ['/etc/nova/api-paste.ini', '/etc/nova/nova.conf'] {{(pid=109048) log_opt_values /opt/stack/data/venv/lib/python3.12/site-packages/oslo_config/cfg.py:2995}}
Apr 22 02:41:58.219290 np0000169032 devstack@n-api-meta.service[109048]: DEBUG nova.api.openstack.wsgi_app [None req-1274f0f9-b81b-43f5-955b-0b6567b6b32f None None] config_source = [] {{(pid=109048) log_opt_values /opt/stack/data/venv/lib/python3.12/site-packages/oslo_config/cfg.py:2995}}
Apr 22 02:41:58.219417 np0000169032 devstack@n-api-meta.service[109048]: DEBUG nova.api.openstack.wsgi_app [None req-1274f0f9-b81b-43f5-955b-0b6567b6b32f None None] console_host = np0000169032 {{(pid=109048) log_opt_values /opt/stack/data/venv/lib/python3.12/site-packages/oslo_config/cfg.py:2995}}
Apr 22 02:41:58.219583 np0000169032 devstack@n-api-meta.service[109048]: DEBUG nova.api.openstack.wsgi_app [None req-1274f0f9-b81b-43f5-955b-0b6567b6b32f None None] control_exchange = nova {{(pid=109048) log_opt_values /opt/stack/data/venv/lib/python3.12/site-packages/oslo_config/cfg.py:2995}}
Apr 22 02:41:58.219700 np0000169032 devstack@n-api-meta.service[109048]: DEBUG nova.api.openstack.wsgi_app [None req-1274f0f9-b81b-43f5-955b-0b6567b6b32f None None] cpu_allocation_ratio = None {{(pid=109048) log_opt_values /opt/stack/data/venv/lib/python3.12/site-packages/oslo_config/cfg.py:2995}}
Apr 22 02:41:58.219795 np0000169032 devstack@n-api-meta.service[109048]: DEBUG nova.api.openstack.wsgi_app [None req-1274f0f9-b81b-43f5-955b-0b6567b6b32f None None] daemon = False {{(pid=109048) log_opt_values /opt/stack/data/venv/lib/python3.12/site-packages/oslo_config/cfg.py:2995}}
Apr 22 02:41:58.219939 np0000169032 devstack@n-api-meta.service[109048]: DEBUG nova.api.openstack.wsgi_app [None req-1274f0f9-b81b-43f5-955b-0b6567b6b32f None None] debug = True {{(pid=109048) log_opt_values /opt/stack/data/venv/lib/python3.12/site-packages/oslo_config/cfg.py:2995}}
Apr 22 02:41:58.220061 np0000169032 devstack@n-api-meta.service[109048]: DEBUG nova.api.openstack.wsgi_app [None req-1274f0f9-b81b-43f5-955b-0b6567b6b32f None None] default_access_ip_network_name = None {{(pid=109048) log_opt_values /opt/stack/data/venv/lib/python3.12/site-packages/oslo_config/cfg.py:2995}}
Apr 22 02:41:58.220189 np0000169032 devstack@n-api-meta.service[109048]: DEBUG nova.api.openstack.wsgi_app [None req-1274f0f9-b81b-43f5-955b-0b6567b6b32f None None] default_availability_zone = nova {{(pid=109048) log_opt_values /opt/stack/data/venv/lib/python3.12/site-packages/oslo_config/cfg.py:2995}}
Apr 22 02:41:58.220316 np0000169032 devstack@n-api-meta.service[109048]: DEBUG nova.api.openstack.wsgi_app [None req-1274f0f9-b81b-43f5-955b-0b6567b6b32f None None] default_ephemeral_format = ext4 {{(pid=109048) log_opt_values /opt/stack/data/venv/lib/python3.12/site-packages/oslo_config/cfg.py:2995}}
Apr 22 02:41:58.220442 np0000169032 devstack@n-api-meta.service[109048]: DEBUG nova.api.openstack.wsgi_app [None req-1274f0f9-b81b-43f5-955b-0b6567b6b32f None None] default_green_pool_size = 1000 {{(pid=109048) log_opt_values /opt/stack/data/venv/lib/python3.12/site-packages/oslo_config/cfg.py:2995}}
Apr 22 02:41:58.220650 np0000169032 devstack@n-api-meta.service[109048]: DEBUG nova.api.openstack.wsgi_app [None req-1274f0f9-b81b-43f5-955b-0b6567b6b32f None None] default_log_levels = ['amqp=WARN', 'boto=WARN', 'sqlalchemy=WARN', 'suds=INFO', 'oslo.messaging=INFO', 'oslo_messaging=INFO', 'iso8601=WARN', 'requests.packages.urllib3.connectionpool=WARN', 'urllib3.connectionpool=WARN', 'websocket=WARN', 'requests.packages.urllib3.util.retry=WARN', 'urllib3.util.retry=WARN', 'keystonemiddleware=WARN', 'routes.middleware=WARN', 'stevedore=WARN', 'taskflow=WARN', 'keystoneauth=WARN', 'oslo.cache=INFO', 'oslo_policy=INFO', 'dogpile.core.dogpile=INFO', 'glanceclient=WARN', 'oslo.privsep.daemon=INFO'] {{(pid=109048) log_opt_values /opt/stack/data/venv/lib/python3.12/site-packages/oslo_config/cfg.py:2995}}
Apr 22 02:41:58.220781 np0000169032 devstack@n-api-meta.service[109048]: DEBUG nova.api.openstack.wsgi_app [None req-1274f0f9-b81b-43f5-955b-0b6567b6b32f None None] default_schedule_zone = None {{(pid=109048) log_opt_values /opt/stack/data/venv/lib/python3.12/site-packages/oslo_config/cfg.py:2995}}
Apr 22 02:41:58.220904 np0000169032 devstack@n-api-meta.service[109048]: DEBUG nova.api.openstack.wsgi_app [None req-1274f0f9-b81b-43f5-955b-0b6567b6b32f None None] default_thread_pool_size = 10 {{(pid=109048) log_opt_values /opt/stack/data/venv/lib/python3.12/site-packages/oslo_config/cfg.py:2995}}
Apr 22 02:41:58.221029 np0000169032 devstack@n-api-meta.service[109048]: DEBUG nova.api.openstack.wsgi_app [None req-1274f0f9-b81b-43f5-955b-0b6567b6b32f None None] disk_allocation_ratio = None {{(pid=109048) log_opt_values /opt/stack/data/venv/lib/python3.12/site-packages/oslo_config/cfg.py:2995}}
Apr 22 02:41:58.221152 np0000169032 devstack@n-api-meta.service[109048]: DEBUG nova.api.openstack.wsgi_app [None req-1274f0f9-b81b-43f5-955b-0b6567b6b32f None None] enable_new_services = True {{(pid=109048) log_opt_values /opt/stack/data/venv/lib/python3.12/site-packages/oslo_config/cfg.py:2995}}
Apr 22 02:41:58.221274 np0000169032 devstack@n-api-meta.service[109048]: DEBUG nova.api.openstack.wsgi_app [None req-1274f0f9-b81b-43f5-955b-0b6567b6b32f None None] flat_injected = False {{(pid=109048) log_opt_values /opt/stack/data/venv/lib/python3.12/site-packages/oslo_config/cfg.py:2995}}
Apr 22 02:41:58.221398 np0000169032 devstack@n-api-meta.service[109048]: DEBUG nova.api.openstack.wsgi_app [None req-1274f0f9-b81b-43f5-955b-0b6567b6b32f None None] force_config_drive = False {{(pid=109048) log_opt_values /opt/stack/data/venv/lib/python3.12/site-packages/oslo_config/cfg.py:2995}}
Apr 22 02:41:58.221520 np0000169032 devstack@n-api-meta.service[109048]: DEBUG nova.api.openstack.wsgi_app [None req-1274f0f9-b81b-43f5-955b-0b6567b6b32f None None] force_raw_images = True {{(pid=109048) log_opt_values /opt/stack/data/venv/lib/python3.12/site-packages/oslo_config/cfg.py:2995}}
Apr 22 02:41:58.221651 np0000169032 devstack@n-api-meta.service[109048]: DEBUG nova.api.openstack.wsgi_app [None req-1274f0f9-b81b-43f5-955b-0b6567b6b32f None None] graceful_shutdown_timeout = 5 {{(pid=109048) log_opt_values /opt/stack/data/venv/lib/python3.12/site-packages/oslo_config/cfg.py:2995}}
Apr 22 02:41:58.221779 np0000169032 devstack@n-api-meta.service[109048]: DEBUG nova.api.openstack.wsgi_app [None req-1274f0f9-b81b-43f5-955b-0b6567b6b32f None None] heal_instance_info_cache_interval = -1 {{(pid=109048) log_opt_values /opt/stack/data/venv/lib/python3.12/site-packages/oslo_config/cfg.py:2995}}
Apr 22 02:41:58.221974 np0000169032 devstack@n-api-meta.service[109048]: DEBUG nova.api.openstack.wsgi_app [None req-1274f0f9-b81b-43f5-955b-0b6567b6b32f None None] host = np0000169032 {{(pid=109048) log_opt_values /opt/stack/data/venv/lib/python3.12/site-packages/oslo_config/cfg.py:2995}}
Apr 22 02:41:58.222106 np0000169032 devstack@n-api-meta.service[109048]: DEBUG nova.api.openstack.wsgi_app [None req-1274f0f9-b81b-43f5-955b-0b6567b6b32f None None] initial_cpu_allocation_ratio = 4.0 {{(pid=109048) log_opt_values /opt/stack/data/venv/lib/python3.12/site-packages/oslo_config/cfg.py:2995}}
Apr 22 02:41:58.222232 np0000169032 devstack@n-api-meta.service[109048]: DEBUG nova.api.openstack.wsgi_app [None req-1274f0f9-b81b-43f5-955b-0b6567b6b32f None None] initial_disk_allocation_ratio = 1.0 {{(pid=109048) log_opt_values /opt/stack/data/venv/lib/python3.12/site-packages/oslo_config/cfg.py:2995}}
Apr 22 02:41:58.222356 np0000169032 devstack@n-api-meta.service[109048]: DEBUG nova.api.openstack.wsgi_app [None req-1274f0f9-b81b-43f5-955b-0b6567b6b32f None None] initial_ram_allocation_ratio = 1.0 {{(pid=109048) log_opt_values /opt/stack/data/venv/lib/python3.12/site-packages/oslo_config/cfg.py:2995}}
Apr 22 02:41:58.222526 np0000169032 devstack@n-api-meta.service[109048]: DEBUG nova.api.openstack.wsgi_app [None req-1274f0f9-b81b-43f5-955b-0b6567b6b32f None None] injected_network_template = /opt/stack/nova/nova/virt/interfaces.template {{(pid=109048) log_opt_values /opt/stack/data/venv/lib/python3.12/site-packages/oslo_config/cfg.py:2995}}
Apr 22 02:41:58.222656 np0000169032 devstack@n-api-meta.service[109048]: DEBUG nova.api.openstack.wsgi_app [None req-1274f0f9-b81b-43f5-955b-0b6567b6b32f None None] instance_build_timeout = 0 {{(pid=109048) log_opt_values /opt/stack/data/venv/lib/python3.12/site-packages/oslo_config/cfg.py:2995}}
Apr 22 02:41:58.222782 np0000169032 devstack@n-api-meta.service[109048]: DEBUG nova.api.openstack.wsgi_app [None req-1274f0f9-b81b-43f5-955b-0b6567b6b32f None None] instance_delete_interval = 300 {{(pid=109048) log_opt_values /opt/stack/data/venv/lib/python3.12/site-packages/oslo_config/cfg.py:2995}}
Apr 22 02:41:58.222927 np0000169032 devstack@n-api-meta.service[109048]: DEBUG nova.api.openstack.wsgi_app [None req-1274f0f9-b81b-43f5-955b-0b6567b6b32f None None] instance_format = [instance: %(uuid)s] {{(pid=109048) log_opt_values /opt/stack/data/venv/lib/python3.12/site-packages/oslo_config/cfg.py:2995}}
Apr 22 02:41:58.223055 np0000169032 devstack@n-api-meta.service[109048]: DEBUG nova.api.openstack.wsgi_app [None req-1274f0f9-b81b-43f5-955b-0b6567b6b32f None None] instance_name_template = instance-%08x {{(pid=109048) log_opt_values /opt/stack/data/venv/lib/python3.12/site-packages/oslo_config/cfg.py:2995}}
