Apr 13 15:33:42.093092 np0000165516 neutron-periodic-workers[105861]: DEBUG cotyledon.oslo_config_glue [-] ml2.mechanism_drivers = ['ovn'] {{(pid=105861) log_opt_values /opt/stack/data/venv/lib/python3.12/site-packages/oslo_config/cfg.py:3006}}
Apr 13 15:33:42.093139 np0000165516 neutron-periodic-workers[105861]: DEBUG cotyledon.oslo_config_glue [-] ml2.overlay_ip_version = 4 {{(pid=105861) log_opt_values /opt/stack/data/venv/lib/python3.12/site-packages/oslo_config/cfg.py:3006}}
Apr 13 15:33:42.093623 np0000165516 neutron-periodic-workers[105861]: DEBUG cotyledon.oslo_config_glue [-] ml2.path_mtu = 0 {{(pid=105861) log_opt_values /opt/stack/data/venv/lib/python3.12/site-packages/oslo_config/cfg.py:3006}}
Apr 13 15:33:42.093684 np0000165516 neutron-periodic-workers[105861]: DEBUG cotyledon.oslo_config_glue [-] ml2.physical_network_mtus = {} {{(pid=105861) log_opt_values /opt/stack/data/venv/lib/python3.12/site-packages/oslo_config/cfg.py:3006}}
Apr 13 15:33:42.093730 np0000165516 neutron-periodic-workers[105861]: DEBUG cotyledon.oslo_config_glue [-] ml2.project_network_types = ['geneve'] {{(pid=105861) log_opt_values /opt/stack/data/venv/lib/python3.12/site-packages/oslo_config/cfg.py:3006}}
Apr 13 15:33:42.093763 np0000165516 neutron-periodic-workers[105861]: DEBUG cotyledon.oslo_config_glue [-] ml2.tunnelled_network_rp_name = rp_tunnelled {{(pid=105861) log_opt_values /opt/stack/data/venv/lib/python3.12/site-packages/oslo_config/cfg.py:3006}}
Apr 13 15:33:42.093818 np0000165516 neutron-periodic-workers[105861]: DEBUG cotyledon.oslo_config_glue [-] ml2.type_drivers = ['local', 'flat', 'vlan', 'geneve'] {{(pid=105861) log_opt_values /opt/stack/data/venv/lib/python3.12/site-packages/oslo_config/cfg.py:3006}}
Apr 13 15:33:42.093899 np0000165516 neutron-periodic-workers[105861]: DEBUG cotyledon.oslo_config_glue [-] ml2_type_flat.flat_networks = ['public'] {{(pid=105861) log_opt_values /opt/stack/data/venv/lib/python3.12/site-packages/oslo_config/cfg.py:3006}}
Apr 13 15:33:42.093941 np0000165516 neutron-periodic-workers[105861]: DEBUG cotyledon.oslo_config_glue [-] ml2_type_geneve.max_header_size = 38 {{(pid=105861) log_opt_values /opt/stack/data/venv/lib/python3.12/site-packages/oslo_config/cfg.py:3006}}
Apr 13 15:33:42.093976 np0000165516 neutron-periodic-workers[105861]: DEBUG cotyledon.oslo_config_glue [-] ml2_type_geneve.vni_ranges = ['1:65536'] {{(pid=105861) log_opt_values /opt/stack/data/venv/lib/python3.12/site-packages/oslo_config/cfg.py:3006}}
Apr 13 15:33:42.094040 np0000165516 neutron-periodic-workers[105861]: DEBUG cotyledon.oslo_config_glue [-] ml2_type_vlan.network_vlan_ranges = ['public'] {{(pid=105861) log_opt_values /opt/stack/data/venv/lib/python3.12/site-packages/oslo_config/cfg.py:3006}}
Apr 13 15:33:42.094104 np0000165516 neutron-periodic-workers[105861]: DEBUG cotyledon.oslo_config_glue [-] network_log.burst_limit = 25 {{(pid=105861) log_opt_values /opt/stack/data/venv/lib/python3.12/site-packages/oslo_config/cfg.py:3006}}
Apr 13 15:33:42.094137 np0000165516 neutron-periodic-workers[105861]: DEBUG cotyledon.oslo_config_glue [-] network_log.local_output_log_base = None {{(pid=105861) log_opt_values /opt/stack/data/venv/lib/python3.12/site-packages/oslo_config/cfg.py:3006}}
Apr 13 15:33:42.094213 np0000165516 neutron-periodic-workers[105861]: DEBUG cotyledon.oslo_config_glue [-] network_log.rate_limit = 100 {{(pid=105861) log_opt_values /opt/stack/data/venv/lib/python3.12/site-packages/oslo_config/cfg.py:3006}}
Apr 13 15:33:42.094282 np0000165516 neutron-periodic-workers[105861]: DEBUG cotyledon.oslo_config_glue [-] database.asyncio_connection = **** {{(pid=105861) log_opt_values /opt/stack/data/venv/lib/python3.12/site-packages/oslo_config/cfg.py:3006}}
Apr 13 15:33:42.094315 np0000165516 neutron-periodic-workers[105861]: DEBUG cotyledon.oslo_config_glue [-] database.asyncio_slave_connection = **** {{(pid=105861) log_opt_values /opt/stack/data/venv/lib/python3.12/site-packages/oslo_config/cfg.py:3006}}
Apr 13 15:33:42.094375 np0000165516 neutron-periodic-workers[105861]: DEBUG cotyledon.oslo_config_glue [-] database.backend = sqlalchemy {{(pid=105861) log_opt_values /opt/stack/data/venv/lib/python3.12/site-packages/oslo_config/cfg.py:3006}}
Apr 13 15:33:42.094434 np0000165516 neutron-periodic-workers[105861]: DEBUG cotyledon.oslo_config_glue [-] database.connection = **** {{(pid=105861) log_opt_values /opt/stack/data/venv/lib/python3.12/site-packages/oslo_config/cfg.py:3006}}
Apr 13 15:33:42.094467 np0000165516 neutron-periodic-workers[105861]: DEBUG cotyledon.oslo_config_glue [-] database.connection_debug = 0 {{(pid=105861) log_opt_values /opt/stack/data/venv/lib/python3.12/site-packages/oslo_config/cfg.py:3006}}
Apr 13 15:33:42.094523 np0000165516 neutron-periodic-workers[105861]: DEBUG cotyledon.oslo_config_glue [-] database.connection_parameters = {{(pid=105861) log_opt_values /opt/stack/data/venv/lib/python3.12/site-packages/oslo_config/cfg.py:3006}}
Apr 13 15:33:42.094569 np0000165516 neutron-periodic-workers[105861]: DEBUG cotyledon.oslo_config_glue [-] database.connection_recycle_time = 3600 {{(pid=105861) log_opt_values /opt/stack/data/venv/lib/python3.12/site-packages/oslo_config/cfg.py:3006}}
Apr 13 15:33:42.094615 np0000165516 neutron-periodic-workers[105861]: DEBUG cotyledon.oslo_config_glue [-] database.connection_trace = False {{(pid=105861) log_opt_values /opt/stack/data/venv/lib/python3.12/site-packages/oslo_config/cfg.py:3006}}
Apr 13 15:33:42.094710 np0000165516 neutron-periodic-workers[105861]: DEBUG cotyledon.oslo_config_glue [-] database.db_inc_retry_interval = True {{(pid=105861) log_opt_values /opt/stack/data/venv/lib/python3.12/site-packages/oslo_config/cfg.py:3006}}
Apr 13 15:33:42.094777 np0000165516 neutron-periodic-workers[105861]: DEBUG cotyledon.oslo_config_glue [-] database.db_max_retries = 20 {{(pid=105861) log_opt_values /opt/stack/data/venv/lib/python3.12/site-packages/oslo_config/cfg.py:3006}}
Apr 13 15:33:42.094849 np0000165516 neutron-periodic-workers[105861]: DEBUG cotyledon.oslo_config_glue [-] database.db_max_retry_interval = 10 {{(pid=105861) log_opt_values /opt/stack/data/venv/lib/python3.12/site-packages/oslo_config/cfg.py:3006}}
Apr 13 15:33:42.094920 np0000165516 neutron-periodic-workers[105861]: DEBUG cotyledon.oslo_config_glue [-] database.db_retry_interval = 1 {{(pid=105861) log_opt_values /opt/stack/data/venv/lib/python3.12/site-packages/oslo_config/cfg.py:3006}}
Apr 13 15:33:42.094995 np0000165516 neutron-periodic-workers[105861]: DEBUG cotyledon.oslo_config_glue [-] database.max_overflow = 50 {{(pid=105861) log_opt_values /opt/stack/data/venv/lib/python3.12/site-packages/oslo_config/cfg.py:3006}}
Apr 13 15:33:42.095047 np0000165516 neutron-periodic-workers[105861]: DEBUG cotyledon.oslo_config_glue [-] database.max_pool_size = 5 {{(pid=105861) log_opt_values /opt/stack/data/venv/lib/python3.12/site-packages/oslo_config/cfg.py:3006}}
Apr 13 15:33:42.095117 np0000165516 neutron-periodic-workers[105861]: DEBUG cotyledon.oslo_config_glue [-] database.max_retries = 10 {{(pid=105861) log_opt_values /opt/stack/data/venv/lib/python3.12/site-packages/oslo_config/cfg.py:3006}}
Apr 13 15:33:42.095232 np0000165516 neutron-periodic-workers[105861]: DEBUG cotyledon.oslo_config_glue [-] database.mysql_sql_mode = TRADITIONAL {{(pid=105861) log_opt_values /opt/stack/data/venv/lib/python3.12/site-packages/oslo_config/cfg.py:3006}}
Apr 13 15:33:42.095310 np0000165516 neutron-periodic-workers[105861]: DEBUG cotyledon.oslo_config_glue [-] database.mysql_wsrep_sync_wait = None {{(pid=105861) log_opt_values /opt/stack/data/venv/lib/python3.12/site-packages/oslo_config/cfg.py:3006}}
Apr 13 15:33:42.095380 np0000165516 neutron-periodic-workers[105861]: DEBUG cotyledon.oslo_config_glue [-] database.pool_timeout = None {{(pid=105861) log_opt_values /opt/stack/data/venv/lib/python3.12/site-packages/oslo_config/cfg.py:3006}}
Apr 13 15:33:42.095438 np0000165516 neutron-periodic-workers[105861]: DEBUG cotyledon.oslo_config_glue [-] database.retry_interval = 10 {{(pid=105861) log_opt_values /opt/stack/data/venv/lib/python3.12/site-packages/oslo_config/cfg.py:3006}}
Apr 13 15:33:42.095478 np0000165516 neutron-periodic-workers[105861]: DEBUG cotyledon.oslo_config_glue [-] database.slave_connection = **** {{(pid=105861) log_opt_values /opt/stack/data/venv/lib/python3.12/site-packages/oslo_config/cfg.py:3006}}
Apr 13 15:33:42.095538 np0000165516 neutron-periodic-workers[105861]: DEBUG cotyledon.oslo_config_glue [-] database.sqlite_synchronous = True {{(pid=105861) log_opt_values /opt/stack/data/venv/lib/python3.12/site-packages/oslo_config/cfg.py:3006}}
Apr 13 15:33:42.095571 np0000165516 neutron-periodic-workers[105861]: DEBUG cotyledon.oslo_config_glue [-] database.synchronous_reader = True {{(pid=105861) log_opt_values /opt/stack/data/venv/lib/python3.12/site-packages/oslo_config/cfg.py:3006}}
Apr 13 15:33:42.095611 np0000165516 neutron-periodic-workers[105861]: DEBUG cotyledon.oslo_config_glue [-] database.use_db_reconnect = False {{(pid=105861) log_opt_values /opt/stack/data/venv/lib/python3.12/site-packages/oslo_config/cfg.py:3006}}
Apr 13 15:33:42.095690 np0000165516 neutron-periodic-workers[105861]: DEBUG cotyledon.oslo_config_glue [-] ovn.bfd_min_rx = 1000 {{(pid=105861) log_opt_values /opt/stack/data/venv/lib/python3.12/site-packages/oslo_config/cfg.py:3006}}
Apr 13 15:33:42.095723 np0000165516 neutron-periodic-workers[105861]: DEBUG cotyledon.oslo_config_glue [-] ovn.bfd_min_tx = 100 {{(pid=105861) log_opt_values /opt/stack/data/venv/lib/python3.12/site-packages/oslo_config/cfg.py:3006}}
Apr 13 15:33:42.095771 np0000165516 neutron-periodic-workers[105861]: DEBUG cotyledon.oslo_config_glue [-] ovn.bfd_mult = 3 {{(pid=105861) log_opt_values /opt/stack/data/venv/lib/python3.12/site-packages/oslo_config/cfg.py:3006}}
Apr 13 15:33:42.095803 np0000165516 neutron-periodic-workers[105861]: DEBUG cotyledon.oslo_config_glue [-] ovn.broadcast_arps_to_all_routers = True {{(pid=105861) log_opt_values /opt/stack/data/venv/lib/python3.12/site-packages/oslo_config/cfg.py:3006}}
Apr 13 15:33:42.095860 np0000165516 neutron-periodic-workers[105861]: DEBUG cotyledon.oslo_config_glue [-] ovn.dhcp_default_lease_time = 43200 {{(pid=105861) log_opt_values /opt/stack/data/venv/lib/python3.12/site-packages/oslo_config/cfg.py:3006}}
Apr 13 15:33:42.095893 np0000165516 neutron-periodic-workers[105861]: DEBUG cotyledon.oslo_config_glue [-] ovn.disable_ovn_dhcp_for_baremetal_ports = False {{(pid=105861) log_opt_values /opt/stack/data/venv/lib/python3.12/site-packages/oslo_config/cfg.py:3006}}
Apr 13 15:33:42.095930 np0000165516 neutron-periodic-workers[105861]: DEBUG cotyledon.oslo_config_glue [-] ovn.dns_records_ovn_owned = False {{(pid=105861) log_opt_values /opt/stack/data/venv/lib/python3.12/site-packages/oslo_config/cfg.py:3006}}
Apr 13 15:33:42.095987 np0000165516 neutron-periodic-workers[105861]: DEBUG cotyledon.oslo_config_glue [-] ovn.dns_servers = [] {{(pid=105861) log_opt_values /opt/stack/data/venv/lib/python3.12/site-packages/oslo_config/cfg.py:3006}}
Apr 13 15:33:42.096021 np0000165516 neutron-periodic-workers[105861]: DEBUG cotyledon.oslo_config_glue [-] ovn.enable_distributed_floating_ip = False {{(pid=105861) log_opt_values /opt/stack/data/venv/lib/python3.12/site-packages/oslo_config/cfg.py:3006}}
Apr 13 15:33:42.096064 np0000165516 neutron-periodic-workers[105861]: DEBUG cotyledon.oslo_config_glue [-] ovn.fdb_age_threshold = 300 {{(pid=105861) log_opt_values /opt/stack/data/venv/lib/python3.12/site-packages/oslo_config/cfg.py:3006}}
Apr 13 15:33:42.096096 np0000165516 neutron-periodic-workers[105861]: DEBUG cotyledon.oslo_config_glue [-] ovn.ha_failover_strategy = normal {{(pid=105861) log_opt_values /opt/stack/data/venv/lib/python3.12/site-packages/oslo_config/cfg.py:3006}}
Apr 13 15:33:42.096151 np0000165516 neutron-periodic-workers[105861]: DEBUG cotyledon.oslo_config_glue [-] ovn.live_migration_activation_strategy = rarp {{(pid=105861) log_opt_values /opt/stack/data/venv/lib/python3.12/site-packages/oslo_config/cfg.py:3006}}
Apr 13 15:33:42.096200 np0000165516 neutron-periodic-workers[105861]: DEBUG cotyledon.oslo_config_glue [-] ovn.localnet_learn_fdb = False {{(pid=105861) log_opt_values /opt/stack/data/venv/lib/python3.12/site-packages/oslo_config/cfg.py:3006}}
Apr 13 15:33:42.096241 np0000165516 neutron-periodic-workers[105861]: DEBUG cotyledon.oslo_config_glue [-] ovn.mac_binding_age_threshold = 300 {{(pid=105861) log_opt_values /opt/stack/data/venv/lib/python3.12/site-packages/oslo_config/cfg.py:3006}}
Apr 13 15:33:42.096292 np0000165516 neutron-periodic-workers[105861]: DEBUG cotyledon.oslo_config_glue [-] ovn.neutron_sync_mode = log {{(pid=105861) log_opt_values /opt/stack/data/venv/lib/python3.12/site-packages/oslo_config/cfg.py:3006}}
Apr 13 15:33:42.096334 np0000165516 neutron-periodic-workers[105861]: DEBUG cotyledon.oslo_config_glue [-] ovn.ovn_dhcp4_global_options = {} {{(pid=105861) log_opt_values /opt/stack/data/venv/lib/python3.12/site-packages/oslo_config/cfg.py:3006}}
Apr 13 15:33:42.096385 np0000165516 neutron-periodic-workers[105861]: DEBUG cotyledon.oslo_config_glue [-] ovn.ovn_dhcp6_global_options = {} {{(pid=105861) log_opt_values /opt/stack/data/venv/lib/python3.12/site-packages/oslo_config/cfg.py:3006}}
Apr 13 15:33:42.096418 np0000165516 neutron-periodic-workers[105861]: DEBUG cotyledon.oslo_config_glue [-] ovn.ovn_l3_scheduler = leastloaded {{(pid=105861) log_opt_values /opt/stack/data/venv/lib/python3.12/site-packages/oslo_config/cfg.py:3006}}
Apr 13 15:33:42.096450 np0000165516 neutron-periodic-workers[105861]: DEBUG cotyledon.oslo_config_glue [-] ovn.ovn_metadata_enabled = True {{(pid=105861) log_opt_values /opt/stack/data/venv/lib/python3.12/site-packages/oslo_config/cfg.py:3006}}
Apr 13 15:33:42.096509 np0000165516 neutron-periodic-workers[105861]: DEBUG cotyledon.oslo_config_glue [-] ovn.ovn_nb_ca_cert = /opt/stack/data/CA/int-ca/ca-chain.pem {{(pid=105861) log_opt_values /opt/stack/data/venv/lib/python3.12/site-packages/oslo_config/cfg.py:3006}}
Apr 13 15:33:42.096542 np0000165516 neutron-periodic-workers[105861]: DEBUG cotyledon.oslo_config_glue [-] ovn.ovn_nb_certificate = /opt/stack/data/CA/int-ca/devstack-cert.crt {{(pid=105861) log_opt_values /opt/stack/data/venv/lib/python3.12/site-packages/oslo_config/cfg.py:3006}}
Apr 13 15:33:42.096608 np0000165516 neutron-periodic-workers[105861]: DEBUG cotyledon.oslo_config_glue [-] ovn.ovn_nb_connection = ['ssl:199.204.45.78:6641'] {{(pid=105861) log_opt_values /opt/stack/data/venv/lib/python3.12/site-packages/oslo_config/cfg.py:3006}}
Apr 13 15:33:42.096642 np0000165516 neutron-periodic-workers[105861]: DEBUG cotyledon.oslo_config_glue [-] ovn.ovn_nb_private_key = /opt/stack/data/CA/int-ca/private/devstack-cert.key {{(pid=105861) log_opt_values /opt/stack/data/venv/lib/python3.12/site-packages/oslo_config/cfg.py:3006}}
Apr 13 15:33:42.096680 np0000165516 neutron-periodic-workers[105861]: DEBUG cotyledon.oslo_config_glue [-] ovn.ovn_router_indirect_snat = False {{(pid=105861) log_opt_values /opt/stack/data/venv/lib/python3.12/site-packages/oslo_config/cfg.py:3006}}
Apr 13 15:33:42.096719 np0000165516 neutron-periodic-workers[105861]: DEBUG cotyledon.oslo_config_glue [-] ovn.ovn_sb_ca_cert = /opt/stack/data/CA/int-ca/ca-chain.pem {{(pid=105861) log_opt_values /opt/stack/data/venv/lib/python3.12/site-packages/oslo_config/cfg.py:3006}}
Apr 13 15:33:42.096766 np0000165516 neutron-periodic-workers[105861]: DEBUG cotyledon.oslo_config_glue [-] ovn.ovn_sb_certificate = /opt/stack/data/CA/int-ca/devstack-cert.crt {{(pid=105861) log_opt_values /opt/stack/data/venv/lib/python3.12/site-packages/oslo_config/cfg.py:3006}}
Apr 13 15:33:42.096798 np0000165516 neutron-periodic-workers[105861]: DEBUG cotyledon.oslo_config_glue [-] ovn.ovn_sb_connection = ['ssl:199.204.45.78:6642'] {{(pid=105861) log_opt_values /opt/stack/data/venv/lib/python3.12/site-packages/oslo_config/cfg.py:3006}}
Apr 13 15:33:42.096848 np0000165516 neutron-periodic-workers[105861]: DEBUG cotyledon.oslo_config_glue [-] ovn.ovn_sb_private_key = /opt/stack/data/CA/int-ca/private/devstack-cert.key {{(pid=105861) log_opt_values /opt/stack/data/venv/lib/python3.12/site-packages/oslo_config/cfg.py:3006}}
Apr 13 15:33:42.096882 np0000165516 neutron-periodic-workers[105861]: DEBUG cotyledon.oslo_config_glue [-] ovn.ovs_create_tap = False {{(pid=105861) log_opt_values /opt/stack/data/venv/lib/python3.12/site-packages/oslo_config/cfg.py:3006}}
Apr 13 15:33:42.096913 np0000165516 neutron-periodic-workers[105861]: DEBUG cotyledon.oslo_config_glue [-] ovn.ovsdb_connection_timeout = 180 {{(pid=105861) log_opt_values /opt/stack/data/venv/lib/python3.12/site-packages/oslo_config/cfg.py:3006}}
Apr 13 15:33:42.096961 np0000165516 neutron-periodic-workers[105861]: DEBUG cotyledon.oslo_config_glue [-] ovn.ovsdb_log_level = INFO {{(pid=105861) log_opt_values /opt/stack/data/venv/lib/python3.12/site-packages/oslo_config/cfg.py:3006}}
Apr 13 15:33:42.096994 np0000165516 neutron-periodic-workers[105861]: DEBUG cotyledon.oslo_config_glue [-] ovn.ovsdb_probe_interval = 60000 {{(pid=105861) log_opt_values /opt/stack/data/venv/lib/python3.12/site-packages/oslo_config/cfg.py:3006}}
Apr 13 15:33:42.097038 np0000165516 neutron-periodic-workers[105861]: DEBUG cotyledon.oslo_config_glue [-] ovn.ovsdb_retry_max_interval = 180 {{(pid=105861) log_opt_values /opt/stack/data/venv/lib/python3.12/site-packages/oslo_config/cfg.py:3006}}
Apr 13 15:33:42.097076 np0000165516 neutron-periodic-workers[105861]: DEBUG cotyledon.oslo_config_glue [-] ovn.stateless_nat_enabled = False {{(pid=105861) log_opt_values /opt/stack/data/venv/lib/python3.12/site-packages/oslo_config/cfg.py:3006}}
Apr 13 15:33:42.097123 np0000165516 neutron-periodic-workers[105861]: DEBUG cotyledon.oslo_config_glue [-] ovn.vhost_sock_dir = /var/run/openvswitch {{(pid=105861) log_opt_values /opt/stack/data/venv/lib/python3.12/site-packages/oslo_config/cfg.py:3006}}
Apr 13 15:33:42.097204 np0000165516 neutron-periodic-workers[105861]: DEBUG cotyledon.oslo_config_glue [-] OVS.bridge_mac_table_size = 50000 {{(pid=105861) log_opt_values /opt/stack/data/venv/lib/python3.12/site-packages/oslo_config/cfg.py:3006}}
Apr 13 15:33:42.097257 np0000165516 neutron-periodic-workers[105861]: DEBUG cotyledon.oslo_config_glue [-] OVS.igmp_flood = False {{(pid=105861) log_opt_values /opt/stack/data/venv/lib/python3.12/site-packages/oslo_config/cfg.py:3006}}
Apr 13 15:33:42.097300 np0000165516 neutron-periodic-workers[105861]: DEBUG cotyledon.oslo_config_glue [-] OVS.igmp_flood_reports = True {{(pid=105861) log_opt_values /opt/stack/data/venv/lib/python3.12/site-packages/oslo_config/cfg.py:3006}}
Apr 13 15:33:42.097334 np0000165516 neutron-periodic-workers[105861]: DEBUG cotyledon.oslo_config_glue [-] OVS.igmp_flood_unregistered = False {{(pid=105861) log_opt_values /opt/stack/data/venv/lib/python3.12/site-packages/oslo_config/cfg.py:3006}}
Apr 13 15:33:42.097394 np0000165516 neutron-periodic-workers[105861]: DEBUG cotyledon.oslo_config_glue [-] OVS.igmp_snooping_enable = False {{(pid=105861) log_opt_values /opt/stack/data/venv/lib/python3.12/site-packages/oslo_config/cfg.py:3006}}
Apr 13 15:33:42.097429 np0000165516 neutron-periodic-workers[105861]: DEBUG cotyledon.oslo_config_glue [-] OVS.ovsdb_timeout = 10 {{(pid=105861) log_opt_values /opt/stack/data/venv/lib/python3.12/site-packages/oslo_config/cfg.py:3006}}
Apr 13 15:33:42.097494 np0000165516 neutron-periodic-workers[105861]: DEBUG cotyledon.oslo_config_glue [-] ovn_nb_global.fdb_removal_limit = 0 {{(pid=105861) log_opt_values /opt/stack/data/venv/lib/python3.12/site-packages/oslo_config/cfg.py:3006}}
Apr 13 15:33:42.097532 np0000165516 neutron-periodic-workers[105861]: DEBUG cotyledon.oslo_config_glue [-] ovn_nb_global.ignore_lsp_down = False {{(pid=105861) log_opt_values /opt/stack/data/venv/lib/python3.12/site-packages/oslo_config/cfg.py:3006}}
Apr 13 15:33:42.097565 np0000165516 neutron-periodic-workers[105861]: DEBUG cotyledon.oslo_config_glue [-] ovn_nb_global.mac_binding_removal_limit = 0 {{(pid=105861) log_opt_values /opt/stack/data/venv/lib/python3.12/site-packages/oslo_config/cfg.py:3006}}
Apr 13 15:33:42.097607 np0000165516 neutron-periodic-workers[105861]: DEBUG cotyledon.oslo_config_glue [-] ******************************************************************************** {{(pid=105861) log_opt_values /opt/stack/data/venv/lib/python3.12/site-packages/oslo_config/cfg.py:3013}}
Apr 13 15:33:42.097774 np0000165516 neutron-periodic-workers[105861]: DEBUG cotyledon._service_worker [-] Run service ServiceWrapper(0) [105861] {{(pid=105861) wait_forever /opt/stack/data/venv/lib/python3.12/site-packages/cotyledon/_service_worker.py:218}}
Apr 13 15:33:51.748761 np0000165516 neutron-periodic-workers[105116]: DEBUG dbcounter [-] [105116] Writing DB stats neutron:SELECT=4 {{(pid=105116) stat_writer /opt/stack/data/venv/lib/python3.12/site-packages/dbcounter.py:115}}
Apr 13 15:34:20.054347 np0000165516 neutron-periodic-workers[105835]: DEBUG oslo_db.sqlalchemy.engines [None req-55d11e50-aead-4547-959a-5a76ba0166eb None None] Parent process 105116 forked (105835) with an open database connection, which is being discarded and recreated. {{(pid=105835) checkout /opt/stack/data/venv/lib/python3.12/site-packages/oslo_db/sqlalchemy/engines.py:402}}
Apr 13 15:34:20.062986 np0000165516 neutron-periodic-workers[105835]: DEBUG dbcounter [-] [105835] Writer thread running {{(pid=105835) stat_writer /opt/stack/data/venv/lib/python3.12/site-packages/dbcounter.py:102}}
Apr 13 15:34:20.070949 np0000165516 neutron-periodic-workers[105835]: DEBUG oslo.service.backend._threading.loopingcall [None req-55d11e50-aead-4547-959a-5a76ba0166eb None None] Fixed interval looping call 'neutron.plugins.ml2.plugin.DhcpAgentSchedulerDbMixin.remove_networks_from_down_agents' sleeping for 36.98 seconds {{(pid=105835) _run_loop /opt/stack/data/venv/lib/python3.12/site-packages/oslo_service/backend/_threading/loopingcall.py:125}}
Apr 13 15:34:30.070451 np0000165516 neutron-periodic-workers[105835]: DEBUG dbcounter [-] [105835] Writing DB stats neutron:SELECT=3 {{(pid=105835) stat_writer /opt/stack/data/venv/lib/python3.12/site-packages/dbcounter.py:115}}
Apr 13 15:34:54.091703 np0000165516 neutron-periodic-workers[105844]: DEBUG dbcounter [-] [105844] Writer thread running {{(pid=105844) stat_writer /opt/stack/data/venv/lib/python3.12/site-packages/dbcounter.py:102}}
Apr 13 15:34:54.097301 np0000165516 neutron-periodic-workers[105844]: DEBUG neutron.db.agents_db [None req-ccc314c0-b76b-44d7-8ffa-d10d99e1df5e None None] Agent healthcheck: found 0 active agents {{(pid=105844) agent_health_check /opt/stack/neutron/neutron/db/agents_db.py:317}}
Apr 13 15:34:54.097570 np0000165516 neutron-periodic-workers[105844]: DEBUG oslo.service.backend._threading.loopingcall [None req-ccc314c0-b76b-44d7-8ffa-d10d99e1df5e None None] Fixed interval looping call 'neutron.plugins.ml2.plugin.AgentDbMixin.agent_health_check' sleeping for 36.97 seconds {{(pid=105844) _run_loop /opt/stack/data/venv/lib/python3.12/site-packages/oslo_service/backend/_threading/loopingcall.py:125}}
Apr 13 15:34:57.062681 np0000165516 neutron-periodic-workers[105835]: DEBUG oslo.service.backend._threading.loopingcall [None req-55d11e50-aead-4547-959a-5a76ba0166eb None None] Fixed interval looping call 'neutron.plugins.ml2.plugin.DhcpAgentSchedulerDbMixin.remove_networks_from_down_agents' sleeping for 36.99 seconds {{(pid=105835) _run_loop /opt/stack/data/venv/lib/python3.12/site-packages/oslo_service/backend/_threading/loopingcall.py:125}}
Apr 13 15:35:04.092640 np0000165516 neutron-periodic-workers[105844]: DEBUG dbcounter [-] [105844] Writing DB stats neutron:SELECT=1 {{(pid=105844) stat_writer /opt/stack/data/venv/lib/python3.12/site-packages/dbcounter.py:115}}
Apr 13 15:35:07.062598 np0000165516 neutron-periodic-workers[105835]: DEBUG dbcounter [-] [105835] Writing DB stats neutron:SELECT=3 {{(pid=105835) stat_writer /opt/stack/data/venv/lib/python3.12/site-packages/dbcounter.py:115}}
Apr 13 15:35:31.074035 np0000165516 neutron-periodic-workers[105844]: DEBUG neutron.db.agents_db [None req-ccc314c0-b76b-44d7-8ffa-d10d99e1df5e None None] Agent healthcheck: found 0 active agents {{(pid=105844) agent_health_check /opt/stack/neutron/neutron/db/agents_db.py:317}}
Apr 13 15:35:31.074861 np0000165516 neutron-periodic-workers[105844]: DEBUG oslo.service.backend._threading.loopingcall [None req-ccc314c0-b76b-44d7-8ffa-d10d99e1df5e None None] Fixed interval looping call 'neutron.plugins.ml2.plugin.AgentDbMixin.agent_health_check' sleeping for 36.99 seconds {{(pid=105844) _run_loop /opt/stack/data/venv/lib/python3.12/site-packages/oslo_service/backend/_threading/loopingcall.py:125}}
Apr 13 15:35:34.064591 np0000165516 neutron-periodic-workers[105835]: DEBUG oslo.service.backend._threading.loopingcall [None req-55d11e50-aead-4547-959a-5a76ba0166eb None None] Fixed interval looping call 'neutron.plugins.ml2.plugin.DhcpAgentSchedulerDbMixin.remove_networks_from_down_agents' sleeping for 36.99 seconds {{(pid=105835) _run_loop /opt/stack/data/venv/lib/python3.12/site-packages/oslo_service/backend/_threading/loopingcall.py:125}}
Apr 13 15:35:41.071779 np0000165516 neutron-periodic-workers[105844]: DEBUG dbcounter [-] [105844] Writing DB stats neutron:SELECT=1 {{(pid=105844) stat_writer /opt/stack/data/venv/lib/python3.12/site-packages/dbcounter.py:115}}
Apr 13 15:35:42.097751 np0000165516 neutron-periodic-workers[105851]: DEBUG dbcounter [-] [105851] Writer thread running {{(pid=105851) stat_writer /opt/stack/data/venv/lib/python3.12/site-packages/dbcounter.py:102}}
Apr 13 15:35:42.172463 np0000165516 neutron-periodic-workers[105851]: DEBUG oslo.service.backend._threading.loopingcall [None req-93f55f31-0f6b-48bf-951a-4d120c1e1608 None None] Fixed interval looping call 'neutron.db.quota.driver_nolock.DbQuotaNoLockDriver._remove_expired_reservations' sleeping for 119.91 seconds {{(pid=105851) _run_loop /opt/stack/data/venv/lib/python3.12/site-packages/oslo_service/backend/_threading/loopingcall.py:125}}
Apr 13 15:35:44.063214 np0000165516 neutron-periodic-workers[105835]: DEBUG dbcounter [-] [105835] Writing DB stats neutron:SELECT=3 {{(pid=105835) stat_writer /opt/stack/data/venv/lib/python3.12/site-packages/dbcounter.py:115}}
Apr 13 15:35:52.098468 np0000165516 neutron-periodic-workers[105851]: DEBUG dbcounter [-] [105851] Writing DB stats neutron:DELETE=1 {{(pid=105851) stat_writer /opt/stack/data/venv/lib/python3.12/site-packages/dbcounter.py:115}}
Apr 13 15:36:06.132026 np0000165516 neutron-periodic-workers[105861]: DEBUG dbcounter [-] [105861] Writer thread running {{(pid=105861) stat_writer /opt/stack/data/venv/lib/python3.12/site-packages/dbcounter.py:102}}
Apr 13 15:36:06.142813 np0000165516 neutron-periodic-workers[105861]: DEBUG oslo.service.backend._threading.loopingcall [None req-7860a74e-cc7c-4c48-998e-5daf1187e5c0 None None] Fixed interval looping call 'neutron.services.ovn_l3.plugin.L3_NAT_dbonly_mixin._clean_garbage' sleeping for 299.96 seconds {{(pid=105861) _run_loop /opt/stack/data/venv/lib/python3.12/site-packages/oslo_service/backend/_threading/loopingcall.py:125}}
Apr 13 15:36:08.071208 np0000165516 neutron-periodic-workers[105844]: DEBUG neutron.db.agents_db [None req-ccc314c0-b76b-44d7-8ffa-d10d99e1df5e None None] Agent healthcheck: found 0 active agents {{(pid=105844) agent_health_check /opt/stack/neutron/neutron/db/agents_db.py:317}}
Apr 13 15:36:08.071795 np0000165516 neutron-periodic-workers[105844]: DEBUG oslo.service.backend._threading.loopingcall [None req-ccc314c0-b76b-44d7-8ffa-d10d99e1df5e None None] Fixed interval looping call 'neutron.plugins.ml2.plugin.AgentDbMixin.agent_health_check' sleeping for 36.99 seconds {{(pid=105844) _run_loop /opt/stack/data/venv/lib/python3.12/site-packages/oslo_service/backend/_threading/loopingcall.py:125}}
Apr 13 15:36:11.064857 np0000165516 neutron-periodic-workers[105835]: DEBUG oslo.service.backend._threading.loopingcall [None req-55d11e50-aead-4547-959a-5a76ba0166eb None None] Fixed interval looping call 'neutron.plugins.ml2.plugin.DhcpAgentSchedulerDbMixin.remove_networks_from_down_agents' sleeping for 36.99 seconds {{(pid=105835) _run_loop /opt/stack/data/venv/lib/python3.12/site-packages/oslo_service/backend/_threading/loopingcall.py:125}}
Apr 13 15:36:16.133581 np0000165516 neutron-periodic-workers[105861]: DEBUG dbcounter [-] [105861] Writing DB stats neutron:SELECT=1 {{(pid=105861) stat_writer /opt/stack/data/venv/lib/python3.12/site-packages/dbcounter.py:115}}
Apr 13 15:36:18.069692 np0000165516 neutron-periodic-workers[105844]: DEBUG dbcounter [-] [105844] Writing DB stats neutron:SELECT=1 {{(pid=105844) stat_writer /opt/stack/data/venv/lib/python3.12/site-packages/dbcounter.py:115}}
Apr 13 15:36:21.063333 np0000165516 neutron-periodic-workers[105835]: DEBUG dbcounter [-] [105835] Writing DB stats neutron:SELECT=3 {{(pid=105835) stat_writer /opt/stack/data/venv/lib/python3.12/site-packages/dbcounter.py:115}}
Apr 13 15:36:45.067285 np0000165516 neutron-periodic-workers[105844]: DEBUG neutron.db.agents_db [None req-ccc314c0-b76b-44d7-8ffa-d10d99e1df5e None None] Agent healthcheck: found 0 active agents {{(pid=105844) agent_health_check /opt/stack/neutron/neutron/db/agents_db.py:317}}
Apr 13 15:36:45.067980 np0000165516 neutron-periodic-workers[105844]: DEBUG oslo.service.backend._threading.loopingcall [None req-ccc314c0-b76b-44d7-8ffa-d10d99e1df5e None None] Fixed interval looping call 'neutron.plugins.ml2.plugin.AgentDbMixin.agent_health_check' sleeping for 36.99 seconds {{(pid=105844) _run_loop /opt/stack/data/venv/lib/python3.12/site-packages/oslo_service/backend/_threading/loopingcall.py:125}}
Apr 13 15:36:48.064244 np0000165516 neutron-periodic-workers[105835]: DEBUG oslo.service.backend._threading.loopingcall [None req-55d11e50-aead-4547-959a-5a76ba0166eb None None] Fixed interval looping call 'neutron.plugins.ml2.plugin.DhcpAgentSchedulerDbMixin.remove_networks_from_down_agents' sleeping for 36.99 seconds {{(pid=105835) _run_loop /opt/stack/data/venv/lib/python3.12/site-packages/oslo_service/backend/_threading/loopingcall.py:125}}
Apr 13 15:36:55.065887 np0000165516 neutron-periodic-workers[105844]: DEBUG dbcounter [-] [105844] Writing DB stats neutron:SELECT=1 {{(pid=105844) stat_writer /opt/stack/data/venv/lib/python3.12/site-packages/dbcounter.py:115}}
Apr 13 15:36:58.062879 np0000165516 neutron-periodic-workers[105835]: DEBUG dbcounter [-] [105835] Writing DB stats neutron:SELECT=3 {{(pid=105835) stat_writer /opt/stack/data/venv/lib/python3.12/site-packages/dbcounter.py:115}}
Apr 13 15:37:22.064979 np0000165516 neutron-periodic-workers[105844]: DEBUG neutron.db.agents_db [None req-ccc314c0-b76b-44d7-8ffa-d10d99e1df5e None None] Agent healthcheck: found 0 active agents {{(pid=105844) agent_health_check /opt/stack/neutron/neutron/db/agents_db.py:317}}
Apr 13 15:37:22.065603 np0000165516 neutron-periodic-workers[105844]: DEBUG oslo.service.backend._threading.loopingcall [None req-ccc314c0-b76b-44d7-8ffa-d10d99e1df5e None None] Fixed interval looping call 'neutron.plugins.ml2.plugin.AgentDbMixin.agent_health_check' sleeping for 36.99 seconds {{(pid=105844) _run_loop /opt/stack/data/venv/lib/python3.12/site-packages/oslo_service/backend/_threading/loopingcall.py:125}}
Apr 13 15:37:25.064206 np0000165516 neutron-periodic-workers[105835]: DEBUG oslo.service.backend._threading.loopingcall [None req-55d11e50-aead-4547-959a-5a76ba0166eb None None] Fixed interval looping call 'neutron.plugins.ml2.plugin.DhcpAgentSchedulerDbMixin.remove_networks_from_down_agents' sleeping for 36.99 seconds {{(pid=105835) _run_loop /opt/stack/data/venv/lib/python3.12/site-packages/oslo_service/backend/_threading/loopingcall.py:125}}
Apr 13 15:37:32.063995 np0000165516 neutron-periodic-workers[105844]: DEBUG dbcounter [-] [105844] Writing DB stats neutron:SELECT=1 {{(pid=105844) stat_writer /opt/stack/data/venv/lib/python3.12/site-packages/dbcounter.py:115}}
Apr 13 15:37:35.063373 np0000165516 neutron-periodic-workers[105835]: DEBUG dbcounter [-] [105835] Writing DB stats neutron:SELECT=3 {{(pid=105835) stat_writer /opt/stack/data/venv/lib/python3.12/site-packages/dbcounter.py:115}}
Apr 13 15:37:42.089549 np0000165516 neutron-periodic-workers[105851]: DEBUG oslo.service.backend._threading.loopingcall [None req-93f55f31-0f6b-48bf-951a-4d120c1e1608 None None] Fixed interval looping call 'neutron.db.quota.driver_nolock.DbQuotaNoLockDriver._remove_expired_reservations' sleeping for 119.99 seconds {{(pid=105851) _run_loop /opt/stack/data/venv/lib/python3.12/site-packages/oslo_service/backend/_threading/loopingcall.py:125}}
Apr 13 15:37:52.087607 np0000165516 neutron-periodic-workers[105851]: DEBUG dbcounter [-] [105851] Writing DB stats neutron:DELETE=1 {{(pid=105851) stat_writer /opt/stack/data/venv/lib/python3.12/site-packages/dbcounter.py:115}}
Apr 13 15:37:59.061191 np0000165516 neutron-periodic-workers[105844]: DEBUG neutron.db.agents_db [None req-ccc314c0-b76b-44d7-8ffa-d10d99e1df5e None None] Agent healthcheck: found 0 active agents {{(pid=105844) agent_health_check /opt/stack/neutron/neutron/db/agents_db.py:317}}
Apr 13 15:37:59.061762 np0000165516 neutron-periodic-workers[105844]: DEBUG oslo.service.backend._threading.loopingcall [None req-ccc314c0-b76b-44d7-8ffa-d10d99e1df5e None None] Fixed interval looping call 'neutron.plugins.ml2.plugin.AgentDbMixin.agent_health_check' sleeping for 36.99 seconds {{(pid=105844) _run_loop /opt/stack/data/venv/lib/python3.12/site-packages/oslo_service/backend/_threading/loopingcall.py:125}}
Apr 13 15:38:02.065680 np0000165516 neutron-periodic-workers[105835]: DEBUG oslo.service.backend._threading.loopingcall [None req-55d11e50-aead-4547-959a-5a76ba0166eb None None] Fixed interval looping call 'neutron.plugins.ml2.plugin.DhcpAgentSchedulerDbMixin.remove_networks_from_down_agents' sleeping for 36.99 seconds {{(pid=105835) _run_loop /opt/stack/data/venv/lib/python3.12/site-packages/oslo_service/backend/_threading/loopingcall.py:125}}
Apr 13 15:38:09.059569 np0000165516 neutron-periodic-workers[105844]: DEBUG dbcounter [-] [105844] Writing DB stats neutron:SELECT=1 {{(pid=105844) stat_writer /opt/stack/data/venv/lib/python3.12/site-packages/dbcounter.py:115}}
Apr 13 15:38:12.064108 np0000165516 neutron-periodic-workers[105835]: DEBUG dbcounter [-] [105835] Writing DB stats neutron:SELECT=3 {{(pid=105835) stat_writer /opt/stack/data/venv/lib/python3.12/site-packages/dbcounter.py:115}}
Apr 13 15:38:36.058937 np0000165516 neutron-periodic-workers[105844]: DEBUG neutron.db.agents_db [None req-ccc314c0-b76b-44d7-8ffa-d10d99e1df5e None None] Agent healthcheck: found 0 active agents {{(pid=105844) agent_health_check /opt/stack/neutron/neutron/db/agents_db.py:317}}
Apr 13 15:38:36.059534 np0000165516 neutron-periodic-workers[105844]: DEBUG oslo.service.backend._threading.loopingcall [None req-ccc314c0-b76b-44d7-8ffa-d10d99e1df5e None None] Fixed interval looping call 'neutron.plugins.ml2.plugin.AgentDbMixin.agent_health_check' sleeping for 36.99 seconds {{(pid=105844) _run_loop /opt/stack/data/venv/lib/python3.12/site-packages/oslo_service/backend/_threading/loopingcall.py:125}}
Apr 13 15:38:39.066283 np0000165516 neutron-periodic-workers[105835]: DEBUG oslo.service.backend._threading.loopingcall [None req-55d11e50-aead-4547-959a-5a76ba0166eb None None] Fixed interval looping call 'neutron.plugins.ml2.plugin.DhcpAgentSchedulerDbMixin.remove_networks_from_down_agents' sleeping for 36.99 seconds {{(pid=105835) _run_loop /opt/stack/data/venv/lib/python3.12/site-packages/oslo_service/backend/_threading/loopingcall.py:125}}
Apr 13 15:38:46.056694 np0000165516 neutron-periodic-workers[105844]: DEBUG dbcounter [-] [105844] Writing DB stats neutron:SELECT=1 {{(pid=105844) stat_writer /opt/stack/data/venv/lib/python3.12/site-packages/dbcounter.py:115}}
Apr 13 15:38:49.065210 np0000165516 neutron-periodic-workers[105835]: DEBUG dbcounter [-] [105835] Writing DB stats neutron:SELECT=3 {{(pid=105835) stat_writer /opt/stack/data/venv/lib/python3.12/site-packages/dbcounter.py:115}}
Apr 13 15:39:13.055338 np0000165516 neutron-periodic-workers[105844]: DEBUG neutron.db.agents_db [None req-ccc314c0-b76b-44d7-8ffa-d10d99e1df5e None None] Agent healthcheck: found 0 active agents {{(pid=105844) agent_health_check /opt/stack/neutron/neutron/db/agents_db.py:317}}
Apr 13 15:39:13.056136 np0000165516 neutron-periodic-workers[105844]: DEBUG oslo.service.backend._threading.loopingcall [None req-ccc314c0-b76b-44d7-8ffa-d10d99e1df5e None None] Fixed interval looping call 'neutron.plugins.ml2.plugin.AgentDbMixin.agent_health_check' sleeping for 36.99 seconds {{(pid=105844) _run_loop /opt/stack/data/venv/lib/python3.12/site-packages/oslo_service/backend/_threading/loopingcall.py:125}}
Apr 13 15:39:16.070849 np0000165516 neutron-periodic-workers[105835]: DEBUG oslo.service.backend._threading.loopingcall [None req-55d11e50-aead-4547-959a-5a76ba0166eb None None] Fixed interval looping call 'neutron.plugins.ml2.plugin.DhcpAgentSchedulerDbMixin.remove_networks_from_down_agents' sleeping for 36.99 seconds {{(pid=105835) _run_loop /opt/stack/data/venv/lib/python3.12/site-packages/oslo_service/backend/_threading/loopingcall.py:125}}
Apr 13 15:39:23.053770 np0000165516 neutron-periodic-workers[105844]: DEBUG dbcounter [-] [105844] Writing DB stats neutron:SELECT=1 {{(pid=105844) stat_writer /opt/stack/data/venv/lib/python3.12/site-packages/dbcounter.py:115}}
Apr 13 15:39:26.068160 np0000165516 neutron-periodic-workers[105835]: DEBUG dbcounter [-] [105835] Writing DB stats neutron:SELECT=3 {{(pid=105835) stat_writer /opt/stack/data/venv/lib/python3.12/site-packages/dbcounter.py:115}}
Apr 13 15:39:42.086220 np0000165516 neutron-periodic-workers[105851]: DEBUG oslo.service.backend._threading.loopingcall [None req-93f55f31-0f6b-48bf-951a-4d120c1e1608 None None] Fixed interval looping call 'neutron.db.quota.driver_nolock.DbQuotaNoLockDriver._remove_expired_reservations' sleeping for 119.99 seconds {{(pid=105851) _run_loop /opt/stack/data/venv/lib/python3.12/site-packages/oslo_service/backend/_threading/loopingcall.py:125}}
Apr 13 15:39:50.051215 np0000165516 neutron-periodic-workers[105844]: DEBUG neutron.db.agents_db [None req-ccc314c0-b76b-44d7-8ffa-d10d99e1df5e None None] Agent healthcheck: found 0 active agents {{(pid=105844) agent_health_check /opt/stack/neutron/neutron/db/agents_db.py:317}}
Apr 13 15:39:50.051215 np0000165516 neutron-periodic-workers[105844]: DEBUG oslo.service.backend._threading.loopingcall [None req-ccc314c0-b76b-44d7-8ffa-d10d99e1df5e None None] Fixed interval looping call 'neutron.plugins.ml2.plugin.AgentDbMixin.agent_health_check' sleeping for 36.99 seconds {{(pid=105844) _run_loop /opt/stack/data/venv/lib/python3.12/site-packages/oslo_service/backend/_threading/loopingcall.py:125}}
Apr 13 15:39:52.084513 np0000165516 neutron-periodic-workers[105851]: DEBUG dbcounter [-] [105851] Writing DB stats neutron:DELETE=1 {{(pid=105851) stat_writer /opt/stack/data/venv/lib/python3.12/site-packages/dbcounter.py:115}}
Apr 13 15:39:53.072167 np0000165516 neutron-periodic-workers[105835]: DEBUG oslo.service.backend._threading.loopingcall [None req-55d11e50-aead-4547-959a-5a76ba0166eb None None] Fixed interval looping call 'neutron.plugins.ml2.plugin.DhcpAgentSchedulerDbMixin.remove_networks_from_down_agents' sleeping for 36.99 seconds {{(pid=105835) _run_loop /opt/stack/data/venv/lib/python3.12/site-packages/oslo_service/backend/_threading/loopingcall.py:125}}
Apr 13 15:40:00.050227 np0000165516 neutron-periodic-workers[105844]: DEBUG dbcounter [-] [105844] Writing DB stats neutron:SELECT=1 {{(pid=105844) stat_writer /opt/stack/data/venv/lib/python3.12/site-packages/dbcounter.py:115}}
Apr 13 15:40:03.070975 np0000165516 neutron-periodic-workers[105835]: DEBUG dbcounter [-] [105835] Writing DB stats neutron:SELECT=3 {{(pid=105835) stat_writer /opt/stack/data/venv/lib/python3.12/site-packages/dbcounter.py:115}}
Apr 13 15:40:27.055452 np0000165516 neutron-periodic-workers[105844]: DEBUG neutron.db.agents_db [None req-ccc314c0-b76b-44d7-8ffa-d10d99e1df5e None None] Agent healthcheck: found 0 active agents {{(pid=105844) agent_health_check /opt/stack/neutron/neutron/db/agents_db.py:317}}
Apr 13 15:40:27.055785 np0000165516 neutron-periodic-workers[105844]: DEBUG oslo.service.backend._threading.loopingcall [None req-ccc314c0-b76b-44d7-8ffa-d10d99e1df5e None None] Fixed interval looping call 'neutron.plugins.ml2.plugin.AgentDbMixin.agent_health_check' sleeping for 37.00 seconds {{(pid=105844) _run_loop /opt/stack/data/venv/lib/python3.12/site-packages/oslo_service/backend/_threading/loopingcall.py:125}}
Apr 13 15:40:30.070992 np0000165516 neutron-periodic-workers[105835]: DEBUG oslo.service.backend._threading.loopingcall [None req-55d11e50-aead-4547-959a-5a76ba0166eb None None] Fixed interval looping call 'neutron.plugins.ml2.plugin.DhcpAgentSchedulerDbMixin.remove_networks_from_down_agents' sleeping for 36.99 seconds {{(pid=105835) _run_loop /opt/stack/data/venv/lib/python3.12/site-packages/oslo_service/backend/_threading/loopingcall.py:125}}
Apr 13 15:40:37.054501 np0000165516 neutron-periodic-workers[105844]: DEBUG dbcounter [-] [105844] Writing DB stats neutron:SELECT=1 {{(pid=105844) stat_writer /opt/stack/data/venv/lib/python3.12/site-packages/dbcounter.py:115}}
Apr 13 15:40:40.070292 np0000165516 neutron-periodic-workers[105835]: DEBUG dbcounter [-] [105835] Writing DB stats neutron:SELECT=3 {{(pid=105835) stat_writer /opt/stack/data/venv/lib/python3.12/site-packages/dbcounter.py:115}}
Apr 13 15:41:04.061338 np0000165516 neutron-periodic-workers[105844]: DEBUG neutron.db.agents_db [None req-ccc314c0-b76b-44d7-8ffa-d10d99e1df5e None None] Agent healthcheck: found 0 active agents {{(pid=105844) agent_health_check /opt/stack/neutron/neutron/db/agents_db.py:317}}
Apr 13 15:41:04.062233 np0000165516 neutron-periodic-workers[105844]: DEBUG oslo.service.backend._threading.loopingcall [None req-ccc314c0-b76b-44d7-8ffa-d10d99e1df5e None None] Fixed interval looping call 'neutron.plugins.ml2.plugin.AgentDbMixin.agent_health_check' sleeping for 36.99 seconds {{(pid=105844) _run_loop /opt/stack/data/venv/lib/python3.12/site-packages/oslo_service/backend/_threading/loopingcall.py:125}}
Apr 13 15:41:06.116438 np0000165516 neutron-periodic-workers[105861]: DEBUG oslo.service.backend._threading.loopingcall [None req-7860a74e-cc7c-4c48-998e-5daf1187e5c0 None None] Fixed interval looping call 'neutron.services.ovn_l3.plugin.L3_NAT_dbonly_mixin._clean_garbage' sleeping for 299.99 seconds {{(pid=105861) _run_loop /opt/stack/data/venv/lib/python3.12/site-packages/oslo_service/backend/_threading/loopingcall.py:125}}
Apr 13 15:41:07.069123 np0000165516 neutron-periodic-workers[105835]: DEBUG oslo.service.backend._threading.loopingcall [None req-55d11e50-aead-4547-959a-5a76ba0166eb None None] Fixed interval looping call 'neutron.plugins.ml2.plugin.DhcpAgentSchedulerDbMixin.remove_networks_from_down_agents' sleeping for 36.99 seconds {{(pid=105835) _run_loop /opt/stack/data/venv/lib/python3.12/site-packages/oslo_service/backend/_threading/loopingcall.py:125}}
Apr 13 15:41:14.059621 np0000165516 neutron-periodic-workers[105844]: DEBUG dbcounter [-] [105844] Writing DB stats neutron:SELECT=1 {{(pid=105844) stat_writer /opt/stack/data/venv/lib/python3.12/site-packages/dbcounter.py:115}}
Apr 13 15:41:16.107669 np0000165516 neutron-periodic-workers[105861]: DEBUG dbcounter [-] [105861] Writing DB stats neutron:SELECT=1 {{(pid=105861) stat_writer /opt/stack/data/venv/lib/python3.12/site-packages/dbcounter.py:115}}
Apr 13 15:41:17.068650 np0000165516 neutron-periodic-workers[105835]: DEBUG dbcounter [-] [105835] Writing DB stats neutron:SELECT=3 {{(pid=105835) stat_writer /opt/stack/data/venv/lib/python3.12/site-packages/dbcounter.py:115}}
Apr 13 15:41:41.059705 np0000165516 neutron-periodic-workers[105844]: DEBUG neutron.db.agents_db [None req-ccc314c0-b76b-44d7-8ffa-d10d99e1df5e None None] Agent healthcheck: found 0 active agents {{(pid=105844) agent_health_check /opt/stack/neutron/neutron/db/agents_db.py:317}}
Apr 13 15:41:41.060434 np0000165516 neutron-periodic-workers[105844]: DEBUG oslo.service.backend._threading.loopingcall [None req-ccc314c0-b76b-44d7-8ffa-d10d99e1df5e None None] Fixed interval looping call 'neutron.plugins.ml2.plugin.AgentDbMixin.agent_health_check' sleeping for 36.99 seconds {{(pid=105844) _run_loop /opt/stack/data/venv/lib/python3.12/site-packages/oslo_service/backend/_threading/loopingcall.py:125}}
Apr 13 15:41:42.082504 np0000165516 neutron-periodic-workers[105851]: DEBUG oslo.service.backend._threading.loopingcall [None req-93f55f31-0f6b-48bf-951a-4d120c1e1608 None None] Fixed interval looping call 'neutron.db.quota.driver_nolock.DbQuotaNoLockDriver._remove_expired_reservations' sleeping for 119.99 seconds {{(pid=105851) _run_loop /opt/stack/data/venv/lib/python3.12/site-packages/oslo_service/backend/_threading/loopingcall.py:125}}
Apr 13 15:41:44.068966 np0000165516 neutron-periodic-workers[105835]: DEBUG oslo.service.backend._threading.loopingcall [None req-55d11e50-aead-4547-959a-5a76ba0166eb None None] Fixed interval looping call 'neutron.plugins.ml2.plugin.DhcpAgentSchedulerDbMixin.remove_networks_from_down_agents' sleeping for 36.99 seconds {{(pid=105835) _run_loop /opt/stack/data/venv/lib/python3.12/site-packages/oslo_service/backend/_threading/loopingcall.py:125}}
Apr 13 15:41:51.056880 np0000165516 neutron-periodic-workers[105844]: DEBUG dbcounter [-] [105844] Writing DB stats neutron:SELECT=1 {{(pid=105844) stat_writer /opt/stack/data/venv/lib/python3.12/site-packages/dbcounter.py:115}}
Apr 13 15:41:52.080860 np0000165516 neutron-periodic-workers[105851]: DEBUG dbcounter [-] [105851] Writing DB stats neutron:DELETE=1 {{(pid=105851) stat_writer /opt/stack/data/venv/lib/python3.12/site-packages/dbcounter.py:115}}
Apr 13 15:41:54.068076 np0000165516 neutron-periodic-workers[105835]: DEBUG dbcounter [-] [105835] Writing DB stats neutron:SELECT=3 {{(pid=105835) stat_writer /opt/stack/data/venv/lib/python3.12/site-packages/dbcounter.py:115}}
Apr 13 15:42:18.053762 np0000165516 neutron-periodic-workers[105844]: DEBUG neutron.db.agents_db [None req-ccc314c0-b76b-44d7-8ffa-d10d99e1df5e None None] Agent healthcheck: found 0 active agents {{(pid=105844) agent_health_check /opt/stack/neutron/neutron/db/agents_db.py:317}}
Apr 13 15:42:18.054218 np0000165516 neutron-periodic-workers[105844]: DEBUG oslo.service.backend._threading.loopingcall [None req-ccc314c0-b76b-44d7-8ffa-d10d99e1df5e None None] Fixed interval looping call 'neutron.plugins.ml2.plugin.AgentDbMixin.agent_health_check' sleeping for 37.00 seconds {{(pid=105844) _run_loop /opt/stack/data/venv/lib/python3.12/site-packages/oslo_service/backend/_threading/loopingcall.py:125}}
Apr 13 15:42:21.068205 np0000165516 neutron-periodic-workers[105835]: DEBUG oslo.service.backend._threading.loopingcall [None req-55d11e50-aead-4547-959a-5a76ba0166eb None None] Fixed interval looping call 'neutron.plugins.ml2.plugin.DhcpAgentSchedulerDbMixin.remove_networks_from_down_agents' sleeping for 36.99 seconds {{(pid=105835) _run_loop /opt/stack/data/venv/lib/python3.12/site-packages/oslo_service/backend/_threading/loopingcall.py:125}}
Apr 13 15:42:28.052871 np0000165516 neutron-periodic-workers[105844]: DEBUG dbcounter [-] [105844] Writing DB stats neutron:SELECT=1 {{(pid=105844) stat_writer /opt/stack/data/venv/lib/python3.12/site-packages/dbcounter.py:115}}
Apr 13 15:42:31.067379 np0000165516 neutron-periodic-workers[105835]: DEBUG dbcounter [-] [105835] Writing DB stats neutron:SELECT=3 {{(pid=105835) stat_writer /opt/stack/data/venv/lib/python3.12/site-packages/dbcounter.py:115}}
Apr 13 15:42:55.061032 np0000165516 neutron-periodic-workers[105844]: DEBUG neutron.db.agents_db [None req-ccc314c0-b76b-44d7-8ffa-d10d99e1df5e None None] Agent healthcheck: found 0 active agents {{(pid=105844) agent_health_check /opt/stack/neutron/neutron/db/agents_db.py:317}}
Apr 13 15:42:55.061636 np0000165516 neutron-periodic-workers[105844]: DEBUG oslo.service.backend._threading.loopingcall [None req-ccc314c0-b76b-44d7-8ffa-d10d99e1df5e None None] Fixed interval looping call 'neutron.plugins.ml2.plugin.AgentDbMixin.agent_health_check' sleeping for 36.99 seconds {{(pid=105844) _run_loop /opt/stack/data/venv/lib/python3.12/site-packages/oslo_service/backend/_threading/loopingcall.py:125}}
Apr 13 15:42:58.071091 np0000165516 neutron-periodic-workers[105835]: DEBUG oslo.service.backend._threading.loopingcall [None req-55d11e50-aead-4547-959a-5a76ba0166eb None None] Fixed interval looping call 'neutron.plugins.ml2.plugin.DhcpAgentSchedulerDbMixin.remove_networks_from_down_agents' sleeping for 36.99 seconds {{(pid=105835) _run_loop /opt/stack/data/venv/lib/python3.12/site-packages/oslo_service/backend/_threading/loopingcall.py:125}}
Apr 13 15:43:05.058657 np0000165516 neutron-periodic-workers[105844]: DEBUG dbcounter [-] [105844] Writing DB stats neutron:SELECT=1 {{(pid=105844) stat_writer /opt/stack/data/venv/lib/python3.12/site-packages/dbcounter.py:115}}
Apr 13 15:43:08.068451 np0000165516 neutron-periodic-workers[105835]: DEBUG dbcounter [-] [105835] Writing DB stats neutron:SELECT=3 {{(pid=105835) stat_writer /opt/stack/data/venv/lib/python3.12/site-packages/dbcounter.py:115}}
Apr 13 15:43:32.058337 np0000165516 neutron-periodic-workers[105844]: DEBUG neutron.db.agents_db [None req-ccc314c0-b76b-44d7-8ffa-d10d99e1df5e None None] Agent healthcheck: found 0 active agents {{(pid=105844) agent_health_check /opt/stack/neutron/neutron/db/agents_db.py:317}}
