2026-04-23 02:28:22.450 7 INFO cinder.api.v3.volumes [req-b675b18c-1713-4293-a8e4-fef1888f1ca3 req-2d57246b-2556-43ca-8931-b2f74edcf497 a587731b7e5945b0be42cc5dc3dc9d44 ab513da7fce94bafacfb7e2e442a19f1 - - default default] Delete volume with id: 13870094-055b-4110-8545-d5ce0d1e9708 /var/lib/openstack/lib/python3.12/site-packages/oslo_context/context.py:101: DeprecationWarning: Policy enforcement is depending on the value of is_admin. This key is deprecated. Please update your policy file to use the standard policy values. warnings.warn(
2026-04-23 02:28:22.459 7 INFO cinder.volume.api [req-b675b18c-1713-4293-a8e4-fef1888f1ca3 req-2d57246b-2556-43ca-8931-b2f74edcf497 a587731b7e5945b0be42cc5dc3dc9d44 ab513da7fce94bafacfb7e2e442a19f1 - - default default] Volume info retrieved successfully.
2026-04-23 02:28:22.496 7 INFO cinder.volume.api [req-b675b18c-1713-4293-a8e4-fef1888f1ca3 req-2d57246b-2556-43ca-8931-b2f74edcf497 a587731b7e5945b0be42cc5dc3dc9d44 ab513da7fce94bafacfb7e2e442a19f1 - - default default] Delete volume request issued successfully.
2026-04-23 02:28:22.496 7 INFO cinder.api.openstack.wsgi [req-b675b18c-1713-4293-a8e4-fef1888f1ca3 req-2d57246b-2556-43ca-8931-b2f74edcf497 a587731b7e5945b0be42cc5dc3dc9d44 ab513da7fce94bafacfb7e2e442a19f1 - - default default] http://cinder-api.openstack.svc.cluster.local:8776/v3/ab513da7fce94bafacfb7e2e442a19f1/volumes/13870094-055b-4110-8545-d5ce0d1e9708 returned with HTTP 202 [pid: 7|app: 0|req: 334/667] 199.204.45.115 () {36 vars in 1054 bytes} [Thu Apr 23 02:28:22 2026] DELETE /v3/ab513da7fce94bafacfb7e2e442a19f1/volumes/13870094-055b-4110-8545-d5ce0d1e9708 => generated 0 bytes in 55 msecs (HTTP/1.1 202) 6 headers in 233 bytes (1 switches on core 0)
2026-04-23 02:28:22.898 8 INFO cinder.api.openstack.wsgi [None req-5b16bf30-8b45-4ec9-824d-1cca9bd4d715 006d3b4d602f4ed68e8e79fe16f5fa98 776456a9985640cba476d9e2b757a565 - - default default] http://cinder-api.openstack.svc.cluster.local:8776/v3/776456a9985640cba476d9e2b757a565/scheduler-stats/get_pools?detail=true returned with HTTP 200 [pid: 8|app: 0|req: 334/668] 10.0.0.139 () {28 vars in 696 bytes} [Thu Apr 23 02:28:22 2026] GET /v3/776456a9985640cba476d9e2b757a565/scheduler-stats/get_pools?detail=true => generated 670 bytes in 512 msecs (HTTP/1.1 200) 7 headers in 285 bytes (1 switches on core 0) /var/lib/openstack/lib/python3.12/site-packages/pycadf/identifier.py:70: UserWarning: Invalid uuid: cinderv3. To ensure interoperability, identifiers should be a valid uuid. warnings.warn(('Invalid uuid: %s. To ensure interoperability, '
2026-04-23 02:28:22.916 7 INFO cinder.api.openstack.wsgi [None req-c335997d-d79a-42fb-affb-5717ba630c65 006d3b4d602f4ed68e8e79fe16f5fa98 776456a9985640cba476d9e2b757a565 - - default default] GET http://cinder-api.openstack.svc.cluster.local:8776/v3/776456a9985640cba476d9e2b757a565/snapshots?all_tenants=true
2026-04-23 02:28:22.921 7 INFO cinder.volume.api [None req-c335997d-d79a-42fb-affb-5717ba630c65 006d3b4d602f4ed68e8e79fe16f5fa98 776456a9985640cba476d9e2b757a565 - - default default] Get all snapshots completed successfully.
2026-04-23 02:28:22.921 7 INFO cinder.api.openstack.wsgi [None req-c335997d-d79a-42fb-affb-5717ba630c65 006d3b4d602f4ed68e8e79fe16f5fa98 776456a9985640cba476d9e2b757a565 - - default default] http://cinder-api.openstack.svc.cluster.local:8776/v3/776456a9985640cba476d9e2b757a565/snapshots?all_tenants=true returned with HTTP 200 [pid: 7|app: 0|req: 335/669] 10.0.0.139 () {28 vars in 674 bytes} [Thu Apr 23 02:28:22 2026] GET /v3/776456a9985640cba476d9e2b757a565/snapshots?all_tenants=true => generated 17 bytes in 11 msecs (HTTP/1.1 200) 7 headers in 284 bytes (1 switches on core 0)
2026-04-23 02:28:22.978 8 INFO cinder.api.openstack.wsgi [None req-1b4eadd3-291e-4664-9511-2469dfb96299 006d3b4d602f4ed68e8e79fe16f5fa98 776456a9985640cba476d9e2b757a565 - - default default] GET http://cinder-api.openstack.svc.cluster.local:8776/v3/776456a9985640cba476d9e2b757a565/os-quota-sets/74a5a11379fd41ee9cecbe1facb4885f?usage=true
2026-04-23 02:28:23.015 8 INFO cinder.api.openstack.wsgi [None req-1b4eadd3-291e-4664-9511-2469dfb96299 006d3b4d602f4ed68e8e79fe16f5fa98 776456a9985640cba476d9e2b757a565 - - default default] http://cinder-api.openstack.svc.cluster.local:8776/v3/776456a9985640cba476d9e2b757a565/os-quota-sets/74a5a11379fd41ee9cecbe1facb4885f?usage=true returned with HTTP 200 [pid: 8|app: 0|req: 335/670] 10.0.0.139 () {28 vars in 736 bytes} [Thu Apr 23 02:28:22 2026] GET /v3/776456a9985640cba476d9e2b757a565/os-quota-sets/74a5a11379fd41ee9cecbe1facb4885f?usage=true => generated 845 bytes in 47 msecs (HTTP/1.1 200) 7 headers in 285 bytes (1 switches on core 0)
2026-04-23 02:28:23.030 7 INFO cinder.api.openstack.wsgi [None req-a23b6df6-aa16-49f4-8f29-916b5c817bbc 006d3b4d602f4ed68e8e79fe16f5fa98 776456a9985640cba476d9e2b757a565 - - default default] GET http://cinder-api.openstack.svc.cluster.local:8776/v3/776456a9985640cba476d9e2b757a565/os-quota-sets/776456a9985640cba476d9e2b757a565?usage=true
2026-04-23 02:28:23.053 7 INFO cinder.api.openstack.wsgi [None req-a23b6df6-aa16-49f4-8f29-916b5c817bbc 006d3b4d602f4ed68e8e79fe16f5fa98 776456a9985640cba476d9e2b757a565 - - default default] http://cinder-api.openstack.svc.cluster.local:8776/v3/776456a9985640cba476d9e2b757a565/os-quota-sets/776456a9985640cba476d9e2b757a565?usage=true returned with HTTP 200 [pid: 7|app: 0|req: 336/671] 10.0.0.139 () {28 vars in 736 bytes} [Thu Apr 23 02:28:23 2026] GET /v3/776456a9985640cba476d9e2b757a565/os-quota-sets/776456a9985640cba476d9e2b757a565?usage=true => generated 845 bytes in 32 msecs (HTTP/1.1 200) 7 headers in 285 bytes (1 switches on core 0)
2026-04-23 02:28:23.067 8 INFO cinder.api.openstack.wsgi [None req-d8d123a4-4f11-472a-a6ef-38438d361648 006d3b4d602f4ed68e8e79fe16f5fa98 776456a9985640cba476d9e2b757a565 - - default default] GET http://cinder-api.openstack.svc.cluster.local:8776/v3/776456a9985640cba476d9e2b757a565/os-quota-sets/a10716c02d7a4c19b70a67b0e6ab0229?usage=true
2026-04-23 02:28:23.094 8 INFO cinder.api.openstack.wsgi [None req-d8d123a4-4f11-472a-a6ef-38438d361648 006d3b4d602f4ed68e8e79fe16f5fa98 776456a9985640cba476d9e2b757a565 - - default default] http://cinder-api.openstack.svc.cluster.local:8776/v3/776456a9985640cba476d9e2b757a565/os-quota-sets/a10716c02d7a4c19b70a67b0e6ab0229?usage=true returned with HTTP 200 [pid: 8|app: 0|req: 336/672] 10.0.0.139 () {28 vars in 736 bytes} [Thu Apr 23 02:28:23 2026] GET /v3/776456a9985640cba476d9e2b757a565/os-quota-sets/a10716c02d7a4c19b70a67b0e6ab0229?usage=true => generated 847 bytes in 36 msecs (HTTP/1.1 200) 7 headers in 285 bytes (1 switches on core 0)
2026-04-23 02:28:23.106 7 INFO cinder.api.openstack.wsgi [None req-71026291-3838-4ab3-9874-f49e9ec9fe01 006d3b4d602f4ed68e8e79fe16f5fa98 776456a9985640cba476d9e2b757a565 - - default default] GET http://cinder-api.openstack.svc.cluster.local:8776/v3/776456a9985640cba476d9e2b757a565/os-quota-sets/ab513da7fce94bafacfb7e2e442a19f1?usage=true
2026-04-23 02:28:23.134 7 INFO cinder.api.openstack.wsgi [None req-71026291-3838-4ab3-9874-f49e9ec9fe01 006d3b4d602f4ed68e8e79fe16f5fa98 776456a9985640cba476d9e2b757a565 - - default default] http://cinder-api.openstack.svc.cluster.local:8776/v3/776456a9985640cba476d9e2b757a565/os-quota-sets/ab513da7fce94bafacfb7e2e442a19f1?usage=true returned with HTTP 200 [pid: 7|app: 0|req: 337/673] 10.0.0.139 () {28 vars in 736 bytes} [Thu Apr 23 02:28:23 2026] GET /v3/776456a9985640cba476d9e2b757a565/os-quota-sets/ab513da7fce94bafacfb7e2e442a19f1?usage=true => generated 847 bytes in 36 msecs (HTTP/1.1 200) 7 headers in 285 bytes (1 switches on core 0)
2026-04-23 02:28:23.149 8 INFO cinder.api.openstack.wsgi [None req-080ab003-2061-4bcf-98d6-f2e4a365735f 006d3b4d602f4ed68e8e79fe16f5fa98 776456a9985640cba476d9e2b757a565 - - default default] GET http://cinder-api.openstack.svc.cluster.local:8776/v3/776456a9985640cba476d9e2b757a565/os-quota-sets/affc4e8b65b24cfc9073c14c63e1bd8d?usage=true
2026-04-23 02:28:23.186 8 INFO cinder.api.openstack.wsgi [None req-080ab003-2061-4bcf-98d6-f2e4a365735f 006d3b4d602f4ed68e8e79fe16f5fa98 776456a9985640cba476d9e2b757a565 - - default default] http://cinder-api.openstack.svc.cluster.local:8776/v3/776456a9985640cba476d9e2b757a565/os-quota-sets/affc4e8b65b24cfc9073c14c63e1bd8d?usage=true returned with HTTP 200 [pid: 8|app: 0|req: 337/674] 10.0.0.139 () {28 vars in 736 bytes} [Thu Apr 23 02:28:23 2026] GET /v3/776456a9985640cba476d9e2b757a565/os-quota-sets/affc4e8b65b24cfc9073c14c63e1bd8d?usage=true => generated 847 bytes in 49 msecs (HTTP/1.1 200) 7 headers in 285 bytes (1 switches on core 0)
2026-04-23 02:28:23.198 7 INFO cinder.api.openstack.wsgi [None req-be9226f9-f62c-45e7-a14b-e1b182ac26a0 006d3b4d602f4ed68e8e79fe16f5fa98 776456a9985640cba476d9e2b757a565 - - default default] GET http://cinder-api.openstack.svc.cluster.local:8776/v3/776456a9985640cba476d9e2b757a565/os-quota-sets/cc2d48573d654c2c81b77b92b4aeef7d?usage=true
2026-04-23 02:28:23.219 7 INFO cinder.api.openstack.wsgi [None req-be9226f9-f62c-45e7-a14b-e1b182ac26a0 006d3b4d602f4ed68e8e79fe16f5fa98 776456a9985640cba476d9e2b757a565 - - default default] http://cinder-api.openstack.svc.cluster.local:8776/v3/776456a9985640cba476d9e2b757a565/os-quota-sets/cc2d48573d654c2c81b77b92b4aeef7d?usage=true returned with HTTP 200 [pid: 7|app: 0|req: 338/675] 10.0.0.139 () {28 vars in 736 bytes} [Thu Apr 23 02:28:23 2026] GET /v3/776456a9985640cba476d9e2b757a565/os-quota-sets/cc2d48573d654c2c81b77b92b4aeef7d?usage=true => generated 847 bytes in 30 msecs (HTTP/1.1 200) 7 headers in 285 bytes (1 switches on core 0)
2026-04-23 02:28:23.237 8 INFO cinder.api.openstack.wsgi [None req-725814ed-b967-4b08-aa0d-8f7babb3aa95 006d3b4d602f4ed68e8e79fe16f5fa98 776456a9985640cba476d9e2b757a565 - - default default] GET http://cinder-api.openstack.svc.cluster.local:8776/v3/776456a9985640cba476d9e2b757a565/os-quota-sets/f4515d9e0b584339aaafefe85752823b?usage=true
2026-04-23 02:28:23.263 8 INFO cinder.api.openstack.wsgi [None req-725814ed-b967-4b08-aa0d-8f7babb3aa95 006d3b4d602f4ed68e8e79fe16f5fa98 776456a9985640cba476d9e2b757a565 - - default default] http://cinder-api.openstack.svc.cluster.local:8776/v3/776456a9985640cba476d9e2b757a565/os-quota-sets/f4515d9e0b584339aaafefe85752823b?usage=true returned with HTTP 200 [pid: 8|app: 0|req: 338/676] 10.0.0.139 () {28 vars in 736 bytes} [Thu Apr 23 02:28:23 2026] GET /v3/776456a9985640cba476d9e2b757a565/os-quota-sets/f4515d9e0b584339aaafefe85752823b?usage=true => generated 847 bytes in 40 msecs (HTTP/1.1 200) 7 headers in 285 bytes (1 switches on core 0)
2026-04-23 02:28:23.278 7 INFO cinder.api.openstack.wsgi [None req-0c3dda14-c1ad-4dee-be6d-1a1811b4f7ed 006d3b4d602f4ed68e8e79fe16f5fa98 776456a9985640cba476d9e2b757a565 - - default default] GET http://cinder-api.openstack.svc.cluster.local:8776/v3/776456a9985640cba476d9e2b757a565/volumes/detail?all_tenants=true
2026-04-23 02:28:23.288 7 INFO cinder.volume.api [None req-0c3dda14-c1ad-4dee-be6d-1a1811b4f7ed 006d3b4d602f4ed68e8e79fe16f5fa98 776456a9985640cba476d9e2b757a565 - - default default] Get all volumes completed successfully.
2026-04-23 02:28:23.290 7 INFO cinder.api.openstack.wsgi [None req-0c3dda14-c1ad-4dee-be6d-1a1811b4f7ed 006d3b4d602f4ed68e8e79fe16f5fa98 776456a9985640cba476d9e2b757a565 - - default default] http://cinder-api.openstack.svc.cluster.local:8776/v3/776456a9985640cba476d9e2b757a565/volumes/detail?all_tenants=true returned with HTTP 200 [pid: 7|app: 0|req: 339/677] 10.0.0.139 () {28 vars in 684 bytes} [Thu Apr 23 02:28:23 2026] GET /v3/776456a9985640cba476d9e2b757a565/volumes/detail?all_tenants=true => generated 15 bytes in 19 msecs (HTTP/1.1 200) 7 headers in 284 bytes (1 switches on core 0)
2026-04-23 02:28:28.105 7 INFO cinder.api.openstack.wsgi [None req-0c3dda14-c1ad-4dee-be6d-1a1811b4f7ed 006d3b4d602f4ed68e8e79fe16f5fa98 776456a9985640cba476d9e2b757a565 - - default default] GET http://10.0.0.85:8776/
2026-04-23 02:28:28.105 8 INFO cinder.api.openstack.wsgi [None req-725814ed-b967-4b08-aa0d-8f7babb3aa95 006d3b4d602f4ed68e8e79fe16f5fa98 776456a9985640cba476d9e2b757a565 - - default default] GET http://10.0.0.85:8776/
2026-04-23 02:28:28.106 7 INFO cinder.api.openstack.wsgi [None req-0c3dda14-c1ad-4dee-be6d-1a1811b4f7ed 006d3b4d602f4ed68e8e79fe16f5fa98 776456a9985640cba476d9e2b757a565 - - default default] http://10.0.0.85:8776/ returned with HTTP 300
2026-04-23 02:28:28.107 8 INFO cinder.api.openstack.wsgi [None req-725814ed-b967-4b08-aa0d-8f7babb3aa95 006d3b4d602f4ed68e8e79fe16f5fa98 776456a9985640cba476d9e2b757a565 - - default default] http://10.0.0.85:8776/ returned with HTTP 300
2026-04-23 02:28:38.105 7 INFO cinder.api.openstack.wsgi [None req-0c3dda14-c1ad-4dee-be6d-1a1811b4f7ed 006d3b4d602f4ed68e8e79fe16f5fa98 776456a9985640cba476d9e2b757a565 - - default default] GET http://10.0.0.85:8776/
2026-04-23 02:28:38.106 7 INFO cinder.api.openstack.wsgi [None req-0c3dda14-c1ad-4dee-be6d-1a1811b4f7ed 006d3b4d602f4ed68e8e79fe16f5fa98 776456a9985640cba476d9e2b757a565 - - default default] http://10.0.0.85:8776/ returned with HTTP 300
2026-04-23 02:28:38.106 8 INFO cinder.api.openstack.wsgi [None req-725814ed-b967-4b08-aa0d-8f7babb3aa95 006d3b4d602f4ed68e8e79fe16f5fa98 776456a9985640cba476d9e2b757a565 - - default default] GET http://10.0.0.85:8776/
2026-04-23 02:28:38.107 8 INFO cinder.api.openstack.wsgi [None req-725814ed-b967-4b08-aa0d-8f7babb3aa95 006d3b4d602f4ed68e8e79fe16f5fa98 776456a9985640cba476d9e2b757a565 - - default default] http://10.0.0.85:8776/ returned with HTTP 300
2026-04-23 02:28:48.105 7 INFO cinder.api.openstack.wsgi [None req-0c3dda14-c1ad-4dee-be6d-1a1811b4f7ed 006d3b4d602f4ed68e8e79fe16f5fa98 776456a9985640cba476d9e2b757a565 - - default default] GET http://10.0.0.85:8776/
2026-04-23 02:28:48.105 8 INFO cinder.api.openstack.wsgi [None req-725814ed-b967-4b08-aa0d-8f7babb3aa95 006d3b4d602f4ed68e8e79fe16f5fa98 776456a9985640cba476d9e2b757a565 - - default default] GET http://10.0.0.85:8776/
2026-04-23 02:28:48.106 7 INFO cinder.api.openstack.wsgi [None req-0c3dda14-c1ad-4dee-be6d-1a1811b4f7ed 006d3b4d602f4ed68e8e79fe16f5fa98 776456a9985640cba476d9e2b757a565 - - default default] http://10.0.0.85:8776/ returned with HTTP 300
2026-04-23 02:28:48.107 8 INFO cinder.api.openstack.wsgi [None req-725814ed-b967-4b08-aa0d-8f7babb3aa95 006d3b4d602f4ed68e8e79fe16f5fa98 776456a9985640cba476d9e2b757a565 - - default default] http://10.0.0.85:8776/ returned with HTTP 300
2026-04-23 02:28:58.106 8 INFO cinder.api.openstack.wsgi [None req-725814ed-b967-4b08-aa0d-8f7babb3aa95 006d3b4d602f4ed68e8e79fe16f5fa98 776456a9985640cba476d9e2b757a565 - - default default] GET http://10.0.0.85:8776/
2026-04-23 02:28:58.106 7 INFO cinder.api.openstack.wsgi [None req-0c3dda14-c1ad-4dee-be6d-1a1811b4f7ed 006d3b4d602f4ed68e8e79fe16f5fa98 776456a9985640cba476d9e2b757a565 - - default default] GET http://10.0.0.85:8776/
2026-04-23 02:28:58.107 8 INFO cinder.api.openstack.wsgi [None req-725814ed-b967-4b08-aa0d-8f7babb3aa95 006d3b4d602f4ed68e8e79fe16f5fa98 776456a9985640cba476d9e2b757a565 - - default default] http://10.0.0.85:8776/ returned with HTTP 300
2026-04-23 02:28:58.108 7 INFO cinder.api.openstack.wsgi [None req-0c3dda14-c1ad-4dee-be6d-1a1811b4f7ed 006d3b4d602f4ed68e8e79fe16f5fa98 776456a9985640cba476d9e2b757a565 - - default default] http://10.0.0.85:8776/ returned with HTTP 300
2026-04-23 02:29:08.105 8 INFO cinder.api.openstack.wsgi [None req-725814ed-b967-4b08-aa0d-8f7babb3aa95 006d3b4d602f4ed68e8e79fe16f5fa98 776456a9985640cba476d9e2b757a565 - - default default] GET http://10.0.0.85:8776/
2026-04-23 02:29:08.105 7 INFO cinder.api.openstack.wsgi [None req-0c3dda14-c1ad-4dee-be6d-1a1811b4f7ed 006d3b4d602f4ed68e8e79fe16f5fa98 776456a9985640cba476d9e2b757a565 - - default default] GET http://10.0.0.85:8776/
2026-04-23 02:29:08.106 8 INFO cinder.api.openstack.wsgi [None req-725814ed-b967-4b08-aa0d-8f7babb3aa95 006d3b4d602f4ed68e8e79fe16f5fa98 776456a9985640cba476d9e2b757a565 - - default default] http://10.0.0.85:8776/ returned with HTTP 300
2026-04-23 02:29:08.106 7 INFO cinder.api.openstack.wsgi [None req-0c3dda14-c1ad-4dee-be6d-1a1811b4f7ed 006d3b4d602f4ed68e8e79fe16f5fa98 776456a9985640cba476d9e2b757a565 - - default default] http://10.0.0.85:8776/ returned with HTTP 300
2026-04-23 02:29:18.106 8 INFO cinder.api.openstack.wsgi [None req-725814ed-b967-4b08-aa0d-8f7babb3aa95 006d3b4d602f4ed68e8e79fe16f5fa98 776456a9985640cba476d9e2b757a565 - - default default] GET http://10.0.0.85:8776/
2026-04-23 02:29:18.106 7 INFO cinder.api.openstack.wsgi [None req-0c3dda14-c1ad-4dee-be6d-1a1811b4f7ed 006d3b4d602f4ed68e8e79fe16f5fa98 776456a9985640cba476d9e2b757a565 - - default default] GET http://10.0.0.85:8776/
2026-04-23 02:29:18.108 8 INFO cinder.api.openstack.wsgi [None req-725814ed-b967-4b08-aa0d-8f7babb3aa95 006d3b4d602f4ed68e8e79fe16f5fa98 776456a9985640cba476d9e2b757a565 - - default default] http://10.0.0.85:8776/ returned with HTTP 300
2026-04-23 02:29:18.109 7 INFO cinder.api.openstack.wsgi [None req-0c3dda14-c1ad-4dee-be6d-1a1811b4f7ed 006d3b4d602f4ed68e8e79fe16f5fa98 776456a9985640cba476d9e2b757a565 - - default default] http://10.0.0.85:8776/ returned with HTTP 300
2026-04-23 02:29:21.565 8 INFO cinder.api.openstack.wsgi [req-d0b5f88c-1a31-48ca-b142-feb9aa98fc74 req-d6243c94-3c08-417e-aadc-094a12e9a5a6 e9aae310cd3d484b9468246d1b16af9c 9c532edc0b3b46119c29c18dcf1fadb1 - - default default] GET http://cinder-api.openstack.svc.cluster.local:8776/v3/9c532edc0b3b46119c29c18dcf1fadb1/attachments?instance_id=b75bf144-2c94-4e32-bf38-f0dd45de2181
2026-04-23 02:29:21.584 8 INFO cinder.api.openstack.wsgi [req-d0b5f88c-1a31-48ca-b142-feb9aa98fc74 req-d6243c94-3c08-417e-aadc-094a12e9a5a6 e9aae310cd3d484b9468246d1b16af9c 9c532edc0b3b46119c29c18dcf1fadb1 - - default default] http://cinder-api.openstack.svc.cluster.local:8776/v3/9c532edc0b3b46119c29c18dcf1fadb1/attachments?instance_id=b75bf144-2c94-4e32-bf38-f0dd45de2181 returned with HTTP 200 [pid: 8|app: 0|req: 345/690] 199.204.45.115 () {36 vars in 1104 bytes} [Thu Apr 23 02:29:21 2026] GET /v3/9c532edc0b3b46119c29c18dcf1fadb1/attachments?instance_id=b75bf144-2c94-4e32-bf38-f0dd45de2181 => generated 19 bytes in 26 msecs (HTTP/1.1 200) 7 headers in 285 bytes (1 switches on core 0)
2026-04-23 02:29:22.244 7 INFO cinder.api.openstack.wsgi [None req-210c3754-ea6b-40d3-a140-1ff77ec392f0 006d3b4d602f4ed68e8e79fe16f5fa98 776456a9985640cba476d9e2b757a565 - - default default] GET http://cinder-api.openstack.svc.cluster.local:8776/v3/776456a9985640cba476d9e2b757a565/os-quota-sets/238cd1fff92c42c0904756d68fd01f17?usage=true
2026-04-23 02:29:22.281 7 INFO cinder.api.openstack.wsgi [None req-210c3754-ea6b-40d3-a140-1ff77ec392f0 006d3b4d602f4ed68e8e79fe16f5fa98 776456a9985640cba476d9e2b757a565 - - default default] http://cinder-api.openstack.svc.cluster.local:8776/v3/776456a9985640cba476d9e2b757a565/os-quota-sets/238cd1fff92c42c0904756d68fd01f17?usage=true returned with HTTP 200 [pid: 7|app: 0|req: 346/691] 10.0.0.139 () {28 vars in 736 bytes} [Thu Apr 23 02:29:22 2026] GET /v3/776456a9985640cba476d9e2b757a565/os-quota-sets/238cd1fff92c42c0904756d68fd01f17?usage=true => generated 847 bytes in 181 msecs (HTTP/1.1 200) 7 headers in 285 bytes (1 switches on core 0)
2026-04-23 02:29:22.295 8 INFO cinder.api.openstack.wsgi [None req-35ce777f-9eb1-4d58-b6e6-d3e85a749517 006d3b4d602f4ed68e8e79fe16f5fa98 776456a9985640cba476d9e2b757a565 - - default default] GET http://cinder-api.openstack.svc.cluster.local:8776/v3/776456a9985640cba476d9e2b757a565/os-quota-sets/6ecace75ee174e14a3113cc622934240?usage=true
2026-04-23 02:29:22.327 8 INFO cinder.api.openstack.wsgi [None req-35ce777f-9eb1-4d58-b6e6-d3e85a749517 006d3b4d602f4ed68e8e79fe16f5fa98 776456a9985640cba476d9e2b757a565 - - default default] http://cinder-api.openstack.svc.cluster.local:8776/v3/776456a9985640cba476d9e2b757a565/os-quota-sets/6ecace75ee174e14a3113cc622934240?usage=true returned with HTTP 200 [pid: 8|app: 0|req: 346/692] 10.0.0.139 () {28 vars in 736 bytes} [Thu Apr 23 02:29:22 2026] GET /v3/776456a9985640cba476d9e2b757a565/os-quota-sets/6ecace75ee174e14a3113cc622934240?usage=true => generated 847 bytes in 39 msecs (HTTP/1.1 200) 7 headers in 285 bytes (1 switches on core 0)
2026-04-23 02:29:22.342 7 INFO cinder.api.openstack.wsgi [None req-04b7521d-ec38-41db-bdda-d50ead02a044 006d3b4d602f4ed68e8e79fe16f5fa98 776456a9985640cba476d9e2b757a565 - - default default] GET http://cinder-api.openstack.svc.cluster.local:8776/v3/776456a9985640cba476d9e2b757a565/os-quota-sets/7263fcb6d3e44bc992aac502e11782ac?usage=true
2026-04-23 02:29:22.376 7 INFO cinder.api.openstack.wsgi [None req-04b7521d-ec38-41db-bdda-d50ead02a044 006d3b4d602f4ed68e8e79fe16f5fa98 776456a9985640cba476d9e2b757a565 - - default default] http://cinder-api.openstack.svc.cluster.local:8776/v3/776456a9985640cba476d9e2b757a565/os-quota-sets/7263fcb6d3e44bc992aac502e11782ac?usage=true returned with HTTP 200 [pid: 7|app: 0|req: 347/693] 10.0.0.139 () {28 vars in 736 bytes} [Thu Apr 23 02:29:22 2026] GET /v3/776456a9985640cba476d9e2b757a565/os-quota-sets/7263fcb6d3e44bc992aac502e11782ac?usage=true => generated 847 bytes in 42 msecs (HTTP/1.1 200) 7 headers in 285 bytes (1 switches on core 0)
2026-04-23 02:29:22.392 8 INFO cinder.api.openstack.wsgi [None req-665ea0a7-9888-4fcf-b986-cb59095a8a96 006d3b4d602f4ed68e8e79fe16f5fa98 776456a9985640cba476d9e2b757a565 - - default default] GET http://cinder-api.openstack.svc.cluster.local:8776/v3/776456a9985640cba476d9e2b757a565/os-quota-sets/74a5a11379fd41ee9cecbe1facb4885f?usage=true
2026-04-23 02:29:22.417 8 INFO cinder.api.openstack.wsgi [None req-665ea0a7-9888-4fcf-b986-cb59095a8a96 006d3b4d602f4ed68e8e79fe16f5fa98 776456a9985640cba476d9e2b757a565 - - default default] http://cinder-api.openstack.svc.cluster.local:8776/v3/776456a9985640cba476d9e2b757a565/os-quota-sets/74a5a11379fd41ee9cecbe1facb4885f?usage=true returned with HTTP 200 [pid: 8|app: 0|req: 347/694] 10.0.0.139 () {28 vars in 736 bytes} [Thu Apr 23 02:29:22 2026] GET /v3/776456a9985640cba476d9e2b757a565/os-quota-sets/74a5a11379fd41ee9cecbe1facb4885f?usage=true => generated 845 bytes in 33 msecs (HTTP/1.1 200) 7 headers in 285 bytes (1 switches on core 0)
2026-04-23 02:29:22.431 7 INFO cinder.api.openstack.wsgi [None req-1d1154c6-a3fc-4b4b-86e9-135af2ba4137 006d3b4d602f4ed68e8e79fe16f5fa98 776456a9985640cba476d9e2b757a565 - - default default] GET http://cinder-api.openstack.svc.cluster.local:8776/v3/776456a9985640cba476d9e2b757a565/os-quota-sets/776456a9985640cba476d9e2b757a565?usage=true
2026-04-23 02:29:22.458 7 INFO cinder.api.openstack.wsgi [None req-1d1154c6-a3fc-4b4b-86e9-135af2ba4137 006d3b4d602f4ed68e8e79fe16f5fa98 776456a9985640cba476d9e2b757a565 - - default default] http://cinder-api.openstack.svc.cluster.local:8776/v3/776456a9985640cba476d9e2b757a565/os-quota-sets/776456a9985640cba476d9e2b757a565?usage=true returned with HTTP 200 [pid: 7|app: 0|req: 348/695] 10.0.0.139 () {28 vars in 736 bytes} [Thu Apr 23 02:29:22 2026] GET /v3/776456a9985640cba476d9e2b757a565/os-quota-sets/776456a9985640cba476d9e2b757a565?usage=true => generated 845 bytes in 35 msecs (HTTP/1.1 200) 7 headers in 285 bytes (1 switches on core 0)
2026-04-23 02:29:22.477 8 INFO cinder.api.openstack.wsgi [None req-aa3fa512-3bbf-4f83-976d-f4656fcfd887 006d3b4d602f4ed68e8e79fe16f5fa98 776456a9985640cba476d9e2b757a565 - - default default] GET http://cinder-api.openstack.svc.cluster.local:8776/v3/776456a9985640cba476d9e2b757a565/os-quota-sets/9c532edc0b3b46119c29c18dcf1fadb1?usage=true
2026-04-23 02:29:22.502 8 INFO cinder.api.openstack.wsgi [None req-aa3fa512-3bbf-4f83-976d-f4656fcfd887 006d3b4d602f4ed68e8e79fe16f5fa98 776456a9985640cba476d9e2b757a565 - - default default] http://cinder-api.openstack.svc.cluster.local:8776/v3/776456a9985640cba476d9e2b757a565/os-quota-sets/9c532edc0b3b46119c29c18dcf1fadb1?usage=true returned with HTTP 200 [pid: 8|app: 0|req: 348/696] 10.0.0.139 () {28 vars in 736 bytes} [Thu Apr 23 02:29:22 2026] GET /v3/776456a9985640cba476d9e2b757a565/os-quota-sets/9c532edc0b3b46119c29c18dcf1fadb1?usage=true => generated 847 bytes in 39 msecs (HTTP/1.1 200) 7 headers in 285 bytes (1 switches on core 0)
2026-04-23 02:29:22.513 7 INFO cinder.api.openstack.wsgi [None req-a08eb6c7-1d85-4302-94b5-873c13c957a8 006d3b4d602f4ed68e8e79fe16f5fa98 776456a9985640cba476d9e2b757a565 - - default default] GET http://cinder-api.openstack.svc.cluster.local:8776/v3/776456a9985640cba476d9e2b757a565/os-quota-sets/cc2d48573d654c2c81b77b92b4aeef7d?usage=true
2026-04-23 02:29:22.549 7 INFO cinder.api.openstack.wsgi [None req-a08eb6c7-1d85-4302-94b5-873c13c957a8 006d3b4d602f4ed68e8e79fe16f5fa98 776456a9985640cba476d9e2b757a565 - - default default] http://cinder-api.openstack.svc.cluster.local:8776/v3/776456a9985640cba476d9e2b757a565/os-quota-sets/cc2d48573d654c2c81b77b92b4aeef7d?usage=true returned with HTTP 200 [pid: 7|app: 0|req: 349/697] 10.0.0.139 () {28 vars in 736 bytes} [Thu Apr 23 02:29:22 2026] GET /v3/776456a9985640cba476d9e2b757a565/os-quota-sets/cc2d48573d654c2c81b77b92b4aeef7d?usage=true => generated 847 bytes in 44 msecs (HTTP/1.1 200) 7 headers in 285 bytes (1 switches on core 0)
2026-04-23 02:29:22.562 8 INFO cinder.api.openstack.wsgi [None req-0763a409-fd96-4306-962f-5bbcbe5fd4ad 006d3b4d602f4ed68e8e79fe16f5fa98 776456a9985640cba476d9e2b757a565 - - default default] GET http://cinder-api.openstack.svc.cluster.local:8776/v3/776456a9985640cba476d9e2b757a565/os-quota-sets/ea80595e28b14442bee4b3566538f94b?usage=true
2026-04-23 02:29:22.605 8 INFO cinder.api.openstack.wsgi [None req-0763a409-fd96-4306-962f-5bbcbe5fd4ad 006d3b4d602f4ed68e8e79fe16f5fa98 776456a9985640cba476d9e2b757a565 - - default default] http://cinder-api.openstack.svc.cluster.local:8776/v3/776456a9985640cba476d9e2b757a565/os-quota-sets/ea80595e28b14442bee4b3566538f94b?usage=true returned with HTTP 200 [pid: 8|app: 0|req: 349/698] 10.0.0.139 () {28 vars in 736 bytes} [Thu Apr 23 02:29:22 2026] GET /v3/776456a9985640cba476d9e2b757a565/os-quota-sets/ea80595e28b14442bee4b3566538f94b?usage=true => generated 847 bytes in 52 msecs (HTTP/1.1 200) 7 headers in 285 bytes (1 switches on core 0)
2026-04-23 02:29:22.615 7 INFO cinder.api.openstack.wsgi [None req-b2113dec-ade5-477d-86f3-b351cc268786 006d3b4d602f4ed68e8e79fe16f5fa98 776456a9985640cba476d9e2b757a565 - - default default] GET http://cinder-api.openstack.svc.cluster.local:8776/v3/776456a9985640cba476d9e2b757a565/volumes/detail?all_tenants=true
2026-04-23 02:29:22.626 7 INFO cinder.volume.api [None req-b2113dec-ade5-477d-86f3-b351cc268786 006d3b4d602f4ed68e8e79fe16f5fa98 776456a9985640cba476d9e2b757a565 - - default default] Get all volumes completed successfully.
2026-04-23 02:29:22.628 7 INFO cinder.api.openstack.wsgi [None req-b2113dec-ade5-477d-86f3-b351cc268786 006d3b4d602f4ed68e8e79fe16f5fa98 776456a9985640cba476d9e2b757a565 - - default default] http://cinder-api.openstack.svc.cluster.local:8776/v3/776456a9985640cba476d9e2b757a565/volumes/detail?all_tenants=true returned with HTTP 200 [pid: 7|app: 0|req: 350/699] 10.0.0.139 () {28 vars in 684 bytes} [Thu Apr 23 02:29:22 2026] GET /v3/776456a9985640cba476d9e2b757a565/volumes/detail?all_tenants=true => generated 15 bytes in 18 msecs (HTTP/1.1 200) 7 headers in 284 bytes (1 switches on core 0)
2026-04-23 02:29:22.637 8 INFO cinder.api.openstack.wsgi [None req-0ea3d187-7613-4fd5-ba84-628829a76c67 006d3b4d602f4ed68e8e79fe16f5fa98 776456a9985640cba476d9e2b757a565 - - default default] GET http://cinder-api.openstack.svc.cluster.local:8776/v3/776456a9985640cba476d9e2b757a565/snapshots?all_tenants=true
2026-04-23 02:29:22.648 8 INFO cinder.volume.api [None req-0ea3d187-7613-4fd5-ba84-628829a76c67 006d3b4d602f4ed68e8e79fe16f5fa98 776456a9985640cba476d9e2b757a565 - - default default] Get all snapshots completed successfully.
2026-04-23 02:29:22.649 8 INFO cinder.api.openstack.wsgi [None req-0ea3d187-7613-4fd5-ba84-628829a76c67 006d3b4d602f4ed68e8e79fe16f5fa98 776456a9985640cba476d9e2b757a565 - - default default] http://cinder-api.openstack.svc.cluster.local:8776/v3/776456a9985640cba476d9e2b757a565/snapshots?all_tenants=true returned with HTTP 200 [pid: 8|app: 0|req: 350/700] 10.0.0.139 () {28 vars in 674 bytes} [Thu Apr 23 02:29:22 2026] GET /v3/776456a9985640cba476d9e2b757a565/snapshots?all_tenants=true => generated 17 bytes in 17 msecs (HTTP/1.1 200) 7 headers in 284 bytes (1 switches on core 0)
2026-04-23 02:29:22.658 7 INFO cinder.api.openstack.wsgi [None req-72712fd3-6921-4f57-b3ee-aab280846c63 006d3b4d602f4ed68e8e79fe16f5fa98 776456a9985640cba476d9e2b757a565 - - default default] GET http://cinder-api.openstack.svc.cluster.local:8776/v3/776456a9985640cba476d9e2b757a565/os-services
2026-04-23 02:29:22.663 7 INFO cinder.api.openstack.wsgi [None req-72712fd3-6921-4f57-b3ee-aab280846c63 006d3b4d602f4ed68e8e79fe16f5fa98 776456a9985640cba476d9e2b757a565 - - default default] http://cinder-api.openstack.svc.cluster.local:8776/v3/776456a9985640cba476d9e2b757a565/os-services returned with HTTP 200 [pid: 7|app: 0|req: 351/701] 10.0.0.139 () {28 vars in 645 bytes} [Thu Apr 23 02:29:22 2026] GET /v3/776456a9985640cba476d9e2b757a565/os-services => generated 646 bytes in 12 msecs (HTTP/1.1 200) 7 headers in 285 bytes (1 switches on core 0)
2026-04-23 02:29:22.675 8 INFO cinder.api.openstack.wsgi [None req-5093430e-87a2-4cbf-98c2-9259c11aac33 006d3b4d602f4ed68e8e79fe16f5fa98 776456a9985640cba476d9e2b757a565 - - default default] GET http://cinder-api.openstack.svc.cluster.local:8776/v3/776456a9985640cba476d9e2b757a565/volumes/detail?all_tenants=true
2026-04-23 02:29:22.689 8 INFO cinder.volume.api [None req-5093430e-87a2-4cbf-98c2-9259c11aac33 006d3b4d602f4ed68e8e79fe16f5fa98 776456a9985640cba476d9e2b757a565 - - default default] Get all volumes completed successfully.
2026-04-23 02:29:22.691 8 INFO cinder.api.openstack.wsgi [None req-5093430e-87a2-4cbf-98c2-9259c11aac33 006d3b4d602f4ed68e8e79fe16f5fa98 776456a9985640cba476d9e2b757a565 - - default default] http://cinder-api.openstack.svc.cluster.local:8776/v3/776456a9985640cba476d9e2b757a565/volumes/detail?all_tenants=true returned with HTTP 200 [pid: 8|app: 0|req: 351/702] 10.0.0.139 () {28 vars in 684 bytes} [Thu Apr 23 02:29:22 2026] GET /v3/776456a9985640cba476d9e2b757a565/volumes/detail?all_tenants=true => generated 15 bytes in 21 msecs (HTTP/1.1 200) 7 headers in 284 bytes (1 switches on core 0)
2026-04-23 02:29:22.700 7 INFO cinder.api.openstack.wsgi [None req-cffeabc1-a938-4bba-af4e-9f8ce5b3cf40 006d3b4d602f4ed68e8e79fe16f5fa98 776456a9985640cba476d9e2b757a565 - - default default] GET http://cinder-api.openstack.svc.cluster.local:8776/v3/776456a9985640cba476d9e2b757a565/scheduler-stats/get_pools?detail=true
2026-04-23 02:29:23.203 7 INFO cinder.api.openstack.wsgi [None req-cffeabc1-a938-4bba-af4e-9f8ce5b3cf40 006d3b4d602f4ed68e8e79fe16f5fa98 776456a9985640cba476d9e2b757a565 - - default default] http://cinder-api.openstack.svc.cluster.local:8776/v3/776456a9985640cba476d9e2b757a565/scheduler-stats/get_pools?detail=true returned with HTTP 200 [pid: 7|app: 0|req: 352/703] 10.0.0.139 () {28 vars in 696 bytes} [Thu Apr 23 02:29:22 2026] GET /v3/776456a9985640cba476d9e2b757a565/scheduler-stats/get_pools?detail=true => generated 670 bytes in 511 msecs (HTTP/1.1 200) 7 headers in 285 bytes (1 switches on core 0)
2026-04-23 02:29:28.109 8 INFO cinder.api.openstack.wsgi [None req-5093430e-87a2-4cbf-98c2-9259c11aac33 006d3b4d602f4ed68e8e79fe16f5fa98 776456a9985640cba476d9e2b757a565 - - default default] GET http://10.0.0.85:8776/
2026-04-23 02:29:28.110 7 INFO cinder.api.openstack.wsgi [None req-cffeabc1-a938-4bba-af4e-9f8ce5b3cf40 006d3b4d602f4ed68e8e79fe16f5fa98 776456a9985640cba476d9e2b757a565 - - default default] GET http://10.0.0.85:8776/
2026-04-23 02:29:28.110 8 INFO cinder.api.openstack.wsgi [None req-5093430e-87a2-4cbf-98c2-9259c11aac33 006d3b4d602f4ed68e8e79fe16f5fa98 776456a9985640cba476d9e2b757a565 - - default default] http://10.0.0.85:8776/ returned with HTTP 300
2026-04-23 02:29:28.111 7 INFO cinder.api.openstack.wsgi [None req-cffeabc1-a938-4bba-af4e-9f8ce5b3cf40 006d3b4d602f4ed68e8e79fe16f5fa98 776456a9985640cba476d9e2b757a565 - - default default] http://10.0.0.85:8776/ returned with HTTP 300
2026-04-23 02:29:38.105 8 INFO cinder.api.openstack.wsgi [None req-5093430e-87a2-4cbf-98c2-9259c11aac33 006d3b4d602f4ed68e8e79fe16f5fa98 776456a9985640cba476d9e2b757a565 - - default default] GET http://10.0.0.85:8776/
2026-04-23 02:29:38.106 7 INFO cinder.api.openstack.wsgi [None req-cffeabc1-a938-4bba-af4e-9f8ce5b3cf40 006d3b4d602f4ed68e8e79fe16f5fa98 776456a9985640cba476d9e2b757a565 - - default default] GET http://10.0.0.85:8776/
2026-04-23 02:29:38.106 8 INFO cinder.api.openstack.wsgi [None req-5093430e-87a2-4cbf-98c2-9259c11aac33 006d3b4d602f4ed68e8e79fe16f5fa98 776456a9985640cba476d9e2b757a565 - - default default] http://10.0.0.85:8776/ returned with HTTP 300
2026-04-23 02:29:38.107 7 INFO cinder.api.openstack.wsgi [None req-cffeabc1-a938-4bba-af4e-9f8ce5b3cf40 006d3b4d602f4ed68e8e79fe16f5fa98 776456a9985640cba476d9e2b757a565 - - default default] http://10.0.0.85:8776/ returned with HTTP 300
2026-04-23 02:29:48.106 8 INFO cinder.api.openstack.wsgi [None req-5093430e-87a2-4cbf-98c2-9259c11aac33 006d3b4d602f4ed68e8e79fe16f5fa98 776456a9985640cba476d9e2b757a565 - - default default] GET http://10.0.0.85:8776/
2026-04-23 02:29:48.106 7 INFO cinder.api.openstack.wsgi [None req-cffeabc1-a938-4bba-af4e-9f8ce5b3cf40 006d3b4d602f4ed68e8e79fe16f5fa98 776456a9985640cba476d9e2b757a565 - - default default] GET http://10.0.0.85:8776/
2026-04-23 02:29:48.107 8 INFO cinder.api.openstack.wsgi [None req-5093430e-87a2-4cbf-98c2-9259c11aac33 006d3b4d602f4ed68e8e79fe16f5fa98 776456a9985640cba476d9e2b757a565 - - default default] http://10.0.0.85:8776/ returned with HTTP 300
2026-04-23 02:29:48.107 7 INFO cinder.api.openstack.wsgi [None req-cffeabc1-a938-4bba-af4e-9f8ce5b3cf40 006d3b4d602f4ed68e8e79fe16f5fa98 776456a9985640cba476d9e2b757a565 - - default default] http://10.0.0.85:8776/ returned with HTTP 300
2026-04-23 02:29:49.306 7 INFO cinder.api.openstack.wsgi [None req-cffeabc1-a938-4bba-af4e-9f8ce5b3cf40 006d3b4d602f4ed68e8e79fe16f5fa98 776456a9985640cba476d9e2b757a565 - - default default] GET http://cinder-api.openstack.svc.cluster.local:8776/
2026-04-23 02:29:49.307 7 INFO cinder.api.openstack.wsgi [None req-cffeabc1-a938-4bba-af4e-9f8ce5b3cf40 006d3b4d602f4ed68e8e79fe16f5fa98 776456a9985640cba476d9e2b757a565 - - default default] http://cinder-api.openstack.svc.cluster.local:8776/ returned with HTTP 300 [pid: 7|app: 0|req: 356/710] 10.0.0.171 () {30 vars in 411 bytes} [Thu Apr 23 02:29:49 2026] GET / => generated 411 bytes in 1 msecs (HTTP/1.1 300) 5 headers in 169 bytes (1 switches on core 0)
2026-04-23 02:29:58.105 8 INFO cinder.api.openstack.wsgi [None req-5093430e-87a2-4cbf-98c2-9259c11aac33 006d3b4d602f4ed68e8e79fe16f5fa98 776456a9985640cba476d9e2b757a565 - - default default] GET http://10.0.0.85:8776/
2026-04-23 02:29:58.105 7 INFO cinder.api.openstack.wsgi [None req-cffeabc1-a938-4bba-af4e-9f8ce5b3cf40 006d3b4d602f4ed68e8e79fe16f5fa98 776456a9985640cba476d9e2b757a565 - - default default] GET http://10.0.0.85:8776/
2026-04-23 02:29:58.106 8 INFO cinder.api.openstack.wsgi [None req-5093430e-87a2-4cbf-98c2-9259c11aac33 006d3b4d602f4ed68e8e79fe16f5fa98 776456a9985640cba476d9e2b757a565 - - default default] http://10.0.0.85:8776/ returned with HTTP 300
2026-04-23 02:29:58.106 7 INFO cinder.api.openstack.wsgi [None req-cffeabc1-a938-4bba-af4e-9f8ce5b3cf40 006d3b4d602f4ed68e8e79fe16f5fa98 776456a9985640cba476d9e2b757a565 - - default default] http://10.0.0.85:8776/ returned with HTTP 300
2026-04-23 02:30:08.105 8 INFO cinder.api.openstack.wsgi [None req-5093430e-87a2-4cbf-98c2-9259c11aac33 006d3b4d602f4ed68e8e79fe16f5fa98 776456a9985640cba476d9e2b757a565 - - default default] GET http://10.0.0.85:8776/
2026-04-23 02:30:08.106 8 INFO cinder.api.openstack.wsgi [None req-5093430e-87a2-4cbf-98c2-9259c11aac33 006d3b4d602f4ed68e8e79fe16f5fa98 776456a9985640cba476d9e2b757a565 - - default default] http://10.0.0.85:8776/ returned with HTTP 300
2026-04-23 02:30:08.106 7 INFO cinder.api.openstack.wsgi [None req-cffeabc1-a938-4bba-af4e-9f8ce5b3cf40 006d3b4d602f4ed68e8e79fe16f5fa98 776456a9985640cba476d9e2b757a565 - - default default] GET http://10.0.0.85:8776/
2026-04-23 02:30:08.108 7 INFO cinder.api.openstack.wsgi [None req-cffeabc1-a938-4bba-af4e-9f8ce5b3cf40 006d3b4d602f4ed68e8e79fe16f5fa98 776456a9985640cba476d9e2b757a565 - - default default] http://10.0.0.85:8776/ returned with HTTP 300
2026-04-23 02:30:18.105 8 INFO cinder.api.openstack.wsgi [None req-5093430e-87a2-4cbf-98c2-9259c11aac33 006d3b4d602f4ed68e8e79fe16f5fa98 776456a9985640cba476d9e2b757a565 - - default default] GET http://10.0.0.85:8776/
2026-04-23 02:30:18.106 7 INFO cinder.api.openstack.wsgi [None req-cffeabc1-a938-4bba-af4e-9f8ce5b3cf40 006d3b4d602f4ed68e8e79fe16f5fa98 776456a9985640cba476d9e2b757a565 - - default default] GET http://10.0.0.85:8776/
2026-04-23 02:30:18.107 8 INFO cinder.api.openstack.wsgi [None req-5093430e-87a2-4cbf-98c2-9259c11aac33 006d3b4d602f4ed68e8e79fe16f5fa98 776456a9985640cba476d9e2b757a565 - - default default] http://10.0.0.85:8776/ returned with HTTP 300
2026-04-23 02:30:18.107 7 INFO cinder.api.openstack.wsgi [None req-cffeabc1-a938-4bba-af4e-9f8ce5b3cf40 006d3b4d602f4ed68e8e79fe16f5fa98 776456a9985640cba476d9e2b757a565 - - default default] http://10.0.0.85:8776/ returned with HTTP 300
2026-04-23 02:30:22.285 7 INFO cinder.api.openstack.wsgi [None req-f87b55a4-fbf8-46c2-a664-112dfcbecd50 006d3b4d602f4ed68e8e79fe16f5fa98 776456a9985640cba476d9e2b757a565 - - default default] GET http://cinder-api.openstack.svc.cluster.local:8776/v3/776456a9985640cba476d9e2b757a565/os-quota-sets/1fbb43a4fda94511ae5ec73778953e1a?usage=true
2026-04-23 02:30:22.308 7 INFO cinder.api.openstack.wsgi [None req-f87b55a4-fbf8-46c2-a664-112dfcbecd50 006d3b4d602f4ed68e8e79fe16f5fa98 776456a9985640cba476d9e2b757a565 - - default default] http://cinder-api.openstack.svc.cluster.local:8776/v3/776456a9985640cba476d9e2b757a565/os-quota-sets/1fbb43a4fda94511ae5ec73778953e1a?usage=true returned with HTTP 200 [pid: 7|app: 0|req: 360/717] 10.0.0.139 () {28 vars in 736 bytes} [Thu Apr 23 02:30:22 2026] GET /v3/776456a9985640cba476d9e2b757a565/os-quota-sets/1fbb43a4fda94511ae5ec73778953e1a?usage=true => generated 847 bytes in 142 msecs (HTTP/1.1 200) 7 headers in 285 bytes (1 switches on core 0)
2026-04-23 02:30:22.324 8 INFO cinder.api.openstack.wsgi [None req-85305b2c-201f-4086-be46-4afaca56891a 006d3b4d602f4ed68e8e79fe16f5fa98 776456a9985640cba476d9e2b757a565 - - default default] GET http://cinder-api.openstack.svc.cluster.local:8776/v3/776456a9985640cba476d9e2b757a565/os-quota-sets/238cd1fff92c42c0904756d68fd01f17?usage=true
2026-04-23 02:30:22.344 8 INFO cinder.api.openstack.wsgi [None req-85305b2c-201f-4086-be46-4afaca56891a 006d3b4d602f4ed68e8e79fe16f5fa98 776456a9985640cba476d9e2b757a565 - - default default] http://cinder-api.openstack.svc.cluster.local:8776/v3/776456a9985640cba476d9e2b757a565/os-quota-sets/238cd1fff92c42c0904756d68fd01f17?usage=true returned with HTTP 200 [pid: 8|app: 0|req: 358/718] 10.0.0.139 () {28 vars in 736 bytes} [Thu Apr 23 02:30:22 2026] GET /v3/776456a9985640cba476d9e2b757a565/os-quota-sets/238cd1fff92c42c0904756d68fd01f17?usage=true => generated 847 bytes in 28 msecs (HTTP/1.1 200) 7 headers in 285 bytes (1 switches on core 0)
2026-04-23 02:30:22.358 7 INFO cinder.api.openstack.wsgi [None req-01cbf223-550c-4e88-b93f-e3b0c1c14e11 006d3b4d602f4ed68e8e79fe16f5fa98 776456a9985640cba476d9e2b757a565 - - default default] GET http://cinder-api.openstack.svc.cluster.local:8776/v3/776456a9985640cba476d9e2b757a565/os-quota-sets/38c2890bad5941309a1cad85d9be7088?usage=true
2026-04-23 02:30:22.382 7 INFO cinder.api.openstack.wsgi [None req-01cbf223-550c-4e88-b93f-e3b0c1c14e11 006d3b4d602f4ed68e8e79fe16f5fa98 776456a9985640cba476d9e2b757a565 - - default default] http://cinder-api.openstack.svc.cluster.local:8776/v3/776456a9985640cba476d9e2b757a565/os-quota-sets/38c2890bad5941309a1cad85d9be7088?usage=true returned with HTTP 200 [pid: 7|app: 0|req: 361/719] 10.0.0.139 () {28 vars in 736 bytes} [Thu Apr 23 02:30:22 2026] GET /v3/776456a9985640cba476d9e2b757a565/os-quota-sets/38c2890bad5941309a1cad85d9be7088?usage=true => generated 847 bytes in 34 msecs (HTTP/1.1 200) 7 headers in 285 bytes (1 switches on core 0)
2026-04-23 02:30:22.393 8 INFO cinder.api.openstack.wsgi [None req-a54b051d-065f-4733-b361-d4e1ab4aacf4 006d3b4d602f4ed68e8e79fe16f5fa98 776456a9985640cba476d9e2b757a565 - - default default] GET http://cinder-api.openstack.svc.cluster.local:8776/v3/776456a9985640cba476d9e2b757a565/os-quota-sets/6ecace75ee174e14a3113cc622934240?usage=true
2026-04-23 02:30:22.415 8 INFO cinder.api.openstack.wsgi [None req-a54b051d-065f-4733-b361-d4e1ab4aacf4 006d3b4d602f4ed68e8e79fe16f5fa98 776456a9985640cba476d9e2b757a565 - - default default] http://cinder-api.openstack.svc.cluster.local:8776/v3/776456a9985640cba476d9e2b757a565/os-quota-sets/6ecace75ee174e14a3113cc622934240?usage=true returned with HTTP 200 [pid: 8|app: 0|req: 359/720] 10.0.0.139 () {28 vars in 736 bytes} [Thu Apr 23 02:30:22 2026] GET /v3/776456a9985640cba476d9e2b757a565/os-quota-sets/6ecace75ee174e14a3113cc622934240?usage=true => generated 847 bytes in 30 msecs (HTTP/1.1 200) 7 headers in 285 bytes (1 switches on core 0)
2026-04-23 02:30:22.428 7 INFO cinder.api.openstack.wsgi [None req-8913bd0a-5ca9-4910-989a-d5e466e8388f 006d3b4d602f4ed68e8e79fe16f5fa98 776456a9985640cba476d9e2b757a565 - - default default] GET http://cinder-api.openstack.svc.cluster.local:8776/v3/776456a9985640cba476d9e2b757a565/os-quota-sets/74a5a11379fd41ee9cecbe1facb4885f?usage=true
2026-04-23 02:30:22.447 7 INFO cinder.api.openstack.wsgi [None req-8913bd0a-5ca9-4910-989a-d5e466e8388f 006d3b4d602f4ed68e8e79fe16f5fa98 776456a9985640cba476d9e2b757a565 - - default default] http://cinder-api.openstack.svc.cluster.local:8776/v3/776456a9985640cba476d9e2b757a565/os-quota-sets/74a5a11379fd41ee9cecbe1facb4885f?usage=true returned with HTTP 200 [pid: 7|app: 0|req: 362/721] 10.0.0.139 () {28 vars in 736 bytes} [Thu Apr 23 02:30:22 2026] GET /v3/776456a9985640cba476d9e2b757a565/os-quota-sets/74a5a11379fd41ee9cecbe1facb4885f?usage=true => generated 845 bytes in 29 msecs (HTTP/1.1 200) 7 headers in 285 bytes (1 switches on core 0)
2026-04-23 02:30:22.458 8 INFO cinder.api.openstack.wsgi [None req-6c275f65-ccfb-4edc-a8ec-34d5e1dcd5b8 006d3b4d602f4ed68e8e79fe16f5fa98 776456a9985640cba476d9e2b757a565 - - default default] GET http://cinder-api.openstack.svc.cluster.local:8776/v3/776456a9985640cba476d9e2b757a565/os-quota-sets/776456a9985640cba476d9e2b757a565?usage=true
2026-04-23 02:30:22.484 8 INFO cinder.api.openstack.wsgi [None req-6c275f65-ccfb-4edc-a8ec-34d5e1dcd5b8 006d3b4d602f4ed68e8e79fe16f5fa98 776456a9985640cba476d9e2b757a565 - - default default] http://cinder-api.openstack.svc.cluster.local:8776/v3/776456a9985640cba476d9e2b757a565/os-quota-sets/776456a9985640cba476d9e2b757a565?usage=true returned with HTTP 200 [pid: 8|app: 0|req: 360/722] 10.0.0.139 () {28 vars in 736 bytes} [Thu Apr 23 02:30:22 2026] GET /v3/776456a9985640cba476d9e2b757a565/os-quota-sets/776456a9985640cba476d9e2b757a565?usage=true => generated 845 bytes in 32 msecs (HTTP/1.1 200) 7 headers in 285 bytes (1 switches on core 0)
2026-04-23 02:30:22.499 7 INFO cinder.api.openstack.wsgi [None req-c70bd81d-f990-4771-a0be-64ee7b10af3e 006d3b4d602f4ed68e8e79fe16f5fa98 776456a9985640cba476d9e2b757a565 - - default default] GET http://cinder-api.openstack.svc.cluster.local:8776/v3/776456a9985640cba476d9e2b757a565/os-quota-sets/b11b71dbad6c4334901be1da6650de81?usage=true
2026-04-23 02:30:22.526 7 INFO cinder.api.openstack.wsgi [None req-c70bd81d-f990-4771-a0be-64ee7b10af3e 006d3b4d602f4ed68e8e79fe16f5fa98 776456a9985640cba476d9e2b757a565 - - default default] http://cinder-api.openstack.svc.cluster.local:8776/v3/776456a9985640cba476d9e2b757a565/os-quota-sets/b11b71dbad6c4334901be1da6650de81?usage=true returned with HTTP 200 [pid: 7|app: 0|req: 363/723] 10.0.0.139 () {28 vars in 736 bytes} [Thu Apr 23 02:30:22 2026] GET /v3/776456a9985640cba476d9e2b757a565/os-quota-sets/b11b71dbad6c4334901be1da6650de81?usage=true => generated 847 bytes in 35 msecs (HTTP/1.1 200) 7 headers in 285 bytes (1 switches on core 0)
2026-04-23 02:30:22.538 8 INFO cinder.api.openstack.wsgi [None req-1aaafbdd-dc0c-4b51-acb5-68754d0e49e6 006d3b4d602f4ed68e8e79fe16f5fa98 776456a9985640cba476d9e2b757a565 - - default default] GET http://cinder-api.openstack.svc.cluster.local:8776/v3/776456a9985640cba476d9e2b757a565/os-quota-sets/cc2d48573d654c2c81b77b92b4aeef7d?usage=true
2026-04-23 02:30:22.564 8 INFO cinder.api.openstack.wsgi [None req-1aaafbdd-dc0c-4b51-acb5-68754d0e49e6 006d3b4d602f4ed68e8e79fe16f5fa98 776456a9985640cba476d9e2b757a565 - - default default] http://cinder-api.openstack.svc.cluster.local:8776/v3/776456a9985640cba476d9e2b757a565/os-quota-sets/cc2d48573d654c2c81b77b92b4aeef7d?usage=true returned with HTTP 200 [pid: 8|app: 0|req: 361/724] 10.0.0.139 () {28 vars in 736 bytes} [Thu Apr 23 02:30:22 2026] GET /v3/776456a9985640cba476d9e2b757a565/os-quota-sets/cc2d48573d654c2c81b77b92b4aeef7d?usage=true => generated 847 bytes in 34 msecs (HTTP/1.1 200) 7 headers in 285 bytes (1 switches on core 0)
2026-04-23 02:30:22.577 7 INFO cinder.api.openstack.wsgi [None req-0e40ef4c-789b-4acb-8272-1b08e6c27367 006d3b4d602f4ed68e8e79fe16f5fa98 776456a9985640cba476d9e2b757a565 - - default default] GET http://cinder-api.openstack.svc.cluster.local:8776/v3/776456a9985640cba476d9e2b757a565/os-quota-sets/e6b8686d2fa741c5aed887ace3eeb759?usage=true
2026-04-23 02:30:22.613 7 INFO cinder.api.openstack.wsgi [None req-0e40ef4c-789b-4acb-8272-1b08e6c27367 006d3b4d602f4ed68e8e79fe16f5fa98 776456a9985640cba476d9e2b757a565 - - default default] http://cinder-api.openstack.svc.cluster.local:8776/v3/776456a9985640cba476d9e2b757a565/os-quota-sets/e6b8686d2fa741c5aed887ace3eeb759?usage=true returned with HTTP 200 [pid: 7|app: 0|req: 364/725] 10.0.0.139 () {28 vars in 736 bytes} [Thu Apr 23 02:30:22 2026] GET /v3/776456a9985640cba476d9e2b757a565/os-quota-sets/e6b8686d2fa741c5aed887ace3eeb759?usage=true => generated 847 bytes in 45 msecs (HTTP/1.1 200) 7 headers in 285 bytes (1 switches on core 0)
2026-04-23 02:30:22.624 8 INFO cinder.api.openstack.wsgi [None req-827222b5-c044-491a-a1fb-6e93e6878a93 006d3b4d602f4ed68e8e79fe16f5fa98 776456a9985640cba476d9e2b757a565 - - default default] GET http://cinder-api.openstack.svc.cluster.local:8776/v3/776456a9985640cba476d9e2b757a565/snapshots?all_tenants=true
2026-04-23 02:30:22.630 8 INFO cinder.volume.api [None req-827222b5-c044-491a-a1fb-6e93e6878a93 006d3b4d602f4ed68e8e79fe16f5fa98 776456a9985640cba476d9e2b757a565 - - default default] Get all snapshots completed successfully.
2026-04-23 02:30:22.631 8 INFO cinder.api.openstack.wsgi [None req-827222b5-c044-491a-a1fb-6e93e6878a93 006d3b4d602f4ed68e8e79fe16f5fa98 776456a9985640cba476d9e2b757a565 - - default default] http://cinder-api.openstack.svc.cluster.local:8776/v3/776456a9985640cba476d9e2b757a565/snapshots?all_tenants=true returned with HTTP 200 [pid: 8|app: 0|req: 362/726] 10.0.0.139 () {28 vars in 674 bytes} [Thu Apr 23 02:30:22 2026] GET /v3/776456a9985640cba476d9e2b757a565/snapshots?all_tenants=true => generated 17 bytes in 13 msecs (HTTP/1.1 200) 7 headers in 284 bytes (1 switches on core 0)
2026-04-23 02:30:22.644 7 INFO cinder.api.openstack.wsgi [None req-cb9c5aa6-e8a8-4024-8349-0ae25a0e3efe 006d3b4d602f4ed68e8e79fe16f5fa98 776456a9985640cba476d9e2b757a565 - - default default] GET http://cinder-api.openstack.svc.cluster.local:8776/v3/776456a9985640cba476d9e2b757a565/os-services
2026-04-23 02:30:22.648 7 INFO cinder.api.openstack.wsgi [None req-cb9c5aa6-e8a8-4024-8349-0ae25a0e3efe 006d3b4d602f4ed68e8e79fe16f5fa98 776456a9985640cba476d9e2b757a565 - - default default] http://cinder-api.openstack.svc.cluster.local:8776/v3/776456a9985640cba476d9e2b757a565/os-services returned with HTTP 200 [pid: 7|app: 0|req: 365/727] 10.0.0.139 () {28 vars in 645 bytes} [Thu Apr 23 02:30:22 2026] GET /v3/776456a9985640cba476d9e2b757a565/os-services => generated 646 bytes in 13 msecs (HTTP/1.1 200) 7 headers in 285 bytes (1 switches on core 0)
2026-04-23 02:30:22.656 8 INFO cinder.api.openstack.wsgi [None req-4fee6516-16c9-44ad-98e2-e5d145e063fd 006d3b4d602f4ed68e8e79fe16f5fa98 776456a9985640cba476d9e2b757a565 - - default default] GET http://cinder-api.openstack.svc.cluster.local:8776/v3/776456a9985640cba476d9e2b757a565/volumes/detail?all_tenants=true
2026-04-23 02:30:22.665 8 INFO cinder.volume.api [None req-4fee6516-16c9-44ad-98e2-e5d145e063fd 006d3b4d602f4ed68e8e79fe16f5fa98 776456a9985640cba476d9e2b757a565 - - default default] Get all volumes completed successfully.
2026-04-23 02:30:22.667 8 INFO cinder.api.openstack.wsgi [None req-4fee6516-16c9-44ad-98e2-e5d145e063fd 006d3b4d602f4ed68e8e79fe16f5fa98 776456a9985640cba476d9e2b757a565 - - default default] http://cinder-api.openstack.svc.cluster.local:8776/v3/776456a9985640cba476d9e2b757a565/volumes/detail?all_tenants=true returned with HTTP 200 [pid: 8|app: 0|req: 363/728] 10.0.0.139 () {28 vars in 684 bytes} [Thu Apr 23 02:30:22 2026] GET /v3/776456a9985640cba476d9e2b757a565/volumes/detail?all_tenants=true => generated 15 bytes in 16 msecs (HTTP/1.1 200) 7 headers in 284 bytes (1 switches on core 0)
2026-04-23 02:30:22.680 7 INFO cinder.api.openstack.wsgi [None req-dbe57068-26c2-4025-a7ec-3092b528a7bd 006d3b4d602f4ed68e8e79fe16f5fa98 776456a9985640cba476d9e2b757a565 - - default default] GET http://cinder-api.openstack.svc.cluster.local:8776/v3/776456a9985640cba476d9e2b757a565/volumes/detail?all_tenants=true
2026-04-23 02:30:22.692 7 INFO cinder.volume.api [None req-dbe57068-26c2-4025-a7ec-3092b528a7bd 006d3b4d602f4ed68e8e79fe16f5fa98 776456a9985640cba476d9e2b757a565 - - default default] Get all volumes completed successfully.
