Jun 18 00:37:44.499794 np0000181689 systemd[1]: Starting devstack@n-api-meta.service - Devstack devstack@n-api-meta.service...
Jun 18 00:37:44.507157 np0000181689 devstack@n-api-meta.service[112620]: [uWSGI] getting INI configuration from /etc/nova/nova-metadata-uwsgi.ini
Jun 18 00:37:44.510317 np0000181689 devstack@n-api-meta.service[112620]: *** Starting uWSGI 2.0.24-debian (64bit) on [Thu Jun 18 00:37:44 2026] ***
Jun 18 00:37:44.510317 np0000181689 devstack@n-api-meta.service[112620]: compiled with version: 13.2.0 on 17 April 2024 16:23:48
Jun 18 00:37:44.510317 np0000181689 devstack@n-api-meta.service[112620]: os: Linux-6.8.0-124-generic #124-Ubuntu SMP PREEMPT_DYNAMIC Tue May 26 13:00:45 UTC 2026
Jun 18 00:37:44.510317 np0000181689 devstack@n-api-meta.service[112620]: nodename: np0000181689
Jun 18 00:37:44.510317 np0000181689 devstack@n-api-meta.service[112620]: machine: x86_64
Jun 18 00:37:44.510317 np0000181689 devstack@n-api-meta.service[112620]: clock source: unix
Jun 18 00:37:44.510317 np0000181689 devstack@n-api-meta.service[112620]: pcre jit disabled
Jun 18 00:37:44.510317 np0000181689 devstack@n-api-meta.service[112620]: detected number of CPU cores: 16
Jun 18 00:37:44.510317 np0000181689 devstack@n-api-meta.service[112620]: current working directory: /
Jun 18 00:37:44.510317 np0000181689 devstack@n-api-meta.service[112620]: detected binary path: /usr/bin/uwsgi-core
Jun 18 00:37:44.510317 np0000181689 devstack@n-api-meta.service[112620]: your processes number limit is 256917
Jun 18 00:37:44.510317 np0000181689 devstack@n-api-meta.service[112620]: your memory page size is 4096 bytes
Jun 18 00:37:44.510317 np0000181689 devstack@n-api-meta.service[112620]: detected max file descriptor number: 2048
Jun 18 00:37:44.510317 np0000181689 devstack@n-api-meta.service[112620]: lock engine: pthread robust mutexes
Jun 18 00:37:44.511105 np0000181689 devstack@n-api-meta.service[112620]: thunder lock: enabled
Jun 18 00:37:44.511105 np0000181689 devstack@n-api-meta.service[112620]: uWSGI http bound on 0.0.0.0:8775 fd 5
Jun 18 00:37:44.511105 np0000181689 devstack@n-api-meta.service[112620]: uwsgi socket 0 bound to TCP address 127.0.0.1:34007 (port auto-assigned) fd 4
Jun 18 00:37:44.511105 np0000181689 devstack@n-api-meta.service[112620]: Python version: 3.12.3 (main, Mar 23 2026, 19:04:32) [GCC 13.3.0]
Jun 18 00:37:44.511105 np0000181689 devstack@n-api-meta.service[112620]: PEP 405 virtualenv detected: /opt/stack/data/venv
Jun 18 00:37:44.511105 np0000181689 devstack@n-api-meta.service[112620]: Set PythonHome to /opt/stack/data/venv
Jun 18 00:37:44.547696 np0000181689 devstack@n-api-meta.service[112620]: Python main interpreter initialized at 0x7ad81c8a3668
Jun 18 00:37:44.547696 np0000181689 devstack@n-api-meta.service[112620]: python threads support enabled
Jun 18 00:37:44.547696 np0000181689 devstack@n-api-meta.service[112620]: your server socket listen backlog is limited to 100 connections
Jun 18 00:37:44.547696 np0000181689 devstack@n-api-meta.service[112620]: your mercy for graceful operations on workers is 80 seconds
Jun 18 00:37:44.548078 np0000181689 devstack@n-api-meta.service[112620]: mapped 671795 bytes (656 KB) for 4 cores
Jun 18 00:37:44.548231 np0000181689 devstack@n-api-meta.service[112620]: *** Operational MODE: preforking ***
Jun 18 00:37:44.548380 np0000181689 devstack@n-api-meta.service[112620]: *** uWSGI is running in multiple interpreter mode ***
Jun 18 00:37:44.548380 np0000181689 devstack@n-api-meta.service[112620]: spawned uWSGI master process (pid: 112620)
Jun 18 00:37:44.548561 np0000181689 systemd[1]: Started devstack@n-api-meta.service - Devstack devstack@n-api-meta.service.
Jun 18 00:37:44.549085 np0000181689 devstack@n-api-meta.service[112620]: spawned uWSGI worker 1 (pid: 112621, cores: 1)
Jun 18 00:37:44.549786 np0000181689 devstack@n-api-meta.service[112620]: spawned uWSGI worker 2 (pid: 112622, cores: 1)
Jun 18 00:37:44.550310 np0000181689 devstack@n-api-meta.service[112620]: spawned uWSGI worker 3 (pid: 112623, cores: 1)
Jun 18 00:37:44.550749 np0000181689 devstack@n-api-meta.service[112620]: spawned uWSGI worker 4 (pid: 112624, cores: 1)
Jun 18 00:37:44.551231 np0000181689 devstack@n-api-meta.service[112620]: spawned uWSGI http 1 (pid: 112625)
Jun 18 00:37:44.551231 np0000181689 devstack@n-api-meta.service[112620]: running "unix_signal:15 gracefully_kill_them_all" (master-start)...
Jun 18 00:37:46.244073 np0000181689 devstack@n-api-meta.service[112621]: INFO dbcounter [None req-a032fd11-2cc0-49b8-8d23-f844539f80f1 None None] Registered counter for database nova_api
Jun 18 00:37:46.292497 np0000181689 devstack@n-api-meta.service[112621]: DEBUG oslo_db.sqlalchemy.engines [None req-a032fd11-2cc0-49b8-8d23-f844539f80f1 None None] MySQL server mode set to STRICT_TRANS_TABLES,STRICT_ALL_TABLES,NO_ZERO_IN_DATE,NO_ZERO_DATE,ERROR_FOR_DIVISION_BY_ZERO,TRADITIONAL,NO_ENGINE_SUBSTITUTION {{(pid=112621) _check_effective_sql_mode /opt/stack/data/venv/lib/python3.12/site-packages/oslo_db/sqlalchemy/engines.py:325}}
Jun 18 00:37:46.310069 np0000181689 devstack@n-api-meta.service[112622]: INFO dbcounter [None req-3ff39ba5-80ad-4cc6-9e45-3ae5ba598915 None None] Registered counter for database nova_api
Jun 18 00:37:46.316881 np0000181689 devstack@n-api-meta.service[112623]: INFO dbcounter [None req-18195153-97ea-48f3-a26d-481a92d20670 None None] Registered counter for database nova_api
Jun 18 00:37:46.332090 np0000181689 devstack@n-api-meta.service[112621]: DEBUG dbcounter [-] [112621] Writer thread running {{(pid=112621) stat_writer /opt/stack/data/venv/lib/python3.12/site-packages/dbcounter.py:102}}
Jun 18 00:37:46.334973 np0000181689 devstack@n-api-meta.service[112621]: DEBUG nova.context [None req-a032fd11-2cc0-49b8-8d23-f844539f80f1 None None] Found 2 cells: 00000000-0000-0000-0000-000000000000(cell0),bf1e0d6e-3d70-4937-b193-f684de6c89d2(cell1) {{(pid=112621) load_cells /opt/stack/nova/nova/context.py:509}}
Jun 18 00:37:46.335177 np0000181689 devstack@n-api-meta.service[112621]: INFO nova.utils [None req-a032fd11-2cc0-49b8-8d23-f844539f80f1 None None] The cell worker thread pool MainProcess.cell_worker is initialized
Jun 18 00:37:46.337336 np0000181689 devstack@n-api-meta.service[112621]: DEBUG oslo_concurrency.lockutils [None req-a032fd11-2cc0-49b8-8d23-f844539f80f1 None None] Acquiring lock "00000000-0000-0000-0000-000000000000" by "nova.context.set_target_cell..get_or_set_cached_cell_and_set_connections" {{(pid=112621) inner /opt/stack/data/venv/lib/python3.12/site-packages/oslo_concurrency/lockutils.py:511}}
Jun 18 00:37:46.337500 np0000181689 devstack@n-api-meta.service[112621]: DEBUG oslo_concurrency.lockutils [None req-a032fd11-2cc0-49b8-8d23-f844539f80f1 None None] Lock "00000000-0000-0000-0000-000000000000" acquired by "nova.context.set_target_cell..get_or_set_cached_cell_and_set_connections" :: waited 0.000s {{(pid=112621) inner /opt/stack/data/venv/lib/python3.12/site-packages/oslo_concurrency/lockutils.py:524}}
Jun 18 00:37:46.337873 np0000181689 devstack@n-api-meta.service[112621]: DEBUG oslo_concurrency.lockutils [None req-a032fd11-2cc0-49b8-8d23-f844539f80f1 None None] Lock "00000000-0000-0000-0000-000000000000" "released" by "nova.context.set_target_cell..get_or_set_cached_cell_and_set_connections" :: held 0.000s {{(pid=112621) inner /opt/stack/data/venv/lib/python3.12/site-packages/oslo_concurrency/lockutils.py:543}}
Jun 18 00:37:46.338601 np0000181689 devstack@n-api-meta.service[112621]: DEBUG oslo_concurrency.lockutils [None req-a032fd11-2cc0-49b8-8d23-f844539f80f1 None None] Acquiring lock "bf1e0d6e-3d70-4937-b193-f684de6c89d2" by "nova.context.set_target_cell..get_or_set_cached_cell_and_set_connections" {{(pid=112621) inner /opt/stack/data/venv/lib/python3.12/site-packages/oslo_concurrency/lockutils.py:511}}
Jun 18 00:37:46.338749 np0000181689 devstack@n-api-meta.service[112621]: DEBUG oslo_concurrency.lockutils [None req-a032fd11-2cc0-49b8-8d23-f844539f80f1 None None] Lock "bf1e0d6e-3d70-4937-b193-f684de6c89d2" acquired by "nova.context.set_target_cell..get_or_set_cached_cell_and_set_connections" :: waited 0.000s {{(pid=112621) inner /opt/stack/data/venv/lib/python3.12/site-packages/oslo_concurrency/lockutils.py:524}}
Jun 18 00:37:46.339941 np0000181689 devstack@n-api-meta.service[112621]: DEBUG oslo_concurrency.lockutils [None req-a032fd11-2cc0-49b8-8d23-f844539f80f1 None None] Lock "bf1e0d6e-3d70-4937-b193-f684de6c89d2" "released" by "nova.context.set_target_cell..get_or_set_cached_cell_and_set_connections" :: held 0.001s {{(pid=112621) inner /opt/stack/data/venv/lib/python3.12/site-packages/oslo_concurrency/lockutils.py:543}}
Jun 18 00:37:46.343407 np0000181689 devstack@n-api-meta.service[112621]: INFO dbcounter [None req-a032fd11-2cc0-49b8-8d23-f844539f80f1 None None] Registered counter for database nova_cell0
Jun 18 00:37:46.346989 np0000181689 devstack@n-api-meta.service[112621]: INFO dbcounter [None req-a032fd11-2cc0-49b8-8d23-f844539f80f1 None None] Registered counter for database nova_cell1
Jun 18 00:37:46.356375 np0000181689 devstack@n-api-meta.service[112624]: INFO dbcounter [None req-76a63fdf-269f-435d-9e69-d9b2eb2384dd None None] Registered counter for database nova_api
Jun 18 00:37:46.362766 np0000181689 devstack@n-api-meta.service[112623]: DEBUG oslo_db.sqlalchemy.engines [None req-18195153-97ea-48f3-a26d-481a92d20670 None None] MySQL server mode set to STRICT_TRANS_TABLES,STRICT_ALL_TABLES,NO_ZERO_IN_DATE,NO_ZERO_DATE,ERROR_FOR_DIVISION_BY_ZERO,TRADITIONAL,NO_ENGINE_SUBSTITUTION {{(pid=112623) _check_effective_sql_mode /opt/stack/data/venv/lib/python3.12/site-packages/oslo_db/sqlalchemy/engines.py:325}}
Jun 18 00:37:46.379941 np0000181689 devstack@n-api-meta.service[112622]: DEBUG oslo_db.sqlalchemy.engines [None req-3ff39ba5-80ad-4cc6-9e45-3ae5ba598915 None None] MySQL server mode set to STRICT_TRANS_TABLES,STRICT_ALL_TABLES,NO_ZERO_IN_DATE,NO_ZERO_DATE,ERROR_FOR_DIVISION_BY_ZERO,TRADITIONAL,NO_ENGINE_SUBSTITUTION {{(pid=112622) _check_effective_sql_mode /opt/stack/data/venv/lib/python3.12/site-packages/oslo_db/sqlalchemy/engines.py:325}}
Jun 18 00:37:46.398127 np0000181689 devstack@n-api-meta.service[112623]: DEBUG dbcounter [-] [112623] Writer thread running {{(pid=112623) stat_writer /opt/stack/data/venv/lib/python3.12/site-packages/dbcounter.py:102}}
Jun 18 00:37:46.398697 np0000181689 devstack@n-api-meta.service[112621]: DEBUG oslo_db.sqlalchemy.engines [None req-a032fd11-2cc0-49b8-8d23-f844539f80f1 None None] MySQL server mode set to STRICT_TRANS_TABLES,STRICT_ALL_TABLES,NO_ZERO_IN_DATE,NO_ZERO_DATE,ERROR_FOR_DIVISION_BY_ZERO,TRADITIONAL,NO_ENGINE_SUBSTITUTION {{(pid=112621) _check_effective_sql_mode /opt/stack/data/venv/lib/python3.12/site-packages/oslo_db/sqlalchemy/engines.py:325}}
Jun 18 00:37:46.400342 np0000181689 devstack@n-api-meta.service[112623]: DEBUG nova.context [None req-18195153-97ea-48f3-a26d-481a92d20670 None None] Found 2 cells: 00000000-0000-0000-0000-000000000000(cell0),bf1e0d6e-3d70-4937-b193-f684de6c89d2(cell1) {{(pid=112623) load_cells /opt/stack/nova/nova/context.py:509}}
Jun 18 00:37:46.400569 np0000181689 devstack@n-api-meta.service[112623]: INFO nova.utils [None req-18195153-97ea-48f3-a26d-481a92d20670 None None] The cell worker thread pool MainProcess.cell_worker is initialized
Jun 18 00:37:46.402353 np0000181689 devstack@n-api-meta.service[112623]: DEBUG oslo_concurrency.lockutils [None req-18195153-97ea-48f3-a26d-481a92d20670 None None] Acquiring lock "00000000-0000-0000-0000-000000000000" by "nova.context.set_target_cell..get_or_set_cached_cell_and_set_connections" {{(pid=112623) inner /opt/stack/data/venv/lib/python3.12/site-packages/oslo_concurrency/lockutils.py:511}}
Jun 18 00:37:46.402535 np0000181689 devstack@n-api-meta.service[112623]: DEBUG oslo_concurrency.lockutils [None req-18195153-97ea-48f3-a26d-481a92d20670 None None] Lock "00000000-0000-0000-0000-000000000000" acquired by "nova.context.set_target_cell..get_or_set_cached_cell_and_set_connections" :: waited 0.000s {{(pid=112623) inner /opt/stack/data/venv/lib/python3.12/site-packages/oslo_concurrency/lockutils.py:524}}
Jun 18 00:37:46.402999 np0000181689 devstack@n-api-meta.service[112623]: DEBUG oslo_concurrency.lockutils [None req-18195153-97ea-48f3-a26d-481a92d20670 None None] Lock "00000000-0000-0000-0000-000000000000" "released" by "nova.context.set_target_cell..get_or_set_cached_cell_and_set_connections" :: held 0.000s {{(pid=112623) inner /opt/stack/data/venv/lib/python3.12/site-packages/oslo_concurrency/lockutils.py:543}}
Jun 18 00:37:46.403991 np0000181689 devstack@n-api-meta.service[112623]: DEBUG oslo_concurrency.lockutils [None req-18195153-97ea-48f3-a26d-481a92d20670 None None] Acquiring lock "bf1e0d6e-3d70-4937-b193-f684de6c89d2" by "nova.context.set_target_cell..get_or_set_cached_cell_and_set_connections" {{(pid=112623) inner /opt/stack/data/venv/lib/python3.12/site-packages/oslo_concurrency/lockutils.py:511}}
Jun 18 00:37:46.406657 np0000181689 devstack@n-api-meta.service[112623]: DEBUG oslo_concurrency.lockutils [None req-18195153-97ea-48f3-a26d-481a92d20670 None None] Lock "bf1e0d6e-3d70-4937-b193-f684de6c89d2" acquired by "nova.context.set_target_cell..get_or_set_cached_cell_and_set_connections" :: waited 0.000s {{(pid=112623) inner /opt/stack/data/venv/lib/python3.12/site-packages/oslo_concurrency/lockutils.py:524}}
Jun 18 00:37:46.408307 np0000181689 devstack@n-api-meta.service[112623]: INFO dbcounter [None req-18195153-97ea-48f3-a26d-481a92d20670 None None] Registered counter for database nova_cell0
Jun 18 00:37:46.410862 np0000181689 devstack@n-api-meta.service[112623]: DEBUG oslo_concurrency.lockutils [None req-18195153-97ea-48f3-a26d-481a92d20670 None None] Lock "bf1e0d6e-3d70-4937-b193-f684de6c89d2" "released" by "nova.context.set_target_cell..get_or_set_cached_cell_and_set_connections" :: held 0.004s {{(pid=112623) inner /opt/stack/data/venv/lib/python3.12/site-packages/oslo_concurrency/lockutils.py:543}}
Jun 18 00:37:46.414617 np0000181689 devstack@n-api-meta.service[112623]: INFO dbcounter [None req-18195153-97ea-48f3-a26d-481a92d20670 None None] Registered counter for database nova_cell1
Jun 18 00:37:46.417390 np0000181689 devstack@n-api-meta.service[112624]: DEBUG oslo_db.sqlalchemy.engines [None req-76a63fdf-269f-435d-9e69-d9b2eb2384dd None None] MySQL server mode set to STRICT_TRANS_TABLES,STRICT_ALL_TABLES,NO_ZERO_IN_DATE,NO_ZERO_DATE,ERROR_FOR_DIVISION_BY_ZERO,TRADITIONAL,NO_ENGINE_SUBSTITUTION {{(pid=112624) _check_effective_sql_mode /opt/stack/data/venv/lib/python3.12/site-packages/oslo_db/sqlalchemy/engines.py:325}}
Jun 18 00:37:46.419903 np0000181689 devstack@n-api-meta.service[112621]: DEBUG oslo_db.sqlalchemy.engines [None req-a032fd11-2cc0-49b8-8d23-f844539f80f1 None None] MySQL server mode set to STRICT_TRANS_TABLES,STRICT_ALL_TABLES,NO_ZERO_IN_DATE,NO_ZERO_DATE,ERROR_FOR_DIVISION_BY_ZERO,TRADITIONAL,NO_ENGINE_SUBSTITUTION {{(pid=112621) _check_effective_sql_mode /opt/stack/data/venv/lib/python3.12/site-packages/oslo_db/sqlalchemy/engines.py:325}}
Jun 18 00:37:46.420332 np0000181689 devstack@n-api-meta.service[112622]: DEBUG dbcounter [-] [112622] Writer thread running {{(pid=112622) stat_writer /opt/stack/data/venv/lib/python3.12/site-packages/dbcounter.py:102}}
Jun 18 00:37:46.423542 np0000181689 devstack@n-api-meta.service[112622]: DEBUG nova.context [None req-3ff39ba5-80ad-4cc6-9e45-3ae5ba598915 None None] Found 2 cells: 00000000-0000-0000-0000-000000000000(cell0),bf1e0d6e-3d70-4937-b193-f684de6c89d2(cell1) {{(pid=112622) load_cells /opt/stack/nova/nova/context.py:509}}
Jun 18 00:37:46.423840 np0000181689 devstack@n-api-meta.service[112622]: INFO nova.utils [None req-3ff39ba5-80ad-4cc6-9e45-3ae5ba598915 None None] The cell worker thread pool MainProcess.cell_worker is initialized
Jun 18 00:37:46.426119 np0000181689 devstack@n-api-meta.service[112622]: DEBUG oslo_concurrency.lockutils [None req-3ff39ba5-80ad-4cc6-9e45-3ae5ba598915 None None] Acquiring lock "00000000-0000-0000-0000-000000000000" by "nova.context.set_target_cell..get_or_set_cached_cell_and_set_connections" {{(pid=112622) inner /opt/stack/data/venv/lib/python3.12/site-packages/oslo_concurrency/lockutils.py:511}}
Jun 18 00:37:46.426409 np0000181689 devstack@n-api-meta.service[112622]: DEBUG oslo_concurrency.lockutils [None req-3ff39ba5-80ad-4cc6-9e45-3ae5ba598915 None None] Lock "00000000-0000-0000-0000-000000000000" acquired by "nova.context.set_target_cell..get_or_set_cached_cell_and_set_connections" :: waited 0.000s {{(pid=112622) inner /opt/stack/data/venv/lib/python3.12/site-packages/oslo_concurrency/lockutils.py:524}}
Jun 18 00:37:46.426933 np0000181689 devstack@n-api-meta.service[112622]: DEBUG oslo_concurrency.lockutils [None req-3ff39ba5-80ad-4cc6-9e45-3ae5ba598915 None None] Lock "00000000-0000-0000-0000-000000000000" "released" by "nova.context.set_target_cell..get_or_set_cached_cell_and_set_connections" :: held 0.001s {{(pid=112622) inner /opt/stack/data/venv/lib/python3.12/site-packages/oslo_concurrency/lockutils.py:543}}
Jun 18 00:37:46.427672 np0000181689 devstack@n-api-meta.service[112622]: DEBUG oslo_concurrency.lockutils [None req-3ff39ba5-80ad-4cc6-9e45-3ae5ba598915 None None] Acquiring lock "bf1e0d6e-3d70-4937-b193-f684de6c89d2" by "nova.context.set_target_cell..get_or_set_cached_cell_and_set_connections" {{(pid=112622) inner /opt/stack/data/venv/lib/python3.12/site-packages/oslo_concurrency/lockutils.py:511}}
Jun 18 00:37:46.429883 np0000181689 devstack@n-api-meta.service[112622]: INFO dbcounter [None req-3ff39ba5-80ad-4cc6-9e45-3ae5ba598915 None None] Registered counter for database nova_cell0
Jun 18 00:37:46.431851 np0000181689 devstack@n-api-meta.service[112622]: DEBUG oslo_concurrency.lockutils [None req-3ff39ba5-80ad-4cc6-9e45-3ae5ba598915 None None] Lock "bf1e0d6e-3d70-4937-b193-f684de6c89d2" acquired by "nova.context.set_target_cell..get_or_set_cached_cell_and_set_connections" :: waited 0.002s {{(pid=112622) inner /opt/stack/data/venv/lib/python3.12/site-packages/oslo_concurrency/lockutils.py:524}}
Jun 18 00:37:46.434140 np0000181689 devstack@n-api-meta.service[112622]: DEBUG oslo_concurrency.lockutils [None req-3ff39ba5-80ad-4cc6-9e45-3ae5ba598915 None None] Lock "bf1e0d6e-3d70-4937-b193-f684de6c89d2" "released" by "nova.context.set_target_cell..get_or_set_cached_cell_and_set_connections" :: held 0.004s {{(pid=112622) inner /opt/stack/data/venv/lib/python3.12/site-packages/oslo_concurrency/lockutils.py:543}}
Jun 18 00:37:46.437849 np0000181689 devstack@n-api-meta.service[112622]: INFO dbcounter [None req-3ff39ba5-80ad-4cc6-9e45-3ae5ba598915 None None] Registered counter for database nova_cell1
Jun 18 00:37:46.462059 np0000181689 devstack@n-api-meta.service[112624]: DEBUG dbcounter [-] [112624] Writer thread running {{(pid=112624) stat_writer /opt/stack/data/venv/lib/python3.12/site-packages/dbcounter.py:102}}
Jun 18 00:37:46.465375 np0000181689 devstack@n-api-meta.service[112624]: DEBUG nova.context [None req-76a63fdf-269f-435d-9e69-d9b2eb2384dd None None] Found 2 cells: 00000000-0000-0000-0000-000000000000(cell0),bf1e0d6e-3d70-4937-b193-f684de6c89d2(cell1) {{(pid=112624) load_cells /opt/stack/nova/nova/context.py:509}}
Jun 18 00:37:46.465688 np0000181689 devstack@n-api-meta.service[112624]: INFO nova.utils [None req-76a63fdf-269f-435d-9e69-d9b2eb2384dd None None] The cell worker thread pool MainProcess.cell_worker is initialized
Jun 18 00:37:46.468561 np0000181689 devstack@n-api-meta.service[112624]: DEBUG oslo_concurrency.lockutils [None req-76a63fdf-269f-435d-9e69-d9b2eb2384dd None None] Acquiring lock "00000000-0000-0000-0000-000000000000" by "nova.context.set_target_cell..get_or_set_cached_cell_and_set_connections" {{(pid=112624) inner /opt/stack/data/venv/lib/python3.12/site-packages/oslo_concurrency/lockutils.py:511}}
Jun 18 00:37:46.468561 np0000181689 devstack@n-api-meta.service[112624]: DEBUG oslo_concurrency.lockutils [None req-76a63fdf-269f-435d-9e69-d9b2eb2384dd None None] Lock "00000000-0000-0000-0000-000000000000" acquired by "nova.context.set_target_cell..get_or_set_cached_cell_and_set_connections" :: waited 0.000s {{(pid=112624) inner /opt/stack/data/venv/lib/python3.12/site-packages/oslo_concurrency/lockutils.py:524}}
Jun 18 00:37:46.469013 np0000181689 devstack@n-api-meta.service[112624]: DEBUG oslo_concurrency.lockutils [None req-76a63fdf-269f-435d-9e69-d9b2eb2384dd None None] Lock "00000000-0000-0000-0000-000000000000" "released" by "nova.context.set_target_cell..get_or_set_cached_cell_and_set_connections" :: held 0.001s {{(pid=112624) inner /opt/stack/data/venv/lib/python3.12/site-packages/oslo_concurrency/lockutils.py:543}}
Jun 18 00:37:46.469908 np0000181689 devstack@n-api-meta.service[112624]: DEBUG oslo_concurrency.lockutils [None req-76a63fdf-269f-435d-9e69-d9b2eb2384dd None None] Acquiring lock "bf1e0d6e-3d70-4937-b193-f684de6c89d2" by "nova.context.set_target_cell..get_or_set_cached_cell_and_set_connections" {{(pid=112624) inner /opt/stack/data/venv/lib/python3.12/site-packages/oslo_concurrency/lockutils.py:511}}
Jun 18 00:37:46.470023 np0000181689 devstack@n-api-meta.service[112624]: DEBUG oslo_concurrency.lockutils [None req-76a63fdf-269f-435d-9e69-d9b2eb2384dd None None] Lock "bf1e0d6e-3d70-4937-b193-f684de6c89d2" acquired by "nova.context.set_target_cell..get_or_set_cached_cell_and_set_connections" :: waited 0.000s {{(pid=112624) inner /opt/stack/data/venv/lib/python3.12/site-packages/oslo_concurrency/lockutils.py:524}}
Jun 18 00:37:46.471310 np0000181689 devstack@n-api-meta.service[112624]: DEBUG oslo_concurrency.lockutils [None req-76a63fdf-269f-435d-9e69-d9b2eb2384dd None None] Lock "bf1e0d6e-3d70-4937-b193-f684de6c89d2" "released" by "nova.context.set_target_cell..get_or_set_cached_cell_and_set_connections" :: held 0.001s {{(pid=112624) inner /opt/stack/data/venv/lib/python3.12/site-packages/oslo_concurrency/lockutils.py:543}}
Jun 18 00:37:46.471598 np0000181689 devstack@n-api-meta.service[112623]: DEBUG oslo_db.sqlalchemy.engines [None req-18195153-97ea-48f3-a26d-481a92d20670 None None] MySQL server mode set to STRICT_TRANS_TABLES,STRICT_ALL_TABLES,NO_ZERO_IN_DATE,NO_ZERO_DATE,ERROR_FOR_DIVISION_BY_ZERO,TRADITIONAL,NO_ENGINE_SUBSTITUTION {{(pid=112623) _check_effective_sql_mode /opt/stack/data/venv/lib/python3.12/site-packages/oslo_db/sqlalchemy/engines.py:325}}
Jun 18 00:37:46.473833 np0000181689 devstack@n-api-meta.service[112624]: INFO dbcounter [None req-76a63fdf-269f-435d-9e69-d9b2eb2384dd None None] Registered counter for database nova_cell0
Jun 18 00:37:46.479106 np0000181689 devstack@n-api-meta.service[112624]: INFO dbcounter [None req-76a63fdf-269f-435d-9e69-d9b2eb2384dd None None] Registered counter for database nova_cell1
Jun 18 00:37:46.483363 np0000181689 devstack@n-api-meta.service[112623]: DEBUG oslo_db.sqlalchemy.engines [None req-18195153-97ea-48f3-a26d-481a92d20670 None None] MySQL server mode set to STRICT_TRANS_TABLES,STRICT_ALL_TABLES,NO_ZERO_IN_DATE,NO_ZERO_DATE,ERROR_FOR_DIVISION_BY_ZERO,TRADITIONAL,NO_ENGINE_SUBSTITUTION {{(pid=112623) _check_effective_sql_mode /opt/stack/data/venv/lib/python3.12/site-packages/oslo_db/sqlalchemy/engines.py:325}}
Jun 18 00:37:46.492601 np0000181689 devstack@n-api-meta.service[112622]: DEBUG oslo_db.sqlalchemy.engines [None req-3ff39ba5-80ad-4cc6-9e45-3ae5ba598915 None None] MySQL server mode set to STRICT_TRANS_TABLES,STRICT_ALL_TABLES,NO_ZERO_IN_DATE,NO_ZERO_DATE,ERROR_FOR_DIVISION_BY_ZERO,TRADITIONAL,NO_ENGINE_SUBSTITUTION {{(pid=112622) _check_effective_sql_mode /opt/stack/data/venv/lib/python3.12/site-packages/oslo_db/sqlalchemy/engines.py:325}}
Jun 18 00:37:46.497748 np0000181689 devstack@n-api-meta.service[112622]: DEBUG oslo_db.sqlalchemy.engines [None req-3ff39ba5-80ad-4cc6-9e45-3ae5ba598915 None None] MySQL server mode set to STRICT_TRANS_TABLES,STRICT_ALL_TABLES,NO_ZERO_IN_DATE,NO_ZERO_DATE,ERROR_FOR_DIVISION_BY_ZERO,TRADITIONAL,NO_ENGINE_SUBSTITUTION {{(pid=112622) _check_effective_sql_mode /opt/stack/data/venv/lib/python3.12/site-packages/oslo_db/sqlalchemy/engines.py:325}}
Jun 18 00:37:46.511681 np0000181689 devstack@n-api-meta.service[112621]: DEBUG dbcounter [-] [112621] Writer thread running {{(pid=112621) stat_writer /opt/stack/data/venv/lib/python3.12/site-packages/dbcounter.py:102}}
Jun 18 00:37:46.515561 np0000181689 devstack@n-api-meta.service[112621]: DEBUG dbcounter [-] [112621] Writer thread running {{(pid=112621) stat_writer /opt/stack/data/venv/lib/python3.12/site-packages/dbcounter.py:102}}
Jun 18 00:37:46.519259 np0000181689 devstack@n-api-meta.service[112621]: INFO dbcounter [None req-a032fd11-2cc0-49b8-8d23-f844539f80f1 None None] Registered counter for database nova_cell0
Jun 18 00:37:46.528785 np0000181689 devstack@n-api-meta.service[112624]: DEBUG oslo_db.sqlalchemy.engines [None req-76a63fdf-269f-435d-9e69-d9b2eb2384dd None None] MySQL server mode set to STRICT_TRANS_TABLES,STRICT_ALL_TABLES,NO_ZERO_IN_DATE,NO_ZERO_DATE,ERROR_FOR_DIVISION_BY_ZERO,TRADITIONAL,NO_ENGINE_SUBSTITUTION {{(pid=112624) _check_effective_sql_mode /opt/stack/data/venv/lib/python3.12/site-packages/oslo_db/sqlalchemy/engines.py:325}}
Jun 18 00:37:46.565632 np0000181689 devstack@n-api-meta.service[112623]: DEBUG dbcounter [-] [112623] Writer thread running {{(pid=112623) stat_writer /opt/stack/data/venv/lib/python3.12/site-packages/dbcounter.py:102}}
Jun 18 00:37:46.574821 np0000181689 devstack@n-api-meta.service[112621]: DEBUG oslo_db.sqlalchemy.engines [None req-a032fd11-2cc0-49b8-8d23-f844539f80f1 None None] MySQL server mode set to STRICT_TRANS_TABLES,STRICT_ALL_TABLES,NO_ZERO_IN_DATE,NO_ZERO_DATE,ERROR_FOR_DIVISION_BY_ZERO,TRADITIONAL,NO_ENGINE_SUBSTITUTION {{(pid=112621) _check_effective_sql_mode /opt/stack/data/venv/lib/python3.12/site-packages/oslo_db/sqlalchemy/engines.py:325}}
Jun 18 00:37:46.575018 np0000181689 devstack@n-api-meta.service[112623]: DEBUG dbcounter [-] [112623] Writer thread running {{(pid=112623) stat_writer /opt/stack/data/venv/lib/python3.12/site-packages/dbcounter.py:102}}
Jun 18 00:37:46.580034 np0000181689 devstack@n-api-meta.service[112623]: INFO dbcounter [None req-18195153-97ea-48f3-a26d-481a92d20670 None None] Registered counter for database nova_cell0
Jun 18 00:37:46.583579 np0000181689 devstack@n-api-meta.service[112621]: DEBUG dbcounter [-] [112621] Writer thread running {{(pid=112621) stat_writer /opt/stack/data/venv/lib/python3.12/site-packages/dbcounter.py:102}}
Jun 18 00:37:46.591624 np0000181689 devstack@n-api-meta.service[112624]: DEBUG oslo_db.sqlalchemy.engines [None req-76a63fdf-269f-435d-9e69-d9b2eb2384dd None None] MySQL server mode set to STRICT_TRANS_TABLES,STRICT_ALL_TABLES,NO_ZERO_IN_DATE,NO_ZERO_DATE,ERROR_FOR_DIVISION_BY_ZERO,TRADITIONAL,NO_ENGINE_SUBSTITUTION {{(pid=112624) _check_effective_sql_mode /opt/stack/data/venv/lib/python3.12/site-packages/oslo_db/sqlalchemy/engines.py:325}}
Jun 18 00:37:46.598158 np0000181689 devstack@n-api-meta.service[112622]: DEBUG dbcounter [-] [112622] Writer thread running {{(pid=112622) stat_writer /opt/stack/data/venv/lib/python3.12/site-packages/dbcounter.py:102}}
Jun 18 00:37:46.604557 np0000181689 devstack@n-api-meta.service[112622]: DEBUG dbcounter [-] [112622] Writer thread running {{(pid=112622) stat_writer /opt/stack/data/venv/lib/python3.12/site-packages/dbcounter.py:102}}
Jun 18 00:37:46.611105 np0000181689 devstack@n-api-meta.service[112622]: INFO dbcounter [None req-3ff39ba5-80ad-4cc6-9e45-3ae5ba598915 None None] Registered counter for database nova_cell0
Jun 18 00:37:46.615112 np0000181689 devstack@n-api-meta.service[112624]: DEBUG dbcounter [-] [112624] Writer thread running {{(pid=112624) stat_writer /opt/stack/data/venv/lib/python3.12/site-packages/dbcounter.py:102}}
Jun 18 00:37:46.623337 np0000181689 devstack@n-api-meta.service[112624]: DEBUG dbcounter [-] [112624] Writer thread running {{(pid=112624) stat_writer /opt/stack/data/venv/lib/python3.12/site-packages/dbcounter.py:102}}
Jun 18 00:37:46.626460 np0000181689 devstack@n-api-meta.service[112623]: DEBUG oslo_db.sqlalchemy.engines [None req-18195153-97ea-48f3-a26d-481a92d20670 None None] MySQL server mode set to STRICT_TRANS_TABLES,STRICT_ALL_TABLES,NO_ZERO_IN_DATE,NO_ZERO_DATE,ERROR_FOR_DIVISION_BY_ZERO,TRADITIONAL,NO_ENGINE_SUBSTITUTION {{(pid=112623) _check_effective_sql_mode /opt/stack/data/venv/lib/python3.12/site-packages/oslo_db/sqlalchemy/engines.py:325}}
Jun 18 00:37:46.627732 np0000181689 devstack@n-api-meta.service[112621]: WARNING nova.api.metadata.handler [None req-a032fd11-2cc0-49b8-8d23-f844539f80f1 None None] metadata_proxy_shared_secret is not configured, the metadata information returned by the proxy cannot be trusted
Jun 18 00:37:46.630096 np0000181689 devstack@n-api-meta.service[112621]: DEBUG nova.api.openstack.wsgi_app [None req-a032fd11-2cc0-49b8-8d23-f844539f80f1 None None] ******************************************************************************** {{(pid=112621) log_opt_values /opt/stack/data/venv/lib/python3.12/site-packages/oslo_config/cfg.py:3226}}
Jun 18 00:37:46.630246 np0000181689 devstack@n-api-meta.service[112621]: DEBUG nova.api.openstack.wsgi_app [None req-a032fd11-2cc0-49b8-8d23-f844539f80f1 None None] Configuration options gathered from: {{(pid=112621) log_opt_values /opt/stack/data/venv/lib/python3.12/site-packages/oslo_config/cfg.py:3227}}
Jun 18 00:37:46.630350 np0000181689 devstack@n-api-meta.service[112621]: DEBUG nova.api.openstack.wsgi_app [None req-a032fd11-2cc0-49b8-8d23-f844539f80f1 None None] command line args: [] {{(pid=112621) log_opt_values /opt/stack/data/venv/lib/python3.12/site-packages/oslo_config/cfg.py:3228}}
Jun 18 00:37:46.630523 np0000181689 devstack@n-api-meta.service[112621]: DEBUG nova.api.openstack.wsgi_app [None req-a032fd11-2cc0-49b8-8d23-f844539f80f1 None None] config files: ['/etc/nova/api-paste.ini', '/etc/nova/nova.conf'] {{(pid=112621) log_opt_values /opt/stack/data/venv/lib/python3.12/site-packages/oslo_config/cfg.py:3229}}
Jun 18 00:37:46.630624 np0000181689 devstack@n-api-meta.service[112621]: DEBUG nova.api.openstack.wsgi_app [None req-a032fd11-2cc0-49b8-8d23-f844539f80f1 None None] ================================================================================ {{(pid=112621) log_opt_values /opt/stack/data/venv/lib/python3.12/site-packages/oslo_config/cfg.py:3234}}
Jun 18 00:37:46.630785 np0000181689 devstack@n-api-meta.service[112621]: DEBUG nova.api.openstack.wsgi_app [None req-a032fd11-2cc0-49b8-8d23-f844539f80f1 None None] allow_resize_to_same_host = True {{(pid=112621) log_opt_values /opt/stack/data/venv/lib/python3.12/site-packages/oslo_config/cfg.py:3242}}
Jun 18 00:37:46.630916 np0000181689 devstack@n-api-meta.service[112621]: DEBUG nova.api.openstack.wsgi_app [None req-a032fd11-2cc0-49b8-8d23-f844539f80f1 None None] arq_binding_timeout = 300 {{(pid=112621) log_opt_values /opt/stack/data/venv/lib/python3.12/site-packages/oslo_config/cfg.py:3242}}
Jun 18 00:37:46.631087 np0000181689 devstack@n-api-meta.service[112621]: DEBUG nova.api.openstack.wsgi_app [None req-a032fd11-2cc0-49b8-8d23-f844539f80f1 None None] block_device_allocate_retries = 60 {{(pid=112621) log_opt_values /opt/stack/data/venv/lib/python3.12/site-packages/oslo_config/cfg.py:3242}}
Jun 18 00:37:46.631255 np0000181689 devstack@n-api-meta.service[112621]: DEBUG nova.api.openstack.wsgi_app [None req-a032fd11-2cc0-49b8-8d23-f844539f80f1 None None] block_device_allocate_retries_interval = 3 {{(pid=112621) log_opt_values /opt/stack/data/venv/lib/python3.12/site-packages/oslo_config/cfg.py:3242}}
Jun 18 00:37:46.631354 np0000181689 devstack@n-api-meta.service[112621]: DEBUG nova.api.openstack.wsgi_app [None req-a032fd11-2cc0-49b8-8d23-f844539f80f1 None None] cell_worker_thread_pool_size = 5 {{(pid=112621) log_opt_values /opt/stack/data/venv/lib/python3.12/site-packages/oslo_config/cfg.py:3242}}
Jun 18 00:37:46.631441 np0000181689 devstack@n-api-meta.service[112624]: INFO dbcounter [None req-76a63fdf-269f-435d-9e69-d9b2eb2384dd None None] Registered counter for database nova_cell0
Jun 18 00:37:46.631523 np0000181689 devstack@n-api-meta.service[112621]: DEBUG nova.api.openstack.wsgi_app [None req-a032fd11-2cc0-49b8-8d23-f844539f80f1 None None] cert = self.pem {{(pid=112621) log_opt_values /opt/stack/data/venv/lib/python3.12/site-packages/oslo_config/cfg.py:3242}}
Jun 18 00:37:46.631815 np0000181689 devstack@n-api-meta.service[112621]: DEBUG nova.api.openstack.wsgi_app [None req-a032fd11-2cc0-49b8-8d23-f844539f80f1 None None] compute_driver = libvirt.LibvirtDriver {{(pid=112621) log_opt_values /opt/stack/data/venv/lib/python3.12/site-packages/oslo_config/cfg.py:3242}}
Jun 18 00:37:46.631815 np0000181689 devstack@n-api-meta.service[112621]: DEBUG nova.api.openstack.wsgi_app [None req-a032fd11-2cc0-49b8-8d23-f844539f80f1 None None] compute_monitors = [] {{(pid=112621) log_opt_values /opt/stack/data/venv/lib/python3.12/site-packages/oslo_config/cfg.py:3242}}
Jun 18 00:37:46.631998 np0000181689 devstack@n-api-meta.service[112621]: DEBUG nova.api.openstack.wsgi_app [None req-a032fd11-2cc0-49b8-8d23-f844539f80f1 None None] config_dir = [] {{(pid=112621) log_opt_values /opt/stack/data/venv/lib/python3.12/site-packages/oslo_config/cfg.py:3242}}
Jun 18 00:37:46.631998 np0000181689 devstack@n-api-meta.service[112621]: DEBUG nova.api.openstack.wsgi_app [None req-a032fd11-2cc0-49b8-8d23-f844539f80f1 None None] config_drive_format = iso9660 {{(pid=112621) log_opt_values /opt/stack/data/venv/lib/python3.12/site-packages/oslo_config/cfg.py:3242}}
Jun 18 00:37:46.632163 np0000181689 devstack@n-api-meta.service[112621]: DEBUG nova.api.openstack.wsgi_app [None req-a032fd11-2cc0-49b8-8d23-f844539f80f1 None None] config_file = ['/etc/nova/api-paste.ini', '/etc/nova/nova.conf'] {{(pid=112621) log_opt_values /opt/stack/data/venv/lib/python3.12/site-packages/oslo_config/cfg.py:3242}}
Jun 18 00:37:46.632307 np0000181689 devstack@n-api-meta.service[112621]: DEBUG nova.api.openstack.wsgi_app [None req-a032fd11-2cc0-49b8-8d23-f844539f80f1 None None] config_source = [] {{(pid=112621) log_opt_values /opt/stack/data/venv/lib/python3.12/site-packages/oslo_config/cfg.py:3242}}
Jun 18 00:37:46.632428 np0000181689 devstack@n-api-meta.service[112621]: DEBUG nova.api.openstack.wsgi_app [None req-a032fd11-2cc0-49b8-8d23-f844539f80f1 None None] console_host = np0000181689 {{(pid=112621) log_opt_values /opt/stack/data/venv/lib/python3.12/site-packages/oslo_config/cfg.py:3242}}
Jun 18 00:37:46.632563 np0000181689 devstack@n-api-meta.service[112621]: DEBUG nova.api.openstack.wsgi_app [None req-a032fd11-2cc0-49b8-8d23-f844539f80f1 None None] control_exchange = nova {{(pid=112621) log_opt_values /opt/stack/data/venv/lib/python3.12/site-packages/oslo_config/cfg.py:3242}}
Jun 18 00:37:46.632730 np0000181689 devstack@n-api-meta.service[112621]: DEBUG nova.api.openstack.wsgi_app [None req-a032fd11-2cc0-49b8-8d23-f844539f80f1 None None] cpu_allocation_ratio = None {{(pid=112621) log_opt_values /opt/stack/data/venv/lib/python3.12/site-packages/oslo_config/cfg.py:3242}}
Jun 18 00:37:46.632819 np0000181689 devstack@n-api-meta.service[112621]: DEBUG nova.api.openstack.wsgi_app [None req-a032fd11-2cc0-49b8-8d23-f844539f80f1 None None] daemon = False {{(pid=112621) log_opt_values /opt/stack/data/venv/lib/python3.12/site-packages/oslo_config/cfg.py:3242}}
Jun 18 00:37:46.632962 np0000181689 devstack@n-api-meta.service[112621]: DEBUG nova.api.openstack.wsgi_app [None req-a032fd11-2cc0-49b8-8d23-f844539f80f1 None None] debug = True {{(pid=112621) log_opt_values /opt/stack/data/venv/lib/python3.12/site-packages/oslo_config/cfg.py:3242}}
Jun 18 00:37:46.633069 np0000181689 devstack@n-api-meta.service[112621]: DEBUG nova.api.openstack.wsgi_app [None req-a032fd11-2cc0-49b8-8d23-f844539f80f1 None None] default_access_ip_network_name = None {{(pid=112621) log_opt_values /opt/stack/data/venv/lib/python3.12/site-packages/oslo_config/cfg.py:3242}}
Jun 18 00:37:46.633271 np0000181689 devstack@n-api-meta.service[112621]: DEBUG nova.api.openstack.wsgi_app [None req-a032fd11-2cc0-49b8-8d23-f844539f80f1 None None] default_availability_zone = nova {{(pid=112621) log_opt_values /opt/stack/data/venv/lib/python3.12/site-packages/oslo_config/cfg.py:3242}}
Jun 18 00:37:46.633378 np0000181689 devstack@n-api-meta.service[112621]: DEBUG nova.api.openstack.wsgi_app [None req-a032fd11-2cc0-49b8-8d23-f844539f80f1 None None] default_ephemeral_format = ext4 {{(pid=112621) log_opt_values /opt/stack/data/venv/lib/python3.12/site-packages/oslo_config/cfg.py:3242}}
Jun 18 00:37:46.633533 np0000181689 devstack@n-api-meta.service[112621]: DEBUG nova.api.openstack.wsgi_app [None req-a032fd11-2cc0-49b8-8d23-f844539f80f1 None None] default_green_pool_size = 1000 {{(pid=112621) log_opt_values /opt/stack/data/venv/lib/python3.12/site-packages/oslo_config/cfg.py:3242}}
Jun 18 00:37:46.633775 np0000181689 devstack@n-api-meta.service[112621]: DEBUG nova.api.openstack.wsgi_app [None req-a032fd11-2cc0-49b8-8d23-f844539f80f1 None None] default_log_levels = ['amqp=WARN', 'boto=WARN', 'sqlalchemy=WARN', 'suds=INFO', 'oslo.messaging=INFO', 'oslo_messaging=INFO', 'iso8601=WARN', 'requests.packages.urllib3.connectionpool=WARN', 'urllib3.connectionpool=WARN', 'websocket=WARN', 'requests.packages.urllib3.util.retry=WARN', 'urllib3.util.retry=WARN', 'keystonemiddleware=WARN', 'routes.middleware=WARN', 'stevedore=WARN', 'taskflow=WARN', 'keystoneauth=WARN', 'oslo.cache=INFO', 'oslo_policy=INFO', 'dogpile.core.dogpile=INFO', 'glanceclient=WARN', 'oslo.privsep.daemon=INFO'] {{(pid=112621) log_opt_values /opt/stack/data/venv/lib/python3.12/site-packages/oslo_config/cfg.py:3242}}
Jun 18 00:37:46.633972 np0000181689 devstack@n-api-meta.service[112621]: DEBUG nova.api.openstack.wsgi_app [None req-a032fd11-2cc0-49b8-8d23-f844539f80f1 None None] default_schedule_zone = None {{(pid=112621) log_opt_values /opt/stack/data/venv/lib/python3.12/site-packages/oslo_config/cfg.py:3242}}
Jun 18 00:37:46.634069 np0000181689 devstack@n-api-meta.service[112621]: DEBUG nova.api.openstack.wsgi_app [None req-a032fd11-2cc0-49b8-8d23-f844539f80f1 None None] default_thread_pool_size = 10 {{(pid=112621) log_opt_values /opt/stack/data/venv/lib/python3.12/site-packages/oslo_config/cfg.py:3242}}
Jun 18 00:37:46.634152 np0000181689 devstack@n-api-meta.service[112621]: DEBUG nova.api.openstack.wsgi_app [None req-a032fd11-2cc0-49b8-8d23-f844539f80f1 None None] disk_allocation_ratio = None {{(pid=112621) log_opt_values /opt/stack/data/venv/lib/python3.12/site-packages/oslo_config/cfg.py:3242}}
Jun 18 00:37:46.634288 np0000181689 devstack@n-api-meta.service[112621]: DEBUG nova.api.openstack.wsgi_app [None req-a032fd11-2cc0-49b8-8d23-f844539f80f1 None None] enable_new_services = True {{(pid=112621) log_opt_values /opt/stack/data/venv/lib/python3.12/site-packages/oslo_config/cfg.py:3242}}
Jun 18 00:37:46.634385 np0000181689 devstack@n-api-meta.service[112623]: DEBUG dbcounter [-] [112623] Writer thread running {{(pid=112623) stat_writer /opt/stack/data/venv/lib/python3.12/site-packages/dbcounter.py:102}}
Jun 18 00:37:46.634469 np0000181689 devstack@n-api-meta.service[112621]: DEBUG nova.api.openstack.wsgi_app [None req-a032fd11-2cc0-49b8-8d23-f844539f80f1 None None] flat_injected = False {{(pid=112621) log_opt_values /opt/stack/data/venv/lib/python3.12/site-packages/oslo_config/cfg.py:3242}}
Jun 18 00:37:46.634555 np0000181689 devstack@n-api-meta.service[112621]: DEBUG nova.api.openstack.wsgi_app [None req-a032fd11-2cc0-49b8-8d23-f844539f80f1 None None] force_config_drive = False {{(pid=112621) log_opt_values /opt/stack/data/venv/lib/python3.12/site-packages/oslo_config/cfg.py:3242}}
Jun 18 00:37:46.634667 np0000181689 devstack@n-api-meta.service[112621]: DEBUG nova.api.openstack.wsgi_app [None req-a032fd11-2cc0-49b8-8d23-f844539f80f1 None None] force_raw_images = True {{(pid=112621) log_opt_values /opt/stack/data/venv/lib/python3.12/site-packages/oslo_config/cfg.py:3242}}
Jun 18 00:37:46.634770 np0000181689 devstack@n-api-meta.service[112621]: DEBUG nova.api.openstack.wsgi_app [None req-a032fd11-2cc0-49b8-8d23-f844539f80f1 None None] graceful_shutdown_timeout = 5 {{(pid=112621) log_opt_values /opt/stack/data/venv/lib/python3.12/site-packages/oslo_config/cfg.py:3242}}
Jun 18 00:37:46.634922 np0000181689 devstack@n-api-meta.service[112621]: DEBUG nova.api.openstack.wsgi_app [None req-a032fd11-2cc0-49b8-8d23-f844539f80f1 None None] heal_instance_info_cache_interval = -1 {{(pid=112621) log_opt_values /opt/stack/data/venv/lib/python3.12/site-packages/oslo_config/cfg.py:3242}}
Jun 18 00:37:46.635177 np0000181689 devstack@n-api-meta.service[112621]: DEBUG nova.api.openstack.wsgi_app [None req-a032fd11-2cc0-49b8-8d23-f844539f80f1 None None] host = np0000181689 {{(pid=112621) log_opt_values /opt/stack/data/venv/lib/python3.12/site-packages/oslo_config/cfg.py:3242}}
Jun 18 00:37:46.635330 np0000181689 devstack@n-api-meta.service[112621]: DEBUG nova.api.openstack.wsgi_app [None req-a032fd11-2cc0-49b8-8d23-f844539f80f1 None None] initial_cpu_allocation_ratio = 4.0 {{(pid=112621) log_opt_values /opt/stack/data/venv/lib/python3.12/site-packages/oslo_config/cfg.py:3242}}
Jun 18 00:37:46.635443 np0000181689 devstack@n-api-meta.service[112621]: DEBUG nova.api.openstack.wsgi_app [None req-a032fd11-2cc0-49b8-8d23-f844539f80f1 None None] initial_disk_allocation_ratio = 1.0 {{(pid=112621) log_opt_values /opt/stack/data/venv/lib/python3.12/site-packages/oslo_config/cfg.py:3242}}
Jun 18 00:37:46.635621 np0000181689 devstack@n-api-meta.service[112621]: DEBUG nova.api.openstack.wsgi_app [None req-a032fd11-2cc0-49b8-8d23-f844539f80f1 None None] initial_ram_allocation_ratio = 1.0 {{(pid=112621) log_opt_values /opt/stack/data/venv/lib/python3.12/site-packages/oslo_config/cfg.py:3242}}
Jun 18 00:37:46.635883 np0000181689 devstack@n-api-meta.service[112621]: DEBUG nova.api.openstack.wsgi_app [None req-a032fd11-2cc0-49b8-8d23-f844539f80f1 None None] injected_network_template = /opt/stack/nova/nova/virt/interfaces.template {{(pid=112621) log_opt_values /opt/stack/data/venv/lib/python3.12/site-packages/oslo_config/cfg.py:3242}}
Jun 18 00:37:46.635970 np0000181689 devstack@n-api-meta.service[112621]: DEBUG nova.api.openstack.wsgi_app [None req-a032fd11-2cc0-49b8-8d23-f844539f80f1 None None] instance_build_timeout = 0 {{(pid=112621) log_opt_values /opt/stack/data/venv/lib/python3.12/site-packages/oslo_config/cfg.py:3242}}
Jun 18 00:37:46.636245 np0000181689 devstack@n-api-meta.service[112621]: DEBUG nova.api.openstack.wsgi_app [None req-a032fd11-2cc0-49b8-8d23-f844539f80f1 None None] instance_delete_interval = 300 {{(pid=112621) log_opt_values /opt/stack/data/venv/lib/python3.12/site-packages/oslo_config/cfg.py:3242}}
Jun 18 00:37:46.636245 np0000181689 devstack@n-api-meta.service[112621]: DEBUG nova.api.openstack.wsgi_app [None req-a032fd11-2cc0-49b8-8d23-f844539f80f1 None None] instance_format = [instance: %(uuid)s] {{(pid=112621) log_opt_values /opt/stack/data/venv/lib/python3.12/site-packages/oslo_config/cfg.py:3242}}
Jun 18 00:37:46.636395 np0000181689 devstack@n-api-meta.service[112621]: DEBUG nova.api.openstack.wsgi_app [None req-a032fd11-2cc0-49b8-8d23-f844539f80f1 None None] instance_name_template = instance-%08x {{(pid=112621) log_opt_values /opt/stack/data/venv/lib/python3.12/site-packages/oslo_config/cfg.py:3242}}
Jun 18 00:37:46.636671 np0000181689 devstack@n-api-meta.service[112621]: DEBUG nova.api.openstack.wsgi_app [None req-a032fd11-2cc0-49b8-8d23-f844539f80f1 None None] instance_usage_audit = False {{(pid=112621) log_opt_values /opt/stack/data/venv/lib/python3.12/site-packages/oslo_config/cfg.py:3242}}
Jun 18 00:37:46.636671 np0000181689 devstack@n-api-meta.service[112621]: DEBUG nova.api.openstack.wsgi_app [None req-a032fd11-2cc0-49b8-8d23-f844539f80f1 None None] instance_usage_audit_period = month {{(pid=112621) log_opt_values /opt/stack/data/venv/lib/python3.12/site-packages/oslo_config/cfg.py:3242}}
Jun 18 00:37:46.636808 np0000181689 devstack@n-api-meta.service[112621]: DEBUG nova.api.openstack.wsgi_app [None req-a032fd11-2cc0-49b8-8d23-f844539f80f1 None None] instance_uuid_format = [instance: %(uuid)s] {{(pid=112621) log_opt_values /opt/stack/data/venv/lib/python3.12/site-packages/oslo_config/cfg.py:3242}}
Jun 18 00:37:46.637147 np0000181689 devstack@n-api-meta.service[112621]: DEBUG nova.api.openstack.wsgi_app [None req-a032fd11-2cc0-49b8-8d23-f844539f80f1 None None] instances_path = /opt/stack/data/nova/instances {{(pid=112621) log_opt_values /opt/stack/data/venv/lib/python3.12/site-packages/oslo_config/cfg.py:3242}}
Jun 18 00:37:46.637147 np0000181689 devstack@n-api-meta.service[112621]: DEBUG nova.api.openstack.wsgi_app [None req-a032fd11-2cc0-49b8-8d23-f844539f80f1 None None] internal_service_availability_zone = internal {{(pid=112621) log_opt_values /opt/stack/data/venv/lib/python3.12/site-packages/oslo_config/cfg.py:3242}}
Jun 18 00:37:46.637350 np0000181689 devstack@n-api-meta.service[112621]: DEBUG nova.api.openstack.wsgi_app [None req-a032fd11-2cc0-49b8-8d23-f844539f80f1 None None] key = None {{(pid=112621) log_opt_values /opt/stack/data/venv/lib/python3.12/site-packages/oslo_config/cfg.py:3242}}
Jun 18 00:37:46.637350 np0000181689 devstack@n-api-meta.service[112621]: DEBUG nova.api.openstack.wsgi_app [None req-a032fd11-2cc0-49b8-8d23-f844539f80f1 None None] live_migration_retry_count = 30 {{(pid=112621) log_opt_values /opt/stack/data/venv/lib/python3.12/site-packages/oslo_config/cfg.py:3242}}
Jun 18 00:37:46.637493 np0000181689 devstack@n-api-meta.service[112621]: DEBUG nova.api.openstack.wsgi_app [None req-a032fd11-2cc0-49b8-8d23-f844539f80f1 None None] log_color = False {{(pid=112621) log_opt_values /opt/stack/data/venv/lib/python3.12/site-packages/oslo_config/cfg.py:3242}}
Jun 18 00:37:46.638232 np0000181689 devstack@n-api-meta.service[112621]: DEBUG nova.api.openstack.wsgi_app [None req-a032fd11-2cc0-49b8-8d23-f844539f80f1 None None] log_config_append = None {{(pid=112621) log_opt_values /opt/stack/data/venv/lib/python3.12/site-packages/oslo_config/cfg.py:3242}}
Jun 18 00:37:46.638232 np0000181689 devstack@n-api-meta.service[112621]: DEBUG nova.api.openstack.wsgi_app [None req-a032fd11-2cc0-49b8-8d23-f844539f80f1 None None] log_date_format = %Y-%m-%d %H:%M:%S {{(pid=112621) log_opt_values /opt/stack/data/venv/lib/python3.12/site-packages/oslo_config/cfg.py:3242}}
Jun 18 00:37:46.638232 np0000181689 devstack@n-api-meta.service[112621]: DEBUG nova.api.openstack.wsgi_app [None req-a032fd11-2cc0-49b8-8d23-f844539f80f1 None None] log_dir = None {{(pid=112621) log_opt_values /opt/stack/data/venv/lib/python3.12/site-packages/oslo_config/cfg.py:3242}}
Jun 18 00:37:46.638232 np0000181689 devstack@n-api-meta.service[112621]: DEBUG nova.api.openstack.wsgi_app [None req-a032fd11-2cc0-49b8-8d23-f844539f80f1 None None] log_file = None {{(pid=112621) log_opt_values /opt/stack/data/venv/lib/python3.12/site-packages/oslo_config/cfg.py:3242}}
Jun 18 00:37:46.638232 np0000181689 devstack@n-api-meta.service[112621]: DEBUG nova.api.openstack.wsgi_app [None req-a032fd11-2cc0-49b8-8d23-f844539f80f1 None None] log_options = True {{(pid=112621) log_opt_values /opt/stack/data/venv/lib/python3.12/site-packages/oslo_config/cfg.py:3242}}
Jun 18 00:37:46.638232 np0000181689 devstack@n-api-meta.service[112621]: DEBUG nova.api.openstack.wsgi_app [None req-a032fd11-2cc0-49b8-8d23-f844539f80f1 None None] log_rotate_interval = 1 {{(pid=112621) log_opt_values /opt/stack/data/venv/lib/python3.12/site-packages/oslo_config/cfg.py:3242}}
Jun 18 00:37:46.638649 np0000181689 devstack@n-api-meta.service[112621]: DEBUG nova.api.openstack.wsgi_app [None req-a032fd11-2cc0-49b8-8d23-f844539f80f1 None None] log_rotate_interval_type = days {{(pid=112621) log_opt_values /opt/stack/data/venv/lib/python3.12/site-packages/oslo_config/cfg.py:3242}}
Jun 18 00:37:46.638649 np0000181689 devstack@n-api-meta.service[112621]: DEBUG nova.api.openstack.wsgi_app [None req-a032fd11-2cc0-49b8-8d23-f844539f80f1 None None] log_rotation_type = none {{(pid=112621) log_opt_values /opt/stack/data/venv/lib/python3.12/site-packages/oslo_config/cfg.py:3242}}
Jun 18 00:37:46.638649 np0000181689 devstack@n-api-meta.service[112621]: DEBUG nova.api.openstack.wsgi_app [None req-a032fd11-2cc0-49b8-8d23-f844539f80f1 None None] logging_context_format_string = %(color)s%(levelname)s %(name)s [%(global_request_id)s %(request_id)s %(project_name)s %(user_name)s%(color)s] %(instance)s%(color)s%(message)s {{(pid=112621) log_opt_values /opt/stack/data/venv/lib/python3.12/site-packages/oslo_config/cfg.py:3242}}
Jun 18 00:37:46.638864 np0000181689 devstack@n-api-meta.service[112621]: DEBUG nova.api.openstack.wsgi_app [None req-a032fd11-2cc0-49b8-8d23-f844539f80f1 None None] logging_debug_format_suffix = {{(pid=%(process)d) %(funcName)s %(pathname)s:%(lineno)d}} {{(pid=112621) log_opt_values /opt/stack/data/venv/lib/python3.12/site-packages/oslo_config/cfg.py:3242}}
Jun 18 00:37:46.638864 np0000181689 devstack@n-api-meta.service[112621]: DEBUG nova.api.openstack.wsgi_app [None req-a032fd11-2cc0-49b8-8d23-f844539f80f1 None None] logging_default_format_string = %(color)s%(levelname)s %(name)s [-%(color)s] %(instance)s%(color)s%(message)s {{(pid=112621) log_opt_values /opt/stack/data/venv/lib/python3.12/site-packages/oslo_config/cfg.py:3242}}
Jun 18 00:37:46.638997 np0000181689 devstack@n-api-meta.service[112621]: DEBUG nova.api.openstack.wsgi_app [None req-a032fd11-2cc0-49b8-8d23-f844539f80f1 None None] logging_exception_prefix = ERROR %(name)s %(instance)s {{(pid=112621) log_opt_values /opt/stack/data/venv/lib/python3.12/site-packages/oslo_config/cfg.py:3242}}
Jun 18 00:37:46.639778 np0000181689 devstack@n-api-meta.service[112621]: DEBUG nova.api.openstack.wsgi_app [None req-a032fd11-2cc0-49b8-8d23-f844539f80f1 None None] logging_user_identity_format = %(user)s %(project)s %(domain)s %(system_scope)s %(user_domain)s %(project_domain)s {{(pid=112621) log_opt_values /opt/stack/data/venv/lib/python3.12/site-packages/oslo_config/cfg.py:3242}}
