+ COMMAND=start + start + for KEYSTONE_WSGI_SCRIPT in keystone-wsgi-public ++ type -p keystone-wsgi-public + cp -a /var/lib/openstack/bin/keystone-wsgi-public /var/www/cgi-bin/keystone/ + '[' -f /etc/apache2/envvars ']' + source /etc/apache2/envvars ++ unset HOME ++ '[' '' '!=' '' ']' ++ SUFFIX= ++ export APACHE_RUN_USER=www-data ++ APACHE_RUN_USER=www-data ++ export APACHE_RUN_GROUP=www-data ++ APACHE_RUN_GROUP=www-data ++ export APACHE_PID_FILE=/var/run/apache2/apache2.pid ++ APACHE_PID_FILE=/var/run/apache2/apache2.pid ++ export APACHE_RUN_DIR=/var/run/apache2 ++ APACHE_RUN_DIR=/var/run/apache2 ++ export APACHE_LOCK_DIR=/var/lock/apache2 ++ APACHE_LOCK_DIR=/var/lock/apache2 ++ export APACHE_LOG_DIR=/var/log/apache2 ++ APACHE_LOG_DIR=/var/log/apache2 ++ export LANG=C ++ LANG=C ++ export LANG + '[' -f /var/run/apache2/apache2.pid ']' + exec apache2 -DFOREGROUND AH00558: apache2: Could not reliably determine the server's fully qualified domain name, using 10.0.0.4. Set the 'ServerName' directive globally to suppress this message AH00558: apache2: Could not reliably determine the server's fully qualified domain name, using 10.0.0.4. Set the 'ServerName' directive globally to suppress this message
[Tue Jul 07 13:21:32.171617 2026] [mpm_event:notice] [pid 1:tid 139748094695296] AH00489: Apache/2.4.58 (Ubuntu) mod_wsgi/5.0.0 Python/3.12 configured -- resuming normal operations
[Tue Jul 07 13:21:32.171946 2026] [core:notice] [pid 1:tid 139748094695296] AH00094: Command line: 'apache2 -D FOREGROUND'
[Tue Jul 07 13:22:35.663931 2026] [wsgi:error] [pid 11:tid 139747456874176] /var/lib/openstack/lib/python3.12/site-packages/oslo_utils/importutils.py:77: EventletDeprecationWarning:
[Tue Jul 07 13:22:35.663971 2026] [wsgi:error] [pid 11:tid 139747456874176] Eventlet is deprecated. It is currently being maintained in bugfix mode, and
[Tue Jul 07 13:22:35.663973 2026] [wsgi:error] [pid 11:tid 139747456874176] we strongly recommend against using it for new projects.
[Tue Jul 07 13:22:35.663975 2026] [wsgi:error] [pid 11:tid 139747456874176]
[Tue Jul 07 13:22:35.663976 2026] [wsgi:error] [pid 11:tid 139747456874176] If you are already using Eventlet, we recommend migrating to a different
[Tue Jul 07 13:22:35.663977 2026] [wsgi:error] [pid 11:tid 139747456874176] framework. For more detail see
[Tue Jul 07 13:22:35.663978 2026] [wsgi:error] [pid 11:tid 139747456874176] https://eventlet.readthedocs.io/en/latest/asyncio/migration.html
[Tue Jul 07 13:22:35.663979 2026] [wsgi:error] [pid 11:tid 139747456874176]
[Tue Jul 07 13:22:35.663980 2026] [wsgi:error] [pid 11:tid 139747456874176] __import__(import_str)
[Tue Jul 07 13:22:39.276551 2026] [wsgi:error] [pid 10:tid 139747456874176] /var/lib/openstack/lib/python3.12/site-packages/oslo_utils/importutils.py:77: EventletDeprecationWarning:
[Tue Jul 07 13:22:39.276595 2026] [wsgi:error] [pid 10:tid 139747456874176] Eventlet is deprecated. It is currently being maintained in bugfix mode, and
[Tue Jul 07 13:22:39.276597 2026] [wsgi:error] [pid 10:tid 139747456874176] we strongly recommend against using it for new projects.
[Tue Jul 07 13:22:39.276598 2026] [wsgi:error] [pid 10:tid 139747456874176]
[Tue Jul 07 13:22:39.276599 2026] [wsgi:error] [pid 10:tid 139747456874176] If you are already using Eventlet, we recommend migrating to a different
[Tue Jul 07 13:22:39.276600 2026] [wsgi:error] [pid 10:tid 139747456874176] framework. For more detail see
[Tue Jul 07 13:22:39.276601 2026] [wsgi:error] [pid 10:tid 139747456874176] https://eventlet.readthedocs.io/en/latest/asyncio/migration.html
[Tue Jul 07 13:22:39.276603 2026] [wsgi:error] [pid 10:tid 139747456874176]
[Tue Jul 07 13:22:39.276604 2026] [wsgi:error] [pid 10:tid 139747456874176] __import__(import_str) 10.0.0.211 - - [07/Jul/2026:13:22:34 +0000] "GET /v3/ HTTP/1.1" 200 248
[Tue Jul 07 13:22:41.164969 2026] [wsgi:error] [pid 9:tid 139747456874176] /var/lib/openstack/lib/python3.12/site-packages/oslo_utils/importutils.py:77: EventletDeprecationWarning:
[Tue Jul 07 13:22:41.165022 2026] [wsgi:error] [pid 9:tid 139747456874176] Eventlet is deprecated. It is currently being maintained in bugfix mode, and
[Tue Jul 07 13:22:41.165025 2026] [wsgi:error] [pid 9:tid 139747456874176] we strongly recommend against using it for new projects.
[Tue Jul 07 13:22:41.165026 2026] [wsgi:error] [pid 9:tid 139747456874176]
[Tue Jul 07 13:22:41.165028 2026] [wsgi:error] [pid 9:tid 139747456874176] If you are already using Eventlet, we recommend migrating to a different
[Tue Jul 07 13:22:41.165029 2026] [wsgi:error] [pid 9:tid 139747456874176] framework. For more detail see
[Tue Jul 07 13:22:41.165031 2026] [wsgi:error] [pid 9:tid 139747456874176] https://eventlet.readthedocs.io/en/latest/asyncio/migration.html
[Tue Jul 07 13:22:41.165032 2026] [wsgi:error] [pid 9:tid 139747456874176]
[Tue Jul 07 13:22:41.165033 2026] [wsgi:error] [pid 9:tid 139747456874176] __import__(import_str) 10.0.0.211 - - [07/Jul/2026:13:22:38 +0000] "GET /v3/ HTTP/1.1" 200 248 10.0.0.211 - - [07/Jul/2026:13:22:40 +0000] "GET /v3/ HTTP/1.1" 200 248
[Tue Jul 07 13:22:48.374968 2026] [wsgi:error] [pid 12:tid 139747456874176] /var/lib/openstack/lib/python3.12/site-packages/oslo_utils/importutils.py:77: EventletDeprecationWarning:
[Tue Jul 07 13:22:48.375012 2026] [wsgi:error] [pid 12:tid 139747456874176] Eventlet is deprecated. It is currently being maintained in bugfix mode, and
[Tue Jul 07 13:22:48.375015 2026] [wsgi:error] [pid 12:tid 139747456874176] we strongly recommend against using it for new projects.
[Tue Jul 07 13:22:48.375016 2026] [wsgi:error] [pid 12:tid 139747456874176]
[Tue Jul 07 13:22:48.375017 2026] [wsgi:error] [pid 12:tid 139747456874176] If you are already using Eventlet, we recommend migrating to a different
[Tue Jul 07 13:22:48.375018 2026] [wsgi:error] [pid 12:tid 139747456874176] framework. For more detail see
[Tue Jul 07 13:22:48.375020 2026] [wsgi:error] [pid 12:tid 139747456874176] https://eventlet.readthedocs.io/en/latest/asyncio/migration.html
[Tue Jul 07 13:22:48.375021 2026] [wsgi:error] [pid 12:tid 139747456874176]
[Tue Jul 07 13:22:48.375022 2026] [wsgi:error] [pid 12:tid 139747456874176] __import__(import_str) 10.0.0.187 - - [07/Jul/2026:13:22:47 +0000] "GET / HTTP/1.1" 300 295
[Tue Jul 07 13:22:53.114471 2026] [wsgi:error] [pid 11:tid 139747456874176] [remote 10.0.0.187:53018] 2026-07-07 13:22:53.110 11 WARNING keystone.identity.core [None req-f935c02d-4984-45f0-acaa-0e8526b0eb2b - - - - - -] Invalid domain name (atmosphere) found in config file name: keystone.exception.DomainNotFound: Could not find domain: atmosphere.
[Tue Jul 07 13:22:53.176244 2026] [wsgi:error] [pid 11:tid 139747456874176] [remote 10.0.0.187:53018] 2026-07-07 13:22:53.175 11 WARNING keystone.common.password_hashing [None req-f935c02d-4984-45f0-acaa-0e8526b0eb2b - - - - - -] Truncating password to algorithm specific maximum length 72 characters.
[Tue Jul 07 13:22:53.474949 2026] [wsgi:error] [pid 11:tid 139747456874176] [remote 10.0.0.187:53018] 2026-07-07 13:22:53.474 11 WARNING keystone.common.fernet_utils [None req-f935c02d-4984-45f0-acaa-0e8526b0eb2b - - - - - -] key_repository is world readable: /etc/keystone/fernet-keys/ 10.0.0.187 - - [07/Jul/2026:13:22:52 +0000] "POST /v3/auth/tokens HTTP/1.1" 201 1360
[Tue Jul 07 13:22:53.828137 2026] [wsgi:error] [pid 10:tid 139747456874176] [remote 10.0.0.187:53018] 2026-07-07 13:22:53.824 10 WARNING keystone.identity.core [None req-e2629c51-a6ef-4ebb-a5e2-da8beeaaeb7a - - - - - -] Invalid domain name (atmosphere) found in config file name: keystone.exception.DomainNotFound: Could not find domain: atmosphere. 10.0.0.187 - - [07/Jul/2026:13:22:53 +0000] "POST /v3/domains HTTP/1.1" 201 261 10.0.0.50 - - [07/Jul/2026:13:23:05 +0000] "GET / HTTP/1.1" 300 295
[Tue Jul 07 13:23:06.019565 2026] [wsgi:error] [pid 12:tid 139747456874176] [remote 10.0.0.50:46390] 2026-07-07 13:23:06.018 12 WARNING keystone.common.password_hashing [None req-3c9636c0-6846-47e8-a4c9-9bec7e79a25e - - - - - -] Truncating password to algorithm specific maximum length 72 characters.
[Tue Jul 07 13:23:06.303707 2026] [wsgi:error] [pid 12:tid 139747456874176] [remote 10.0.0.50:46390] 2026-07-07 13:23:06.303 12 WARNING keystone.common.fernet_utils [None req-3c9636c0-6846-47e8-a4c9-9bec7e79a25e - - - - - -] key_repository is world readable: /etc/keystone/fernet-keys/ 10.0.0.50 - - [07/Jul/2026:13:23:05 +0000] "POST /v3/auth/tokens HTTP/1.1" 201 1360 10.0.0.50 - - [07/Jul/2026:13:23:06 +0000] "GET /v3/roles/admin HTTP/1.1" 404 83
[Tue Jul 07 13:23:06.567241 2026] [wsgi:error] [pid 10:tid 139747456874176] [remote 10.0.0.50:46390] 2026-07-07 13:23:06.567 10 WARNING keystone.common.rbac_enforcer.enforcer [None req-ab330d50-df74-456a-bed6-ac032758f4ab 8a4bcbc3ade74fccb73c055408f34c77 193635bb365f463482b3fdd68c479294 - - default default] Deprecated policy rules found. Use oslopolicy-policy-generator and oslopolicy-policy-upgrade to detect and resolve deprecated policies in your configuration. 10.0.0.50 - - [07/Jul/2026:13:23:06 +0000] "GET /v3/roles?name=admin HTTP/1.1" 200 389
[Tue Jul 07 13:23:07.110650 2026] [wsgi:error] [pid 9:tid 139747456874176] [remote 10.0.0.50:46390] 2026-07-07 13:23:07.110 9 WARNING keystone.common.rbac_enforcer.enforcer [None req-3efc7eea-4f30-45c3-9443-46ac2c5c574e 8a4bcbc3ade74fccb73c055408f34c77 193635bb365f463482b3fdd68c479294 - - default default] Deprecated policy rules found. Use oslopolicy-policy-generator and oslopolicy-policy-upgrade to detect and resolve deprecated policies in your configuration. 10.0.0.50 - - [07/Jul/2026:13:23:06 +0000] "GET /v3/users/admin-RegionOne HTTP/1.1" 404 93
[Tue Jul 07 13:23:07.246430 2026] [wsgi:error] [pid 12:tid 139747456874176] [remote 10.0.0.50:46390] 2026-07-07 13:23:07.246 12 WARNING keystone.common.rbac_enforcer.enforcer [None req-17d5858d-5b55-467f-a2b2-605540b4c3be 8a4bcbc3ade74fccb73c055408f34c77 193635bb365f463482b3fdd68c479294 - - default default] Deprecated policy rules found. Use oslopolicy-policy-generator and oslopolicy-policy-upgrade to detect and resolve deprecated policies in your configuration. 10.0.0.50 - - [07/Jul/2026:13:23:07 +0000] "GET /v3/users?name=admin-RegionOne HTTP/1.1" 200 422
[Tue Jul 07 13:23:07.431344 2026] [wsgi:error] [pid 11:tid 139747456874176] [remote 10.0.0.50:46390] 2026-07-07 13:23:07.431 11 WARNING keystone.common.rbac_enforcer.enforcer [None req-43bf9e95-04f3-4417-8586-22b84c8094e2 8a4bcbc3ade74fccb73c055408f34c77 193635bb365f463482b3fdd68c479294 - - default default] Deprecated policy rules found. Use oslopolicy-policy-generator and oslopolicy-policy-upgrade to detect and resolve deprecated policies in your configuration. 10.0.0.50 - - [07/Jul/2026:13:23:07 +0000] "GET /v3/domains/default HTTP/1.1" 200 224 10.0.0.50 - - [07/Jul/2026:13:23:07 +0000] "PUT /v3/domains/default/users/8a4bcbc3ade74fccb73c055408f34c77/roles/d24cd835a6cb4f6cb553d1ced57ac445 HTTP/1.1" 204 - 10.0.0.211 - - [07/Jul/2026:13:23:16 +0000] "GET / HTTP/1.1" 300 281 10.0.0.211 - - [07/Jul/2026:13:23:18 +0000] "GET /v3 HTTP/1.1" 200 266
[Tue Jul 07 13:23:18.092600 2026] [wsgi:error] [pid 11:tid 139747456874176] [remote 10.0.0.211:47658] 2026-07-07 13:23:18.092 11 WARNING keystone.common.password_hashing [None req-66fbce56-acbf-47db-98b7-cc5f6e9cc9c2 - - - - - -] Truncating password to algorithm specific maximum length 72 characters.
[Tue Jul 07 13:23:18.364589 2026] [wsgi:error] [pid 11:tid 139747456874176] [remote 10.0.0.211:47658] 2026-07-07 13:23:18.364 11 WARNING keystone.common.fernet_utils [None req-66fbce56-acbf-47db-98b7-cc5f6e9cc9c2 - - - - - -] key_repository is world readable: /etc/keystone/fernet-keys/ 10.0.0.211 - - [07/Jul/2026:13:23:18 +0000] "POST /v3/auth/tokens HTTP/1.1" 201 1360 10.0.0.211 - - [07/Jul/2026:13:23:18 +0000] "GET / HTTP/1.1" 300 281 10.0.0.211 - - [07/Jul/2026:13:23:18 +0000] "GET /v3/domains/atmosphere HTTP/1.1" 404 90 10.0.0.211 - - [07/Jul/2026:13:23:18 +0000] "GET /v3/domains?name=atmosphere HTTP/1.1" 200 370 10.0.0.211 - - [07/Jul/2026:13:23:18 +0000] "GET /v3/domains/b862f7d2174b439e9c0d2ff8f0b9ad49 HTTP/1.1" 200 247 10.0.0.211 - - [07/Jul/2026:13:23:19 +0000] "GET /v3 HTTP/1.1" 200 266
[Tue Jul 07 13:23:19.524764 2026] [wsgi:error] [pid 9:tid 139747456874176] [remote 10.0.0.211:47668] 2026-07-07 13:23:19.524 9 WARNING keystone.common.password_hashing [None req-c771fe34-c3b5-4e38-97e4-8c5511f7c8f7 - - - - - -] Truncating password to algorithm specific maximum length 72 characters.
[Tue Jul 07 13:23:19.799477 2026] [wsgi:error] [pid 9:tid 139747456874176] [remote 10.0.0.211:47668] 2026-07-07 13:23:19.799 9 WARNING keystone.common.fernet_utils [None req-c771fe34-c3b5-4e38-97e4-8c5511f7c8f7 - - - - - -] key_repository is world readable: /etc/keystone/fernet-keys/ 10.0.0.211 - - [07/Jul/2026:13:23:19 +0000] "POST /v3/auth/tokens HTTP/1.1" 201 1360 10.0.0.211 - - [07/Jul/2026:13:23:19 +0000] "GET / HTTP/1.1" 300 281 10.0.0.211 - - [07/Jul/2026:13:23:19 +0000] "GET /v3/OS-FEDERATION/identity_providers/atmosphere HTTP/1.1" 404 101 10.0.0.211 - - [07/Jul/2026:13:23:19 +0000] "GET /v3/OS-FEDERATION/identity_providers HTTP/1.1" 200 156 10.0.0.211 - - [07/Jul/2026:13:23:19 +0000] "PUT /v3/OS-FEDERATION/identity_providers/atmosphere HTTP/1.1" 201 342 10.0.0.211 - - [07/Jul/2026:13:23:20 +0000] "GET /v3 HTTP/1.1" 200 266
[Tue Jul 07 13:23:20.632078 2026] [wsgi:error] [pid 11:tid 139747456874176] [remote 10.0.0.211:47658] 2026-07-07 13:23:20.631 11 WARNING keystone.common.password_hashing [None req-b79afbc9-6a1f-4ad7-a2f1-9bcbc041da1f - - - - - -] Truncating password to algorithm specific maximum length 72 characters.
[Tue Jul 07 13:23:20.902590 2026] [wsgi:error] [pid 11:tid 139747456874176] [remote 10.0.0.211:47658] 2026-07-07 13:23:20.902 11 WARNING keystone.common.fernet_utils [None req-b79afbc9-6a1f-4ad7-a2f1-9bcbc041da1f - - - - - -] key_repository is world readable: /etc/keystone/fernet-keys/ 10.0.0.211 - - [07/Jul/2026:13:23:20 +0000] "POST /v3/auth/tokens HTTP/1.1" 201 1360 10.0.0.211 - - [07/Jul/2026:13:23:20 +0000] "GET / HTTP/1.1" 300 281 10.0.0.211 - - [07/Jul/2026:13:23:20 +0000] "GET /v3/OS-FEDERATION/mappings/atmosphere-openid HTTP/1.1" 404 98 10.0.0.211 - - [07/Jul/2026:13:23:20 +0000] "GET /v3/OS-FEDERATION/mappings HTTP/1.1" 200 136 10.0.0.211 - - [07/Jul/2026:13:23:20 +0000] "PUT /v3/OS-FEDERATION/mappings/atmosphere-openid HTTP/1.1" 201 357 10.0.0.211 - - [07/Jul/2026:13:23:21 +0000] "GET /v3 HTTP/1.1" 200 266
[Tue Jul 07 13:23:21.753158 2026] [wsgi:error] [pid 9:tid 139747456874176] [remote 10.0.0.211:47668] 2026-07-07 13:23:21.752 9 WARNING keystone.common.password_hashing [None req-58ae88a7-58ab-4ba3-82cd-00559b8697e6 - - - - - -] Truncating password to algorithm specific maximum length 72 characters.
[Tue Jul 07 13:23:22.039368 2026] [wsgi:error] [pid 9:tid 139747456874176] [remote 10.0.0.211:47668] 2026-07-07 13:23:22.039 9 WARNING keystone.common.fernet_utils [None req-58ae88a7-58ab-4ba3-82cd-00559b8697e6 - - - - - -] key_repository is world readable: /etc/keystone/fernet-keys/ 10.0.0.211 - - [07/Jul/2026:13:23:21 +0000] "POST /v3/auth/tokens HTTP/1.1" 201 1360 10.0.0.211 - - [07/Jul/2026:13:23:22 +0000] "GET / HTTP/1.1" 300 281 10.0.0.211 - - [07/Jul/2026:13:23:22 +0000] "GET /v3/OS-FEDERATION/identity_providers/atmosphere/protocols/openid?idp_id=atmosphere HTTP/1.1" 404 131 10.0.0.211 - - [07/Jul/2026:13:23:22 +0000] "GET /v3/OS-FEDERATION/identity_providers/atmosphere/protocols HTTP/1.1" 200 168 10.0.0.211 - - [07/Jul/2026:13:23:22 +0000] "PUT /v3/OS-FEDERATION/identity_providers/atmosphere/protocols/openid HTTP/1.1" 201 224 10.0.0.211 - - [07/Jul/2026:13:23:38 +0000] "GET /v3/ HTTP/1.1" 200 248 10.0.0.211 - - [07/Jul/2026:13:23:38 +0000] "GET /v3/ HTTP/1.1" 200 248 10.0.0.211 - - [07/Jul/2026:13:24:38 +0000] "GET /v3/ HTTP/1.1" 200 248 10.0.0.211 - - [07/Jul/2026:13:24:38 +0000] "GET /v3/ HTTP/1.1" 200 248 10.0.0.13 - - [07/Jul/2026:13:24:47 +0000] "GET / HTTP/1.1" 300 295
[Tue Jul 07 13:24:47.494858 2026] [wsgi:error] [pid 11:tid 139747456874176] [remote 10.0.0.13:43318] 2026-07-07 13:24:47.494 11 WARNING keystone.common.password_hashing [None req-de0e73d1-a170-4cc5-ac65-e695dcdafe90 - - - - - -] Truncating password to algorithm specific maximum length 72 characters.
[Tue Jul 07 13:24:47.780489 2026] [wsgi:error] [pid 11:tid 139747456874176] [remote 10.0.0.13:43318] 2026-07-07 13:24:47.780 11 WARNING keystone.common.fernet_utils [None req-de0e73d1-a170-4cc5-ac65-e695dcdafe90 - - - - - -] key_repository is world readable: /etc/keystone/fernet-keys/ 10.0.0.13 - - [07/Jul/2026:13:24:47 +0000] "POST /v3/auth/tokens HTTP/1.1" 201 1360 10.0.0.13 - - [07/Jul/2026:13:24:47 +0000] "GET /v3/services HTTP/1.1" 200 355 10.0.0.13 - - [07/Jul/2026:13:24:51 +0000] "GET / HTTP/1.1" 300 295
[Tue Jul 07 13:24:51.515097 2026] [wsgi:error] [pid 12:tid 139747456874176] [remote 10.0.0.13:43328] 2026-07-07 13:24:51.514 12 WARNING keystone.common.password_hashing [None req-3fcef383-dead-49af-9eb6-0d705586f7a3 - - - - - -] Truncating password to algorithm specific maximum length 72 characters.
[Tue Jul 07 13:24:51.799522 2026] [wsgi:error] [pid 12:tid 139747456874176] [remote 10.0.0.13:43328] 2026-07-07 13:24:51.799 12 WARNING keystone.common.fernet_utils [None req-3fcef383-dead-49af-9eb6-0d705586f7a3 - - - - - -] key_repository is world readable: /etc/keystone/fernet-keys/ 10.0.0.13 - - [07/Jul/2026:13:24:51 +0000] "POST /v3/auth/tokens HTTP/1.1" 201 1360 10.0.0.13 - - [07/Jul/2026:13:24:51 +0000] "GET /v3/services HTTP/1.1" 200 355 10.0.0.13 - - [07/Jul/2026:13:24:55 +0000] "GET / HTTP/1.1" 300 295
[Tue Jul 07 13:24:55.519607 2026] [wsgi:error] [pid 10:tid 139747456874176] [remote 10.0.0.13:35816] 2026-07-07 13:24:55.519 10 WARNING keystone.common.password_hashing [None req-00443474-60af-4c6a-8911-1a4244369509 - - - - - -] Truncating password to algorithm specific maximum length 72 characters.
[Tue Jul 07 13:24:55.797206 2026] [wsgi:error] [pid 10:tid 139747456874176] [remote 10.0.0.13:35816] 2026-07-07 13:24:55.797 10 WARNING keystone.common.fernet_utils [None req-00443474-60af-4c6a-8911-1a4244369509 - - - - - -] key_repository is world readable: /etc/keystone/fernet-keys/ 10.0.0.13 - - [07/Jul/2026:13:24:55 +0000] "POST /v3/auth/tokens HTTP/1.1" 201 1360 10.0.0.13 - - [07/Jul/2026:13:24:55 +0000] "GET /v3/services HTTP/1.1" 200 355 10.0.0.13 - - [07/Jul/2026:13:24:59 +0000] "GET / HTTP/1.1" 300 295
[Tue Jul 07 13:24:59.461950 2026] [wsgi:error] [pid 9:tid 139747456874176] [remote 10.0.0.13:35822] 2026-07-07 13:24:59.461 9 WARNING keystone.common.password_hashing [None req-63c82f30-b658-48d9-85af-d1913bde7c3a - - - - - -] Truncating password to algorithm specific maximum length 72 characters.
[Tue Jul 07 13:24:59.734498 2026] [wsgi:error] [pid 9:tid 139747456874176] [remote 10.0.0.13:35822] 2026-07-07 13:24:59.734 9 WARNING keystone.common.fernet_utils [None req-63c82f30-b658-48d9-85af-d1913bde7c3a - - - - - -] key_repository is world readable: /etc/keystone/fernet-keys/ 10.0.0.13 - - [07/Jul/2026:13:24:59 +0000] "POST /v3/auth/tokens HTTP/1.1" 201 1360 10.0.0.13 - - [07/Jul/2026:13:24:59 +0000] "POST /v3/services HTTP/1.1" 201 296 10.0.0.89 - - [07/Jul/2026:13:25:11 +0000] "GET / HTTP/1.1" 300 295
[Tue Jul 07 13:25:12.002112 2026] [wsgi:error] [pid 11:tid 139747456874176] [remote 10.0.0.89:33722] 2026-07-07 13:25:12.001 11 WARNING keystone.common.password_hashing [None req-8212915e-825f-4d7b-9787-1d06e8ba9e27 - - - - - -] Truncating password to algorithm specific maximum length 72 characters. 10.0.0.89 - - [07/Jul/2026:13:25:12 +0000] "GET / HTTP/1.1" 300 295
[Tue Jul 07 13:25:12.158785 2026] [wsgi:error] [pid 10:tid 139747456874176] [remote 10.0.0.89:33736] 2026-07-07 13:25:12.158 10 WARNING keystone.common.password_hashing [None req-79ad7d75-555c-4d8e-ab3e-28433aa644e6 - - - - - -] Truncating password to algorithm specific maximum length 72 characters. 10.0.0.89 - - [07/Jul/2026:13:25:12 +0000] "GET / HTTP/1.1" 300 295
[Tue Jul 07 13:25:12.187635 2026] [wsgi:error] [pid 9:tid 139747456874176] [remote 10.0.0.89:33750] 2026-07-07 13:25:12.187 9 WARNING keystone.common.password_hashing [None req-9a1c54b8-8f6f-46fa-ae4f-76a27feb5653 - - - - - -] Truncating password to algorithm specific maximum length 72 characters.
[Tue Jul 07 13:25:12.272667 2026] [wsgi:error] [pid 11:tid 139747456874176] [remote 10.0.0.89:33722] 2026-07-07 13:25:12.272 11 WARNING keystone.common.fernet_utils [None req-8212915e-825f-4d7b-9787-1d06e8ba9e27 - - - - - -] key_repository is world readable: /etc/keystone/fernet-keys/ 10.0.0.89 - - [07/Jul/2026:13:25:11 +0000] "POST /v3/auth/tokens HTTP/1.1" 201 1464 10.0.0.89 - - [07/Jul/2026:13:25:12 +0000] "GET /v3/services HTTP/1.1" 200 639
[Tue Jul 07 13:25:12.430112 2026] [wsgi:error] [pid 10:tid 139747456874176] [remote 10.0.0.89:33736] 2026-07-07 13:25:12.429 10 WARNING keystone.common.fernet_utils [None req-79ad7d75-555c-4d8e-ab3e-28433aa644e6 - - - - - -] key_repository is world readable: /etc/keystone/fernet-keys/ 10.0.0.89 - - [07/Jul/2026:13:25:12 +0000] "POST /v3/auth/tokens HTTP/1.1" 201 1464
[Tue Jul 07 13:25:12.477414 2026] [wsgi:error] [pid 9:tid 139747456874176] [remote 10.0.0.89:33750] 2026-07-07 13:25:12.477 9 WARNING keystone.common.fernet_utils [None req-9a1c54b8-8f6f-46fa-ae4f-76a27feb5653 - - - - - -] key_repository is world readable: /etc/keystone/fernet-keys/ 10.0.0.89 - - [07/Jul/2026:13:25:12 +0000] "POST /v3/auth/tokens HTTP/1.1" 201 1464 10.0.0.89 - - [07/Jul/2026:13:25:12 +0000] "GET /v3/services HTTP/1.1" 200 639 10.0.0.89 - - [07/Jul/2026:13:25:12 +0000] "GET /v3/services HTTP/1.1" 200 639 10.0.0.89 - - [07/Jul/2026:13:25:14 +0000] "GET / HTTP/1.1" 300 295
[Tue Jul 07 13:25:14.104046 2026] [wsgi:error] [pid 9:tid 139747456874176] [remote 10.0.0.89:38164] 2026-07-07 13:25:14.103 9 WARNING keystone.common.password_hashing [None req-1ee2cefc-87e5-4a4d-9e23-1e7909485870 - - - - - -] Truncating password to algorithm specific maximum length 72 characters. 10.0.0.89 - - [07/Jul/2026:13:25:14 +0000] "GET / HTTP/1.1" 300 295
[Tue Jul 07 13:25:14.225646 2026] [wsgi:error] [pid 12:tid 139747456874176] [remote 10.0.0.89:38166] 2026-07-07 13:25:14.225 12 WARNING keystone.common.password_hashing [None req-267472a9-3530-42d3-aefb-6e6cb17656f8 - - - - - -] Truncating password to algorithm specific maximum length 72 characters. 10.0.0.89 - - [07/Jul/2026:13:25:14 +0000] "GET / HTTP/1.1" 300 295
[Tue Jul 07 13:25:14.357020 2026] [wsgi:error] [pid 10:tid 139747456874176] [remote 10.0.0.89:38176] 2026-07-07 13:25:14.356 10 WARNING keystone.common.password_hashing [None req-e8b0a01d-0eeb-4446-8122-a8538687ee94 - - - - - -] Truncating password to algorithm specific maximum length 72 characters.
[Tue Jul 07 13:25:14.371453 2026] [wsgi:error] [pid 9:tid 139747456874176] [remote 10.0.0.89:38164] 2026-07-07 13:25:14.371 9 WARNING keystone.common.fernet_utils [None req-1ee2cefc-87e5-4a4d-9e23-1e7909485870 - - - - - -] key_repository is world readable: /etc/keystone/fernet-keys/ 10.0.0.89 - - [07/Jul/2026:13:25:14 +0000] "POST /v3/auth/tokens HTTP/1.1" 201 1464 10.0.0.89 - - [07/Jul/2026:13:25:14 +0000] "GET /v3/endpoints HTTP/1.1" 200 1227 10.0.0.89 - - [07/Jul/2026:13:25:14 +0000] "GET /v3/services/36b4380346c140fd9e710ad9d53c0589 HTTP/1.1" 200 233
[Tue Jul 07 13:25:14.523448 2026] [wsgi:error] [pid 12:tid 139747456874176] [remote 10.0.0.89:38166] 2026-07-07 13:25:14.523 12 WARNING keystone.common.fernet_utils [None req-267472a9-3530-42d3-aefb-6e6cb17656f8 - - - - - -] key_repository is world readable: /etc/keystone/fernet-keys/ 10.0.0.89 - - [07/Jul/2026:13:25:14 +0000] "POST /v3/auth/tokens HTTP/1.1" 201 1464 10.0.0.89 - - [07/Jul/2026:13:25:14 +0000] "GET /v3/services/36b4380346c140fd9e710ad9d53c0589 HTTP/1.1" 200 233 10.0.0.89 - - [07/Jul/2026:13:25:14 +0000] "GET /v3/services/36b4380346c140fd9e710ad9d53c0589 HTTP/1.1" 200 233 10.0.0.89 - - [07/Jul/2026:13:25:14 +0000] "GET /v3/endpoints HTTP/1.1" 200 1227
[Tue Jul 07 13:25:14.651830 2026] [wsgi:error] [pid 10:tid 139747456874176] [remote 10.0.0.89:38176] 2026-07-07 13:25:14.651 10 WARNING keystone.common.fernet_utils [None req-e8b0a01d-0eeb-4446-8122-a8538687ee94 - - - - - -] key_repository is world readable: /etc/keystone/fernet-keys/ 10.0.0.89 - - [07/Jul/2026:13:25:14 +0000] "POST /v3/auth/tokens HTTP/1.1" 201 1464 10.0.0.89 - - [07/Jul/2026:13:25:14 +0000] "GET /v3/services/36b4380346c140fd9e710ad9d53c0589 HTTP/1.1" 200 233 10.0.0.89 - - [07/Jul/2026:13:25:14 +0000] "GET /v3/services/36b4380346c140fd9e710ad9d53c0589 HTTP/1.1" 200 233 10.0.0.89 - - [07/Jul/2026:13:25:14 +0000] "GET /v3/services/36b4380346c140fd9e710ad9d53c0589 HTTP/1.1" 200 233 10.0.0.89 - - [07/Jul/2026:13:25:14 +0000] "GET /v3/endpoints HTTP/1.1" 200 1227 10.0.0.89 - - [07/Jul/2026:13:25:14 +0000] "GET /v3/services/36b4380346c140fd9e710ad9d53c0589 HTTP/1.1" 200 233 10.0.0.89 - - [07/Jul/2026:13:25:14 +0000] "GET /v3/services/36b4380346c140fd9e710ad9d53c0589 HTTP/1.1" 200 233 10.0.0.89 - - [07/Jul/2026:13:25:14 +0000] "GET /v3/services/36b4380346c140fd9e710ad9d53c0589 HTTP/1.1" 200 233 10.0.0.89 - - [07/Jul/2026:13:25:16 +0000] "GET / HTTP/1.1" 300 295
[Tue Jul 07 13:25:16.098909 2026] [wsgi:error] [pid 11:tid 139747456874176] [remote 10.0.0.89:38184] 2026-07-07 13:25:16.098 11 WARNING keystone.common.password_hashing [None req-960a5f9c-ef0d-47fc-a4dc-b3d6fe78e8f9 - - - - - -] Truncating password to algorithm specific maximum length 72 characters. 10.0.0.89 - - [07/Jul/2026:13:25:16 +0000] "GET / HTTP/1.1" 300 295
[Tue Jul 07 13:25:16.217441 2026] [wsgi:error] [pid 12:tid 139747456874176] [remote 10.0.0.89:38200] 2026-07-07 13:25:16.217 12 WARNING keystone.common.password_hashing [None req-e429be0b-0854-4c45-919a-e2a360b41375 - - - - - -] Truncating password to algorithm specific maximum length 72 characters.
[Tue Jul 07 13:25:16.371340 2026] [wsgi:error] [pid 11:tid 139747456874176] [remote 10.0.0.89:38184] 2026-07-07 13:25:16.371 11 WARNING keystone.common.fernet_utils [None req-960a5f9c-ef0d-47fc-a4dc-b3d6fe78e8f9 - - - - - -] key_repository is world readable: /etc/keystone/fernet-keys/ 10.0.0.89 - - [07/Jul/2026:13:25:16 +0000] "POST /v3/auth/tokens HTTP/1.1" 201 1464 10.0.0.89 - - [07/Jul/2026:13:25:16 +0000] "GET / HTTP/1.1" 300 295
[Tue Jul 07 13:25:16.402259 2026] [wsgi:error] [pid 9:tid 139747456874176] [remote 10.0.0.89:38206] 2026-07-07 13:25:16.402 9 WARNING keystone.common.password_hashing [None req-75f9eb7c-c0b6-4ced-b2e2-0f171a553f07 - - - - - -] Truncating password to algorithm specific maximum length 72 characters.
[Tue Jul 07 13:25:16.497803 2026] [wsgi:error] [pid 12:tid 139747456874176] [remote 10.0.0.89:38200] 2026-07-07 13:25:16.497 12 WARNING keystone.common.fernet_utils [None req-e429be0b-0854-4c45-919a-e2a360b41375 - - - - - -] key_repository is world readable: /etc/keystone/fernet-keys/ 10.0.0.89 - - [07/Jul/2026:13:25:16 +0000] "POST /v3/auth/tokens HTTP/1.1" 201 1464 10.0.0.89 - - [07/Jul/2026:13:25:16 +0000] "GET /v3/services/c411e9c1c5354dd3856be0d996ac4ac1 HTTP/1.1" 200 296 10.0.0.89 - - [07/Jul/2026:13:25:16 +0000] "GET /v3/regions/RegionOne HTTP/1.1" 200 173 10.0.0.89 - - [07/Jul/2026:13:25:16 +0000] "GET /v3/services/c411e9c1c5354dd3856be0d996ac4ac1 HTTP/1.1" 200 296 10.0.0.89 - - [07/Jul/2026:13:25:16 +0000] "GET /v3/regions/RegionOne HTTP/1.1" 200 173 10.0.0.89 - - [07/Jul/2026:13:25:16 +0000] "POST /v3/endpoints HTTP/1.1" 201 383
[Tue Jul 07 13:25:16.714690 2026] [wsgi:error] [pid 9:tid 139747456874176] [remote 10.0.0.89:38206] 2026-07-07 13:25:16.714 9 WARNING keystone.common.fernet_utils [None req-75f9eb7c-c0b6-4ced-b2e2-0f171a553f07 - - - - - -] key_repository is world readable: /etc/keystone/fernet-keys/ 10.0.0.89 - - [07/Jul/2026:13:25:16 +0000] "POST /v3/auth/tokens HTTP/1.1" 201 1823 10.0.0.89 - - [07/Jul/2026:13:25:16 +0000] "POST /v3/endpoints HTTP/1.1" 201 380 10.0.0.89 - - [07/Jul/2026:13:25:16 +0000] "GET /v3/services/c411e9c1c5354dd3856be0d996ac4ac1 HTTP/1.1" 200 296 10.0.0.89 - - [07/Jul/2026:13:25:16 +0000] "GET /v3/regions/RegionOne HTTP/1.1" 200 173 10.0.0.89 - - [07/Jul/2026:13:25:16 +0000] "POST /v3/endpoints HTTP/1.1" 201 370 10.0.0.89 - - [07/Jul/2026:13:25:18 +0000] "GET / HTTP/1.1" 300 295
[Tue Jul 07 13:25:18.146440 2026] [wsgi:error] [pid 10:tid 139747456874176] [remote 10.0.0.89:38208] 2026-07-07 13:25:18.146 10 WARNING keystone.common.password_hashing [None req-721a48be-2eae-4cb9-86c7-14b8534a27e6 - - - - - -] Truncating password to algorithm specific maximum length 72 characters. 10.0.0.89 - - [07/Jul/2026:13:25:18 +0000] "GET / HTTP/1.1" 300 295
[Tue Jul 07 13:25:18.340702 2026] [wsgi:error] [pid 9:tid 139747456874176] [remote 10.0.0.89:38214] 2026-07-07 13:25:18.340 9 WARNING keystone.common.password_hashing [None req-f214759e-eca5-40ce-8da1-05a080d37b12 - - - - - -] Truncating password to algorithm specific maximum length 72 characters.
[Tue Jul 07 13:25:18.435182 2026] [wsgi:error] [pid 10:tid 139747456874176] [remote 10.0.0.89:38208] 2026-07-07 13:25:18.435 10 WARNING keystone.common.fernet_utils [None req-721a48be-2eae-4cb9-86c7-14b8534a27e6 - - - - - -] key_repository is world readable: /etc/keystone/fernet-keys/ 10.0.0.89 - - [07/Jul/2026:13:25:18 +0000] "POST /v3/auth/tokens HTTP/1.1" 201 1992 10.0.0.89 - - [07/Jul/2026:13:25:18 +0000] "GET /v3/endpoints/556739eb555c483da5d03b06a293a74a HTTP/1.1" 200 383 10.0.0.89 - - [07/Jul/2026:13:25:18 +0000] "GET /v3/services/c411e9c1c5354dd3856be0d996ac4ac1 HTTP/1.1" 200 296
[Tue Jul 07 13:25:18.634612 2026] [wsgi:error] [pid 9:tid 139747456874176] [remote 10.0.0.89:38214] 2026-07-07 13:25:18.634 9 WARNING keystone.common.fernet_utils [None req-f214759e-eca5-40ce-8da1-05a080d37b12 - - - - - -] key_repository is world readable: /etc/keystone/fernet-keys/ 10.0.0.89 - - [07/Jul/2026:13:25:18 +0000] "POST /v3/auth/tokens HTTP/1.1" 201 1992 10.0.0.89 - - [07/Jul/2026:13:25:18 +0000] "GET /v3/endpoints/0b7f48b812c2496697c3ac007f61ec0c HTTP/1.1" 200 380 10.0.0.89 - - [07/Jul/2026:13:25:18 +0000] "GET /v3/services/c411e9c1c5354dd3856be0d996ac4ac1 HTTP/1.1" 200 296 10.0.0.89 - - [07/Jul/2026:13:25:18 +0000] "GET / HTTP/1.1" 300 295
[Tue Jul 07 13:25:18.912768 2026] [wsgi:error] [pid 9:tid 139747456874176] [remote 10.0.0.89:38224] 2026-07-07 13:25:18.912 9 WARNING keystone.common.password_hashing [None req-19e338ff-1078-40d5-8084-54ab9c040fe1 - - - - - -] Truncating password to algorithm specific maximum length 72 characters.
[Tue Jul 07 13:25:19.192619 2026] [wsgi:error] [pid 9:tid 139747456874176] [remote 10.0.0.89:38224] 2026-07-07 13:25:19.192 9 WARNING keystone.common.fernet_utils [None req-19e338ff-1078-40d5-8084-54ab9c040fe1 - - - - - -] key_repository is world readable: /etc/keystone/fernet-keys/ 10.0.0.89 - - [07/Jul/2026:13:25:18 +0000] "POST /v3/auth/tokens HTTP/1.1" 201 1992 10.0.0.89 - - [07/Jul/2026:13:25:19 +0000] "GET /v3/endpoints/b28f5d1a2ebd44a58007dbd74c244895 HTTP/1.1" 200 370 10.0.0.89 - - [07/Jul/2026:13:25:19 +0000] "GET /v3/services/c411e9c1c5354dd3856be0d996ac4ac1 HTTP/1.1" 200 296 10.0.0.175 - - [07/Jul/2026:13:25:31 +0000] "GET / HTTP/1.1" 300 295
[Tue Jul 07 13:25:31.114671 2026] [wsgi:error] [pid 9:tid 139747456874176] [remote 10.0.0.175:35664] 2026-07-07 13:25:31.114 9 WARNING keystone.common.password_hashing [None req-080f9697-0d0b-48f9-bd46-361bb9e3b4a7 - - - - - -] Truncating password to algorithm specific maximum length 72 characters.
[Tue Jul 07 13:25:31.385164 2026] [wsgi:error] [pid 9:tid 139747456874176] [remote 10.0.0.175:35664] 2026-07-07 13:25:31.384 9 WARNING keystone.common.fernet_utils [None req-080f9697-0d0b-48f9-bd46-361bb9e3b4a7 - - - - - -] key_repository is world readable: /etc/keystone/fernet-keys/ 10.0.0.175 - - [07/Jul/2026:13:25:31 +0000] "POST /v3/auth/tokens HTTP/1.1" 201 1992 10.0.0.175 - - [07/Jul/2026:13:25:31 +0000] "POST /v3/domains HTTP/1.1" 201 284 10.0.0.175 - - [07/Jul/2026:13:25:33 +0000] "GET / HTTP/1.1" 300 295
[Tue Jul 07 13:25:33.144177 2026] [wsgi:error] [pid 12:tid 139747456874176] [remote 10.0.0.175:35674] 2026-07-07 13:25:33.143 12 WARNING keystone.common.password_hashing [None req-f96ac0dd-9c37-48fa-8188-569003313ab8 - - - - - -] Truncating password to algorithm specific maximum length 72 characters.
[Tue Jul 07 13:25:33.415316 2026] [wsgi:error] [pid 12:tid 139747456874176] [remote 10.0.0.175:35674] 2026-07-07 13:25:33.415 12 WARNING keystone.common.fernet_utils [None req-f96ac0dd-9c37-48fa-8188-569003313ab8 - - - - - -] key_repository is world readable: /etc/keystone/fernet-keys/ 10.0.0.175 - - [07/Jul/2026:13:25:33 +0000] "POST /v3/auth/tokens HTTP/1.1" 201 1992
[Tue Jul 07 13:25:33.590337 2026] [wsgi:error] [pid 9:tid 139747456874176] [remote 10.0.0.175:35674] 2026-07-07 13:25:33.573 9 ERROR keystone.server.flask.application [None req-343bbee1-b328-46f2-a04b-b3b558d82ceb 8a4bcbc3ade74fccb73c055408f34c77 193635bb365f463482b3fdd68c479294 - - default default] Conflict occurred attempting to store project - it is not permitted to have two projects acting as domains with the same name: service.: keystone.exception.Conflict: Conflict occurred attempting to store project - it is not permitted to have two projects acting as domains with the same name: service.
[Tue Jul 07 13:25:33.590381 2026] [wsgi:error] [pid 9:tid 139747456874176] [remote 10.0.0.175:35674] 2026-07-07 13:25:33.573 9 ERROR keystone.server.flask.application
Traceback (most recent call last):
[Tue Jul 07 13:25:33.590383 2026] [wsgi:error] [pid 9:tid 139747456874176] [remote 10.0.0.175:35674] 2026-07-07 13:25:33.573 9 ERROR keystone.server.flask.application
File "/var/lib/openstack/lib/python3.12/site-packages/sqlalchemy/engine/base.py", line 1969, in _exec_single_context
[Tue Jul 07 13:25:33.590385 2026] [wsgi:error] [pid 9:tid 139747456874176] [remote 10.0.0.175:35674] 2026-07-07 13:25:33.573 9 ERROR keystone.server.flask.application self.dialect.do_execute(
[Tue Jul 07 13:25:33.590386 2026] [wsgi:error] [pid 9:tid 139747456874176] [remote 10.0.0.175:35674] 2026-07-07 13:25:33.573 9 ERROR keystone.server.flask.application
File "/var/lib/openstack/lib/python3.12/site-packages/sqlalchemy/engine/default.py", line 952, in do_execute
[Tue Jul 07 13:25:33.590389 2026] [wsgi:error] [pid 9:tid 139747456874176] [remote 10.0.0.175:35674] 2026-07-07 13:25:33.573 9 ERROR keystone.server.flask.application cursor.execute(statement, parameters)
[Tue Jul 07 13:25:33.590390 2026] [wsgi:error] [pid 9:tid 139747456874176] [remote 10.0.0.175:35674] 2026-07-07 13:25:33.573 9 ERROR keystone.server.flask.application
File "/var/lib/openstack/lib/python3.12/site-packages/pymysql/cursors.py", line 159, in execute
[Tue Jul 07 13:25:33.590392 2026] [wsgi:error] [pid 9:tid 139747456874176] [remote 10.0.0.175:35674] 2026-07-07 13:25:33.573 9 ERROR keystone.server.flask.application result = self._query(query)
[Tue Jul 07 13:25:33.590393 2026] [wsgi:error] [pid 9:tid 139747456874176] [remote 10.0.0.175:35674] 2026-07-07 13:25:33.573 9 ERROR keystone.server.flask.application ^^^^^^^^^^^^^^^^^^
[Tue Jul 07 13:25:33.590395 2026] [wsgi:error] [pid 9:tid 139747456874176] [remote 10.0.0.175:35674] 2026-07-07 13:25:33.573 9 ERROR keystone.server.flask.application
File "/var/lib/openstack/lib/python3.12/site-packages/pymysql/cursors.py", line 330, in _query
[Tue Jul 07 13:25:33.590396 2026] [wsgi:error] [pid 9:tid 139747456874176] [remote 10.0.0.175:35674] 2026-07-07 13:25:33.573 9 ERROR keystone.server.flask.application conn.query(q)
[Tue Jul 07 13:25:33.590398 2026] [wsgi:error] [pid 9:tid 139747456874176] [remote 10.0.0.175:35674] 2026-07-07 13:25:33.573 9 ERROR keystone.server.flask.application
File "/var/lib/openstack/lib/python3.12/site-packages/pymysql/connections.py", line 582, in query
[Tue Jul 07 13:25:33.590399 2026] [wsgi:error] [pid 9:tid 139747456874176] [remote 10.0.0.175:35674] 2026-07-07 13:25:33.573 9 ERROR keystone.server.flask.application self._affected_rows = self._read_query_result(unbuffered=unbuffered)
[Tue Jul 07 13:25:33.590401 2026] [wsgi:error] [pid 9:tid 139747456874176] [remote 10.0.0.175:35674] 2026-07-07 13:25:33.573 9 ERROR keystone.server.flask.application ^^^^^^^^^^^^^^^^^^^^^^^^^^^^^^^^^^^^^^^^^^^^^^
[Tue Jul 07 13:25:33.590402 2026] [wsgi:error] [pid 9:tid 139747456874176] [remote 10.0.0.175:35674] 2026-07-07 13:25:33.573 9 ERROR keystone.server.flask.application
File "/var/lib/openstack/lib/python3.12/site-packages/pymysql/connections.py", line 847, in _read_query_result
[Tue Jul 07 13:25:33.590404 2026] [wsgi:error] [pid 9:tid 139747456874176] [remote 10.0.0.175:35674] 2026-07-07 13:25:33.573 9 ERROR keystone.server.flask.application result.read()
[Tue Jul 07 13:25:33.590408 2026] [wsgi:error] [pid 9:tid 139747456874176] [remote 10.0.0.175:35674] 2026-07-07 13:25:33.573 9 ERROR keystone.server.flask.application
File "/var/lib/openstack/lib/python3.12/site-packages/pymysql/connections.py", line 1245, in read
[Tue Jul 07 13:25:33.590410 2026] [wsgi:error] [pid 9:tid 139747456874176] [remote 10.0.0.175:35674] 2026-07-07 13:25:33.573 9 ERROR keystone.server.flask.application first_packet = self.connection._read_packet()
[Tue Jul 07 13:25:33.590411 2026] [wsgi:error] [pid 9:tid 139747456874176] [remote 10.0.0.175:35674] 2026-07-07 13:25:33.573 9 ERROR keystone.server.flask.application ^^^^^^^^^^^^^^^^^^^^^^^^^^^^^^
[Tue Jul 07 13:25:33.590412 2026] [wsgi:error] [pid 9:tid 139747456874176] [remote 10.0.0.175:35674] 2026-07-07 13:25:33.573 9 ERROR keystone.server.flask.application
File "/var/lib/openstack/lib/python3.12/site-packages/pymysql/connections.py", line 803, in _read_packet
[Tue Jul 07 13:25:33.590414 2026] [wsgi:error] [pid 9:tid 139747456874176] [remote 10.0.0.175:35674] 2026-07-07 13:25:33.573 9 ERROR keystone.server.flask.application packet.raise_for_error()
[Tue Jul 07 13:25:33.590415 2026] [wsgi:error] [pid 9:tid 139747456874176] [remote 10.0.0.175:35674] 2026-07-07 13:25:33.573 9 ERROR keystone.server.flask.application
File "/var/lib/openstack/lib/python3.12/site-packages/pymysql/protocol.py", line 219, in raise_for_error
[Tue Jul 07 13:25:33.590417 2026] [wsgi:error] [pid 9:tid 139747456874176] [remote 10.0.0.175:35674] 2026-07-07 13:25:33.573 9 ERROR keystone.server.flask.application err.raise_mysql_exception(self._data)
[Tue Jul 07 13:25:33.590418 2026] [wsgi:error] [pid 9:tid 139747456874176] [remote 10.0.0.175:35674] 2026-07-07 13:25:33.573 9 ERROR keystone.server.flask.application
File "/var/lib/openstack/lib/python3.12/site-packages/pymysql/err.py", line 154, in raise_mysql_exception
[Tue Jul 07 13:25:33.590420 2026] [wsgi:error] [pid 9:tid 139747456874176] [remote 10.0.0.175:35674] 2026-07-07 13:25:33.573 9 ERROR keystone.server.flask.application raise errorclass(errno, errval, sqlstate=sqlstate)
[Tue Jul 07 13:25:33.590421 2026] [wsgi:error] [pid 9:tid 139747456874176] [remote 10.0.0.175:35674] 2026-07-07 13:25:33.573 9 ERROR keystone.server.flask.application pymysql.err.IntegrityError: (1062, "Duplicate entry '<>-service' for key 'project.ixu_project_name_domain_id'")
[Tue Jul 07 13:25:33.590423 2026] [wsgi:error] [pid 9:tid 139747456874176] [remote 10.0.0.175:35674] 2026-07-07 13:25:33.573 9 ERROR keystone.server.flask.application
[Tue Jul 07 13:25:33.590424 2026] [wsgi:error] [pid 9:tid 139747456874176] [remote 10.0.0.175:35674] 2026-07-07 13:25:33.573 9 ERROR keystone.server.flask.application The above exception was the direct cause of the following exception:
[Tue Jul 07 13:25:33.590425 2026] [wsgi:error] [pid 9:tid 139747456874176] [remote 10.0.0.175:35674] 2026-07-07 13:25:33.573 9 ERROR keystone.server.flask.application
[Tue Jul 07 13:25:33.590427 2026] [wsgi:error] [pid 9:tid 139747456874176] [remote 10.0.0.175:35674] 2026-07-07 13:25:33.573 9 ERROR keystone.server.flask.application
Traceback (most recent call last):
[Tue Jul 07 13:25:33.590428 2026] [wsgi:error] [pid 9:tid 139747456874176] [remote 10.0.0.175:35674] 2026-07-07 13:25:33.573 9 ERROR keystone.server.flask.application
File "/var/lib/openstack/lib/python3.12/site-packages/keystone/common/sql/core.py", line 575, in wrapper
[Tue Jul 07 13:25:33.590429 2026] [wsgi:error] [pid 9:tid 139747456874176] [remote 10.0.0.175:35674] 2026-07-07 13:25:33.573 9 ERROR keystone.server.flask.application return method(*args, **kwargs)
[Tue Jul 07 13:25:33.590431 2026] [wsgi:error] [pid 9:tid 139747456874176] [remote 10.0.0.175:35674] 2026-07-07 13:25:33.573 9 ERROR keystone.server.flask.application ^^^^^^^^^^^^^^^^^^^^^^^
[Tue Jul 07 13:25:33.590432 2026] [wsgi:error] [pid 9:tid 139747456874176] [remote 10.0.0.175:35674] 2026-07-07 13:25:33.573 9 ERROR keystone.server.flask.application
File "/var/lib/openstack/lib/python3.12/site-packages/keystone/resource/backends/sql.py", line 278, in create_project
[Tue Jul 07 13:25:33.590437 2026] [wsgi:error] [pid 9:tid 139747456874176] [remote 10.0.0.175:35674] 2026-07-07 13:25:33.573 9 ERROR keystone.server.flask.application with sql.session_for_write() as session:
[Tue Jul 07 13:25:33.590451 2026] [wsgi:error] [pid 9:tid 139747456874176] [remote 10.0.0.175:35674] 2026-07-07 13:25:33.573 9 ERROR keystone.server.flask.application
File "/usr/lib/python3.12/contextlib.py", line 144, in __exit__
[Tue Jul 07 13:25:33.590452 2026] [wsgi:error] [pid 9:tid 139747456874176] [remote 10.0.0.175:35674] 2026-07-07 13:25:33.573 9 ERROR keystone.server.flask.application next(self.gen)
[Tue Jul 07 13:25:33.590454 2026] [wsgi:error] [pid 9:tid 139747456874176] [remote 10.0.0.175:35674] 2026-07-07 13:25:33.573 9 ERROR keystone.server.flask.application
File "/var/lib/openstack/lib/python3.12/site-packages/oslo_db/sqlalchemy/enginefacade.py", line 1175, in _transaction_scope
[Tue Jul 07 13:25:33.590456 2026] [wsgi:error] [pid 9:tid 139747456874176] [remote 10.0.0.175:35674] 2026-07-07 13:25:33.573 9 ERROR keystone.server.flask.application with current._produce_block(
[Tue Jul 07 13:25:33.590457 2026] [wsgi:error] [pid 9:tid 139747456874176] [remote 10.0.0.175:35674] 2026-07-07 13:25:33.573 9 ERROR keystone.server.flask.application
File "/usr/lib/python3.12/contextlib.py", line 144, in __exit__
[Tue Jul 07 13:25:33.590459 2026] [wsgi:error] [pid 9:tid 139747456874176] [remote 10.0.0.175:35674] 2026-07-07 13:25:33.573 9 ERROR keystone.server.flask.application next(self.gen)
[Tue Jul 07 13:25:33.590461 2026] [wsgi:error] [pid 9:tid 139747456874176] [remote 10.0.0.175:35674] 2026-07-07 13:25:33.573 9 ERROR keystone.server.flask.application
File "/var/lib/openstack/lib/python3.12/site-packages/oslo_db/sqlalchemy/enginefacade.py", line 837, in _session
[Tue Jul 07 13:25:33.590462 2026] [wsgi:error] [pid 9:tid 139747456874176] [remote 10.0.0.175:35674] 2026-07-07 13:25:33.573 9 ERROR keystone.server.flask.application with excutils.save_and_reraise_exception():
[Tue Jul 07 13:25:33.590464 2026] [wsgi:error] [pid 9:tid 139747456874176] [remote 10.0.0.175:35674] 2026-07-07 13:25:33.573 9 ERROR keystone.server.flask.application
File "/var/lib/openstack/lib/python3.12/site-packages/oslo_utils/excutils.py", line 266, in __exit__
[Tue Jul 07 13:25:33.590466 2026] [wsgi:error] [pid 9:tid 139747456874176] [remote 10.0.0.175:35674] 2026-07-07 13:25:33.573 9 ERROR keystone.server.flask.application self.force_reraise()
[Tue Jul 07 13:25:33.590467 2026] [wsgi:error] [pid 9:tid 139747456874176] [remote 10.0.0.175:35674] 2026-07-07 13:25:33.573 9 ERROR keystone.server.flask.application
File "/var/lib/openstack/lib/python3.12/site-packages/oslo_utils/excutils.py", line 232, in force_reraise
[Tue Jul 07 13:25:33.590469 2026] [wsgi:error] [pid 9:tid 139747456874176] [remote 10.0.0.175:35674] 2026-07-07 13:25:33.573 9 ERROR keystone.server.flask.application raise self.value
[Tue Jul 07 13:25:33.590470 2026] [wsgi:error] [pid 9:tid 139747456874176] [remote 10.0.0.175:35674] 2026-07-07 13:25:33.573 9 ERROR keystone.server.flask.application
File "/var/lib/openstack/lib/python3.12/site-packages/oslo_db/sqlalchemy/enginefacade.py", line 835, in _session
[Tue Jul 07 13:25:33.590472 2026] [wsgi:error] [pid 9:tid 139747456874176] [remote 10.0.0.175:35674] 2026-07-07 13:25:33.573 9 ERROR keystone.server.flask.application self._end_session_transaction(self.session)
[Tue Jul 07 13:25:33.590474 2026] [wsgi:error] [pid 9:tid 139747456874176] [remote 10.0.0.175:35674] 2026-07-07 13:25:33.573 9 ERROR keystone.server.flask.application
File "/var/lib/openstack/lib/python3.12/site-packages/oslo_db/sqlalchemy/enginefacade.py", line 748, in _end_session_transaction
[Tue Jul 07 13:25:33.590476 2026] [wsgi:error] [pid 9:tid 139747456874176] [remote 10.0.0.175:35674] 2026-07-07 13:25:33.573 9 ERROR keystone.server.flask.application session.commit()
[Tue Jul 07 13:25:33.590477 2026] [wsgi:error] [pid 9:tid 139747456874176] [remote 10.0.0.175:35674] 2026-07-07 13:25:33.573 9 ERROR keystone.server.flask.application
File "/var/lib/openstack/lib/python3.12/site-packages/sqlalchemy/orm/session.py", line 2034, in commit
[Tue Jul 07 13:25:33.590481 2026] [wsgi:error] [pid 9:tid 139747456874176] [remote 10.0.0.175:35674] 2026-07-07 13:25:33.573 9 ERROR keystone.server.flask.application trans.commit(_to_root=True)
[Tue Jul 07 13:25:33.590487 2026] [wsgi:error] [pid 9:tid 139747456874176] [remote 10.0.0.175:35674] 2026-07-07 13:25:33.573 9 ERROR keystone.server.flask.application File "", line 2, in commit
[Tue Jul 07 13:25:33.590489 2026] [wsgi:error] [pid 9:tid 139747456874176] [remote 10.0.0.175:35674] 2026-07-07 13:25:33.573 9 ERROR keystone.server.flask.application
File "/var/lib/openstack/lib/python3.12/site-packages/sqlalchemy/orm/state_changes.py", line 137, in _go
[Tue Jul 07 13:25:33.590493 2026] [wsgi:error] [pid 9:tid 139747456874176] [remote 10.0.0.175:35674] 2026-07-07 13:25:33.573 9 ERROR keystone.server.flask.application ret_value = fn(self, *arg, **kw)
[Tue Jul 07 13:25:33.590495 2026] [wsgi:error] [pid 9:tid 139747456874176] [remote 10.0.0.175:35674] 2026-07-07 13:25:33.573 9 ERROR keystone.server.flask.application ^^^^^^^^^^^^^^^^^^^^
[Tue Jul 07 13:25:33.590497 2026] [wsgi:error] [pid 9:tid 139747456874176] [remote 10.0.0.175:35674] 2026-07-07 13:25:33.573 9 ERROR keystone.server.flask.application
File "/var/lib/openstack/lib/python3.12/site-packages/sqlalchemy/orm/session.py", line 1315, in commit
[Tue Jul 07 13:25:33.590500 2026] [wsgi:error] [pid 9:tid 139747456874176] [remote 10.0.0.175:35674] 2026-07-07 13:25:33.573 9 ERROR keystone.server.flask.application self._prepare_impl()
[Tue Jul 07 13:25:33.590503 2026] [wsgi:error] [pid 9:tid 139747456874176] [remote 10.0.0.175:35674] 2026-07-07 13:25:33.573 9 ERROR keystone.server.flask.application File "", line 2, in _prepare_impl
[Tue Jul 07 13:25:33.590506 2026] [wsgi:error] [pid 9:tid 139747456874176] [remote 10.0.0.175:35674] 2026-07-07 13:25:33.573 9 ERROR keystone.server.flask.application
File "/var/lib/openstack/lib/python3.12/site-packages/sqlalchemy/orm/state_changes.py", line 137, in _go
[Tue Jul 07 13:25:33.590510 2026] [wsgi:error] [pid 9:tid 139747456874176] [remote 10.0.0.175:35674] 2026-07-07 13:25:33.573 9 ERROR keystone.server.flask.application ret_value = fn(self, *arg, **kw)
[Tue Jul 07 13:25:33.590512 2026] [wsgi:error] [pid 9:tid 139747456874176] [remote 10.0.0.175:35674] 2026-07-07 13:25:33.573 9 ERROR keystone.server.flask.application ^^^^^^^^^^^^^^^^^^^^
[Tue Jul 07 13:25:33.590515 2026] [wsgi:error] [pid 9:tid 139747456874176] [remote 10.0.0.175:35674] 2026-07-07 13:25:33.573 9 ERROR keystone.server.flask.application
File "/var/lib/openstack/lib/python3.12/site-packages/sqlalchemy/orm/session.py", line 1290, in _prepare_impl
[Tue Jul 07 13:25:33.590519 2026] [wsgi:error] [pid 9:tid 139747456874176] [remote 10.0.0.175:35674] 2026-07-07 13:25:33.573 9 ERROR keystone.server.flask.application self.session.flush()
[Tue Jul 07 13:25:33.590522 2026] [wsgi:error] [pid 9:tid 139747456874176] [remote 10.0.0.175:35674] 2026-07-07 13:25:33.573 9 ERROR keystone.server.flask.application
File "/var/lib/openstack/lib/python3.12/site-packages/sqlalchemy/orm/session.py", line 4352, in flush
[Tue Jul 07 13:25:33.590525 2026] [wsgi:error] [pid 9:tid 139747456874176] [remote 10.0.0.175:35674] 2026-07-07 13:25:33.573 9 ERROR keystone.server.flask.application self._flush(objects)
[Tue Jul 07 13:25:33.590526 2026] [wsgi:error] [pid 9:tid 139747456874176] [remote 10.0.0.175:35674] 2026-07-07 13:25:33.573 9 ERROR keystone.server.flask.application
File "/var/lib/openstack/lib/python3.12/site-packages/sqlalchemy/orm/session.py", line 4487, in _flush
[Tue Jul 07 13:25:33.590530 2026] [wsgi:error] [pid 9:tid 139747456874176] [remote 10.0.0.175:35674] 2026-07-07 13:25:33.573 9 ERROR keystone.server.flask.application with util.safe_reraise():
[Tue Jul 07 13:25:33.590533 2026] [wsgi:error] [pid 9:tid 139747456874176] [remote 10.0.0.175:35674] 2026-07-07 13:25:33.573 9 ERROR keystone.server.flask.application
File "/var/lib/openstack/lib/python3.12/site-packages/sqlalchemy/util/langhelpers.py", line 122, in __exit__
[Tue Jul 07 13:25:33.590537 2026] [wsgi:error] [pid 9:tid 139747456874176] [remote 10.0.0.175:35674] 2026-07-07 13:25:33.573 9 ERROR keystone.server.flask.application raise exc_value.with_traceback(exc_tb)
[Tue Jul 07 13:25:33.590540 2026] [wsgi:error] [pid 9:tid 139747456874176] [remote 10.0.0.175:35674] 2026-07-07 13:25:33.573 9 ERROR keystone.server.flask.application
File "/var/lib/openstack/lib/python3.12/site-packages/sqlalchemy/orm/session.py", line 4448, in _flush
[Tue Jul 07 13:25:33.590542 2026] [wsgi:error] [pid 9:tid 139747456874176] [remote 10.0.0.175:35674] 2026-07-07 13:25:33.573 9 ERROR keystone.server.flask.application flush_context.execute()
[Tue Jul 07 13:25:33.590545 2026] [wsgi:error] [pid 9:tid 139747456874176] [remote 10.0.0.175:35674] 2026-07-07 13:25:33.573 9 ERROR keystone.server.flask.application
File "/var/lib/openstack/lib/python3.12/site-packages/sqlalchemy/orm/unitofwork.py", line 465, in execute
