Mar 19 14:09:17.046085 np0000160015 devstack@neutron-api.service[102463]: INFO neutron.api.extensions [None req-1eb8cfae-a84c-4cf8-b31e-a18428dd2d6b None None] Extension port-hardware-offload-type not supported by any of loaded plugins
Mar 19 14:09:17.046085 np0000160015 devstack@neutron-api.service[102463]: DEBUG neutron.api.extensions [None req-1eb8cfae-a84c-4cf8-b31e-a18428dd2d6b None None] Loading extension file: port_hint_ovs_tx_steering.py {{(pid=102463) _load_all_extensions_from_path /opt/stack/neutron/neutron/api/extensions.py:449}}
Mar 19 14:09:17.046318 np0000160015 devstack@neutron-api.service[102465]: INFO neutron.quota.resource_registry [None req-271949fe-ef21-44b7-9ee9-d2ab8b59cdc6 None None] Creating instance of TrackedResource for resource:floatingip
Mar 19 14:09:17.046414 np0000160015 devstack@neutron-api.service[102463]: DEBUG neutron.api.extensions [None req-1eb8cfae-a84c-4cf8-b31e-a18428dd2d6b None None] Ext name="Port hint: Open vSwitch Tx steering" alias="port-hint-ovs-tx-steering" description="Enable Port hint: Open vSwitch Tx steering" updated="2023-01-01T00:00:00-00:00" {{(pid=102463) _check_extension /opt/stack/neutron/neutron/api/extensions.py:415}}
Mar 19 14:09:17.046414 np0000160015 devstack@neutron-api.service[102463]: INFO neutron.api.extensions [None req-1eb8cfae-a84c-4cf8-b31e-a18428dd2d6b None None] Extension port-hint-ovs-tx-steering not supported by any of loaded plugins
Mar 19 14:09:17.046414 np0000160015 devstack@neutron-api.service[102463]: DEBUG neutron.api.extensions [None req-1eb8cfae-a84c-4cf8-b31e-a18428dd2d6b None None] Loading extension file: port_hints.py {{(pid=102463) _load_all_extensions_from_path /opt/stack/neutron/neutron/api/extensions.py:449}}
Mar 19 14:09:17.046414 np0000160015 devstack@neutron-api.service[102463]: DEBUG neutron.api.extensions [None req-1eb8cfae-a84c-4cf8-b31e-a18428dd2d6b None None] Ext name="Port hints" alias="port-hints" description="Backend specific port hints to allow backend specific tuning" updated="2023-01-01T00:00:00-00:00" {{(pid=102463) _check_extension /opt/stack/neutron/neutron/api/extensions.py:415}}
Mar 19 14:09:17.046414 np0000160015 devstack@neutron-api.service[102463]: INFO neutron.api.extensions [None req-1eb8cfae-a84c-4cf8-b31e-a18428dd2d6b None None] Extension port-hints not supported by any of loaded plugins
Mar 19 14:09:17.046414 np0000160015 devstack@neutron-api.service[102463]: DEBUG neutron.api.extensions [None req-1eb8cfae-a84c-4cf8-b31e-a18428dd2d6b None None] Loading extension file: port_mac_address_override.py {{(pid=102463) _load_all_extensions_from_path /opt/stack/neutron/neutron/api/extensions.py:449}}
Mar 19 14:09:17.046779 np0000160015 devstack@neutron-api.service[102465]: DEBUG neutron_lib.callbacks.manager [None req-271949fe-ef21-44b7-9ee9-d2ab8b59cdc6 None None] Subscribe: > rbac-policy before_create 55550000, False {{(pid=102465) subscribe /opt/stack/data/venv/lib/python3.12/site-packages/neutron_lib/callbacks/manager.py:52}}
Mar 19 14:09:17.046779 np0000160015 devstack@neutron-api.service[102465]: DEBUG neutron_lib.callbacks.manager [None req-271949fe-ef21-44b7-9ee9-d2ab8b59cdc6 None None] Subscribe: > rbac-policy before_update 55550000, False {{(pid=102465) subscribe /opt/stack/data/venv/lib/python3.12/site-packages/neutron_lib/callbacks/manager.py:52}}
Mar 19 14:09:17.046953 np0000160015 devstack@neutron-api.service[102463]: DEBUG neutron.api.extensions [None req-1eb8cfae-a84c-4cf8-b31e-a18428dd2d6b None None] Ext name="Neutron Port MAC address override" alias="port-mac-override" description="Allow overriding the MAC address of a direct-physical Port via the active binding profile" updated="2022-03-18T10:00:00-00:00" {{(pid=102463) _check_extension /opt/stack/neutron/neutron/api/extensions.py:415}}
Mar 19 14:09:17.047116 np0000160015 devstack@neutron-api.service[102465]: DEBUG neutron_lib.callbacks.manager [None req-271949fe-ef21-44b7-9ee9-d2ab8b59cdc6 None None] Subscribe: > rbac-policy before_delete 55550000, False {{(pid=102465) subscribe /opt/stack/data/venv/lib/python3.12/site-packages/neutron_lib/callbacks/manager.py:52}}
Mar 19 14:09:17.047284 np0000160015 devstack@neutron-api.service[102463]: INFO neutron.api.extensions [None req-1eb8cfae-a84c-4cf8-b31e-a18428dd2d6b None None] Extension port-mac-override not supported by any of loaded plugins
Mar 19 14:09:17.047284 np0000160015 devstack@neutron-api.service[102463]: DEBUG neutron.api.extensions [None req-1eb8cfae-a84c-4cf8-b31e-a18428dd2d6b None None] Loading extension file: port_mac_address_regenerate.py {{(pid=102463) _load_all_extensions_from_path /opt/stack/neutron/neutron/api/extensions.py:449}}
Mar 19 14:09:17.047284 np0000160015 devstack@neutron-api.service[102463]: DEBUG neutron.api.extensions [None req-1eb8cfae-a84c-4cf8-b31e-a18428dd2d6b None None] Ext name="Neutron Port MAC address regenerate" alias="port-mac-address-regenerate" description="Network port MAC address regenerate" updated="2018-05-03T10:00:00-00:00" {{(pid=102463) _check_extension /opt/stack/neutron/neutron/api/extensions.py:415}}
Mar 19 14:09:17.047284 np0000160015 devstack@neutron-api.service[102463]: INFO neutron.api.extensions [None req-1eb8cfae-a84c-4cf8-b31e-a18428dd2d6b None None] Loaded extension: port-mac-address-regenerate
Mar 19 14:09:17.047284 np0000160015 devstack@neutron-api.service[102463]: DEBUG neutron.api.extensions [None req-1eb8cfae-a84c-4cf8-b31e-a18428dd2d6b None None] Loading extension file: port_numa_affinity_policy.py {{(pid=102463) _load_all_extensions_from_path /opt/stack/neutron/neutron/api/extensions.py:449}}
Mar 19 14:09:17.047284 np0000160015 devstack@neutron-api.service[102463]: DEBUG neutron.api.extensions [None req-1eb8cfae-a84c-4cf8-b31e-a18428dd2d6b None None] Ext name="Port NUMA affinity policy" alias="port-numa-affinity-policy" description="Expose the port NUMA affinity policy" updated="2020-07-08T10:00:00-00:00" {{(pid=102463) _check_extension /opt/stack/neutron/neutron/api/extensions.py:415}}
Mar 19 14:09:17.047618 np0000160015 devstack@neutron-api.service[102465]: INFO neutron.quota.resource_registry [None req-271949fe-ef21-44b7-9ee9-d2ab8b59cdc6 None None] Creating instance of CountableResource for resource:rbac_policy
Mar 19 14:09:17.047721 np0000160015 devstack@neutron-api.service[102463]: INFO neutron.api.extensions [None req-1eb8cfae-a84c-4cf8-b31e-a18428dd2d6b None None] Loaded extension: port-numa-affinity-policy
Mar 19 14:09:17.047785 np0000160015 devstack@neutron-api.service[102464]: DEBUG neutron.services.provider_configuration [None req-498edd99-5ad8-41e2-964f-248a1af562f1 None None] Service providers = [] {{(pid=102464) parse_service_provider_opt /opt/stack/neutron/neutron/services/provider_configuration.py:171}}
Mar 19 14:09:17.047889 np0000160015 devstack@neutron-api.service[102463]: DEBUG neutron.api.extensions [None req-1eb8cfae-a84c-4cf8-b31e-a18428dd2d6b None None] Loading extension file: port_numa_affinity_policy_socket.py {{(pid=102463) _load_all_extensions_from_path /opt/stack/neutron/neutron/api/extensions.py:449}}
Mar 19 14:09:17.048020 np0000160015 devstack@neutron-api.service[102464]: DEBUG neutron.db.servicetype_db [None req-498edd99-5ad8-41e2-964f-248a1af562f1 None None] Adding provider configuration for service L3_ROUTER_NAT {{(pid=102464) add_provider_configuration /opt/stack/neutron/neutron/db/servicetype_db.py:42}}
Mar 19 14:09:17.048091 np0000160015 devstack@neutron-api.service[102463]: DEBUG neutron.api.extensions [None req-1eb8cfae-a84c-4cf8-b31e-a18428dd2d6b None None] Ext name="Port NUMA affinity policy "socket"" alias="port-numa-affinity-policy-socket" description="Adds "socket" to the supported port NUMA affinity policies" updated="2024-02-09T10:00:00-00:00" {{(pid=102463) _check_extension /opt/stack/neutron/neutron/api/extensions.py:415}}
Mar 19 14:09:17.048091 np0000160015 devstack@neutron-api.service[102463]: INFO neutron.api.extensions [None req-1eb8cfae-a84c-4cf8-b31e-a18428dd2d6b None None] Loaded extension: port-numa-affinity-policy-socket
Mar 19 14:09:17.048153 np0000160015 devstack@neutron-api.service[102465]: INFO neutron.quota.resource_registry [None req-271949fe-ef21-44b7-9ee9-d2ab8b59cdc6 None None] Creating instance of TrackedResource for resource:security_group
Mar 19 14:09:17.048257 np0000160015 devstack@neutron-api.service[102463]: DEBUG neutron.api.extensions [None req-1eb8cfae-a84c-4cf8-b31e-a18428dd2d6b None None] Loading extension file: port_resource_request.py {{(pid=102463) _load_all_extensions_from_path /opt/stack/neutron/neutron/api/extensions.py:449}}
Mar 19 14:09:17.048257 np0000160015 devstack@neutron-api.service[102463]: DEBUG neutron.api.extensions [None req-1eb8cfae-a84c-4cf8-b31e-a18428dd2d6b None None] Ext name="Port Resource Request" alias="port-resource-request" description="Expose resource request to Port" updated="2018-05-08T10:00:00-00:00" {{(pid=102463) _check_extension /opt/stack/neutron/neutron/api/extensions.py:415}}
Mar 19 14:09:17.048411 np0000160015 devstack@neutron-api.service[102465]: INFO neutron.quota.resource_registry [None req-271949fe-ef21-44b7-9ee9-d2ab8b59cdc6 None None] Creating instance of TrackedResource for resource:security_group_rule
Mar 19 14:09:17.048477 np0000160015 devstack@neutron-api.service[102463]: INFO neutron.api.extensions [None req-1eb8cfae-a84c-4cf8-b31e-a18428dd2d6b None None] Extension port-resource-request not supported by any of loaded plugins
Mar 19 14:09:17.048477 np0000160015 devstack@neutron-api.service[102463]: DEBUG neutron.api.extensions [None req-1eb8cfae-a84c-4cf8-b31e-a18428dd2d6b None None] Loading extension file: port_resource_request_groups.py {{(pid=102463) _load_all_extensions_from_path /opt/stack/neutron/neutron/api/extensions.py:449}}
Mar 19 14:09:17.048477 np0000160015 devstack@neutron-api.service[102463]: DEBUG neutron.api.extensions [None req-1eb8cfae-a84c-4cf8-b31e-a18428dd2d6b None None] Ext name="Port Resource Request Groups" alias="port-resource-request-groups" description="Support requesting multiple groups of resources and traits from the same RP subtree in resource_request" updated="2021-08-02T10:00:00-00:00" {{(pid=102463) _check_extension /opt/stack/neutron/neutron/api/extensions.py:415}}
Mar 19 14:09:17.048678 np0000160015 devstack@neutron-api.service[102465]: DEBUG neutron.api.v2.resource_helper [None req-271949fe-ef21-44b7-9ee9-d2ab8b59cdc6 None None] Service CORE assigned prefix: {{(pid=102465) build_resource_info /opt/stack/neutron/neutron/api/v2/resource_helper.py:77}}
Mar 19 14:09:17.048821 np0000160015 devstack@neutron-api.service[102463]: INFO neutron.api.extensions [None req-1eb8cfae-a84c-4cf8-b31e-a18428dd2d6b None None] Extension port-resource-request-groups not supported by any of loaded plugins
Mar 19 14:09:17.048933 np0000160015 devstack@neutron-api.service[102465]: INFO neutron.quota.resource_registry [None req-271949fe-ef21-44b7-9ee9-d2ab8b59cdc6 None None] Creating instance of TrackedResource for resource:subnetpool
Mar 19 14:09:17.049006 np0000160015 devstack@neutron-api.service[102463]: DEBUG neutron.api.extensions [None req-1eb8cfae-a84c-4cf8-b31e-a18428dd2d6b None None] Loading extension file: port_trusted_vif.py {{(pid=102463) _load_all_extensions_from_path /opt/stack/neutron/neutron/api/extensions.py:449}}
Mar 19 14:09:17.049106 np0000160015 devstack@neutron-api.service[102465]: WARNING neutron.quota.resource_registry [None req-271949fe-ef21-44b7-9ee9-d2ab8b59cdc6 None None] subnetpool is already registered
Mar 19 14:09:17.049143 np0000160015 devstack@neutron-api.service[102464]: DEBUG neutron_lib.callbacks.manager [None req-498edd99-5ad8-41e2-964f-248a1af562f1 None None] Subscribe: > router precommit_create 55549900, False {{(pid=102464) subscribe /opt/stack/data/venv/lib/python3.12/site-packages/neutron_lib/callbacks/manager.py:52}}
Mar 19 14:09:17.049209 np0000160015 devstack@neutron-api.service[102463]: DEBUG neutron.api.extensions [None req-1eb8cfae-a84c-4cf8-b31e-a18428dd2d6b None None] Ext name="Port trusted vif" alias="port-trusted-vif" description="Expose port 'trusted' attribute in the API" updated="2024-07-10T10:00:00-00:00" {{(pid=102463) _check_extension /opt/stack/neutron/neutron/api/extensions.py:415}}
Mar 19 14:09:17.049310 np0000160015 devstack@neutron-api.service[102464]: DEBUG neutron_lib.callbacks.manager [None req-498edd99-5ad8-41e2-964f-248a1af562f1 None None] Subscribe: > router_interface after_create 55550000, False {{(pid=102464) subscribe /opt/stack/data/venv/lib/python3.12/site-packages/neutron_lib/callbacks/manager.py:52}}
Mar 19 14:09:17.049310 np0000160015 devstack@neutron-api.service[102464]: DEBUG neutron_lib.callbacks.manager [None req-498edd99-5ad8-41e2-964f-248a1af562f1 None None] Subscribe: > floatingip after_create 55550000, False {{(pid=102464) subscribe /opt/stack/data/venv/lib/python3.12/site-packages/neutron_lib/callbacks/manager.py:52}}
Mar 19 14:09:17.049380 np0000160015 devstack@neutron-api.service[102463]: INFO neutron.api.extensions [None req-1eb8cfae-a84c-4cf8-b31e-a18428dd2d6b None None] Extension port-trusted-vif not supported by any of loaded plugins
Mar 19 14:09:17.049517 np0000160015 devstack@neutron-api.service[102464]: DEBUG neutron_lib.callbacks.manager [None req-498edd99-5ad8-41e2-964f-248a1af562f1 None None] Subscribe: > floatingip precommit_create 55550000, False {{(pid=102464) subscribe /opt/stack/data/venv/lib/python3.12/site-packages/neutron_lib/callbacks/manager.py:52}}
Mar 19 14:09:17.049589 np0000160015 devstack@neutron-api.service[102463]: DEBUG neutron.api.extensions [None req-1eb8cfae-a84c-4cf8-b31e-a18428dd2d6b None None] Loading extension file: portbindings.py {{(pid=102463) _load_all_extensions_from_path /opt/stack/neutron/neutron/api/extensions.py:449}}
Mar 19 14:09:17.049697 np0000160015 devstack@neutron-api.service[102464]: DEBUG neutron_lib.callbacks.manager [None req-498edd99-5ad8-41e2-964f-248a1af562f1 None None] Subscribe: > floatingip precommit_update 55550000, False {{(pid=102464) subscribe /opt/stack/data/venv/lib/python3.12/site-packages/neutron_lib/callbacks/manager.py:52}}
Mar 19 14:09:17.049760 np0000160015 devstack@neutron-api.service[102463]: DEBUG neutron.api.extensions [None req-1eb8cfae-a84c-4cf8-b31e-a18428dd2d6b None None] Ext name="Port Binding" alias="binding" description="Expose port bindings of a virtual port to external application" updated="2014-02-03T10:00:00-00:00" {{(pid=102463) _check_extension /opt/stack/neutron/neutron/api/extensions.py:415}}
Mar 19 14:09:17.049835 np0000160015 devstack@neutron-api.service[102464]: DEBUG neutron_lib.callbacks.manager [None req-498edd99-5ad8-41e2-964f-248a1af562f1 None None] Subscribe: > floatingip after_delete 55550000, False {{(pid=102464) subscribe /opt/stack/data/venv/lib/python3.12/site-packages/neutron_lib/callbacks/manager.py:52}}
Mar 19 14:09:17.049835 np0000160015 devstack@neutron-api.service[102464]: DEBUG neutron_lib.callbacks.manager [None req-498edd99-5ad8-41e2-964f-248a1af562f1 None None] Subscribe: > floatingip after_status_update 55550000, False {{(pid=102464) subscribe /opt/stack/data/venv/lib/python3.12/site-packages/neutron_lib/callbacks/manager.py:52}}
Mar 19 14:09:17.049835 np0000160015 devstack@neutron-api.service[102464]: DEBUG neutron_lib.callbacks.manager [None req-498edd99-5ad8-41e2-964f-248a1af562f1 None None] Subscribe: > floatingip after_update 55550000, False {{(pid=102464) subscribe /opt/stack/data/venv/lib/python3.12/site-packages/neutron_lib/callbacks/manager.py:52}}
Mar 19 14:09:17.050029 np0000160015 devstack@neutron-api.service[102463]: INFO neutron.api.extensions [None req-1eb8cfae-a84c-4cf8-b31e-a18428dd2d6b None None] Loaded extension: binding
Mar 19 14:09:17.050067 np0000160015 devstack@neutron-api.service[102464]: DEBUG neutron_lib.callbacks.manager [None req-498edd99-5ad8-41e2-964f-248a1af562f1 None None] Subscribe: > port_forwarding after_create 55550000, False {{(pid=102464) subscribe /opt/stack/data/venv/lib/python3.12/site-packages/neutron_lib/callbacks/manager.py:52}}
Mar 19 14:09:17.050146 np0000160015 devstack@neutron-api.service[102463]: DEBUG neutron.api.extensions [None req-1eb8cfae-a84c-4cf8-b31e-a18428dd2d6b None None] Loading extension file: portbindings_extended.py {{(pid=102463) _load_all_extensions_from_path /opt/stack/neutron/neutron/api/extensions.py:449}}
Mar 19 14:09:17.050182 np0000160015 devstack@neutron-api.service[102464]: DEBUG neutron_lib.callbacks.manager [None req-498edd99-5ad8-41e2-964f-248a1af562f1 None None] Subscribe: > router_interface after_delete 55550000, False {{(pid=102464) subscribe /opt/stack/data/venv/lib/python3.12/site-packages/neutron_lib/callbacks/manager.py:52}}
Mar 19 14:09:17.050182 np0000160015 devstack@neutron-api.service[102464]: DEBUG neutron_lib.callbacks.manager [None req-498edd99-5ad8-41e2-964f-248a1af562f1 None None] Subscribe: > router after_create 55550000, False {{(pid=102464) subscribe /opt/stack/data/venv/lib/python3.12/site-packages/neutron_lib/callbacks/manager.py:52}}
Mar 19 14:09:17.050245 np0000160015 devstack@neutron-api.service[102463]: DEBUG neutron.api.extensions [None req-1eb8cfae-a84c-4cf8-b31e-a18428dd2d6b None None] Ext name="Port Bindings Extended" alias="binding-extended" description="Expose port bindings of a virtual port to external application" updated="2017-07-17T10:00:00-00:00" {{(pid=102463) _check_extension /opt/stack/neutron/neutron/api/extensions.py:415}}
Mar 19 14:09:17.050343 np0000160015 devstack@neutron-api.service[102464]: DEBUG neutron_lib.callbacks.manager [None req-498edd99-5ad8-41e2-964f-248a1af562f1 None None] Subscribe: > router precommit_create 55550000, False {{(pid=102464) subscribe /opt/stack/data/venv/lib/python3.12/site-packages/neutron_lib/callbacks/manager.py:52}}
Mar 19 14:09:17.050343 np0000160015 devstack@neutron-api.service[102464]: DEBUG neutron_lib.callbacks.manager [None req-498edd99-5ad8-41e2-964f-248a1af562f1 None None] Subscribe: > router after_delete 55550000, False {{(pid=102464) subscribe /opt/stack/data/venv/lib/python3.12/site-packages/neutron_lib/callbacks/manager.py:52}}
Mar 19 14:09:17.050412 np0000160015 devstack@neutron-api.service[102463]: INFO neutron.api.extensions [None req-1eb8cfae-a84c-4cf8-b31e-a18428dd2d6b None None] Loaded extension: binding-extended
Mar 19 14:09:17.050542 np0000160015 devstack@neutron-api.service[102464]: DEBUG neutron_lib.callbacks.manager [None req-498edd99-5ad8-41e2-964f-248a1af562f1 None None] Subscribe: > router after_update 55550000, False {{(pid=102464) subscribe /opt/stack/data/venv/lib/python3.12/site-packages/neutron_lib/callbacks/manager.py:52}}
Mar 19 14:09:17.050611 np0000160015 devstack@neutron-api.service[102463]: DEBUG neutron.api.extensions [None req-1eb8cfae-a84c-4cf8-b31e-a18428dd2d6b None None] Loading extension file: portsecurity.py {{(pid=102463) _load_all_extensions_from_path /opt/stack/neutron/neutron/api/extensions.py:449}}
Mar 19 14:09:17.050645 np0000160015 devstack@neutron-api.service[102464]: DEBUG neutron.services.service_base [None req-498edd99-5ad8-41e2-964f-248a1af562f1 None None] Loaded 'neutron.services.ovn_l3.service_providers.ovn.OvnDriver' provider for service L3_ROUTER_NAT {{(pid=102464) load_drivers /opt/stack/neutron/neutron/services/service_base.py:49}}
Mar 19 14:09:17.050645 np0000160015 devstack@neutron-api.service[102464]: DEBUG neutron_lib.callbacks.manager [None req-498edd99-5ad8-41e2-964f-248a1af562f1 None None] Subscribe: > process after_init 55550001, True {{(pid=102464) subscribe /opt/stack/data/venv/lib/python3.12/site-packages/neutron_lib/callbacks/manager.py:52}}
Mar 19 14:09:17.050766 np0000160015 devstack@neutron-api.service[102463]: DEBUG neutron.api.extensions [None req-1eb8cfae-a84c-4cf8-b31e-a18428dd2d6b None None] Ext name="Port Security" alias="port-security" description="Provides port security" updated="2012-07-23T10:00:00-00:00" {{(pid=102463) _check_extension /opt/stack/neutron/neutron/api/extensions.py:415}}
Mar 19 14:09:17.050806 np0000160015 devstack@neutron-api.service[102464]: DEBUG neutron.manager [None req-498edd99-5ad8-41e2-964f-248a1af562f1 None None] Successfully loaded L3_ROUTER_NAT plugin. Description: L3 Router Service Plugin for basic L3 forwarding using OVN {{(pid=102464) _create_and_add_service_plugin /opt/stack/neutron/neutron/manager.py:229}}
Mar 19 14:09:17.050932 np0000160015 devstack@neutron-api.service[102463]: INFO neutron.api.extensions [None req-1eb8cfae-a84c-4cf8-b31e-a18428dd2d6b None None] Loaded extension: port-security
Mar 19 14:09:17.051046 np0000160015 devstack@neutron-api.service[102464]: INFO neutron.manager [None req-498edd99-5ad8-41e2-964f-248a1af562f1 None None] Loading Plugin: auto_allocate
Mar 19 14:09:17.051110 np0000160015 devstack@neutron-api.service[102463]: DEBUG neutron.api.extensions [None req-1eb8cfae-a84c-4cf8-b31e-a18428dd2d6b None None] Loading extension file: project_id.py {{(pid=102463) _load_all_extensions_from_path /opt/stack/neutron/neutron/api/extensions.py:449}}
Mar 19 14:09:17.051110 np0000160015 devstack@neutron-api.service[102463]: DEBUG neutron.api.extensions [None req-1eb8cfae-a84c-4cf8-b31e-a18428dd2d6b None None] Ext name="project_id field enabled" alias="project-id" description="Extension that indicates that project_id field is enabled." updated="2016-09-09T09:09:09-09:09" {{(pid=102463) _check_extension /opt/stack/neutron/neutron/api/extensions.py:415}}
Mar 19 14:09:17.051110 np0000160015 devstack@neutron-api.service[102463]: INFO neutron.api.extensions [None req-1eb8cfae-a84c-4cf8-b31e-a18428dd2d6b None None] Loaded extension: project-id
Mar 19 14:09:17.051110 np0000160015 devstack@neutron-api.service[102463]: DEBUG neutron.api.extensions [None req-1eb8cfae-a84c-4cf8-b31e-a18428dd2d6b None None] Loading extension file: providernet.py {{(pid=102463) _load_all_extensions_from_path /opt/stack/neutron/neutron/api/extensions.py:449}}
Mar 19 14:09:17.051110 np0000160015 devstack@neutron-api.service[102463]: DEBUG neutron.api.extensions [None req-1eb8cfae-a84c-4cf8-b31e-a18428dd2d6b None None] Ext name="Provider Network" alias="provider" description="Expose mapping of virtual networks to physical networks" updated="2012-09-07T10:00:00-00:00" {{(pid=102463) _check_extension /opt/stack/neutron/neutron/api/extensions.py:415}}
Mar 19 14:09:17.051110 np0000160015 devstack@neutron-api.service[102463]: INFO neutron.api.extensions [None req-1eb8cfae-a84c-4cf8-b31e-a18428dd2d6b None None] Loaded extension: provider
Mar 19 14:09:17.051110 np0000160015 devstack@neutron-api.service[102463]: DEBUG neutron.api.extensions [None req-1eb8cfae-a84c-4cf8-b31e-a18428dd2d6b None None] Loading extension file: qinq.py {{(pid=102463) _load_all_extensions_from_path /opt/stack/neutron/neutron/api/extensions.py:449}}
Mar 19 14:09:17.051395 np0000160015 devstack@neutron-api.service[102465]: DEBUG neutron.api.v2.resource_helper [None req-271949fe-ef21-44b7-9ee9-d2ab8b59cdc6 None None] Service L3_ROUTER_NAT assigned prefix: {{(pid=102465) build_resource_info /opt/stack/neutron/neutron/api/v2/resource_helper.py:77}}
Mar 19 14:09:17.051590 np0000160015 devstack@neutron-api.service[102464]: DEBUG neutron_lib.callbacks.manager [None req-498edd99-5ad8-41e2-964f-248a1af562f1 None None] Subscribe: network precommit_update 55550000, False {{(pid=102464) subscribe /opt/stack/data/venv/lib/python3.12/site-packages/neutron_lib/callbacks/manager.py:52}}
Mar 19 14:09:17.051590 np0000160015 devstack@neutron-api.service[102464]: DEBUG neutron_lib.callbacks.manager [None req-498edd99-5ad8-41e2-964f-248a1af562f1 None None] Subscribe: network precommit_create 55550000, False {{(pid=102464) subscribe /opt/stack/data/venv/lib/python3.12/site-packages/neutron_lib/callbacks/manager.py:52}}
Mar 19 14:09:17.051685 np0000160015 devstack@neutron-api.service[102463]: DEBUG neutron.api.extensions [None req-1eb8cfae-a84c-4cf8-b31e-a18428dd2d6b None None] Ext name="QinQ networks" alias="qinq" description="Expose network 'qinq' attribute in the API. This allows to configure network to allow vlan in vlan configuration using 0x8a88 ethertype (QinQ)." updated="2024-12-02T10:00:00-00:00" {{(pid=102463) _check_extension /opt/stack/neutron/neutron/api/extensions.py:415}}
Mar 19 14:09:17.051788 np0000160015 devstack@neutron-api.service[102464]: DEBUG neutron.manager [None req-498edd99-5ad8-41e2-964f-248a1af562f1 None None] Successfully loaded auto-allocated-topology plugin. Description: Auto Allocated Topology - aka get me a network. {{(pid=102464) _create_and_add_service_plugin /opt/stack/neutron/neutron/manager.py:229}}
Mar 19 14:09:17.051834 np0000160015 devstack@neutron-api.service[102463]: INFO neutron.api.extensions [None req-1eb8cfae-a84c-4cf8-b31e-a18428dd2d6b None None] Loaded extension: qinq
Mar 19 14:09:17.051960 np0000160015 devstack@neutron-api.service[102465]: DEBUG neutron.api.v2.resource_helper [None req-271949fe-ef21-44b7-9ee9-d2ab8b59cdc6 None None] Service FLAVORS assigned prefix: {{(pid=102465) build_resource_info /opt/stack/neutron/neutron/api/v2/resource_helper.py:77}}
Mar 19 14:09:17.051994 np0000160015 devstack@neutron-api.service[102464]: INFO neutron.manager [None req-498edd99-5ad8-41e2-964f-248a1af562f1 None None] Loading Plugin: tag
Mar 19 14:09:17.052091 np0000160015 devstack@neutron-api.service[102463]: DEBUG neutron.api.extensions [None req-1eb8cfae-a84c-4cf8-b31e-a18428dd2d6b None None] Loading extension file: qos.py {{(pid=102463) _load_all_extensions_from_path /opt/stack/neutron/neutron/api/extensions.py:449}}
Mar 19 14:09:17.052091 np0000160015 devstack@neutron-api.service[102463]: DEBUG neutron.api.extensions [None req-1eb8cfae-a84c-4cf8-b31e-a18428dd2d6b None None] Ext name="Quality of Service" alias="qos" description="The Quality of Service extension." updated="2015-06-08T10:00:00-00:00" {{(pid=102463) _check_extension /opt/stack/neutron/neutron/api/extensions.py:415}}
Mar 19 14:09:17.052159 np0000160015 devstack@neutron-api.service[102465]: DEBUG neutron.api.v2.resource_helper [None req-271949fe-ef21-44b7-9ee9-d2ab8b59cdc6 None None] Service L3_ROUTER_NAT assigned prefix: {{(pid=102465) build_resource_info /opt/stack/neutron/neutron/api/v2/resource_helper.py:77}}
Mar 19 14:09:17.052192 np0000160015 devstack@neutron-api.service[102463]: INFO neutron.api.extensions [None req-1eb8cfae-a84c-4cf8-b31e-a18428dd2d6b None None] Extension qos not supported by any of loaded plugins
Mar 19 14:09:17.052192 np0000160015 devstack@neutron-api.service[102463]: DEBUG neutron.api.extensions [None req-1eb8cfae-a84c-4cf8-b31e-a18428dd2d6b None None] Loading extension file: qos_bw_limit_direction.py {{(pid=102463) _load_all_extensions_from_path /opt/stack/neutron/neutron/api/extensions.py:449}}
Mar 19 14:09:17.052318 np0000160015 devstack@neutron-api.service[102465]: DEBUG neutron.api.v2.resource_helper [None req-271949fe-ef21-44b7-9ee9-d2ab8b59cdc6 None None] Service L3_ROUTER_NAT assigned prefix: {{(pid=102465) build_resource_info /opt/stack/neutron/neutron/api/v2/resource_helper.py:77}}
Mar 19 14:09:17.052318 np0000160015 devstack@neutron-api.service[102465]: INFO neutron.quota.resource_registry [None req-271949fe-ef21-44b7-9ee9-d2ab8b59cdc6 None None] Creating instance of TrackedResource for resource:router
Mar 19 14:09:17.052486 np0000160015 devstack@neutron-api.service[102463]: DEBUG neutron.api.extensions [None req-1eb8cfae-a84c-4cf8-b31e-a18428dd2d6b None None] Ext name="Direction for QoS bandwidth limit rule" alias="qos-bw-limit-direction" description="Allow to configure QoS bandwidth limit rule with specific direction: ingress or egress" updated="2017-04-10T10:00:00-00:00" {{(pid=102463) _check_extension /opt/stack/neutron/neutron/api/extensions.py:415}}
Mar 19 14:09:17.052599 np0000160015 devstack@neutron-api.service[102465]: WARNING neutron.quota.resource_registry [None req-271949fe-ef21-44b7-9ee9-d2ab8b59cdc6 None None] router is already registered
Mar 19 14:09:17.052629 np0000160015 devstack@neutron-api.service[102463]: INFO neutron.api.extensions [None req-1eb8cfae-a84c-4cf8-b31e-a18428dd2d6b None None] Extension qos-bw-limit-direction not supported by any of loaded plugins
Mar 19 14:09:17.052629 np0000160015 devstack@neutron-api.service[102463]: DEBUG neutron.api.extensions [None req-1eb8cfae-a84c-4cf8-b31e-a18428dd2d6b None None] Loading extension file: qos_bw_minimum_ingress.py {{(pid=102463) _load_all_extensions_from_path /opt/stack/neutron/neutron/api/extensions.py:449}}
Mar 19 14:09:17.052687 np0000160015 devstack@neutron-api.service[102465]: INFO neutron.quota.resource_registry [None req-271949fe-ef21-44b7-9ee9-d2ab8b59cdc6 None None] Creating instance of TrackedResource for resource:floatingip
Mar 19 14:09:17.052791 np0000160015 devstack@neutron-api.service[102463]: DEBUG neutron.api.extensions [None req-1eb8cfae-a84c-4cf8-b31e-a18428dd2d6b None None] Ext name="Ingress direction for QoS minimum bandwidth rule" alias="qos-bw-minimum-ingress" description="Allow to configure QoS minumum bandwidth rule with ingress direction." updated="2018-07-09T10:00:00-00:00" {{(pid=102463) _check_extension /opt/stack/neutron/neutron/api/extensions.py:415}}
Mar 19 14:09:17.052826 np0000160015 devstack@neutron-api.service[102465]: WARNING neutron.quota.resource_registry [None req-271949fe-ef21-44b7-9ee9-d2ab8b59cdc6 None None] floatingip is already registered
Mar 19 14:09:17.052979 np0000160015 devstack@neutron-api.service[102463]: INFO neutron.api.extensions [None req-1eb8cfae-a84c-4cf8-b31e-a18428dd2d6b None None] Extension qos-bw-minimum-ingress not supported by any of loaded plugins
Mar 19 14:09:17.052979 np0000160015 devstack@neutron-api.service[102463]: DEBUG neutron.api.extensions [None req-1eb8cfae-a84c-4cf8-b31e-a18428dd2d6b None None] Loading extension file: qos_default.py {{(pid=102463) _load_all_extensions_from_path /opt/stack/neutron/neutron/api/extensions.py:449}}
Mar 19 14:09:17.052979 np0000160015 devstack@neutron-api.service[102463]: DEBUG neutron.api.extensions [None req-1eb8cfae-a84c-4cf8-b31e-a18428dd2d6b None None] Ext name="QoS default policy" alias="qos-default" description="Expose the QoS default policy per project" updated="2017-041-06T10:00:00-00:00" {{(pid=102463) _check_extension /opt/stack/neutron/neutron/api/extensions.py:415}}
Mar 19 14:09:17.052979 np0000160015 devstack@neutron-api.service[102463]: INFO neutron.api.extensions [None req-1eb8cfae-a84c-4cf8-b31e-a18428dd2d6b None None] Extension qos-default not supported by any of loaded plugins
Mar 19 14:09:17.052979 np0000160015 devstack@neutron-api.service[102463]: DEBUG neutron.api.extensions [None req-1eb8cfae-a84c-4cf8-b31e-a18428dd2d6b None None] Loading extension file: qos_fip.py {{(pid=102463) _load_all_extensions_from_path /opt/stack/neutron/neutron/api/extensions.py:449}}
Mar 19 14:09:17.053217 np0000160015 devstack@neutron-api.service[102464]: DEBUG neutron.manager [None req-498edd99-5ad8-41e2-964f-248a1af562f1 None None] Successfully loaded TAG plugin. Description: Tag support {{(pid=102464) _create_and_add_service_plugin /opt/stack/neutron/neutron/manager.py:229}}
Mar 19 14:09:17.053217 np0000160015 devstack@neutron-api.service[102464]: INFO neutron.manager [None req-498edd99-5ad8-41e2-964f-248a1af562f1 None None] Loading Plugin: timestamp
Mar 19 14:09:17.053406 np0000160015 devstack@neutron-api.service[102463]: DEBUG neutron.api.extensions [None req-1eb8cfae-a84c-4cf8-b31e-a18428dd2d6b None None] Ext name="Floating IP QoS" alias="qos-fip" description="The floating IP Quality of Service extension" updated="2017-07-20T00:00:00-00:00" {{(pid=102463) _check_extension /opt/stack/neutron/neutron/api/extensions.py:415}}
Mar 19 14:09:17.053513 np0000160015 devstack@neutron-api.service[102465]: INFO neutron.quota.resource_registry [None req-271949fe-ef21-44b7-9ee9-d2ab8b59cdc6 None None] Creating instance of CountableResource for resource:rbac_policy
Mar 19 14:09:17.053586 np0000160015 devstack@neutron-api.service[102463]: INFO neutron.api.extensions [None req-1eb8cfae-a84c-4cf8-b31e-a18428dd2d6b None None] Extension qos-fip not supported by any of loaded plugins
Mar 19 14:09:17.053586 np0000160015 devstack@neutron-api.service[102463]: DEBUG neutron.api.extensions [None req-1eb8cfae-a84c-4cf8-b31e-a18428dd2d6b None None] Loading extension file: qos_fip_network_policy.py {{(pid=102463) _load_all_extensions_from_path /opt/stack/neutron/neutron/api/extensions.py:449}}
Mar 19 14:09:17.053675 np0000160015 devstack@neutron-api.service[102465]: WARNING neutron.quota.resource_registry [None req-271949fe-ef21-44b7-9ee9-d2ab8b59cdc6 None None] rbac_policy is already registered
Mar 19 14:09:17.053712 np0000160015 devstack@neutron-api.service[102463]: DEBUG neutron.api.extensions [None req-1eb8cfae-a84c-4cf8-b31e-a18428dd2d6b None None] Ext name="QoS floating IP network policy ID" alias="qos-fip-network-policy" description="Adds a the QoS network ID to the floating IP definition" updated="2021-11-15T10:00:00-00:00" {{(pid=102463) _check_extension /opt/stack/neutron/neutron/api/extensions.py:415}}
Mar 19 14:09:17.053712 np0000160015 devstack@neutron-api.service[102463]: INFO neutron.api.extensions [None req-1eb8cfae-a84c-4cf8-b31e-a18428dd2d6b None None] Extension qos-fip-network-policy not supported by any of loaded plugins
Mar 19 14:09:17.053712 np0000160015 devstack@neutron-api.service[102463]: DEBUG neutron.api.extensions [None req-1eb8cfae-a84c-4cf8-b31e-a18428dd2d6b None None] Loading extension file: qos_gateway_ip.py {{(pid=102463) _load_all_extensions_from_path /opt/stack/neutron/neutron/api/extensions.py:449}}
Mar 19 14:09:17.053868 np0000160015 devstack@neutron-api.service[102465]: INFO neutron.quota.resource_registry [None req-271949fe-ef21-44b7-9ee9-d2ab8b59cdc6 None None] Creating instance of TrackedResource for resource:security_group
Mar 19 14:09:17.053868 np0000160015 devstack@neutron-api.service[102465]: WARNING neutron.quota.resource_registry [None req-271949fe-ef21-44b7-9ee9-d2ab8b59cdc6 None None] security_group is already registered
Mar 19 14:09:17.053945 np0000160015 devstack@neutron-api.service[102463]: DEBUG neutron.api.extensions [None req-1eb8cfae-a84c-4cf8-b31e-a18428dd2d6b None None] Ext name="Router gateway IP QoS" alias="qos-gateway-ip" description="The Router gateway IP Quality of Service extension" updated="2018-02-24T00:00:00-00:00" {{(pid=102463) _check_extension /opt/stack/neutron/neutron/api/extensions.py:415}}
Mar 19 14:09:17.053988 np0000160015 devstack@neutron-api.service[102464]: DEBUG neutron.manager [None req-498edd99-5ad8-41e2-964f-248a1af562f1 None None] Successfully loaded timestamp plugin. Description: Adds timestamps to Neutron resources with standard attributes {{(pid=102464) _create_and_add_service_plugin /opt/stack/neutron/neutron/manager.py:229}}
Mar 19 14:09:17.054027 np0000160015 devstack@neutron-api.service[102463]: INFO neutron.api.extensions [None req-1eb8cfae-a84c-4cf8-b31e-a18428dd2d6b None None] Extension qos-gateway-ip not supported by any of loaded plugins
Mar 19 14:09:17.054152 np0000160015 devstack@neutron-api.service[102464]: INFO neutron.manager [None req-498edd99-5ad8-41e2-964f-248a1af562f1 None None] Loading Plugin: network_ip_availability
Mar 19 14:09:17.054219 np0000160015 devstack@neutron-api.service[102465]: INFO neutron.quota.resource_registry [None req-271949fe-ef21-44b7-9ee9-d2ab8b59cdc6 None None] Creating instance of TrackedResource for resource:security_group_rule
Mar 19 14:09:17.054282 np0000160015 devstack@neutron-api.service[102463]: DEBUG neutron.api.extensions [None req-1eb8cfae-a84c-4cf8-b31e-a18428dd2d6b None None] Loading extension file: qos_port_network_policy.py {{(pid=102463) _load_all_extensions_from_path /opt/stack/neutron/neutron/api/extensions.py:449}}
Mar 19 14:09:17.054391 np0000160015 devstack@neutron-api.service[102465]: WARNING neutron.quota.resource_registry [None req-271949fe-ef21-44b7-9ee9-d2ab8b59cdc6 None None] security_group_rule is already registered
Mar 19 14:09:17.054455 np0000160015 devstack@neutron-api.service[102463]: DEBUG neutron.api.extensions [None req-1eb8cfae-a84c-4cf8-b31e-a18428dd2d6b None None] Ext name="QoS port network policy ID" alias="qos-port-network-policy" description="Adds a the QoS network ID to the port definition" updated="2019-11-01T10:00:00-00:00" {{(pid=102463) _check_extension /opt/stack/neutron/neutron/api/extensions.py:415}}
Mar 19 14:09:17.054455 np0000160015 devstack@neutron-api.service[102463]: INFO neutron.api.extensions [None req-1eb8cfae-a84c-4cf8-b31e-a18428dd2d6b None None] Extension qos-port-network-policy not supported by any of loaded plugins
Mar 19 14:09:17.054455 np0000160015 devstack@neutron-api.service[102463]: DEBUG neutron.api.extensions [None req-1eb8cfae-a84c-4cf8-b31e-a18428dd2d6b None None] Loading extension file: qos_pps_minimum_rule.py {{(pid=102463) _load_all_extensions_from_path /opt/stack/neutron/neutron/api/extensions.py:449}}
Mar 19 14:09:17.054617 np0000160015 devstack@neutron-api.service[102465]: DEBUG neutron.api.v2.resource_helper [None req-271949fe-ef21-44b7-9ee9-d2ab8b59cdc6 None None] Service CORE assigned prefix: {{(pid=102465) build_resource_info /opt/stack/neutron/neutron/api/v2/resource_helper.py:77}}
Mar 19 14:09:17.054817 np0000160015 devstack@neutron-api.service[102463]: DEBUG neutron.api.extensions [None req-1eb8cfae-a84c-4cf8-b31e-a18428dd2d6b None None] Ext name="QoS minimum packet rate rule" alias="qos-pps-minimum" description="Allow to configure QoS minimum packet rate rule." updated="2021-07-14T10:00:00-00:00" {{(pid=102463) _check_extension /opt/stack/neutron/neutron/api/extensions.py:415}}
Mar 19 14:09:17.055194 np0000160015 devstack@neutron-api.service[102465]: INFO neutron.quota.resource_registry [None req-271949fe-ef21-44b7-9ee9-d2ab8b59cdc6 None None] Creating instance of TrackedResource for resource:subnetpool
Mar 19 14:09:17.055441 np0000160015 devstack@neutron-api.service[102463]: INFO neutron.api.extensions [None req-1eb8cfae-a84c-4cf8-b31e-a18428dd2d6b None None] Extension qos-pps-minimum not supported by any of loaded plugins
Mar 19 14:09:17.055517 np0000160015 devstack@neutron-api.service[102465]: WARNING neutron.quota.resource_registry [None req-271949fe-ef21-44b7-9ee9-d2ab8b59cdc6 None None] subnetpool is already registered
Mar 19 14:09:17.055658 np0000160015 devstack@neutron-api.service[102463]: DEBUG neutron.api.extensions [None req-1eb8cfae-a84c-4cf8-b31e-a18428dd2d6b None None] Loading extension file: qos_pps_minimum_rule_alias.py {{(pid=102463) _load_all_extensions_from_path /opt/stack/neutron/neutron/api/extensions.py:449}}
Mar 19 14:09:17.055658 np0000160015 devstack@neutron-api.service[102463]: DEBUG neutron.api.extensions [None req-1eb8cfae-a84c-4cf8-b31e-a18428dd2d6b None None] Ext name="QoS minimum packet rate rule alias" alias="qos-pps-minimum-rule-alias" description="API to enable GET, PUT and DELETE operations on QoS minimum packet rate rule without specifying policy ID" updated="2021-10-22T10:00:00-00:00" {{(pid=102463) _check_extension /opt/stack/neutron/neutron/api/extensions.py:415}}
Mar 19 14:09:17.055720 np0000160015 devstack@neutron-api.service[102465]: DEBUG neutron.api.extensions [None req-271949fe-ef21-44b7-9ee9-d2ab8b59cdc6 None None] Extended resource: extensions {{(pid=102465) __init__ /opt/stack/neutron/neutron/api/extensions.py:156}}
Mar 19 14:09:17.055794 np0000160015 devstack@neutron-api.service[102463]: INFO neutron.api.extensions [None req-1eb8cfae-a84c-4cf8-b31e-a18428dd2d6b None None] Extension qos-pps-minimum-rule-alias not supported by any of loaded plugins
Mar 19 14:09:17.055794 np0000160015 devstack@neutron-api.service[102463]: DEBUG neutron.api.extensions [None req-1eb8cfae-a84c-4cf8-b31e-a18428dd2d6b None None] Loading extension file: qos_pps_rule.py {{(pid=102463) _load_all_extensions_from_path /opt/stack/neutron/neutron/api/extensions.py:449}}
Mar 19 14:09:17.055794 np0000160015 devstack@neutron-api.service[102463]: DEBUG neutron.api.extensions [None req-1eb8cfae-a84c-4cf8-b31e-a18428dd2d6b None None] Ext name="QoS Rule Type Packet per Second Extension" alias="qos-pps" description="Add QoS Rule Type Packet per Second" updated="2021-05-12T10:00:00-00:00" {{(pid=102463) _check_extension /opt/stack/neutron/neutron/api/extensions.py:415}}
Mar 19 14:09:17.055794 np0000160015 devstack@neutron-api.service[102463]: INFO neutron.api.extensions [None req-1eb8cfae-a84c-4cf8-b31e-a18428dd2d6b None None] Extension qos-pps not supported by any of loaded plugins
Mar 19 14:09:17.055794 np0000160015 devstack@neutron-api.service[102463]: DEBUG neutron.api.extensions [None req-1eb8cfae-a84c-4cf8-b31e-a18428dd2d6b None None] Loading extension file: qos_rule_type_details.py {{(pid=102463) _load_all_extensions_from_path /opt/stack/neutron/neutron/api/extensions.py:449}}
Mar 19 14:09:17.056065 np0000160015 devstack@neutron-api.service[102465]: DEBUG neutron.api.extensions [None req-271949fe-ef21-44b7-9ee9-d2ab8b59cdc6 None None] Extended resource: address-groups {{(pid=102465) __init__ /opt/stack/neutron/neutron/api/extensions.py:156}}
Mar 19 14:09:17.056181 np0000160015 devstack@neutron-api.service[102464]: DEBUG neutron_lib.callbacks.manager [None req-498edd99-5ad8-41e2-964f-248a1af562f1 None None] Subscribe: > rbac-policy before_create 55550000, False {{(pid=102464) subscribe /opt/stack/data/venv/lib/python3.12/site-packages/neutron_lib/callbacks/manager.py:52}}
Mar 19 14:09:17.056181 np0000160015 devstack@neutron-api.service[102464]: DEBUG neutron_lib.callbacks.manager [None req-498edd99-5ad8-41e2-964f-248a1af562f1 None None] Subscribe: > rbac-policy before_update 55550000, False {{(pid=102464) subscribe /opt/stack/data/venv/lib/python3.12/site-packages/neutron_lib/callbacks/manager.py:52}}
Mar 19 14:09:17.056254 np0000160015 devstack@neutron-api.service[102463]: DEBUG neutron.api.extensions [None req-1eb8cfae-a84c-4cf8-b31e-a18428dd2d6b None None] Ext name="Details of QoS rule types" alias="qos-rule-type-details" description="Expose details about QoS rule types supported by loaded backend drivers" updated="2017-06-22T10:00:00-00:00" {{(pid=102463) _check_extension /opt/stack/neutron/neutron/api/extensions.py:415}}
Mar 19 14:09:17.056362 np0000160015 devstack@neutron-api.service[102464]: DEBUG neutron_lib.callbacks.manager [None req-498edd99-5ad8-41e2-964f-248a1af562f1 None None] Subscribe: > rbac-policy before_delete 55550000, False {{(pid=102464) subscribe /opt/stack/data/venv/lib/python3.12/site-packages/neutron_lib/callbacks/manager.py:52}}
Mar 19 14:09:17.056397 np0000160015 devstack@neutron-api.service[102463]: INFO neutron.api.extensions [None req-1eb8cfae-a84c-4cf8-b31e-a18428dd2d6b None None] Extension qos-rule-type-details not supported by any of loaded plugins
Mar 19 14:09:17.056397 np0000160015 devstack@neutron-api.service[102463]: DEBUG neutron.api.extensions [None req-1eb8cfae-a84c-4cf8-b31e-a18428dd2d6b None None] Loading extension file: qos_rule_type_filter.py {{(pid=102463) _load_all_extensions_from_path /opt/stack/neutron/neutron/api/extensions.py:449}}
Mar 19 14:09:17.056462 np0000160015 devstack@neutron-api.service[102464]: DEBUG neutron.manager [None req-498edd99-5ad8-41e2-964f-248a1af562f1 None None] Successfully loaded network-ip-availability plugin. Description: Provides IP availability data for each network and subnet. {{(pid=102464) _create_and_add_service_plugin /opt/stack/neutron/neutron/manager.py:229}}
Mar 19 14:09:17.056597 np0000160015 devstack@neutron-api.service[102465]: DEBUG neutron.api.extensions [None req-271949fe-ef21-44b7-9ee9-d2ab8b59cdc6 None None] Extended resource: address-scopes {{(pid=102465) __init__ /opt/stack/neutron/neutron/api/extensions.py:156}}
Mar 19 14:09:17.056636 np0000160015 devstack@neutron-api.service[102463]: DEBUG neutron.api.extensions [None req-1eb8cfae-a84c-4cf8-b31e-a18428dd2d6b None None] Ext name="Allow to filter the list of QoS rule types" alias="qos-rule-type-filter" description="Allows to filter the QoS rule type list adding two new flags. "all_rules" prints all implemented QoS rule types."all_supported" prints all supported QoS rule types by the loaded mechanism drivers" updated="2022-02-02T10:00:00-00:00" {{(pid=102463) _check_extension /opt/stack/neutron/neutron/api/extensions.py:415}}
Mar 19 14:09:17.056729 np0000160015 devstack@neutron-api.service[102464]: INFO neutron.manager [None req-498edd99-5ad8-41e2-964f-248a1af562f1 None None] Loading Plugin: flavors
Mar 19 14:09:17.056795 np0000160015 devstack@neutron-api.service[102463]: INFO neutron.api.extensions [None req-1eb8cfae-a84c-4cf8-b31e-a18428dd2d6b None None] Extension qos-rule-type-filter not supported by any of loaded plugins
Mar 19 14:09:17.056795 np0000160015 devstack@neutron-api.service[102463]: DEBUG neutron.api.extensions [None req-1eb8cfae-a84c-4cf8-b31e-a18428dd2d6b None None] Loading extension file: qos_rules_alias.py {{(pid=102463) _load_all_extensions_from_path /opt/stack/neutron/neutron/api/extensions.py:449}}
Mar 19 14:09:17.056855 np0000160015 devstack@neutron-api.service[102465]: DEBUG neutron.api.extensions [None req-271949fe-ef21-44b7-9ee9-d2ab8b59cdc6 None None] Extended resource: agents {{(pid=102465) __init__ /opt/stack/neutron/neutron/api/extensions.py:156}}
Mar 19 14:09:17.056984 np0000160015 devstack@neutron-api.service[102463]: DEBUG neutron.api.extensions [None req-1eb8cfae-a84c-4cf8-b31e-a18428dd2d6b None None] Ext name="Quality of Service rules alias API" alias="qos-rules-alias" description="API to enable GET, PUT and DELETE operations on QoS policy rules without specifying policy ID" updated="2018-10-07T10:00:00-00:00" {{(pid=102463) _check_extension /opt/stack/neutron/neutron/api/extensions.py:415}}
Mar 19 14:09:17.056984 np0000160015 devstack@neutron-api.service[102463]: INFO neutron.api.extensions [None req-1eb8cfae-a84c-4cf8-b31e-a18428dd2d6b None None] Extension qos-rules-alias not supported by any of loaded plugins
Mar 19 14:09:17.056984 np0000160015 devstack@neutron-api.service[102463]: DEBUG neutron.api.extensions [None req-1eb8cfae-a84c-4cf8-b31e-a18428dd2d6b None None] Loading extension file: quota_check_limit.py {{(pid=102463) _load_all_extensions_from_path /opt/stack/neutron/neutron/api/extensions.py:449}}
Mar 19 14:09:17.056984 np0000160015 devstack@neutron-api.service[102463]: DEBUG neutron.api.extensions [None req-1eb8cfae-a84c-4cf8-b31e-a18428dd2d6b None None] Ext name="Quota engine limit check" alias="quota-check-limit" description="Support for checking the resource usage before applying a new quota limit" updated="2021-09-08T16:00:00-00:00" {{(pid=102463) _check_extension /opt/stack/neutron/neutron/api/extensions.py:415}}
Mar 19 14:09:17.057095 np0000160015 devstack@neutron-api.service[102465]: DEBUG neutron.api.extensions [None req-271949fe-ef21-44b7-9ee9-d2ab8b59cdc6 None None] Extended resource: auto-allocated-topology {{(pid=102465) __init__ /opt/stack/neutron/neutron/api/extensions.py:156}}
Mar 19 14:09:17.057161 np0000160015 devstack@neutron-api.service[102464]: DEBUG neutron.manager [None req-498edd99-5ad8-41e2-964f-248a1af562f1 None None] Successfully loaded FLAVORS plugin. Description: Neutron Flavors and Service Profiles manager plugin {{(pid=102464) _create_and_add_service_plugin /opt/stack/neutron/neutron/manager.py:229}}
Mar 19 14:09:17.057161 np0000160015 devstack@neutron-api.service[102464]: INFO neutron.manager [None req-498edd99-5ad8-41e2-964f-248a1af562f1 None None] Loading Plugin: revisions
Mar 19 14:09:17.057227 np0000160015 devstack@neutron-api.service[102463]: INFO neutron.api.extensions [None req-1eb8cfae-a84c-4cf8-b31e-a18428dd2d6b None None] Loaded extension: quota-check-limit
Mar 19 14:09:17.057227 np0000160015 devstack@neutron-api.service[102463]: DEBUG neutron.api.extensions [None req-1eb8cfae-a84c-4cf8-b31e-a18428dd2d6b None None] Loading extension file: quota_check_limit_default.py {{(pid=102463) _load_all_extensions_from_path /opt/stack/neutron/neutron/api/extensions.py:449}}
Mar 19 14:09:17.057227 np0000160015 devstack@neutron-api.service[102463]: DEBUG neutron.api.extensions [None req-1eb8cfae-a84c-4cf8-b31e-a18428dd2d6b None None] Ext name="Quota engine limit check by default" alias="quota-check-limit-default" description="By default, the Neutron quota engine checks the resource usage before applying a new quota limit" updated="2024-08-21T16:00:00-00:00" {{(pid=102463) _check_extension /opt/stack/neutron/neutron/api/extensions.py:415}}
Mar 19 14:09:17.057354 np0000160015 devstack@neutron-api.service[102465]: DEBUG neutron.api.extensions [None req-271949fe-ef21-44b7-9ee9-d2ab8b59cdc6 None None] Extended resource: availability_zones {{(pid=102465) __init__ /opt/stack/neutron/neutron/api/extensions.py:156}}
Mar 19 14:09:17.057387 np0000160015 devstack@neutron-api.service[102463]: INFO neutron.api.extensions [None req-1eb8cfae-a84c-4cf8-b31e-a18428dd2d6b None None] Loaded extension: quota-check-limit-default
Mar 19 14:09:17.057387 np0000160015 devstack@neutron-api.service[102463]: DEBUG neutron.api.extensions [None req-1eb8cfae-a84c-4cf8-b31e-a18428dd2d6b None None] Loading extension file: quotasv2.py {{(pid=102463) _load_all_extensions_from_path /opt/stack/neutron/neutron/api/extensions.py:449}}
Mar 19 14:09:17.057486 np0000160015 devstack@neutron-api.service[102465]: DEBUG neutron.api.extensions [None req-271949fe-ef21-44b7-9ee9-d2ab8b59cdc6 None None] Extended resource: dhcp-networks {{(pid=102465) __init__ /opt/stack/neutron/neutron/api/extensions.py:156}}
Mar 19 14:09:17.057524 np0000160015 devstack@neutron-api.service[102464]: DEBUG neutron.manager [None req-498edd99-5ad8-41e2-964f-248a1af562f1 None None] Successfully loaded revision_plugin plugin. Description: Adds revision numbers to resources. {{(pid=102464) _create_and_add_service_plugin /opt/stack/neutron/neutron/manager.py:229}}
