Apr 02 05:44:51.947766 np0000162701 devstack@neutron-api.service[102474]: DEBUG neutron_lib.callbacks.manager [None req-ed9c3500-e3f2-4e3e-a659-e0ce75e63960 None None] Subscribe: > router precommit_create 55550100, False {{(pid=102474) subscribe /opt/stack/data/venv/lib/python3.12/site-packages/neutron_lib/callbacks/manager.py:52}}
Apr 02 05:44:51.947766 np0000162701 devstack@neutron-api.service[102474]: DEBUG neutron_lib.callbacks.manager [None req-ed9c3500-e3f2-4e3e-a659-e0ce75e63960 None None] Subscribe: > router precommit_update 55550100, False {{(pid=102474) subscribe /opt/stack/data/venv/lib/python3.12/site-packages/neutron_lib/callbacks/manager.py:52}}
Apr 02 05:44:51.947818 np0000162701 devstack@neutron-api.service[102473]: DEBUG neutron.api.extensions [None req-81f4eddf-067d-4ba2-8973-0d80c16f5ae3 None None] Ext name="Floating IP Port Details Extension" alias="fip-port-details" description="Add port_details attribute to Floating IP resource" updated="2018-04-09T10:00:00-00:00" {{(pid=102473) _check_extension /opt/stack/neutron/neutron/api/extensions.py:415}}
Apr 02 05:44:51.948009 np0000162701 devstack@neutron-api.service[102473]: INFO neutron.api.extensions [None req-81f4eddf-067d-4ba2-8973-0d80c16f5ae3 None None] Loaded extension: fip-port-details
Apr 02 05:44:51.948118 np0000162701 devstack@neutron-api.service[102473]: DEBUG neutron.api.extensions [None req-81f4eddf-067d-4ba2-8973-0d80c16f5ae3 None None] Loading extension file: flavors.py {{(pid=102473) _load_all_extensions_from_path /opt/stack/neutron/neutron/api/extensions.py:449}}
Apr 02 05:44:51.948248 np0000162701 devstack@neutron-api.service[102475]: INFO neutron.plugins.ml2.drivers.type_vlan [None req-7dbde60c-6429-46d7-a199-d2eaf21d792d None None] VlanTypeDriver initialization complete
Apr 02 05:44:51.948482 np0000162701 devstack@neutron-api.service[102475]: INFO neutron.plugins.ml2.managers [None req-7dbde60c-6429-46d7-a199-d2eaf21d792d None None] Initializing extension driver 'port_security'
Apr 02 05:44:51.948482 np0000162701 devstack@neutron-api.service[102475]: INFO neutron.plugins.ml2.extensions.port_security [None req-7dbde60c-6429-46d7-a199-d2eaf21d792d None None] PortSecurityExtensionDriver initialization complete
Apr 02 05:44:51.948611 np0000162701 devstack@neutron-api.service[102473]: DEBUG neutron.api.extensions [None req-81f4eddf-067d-4ba2-8973-0d80c16f5ae3 None None] Ext name="Neutron Service Flavors" alias="flavors" description="Flavor specification for Neutron advanced services." updated="2015-09-17T10:00:00-00:00" {{(pid=102473) _check_extension /opt/stack/neutron/neutron/api/extensions.py:415}}
Apr 02 05:44:51.948710 np0000162701 devstack@neutron-api.service[102475]: INFO neutron.plugins.ml2.managers [None req-7dbde60c-6429-46d7-a199-d2eaf21d792d None None] Initializing extension driver 'qos'
Apr 02 05:44:51.948710 np0000162701 devstack@neutron-api.service[102475]: DEBUG neutron.plugins.ml2.extensions.qos [None req-7dbde60c-6429-46d7-a199-d2eaf21d792d None None] QosExtensionDriver initialization complete {{(pid=102475) initialize /opt/stack/neutron/neutron/plugins/ml2/extensions/qos.py:31}}
Apr 02 05:44:51.948766 np0000162701 devstack@neutron-api.service[102473]: INFO neutron.api.extensions [None req-81f4eddf-067d-4ba2-8973-0d80c16f5ae3 None None] Loaded extension: flavors
Apr 02 05:44:51.948824 np0000162701 devstack@neutron-api.service[102475]: INFO neutron.plugins.ml2.managers [None req-7dbde60c-6429-46d7-a199-d2eaf21d792d None None] Initializing mechanism driver 'ovn'
Apr 02 05:44:51.948850 np0000162701 devstack@neutron-api.service[102473]: DEBUG neutron.api.extensions [None req-81f4eddf-067d-4ba2-8973-0d80c16f5ae3 None None] Loading extension file: floating_ip_port_forwarding.py {{(pid=102473) _load_all_extensions_from_path /opt/stack/neutron/neutron/api/extensions.py:449}}
Apr 02 05:44:51.948900 np0000162701 devstack@neutron-api.service[102475]: INFO neutron.plugins.ml2.drivers.ovn.mech_driver.mech_driver [None req-7dbde60c-6429-46d7-a199-d2eaf21d792d None None] Starting OVNMechanismDriver
Apr 02 05:44:51.949152 np0000162701 devstack@neutron-api.service[102473]: DEBUG neutron.api.extensions [None req-81f4eddf-067d-4ba2-8973-0d80c16f5ae3 None None] Ext name="Floating IP Port Forwarding" alias="floating-ip-port-forwarding" description="Allow port forwarding from floating IP port to an internal port" updated="2018-01-19T10:00:00-00:00" {{(pid=102473) _check_extension /opt/stack/neutron/neutron/api/extensions.py:415}}
Apr 02 05:44:51.949342 np0000162701 devstack@neutron-api.service[102473]: INFO neutron.api.extensions [None req-81f4eddf-067d-4ba2-8973-0d80c16f5ae3 None None] Extension floating-ip-port-forwarding not supported by any of loaded plugins
Apr 02 05:44:51.949461 np0000162701 devstack@neutron-api.service[102473]: DEBUG neutron.api.extensions [None req-81f4eddf-067d-4ba2-8973-0d80c16f5ae3 None None] Loading extension file: floatingip_pools.py {{(pid=102473) _load_all_extensions_from_path /opt/stack/neutron/neutron/api/extensions.py:449}}
Apr 02 05:44:51.949820 np0000162701 devstack@neutron-api.service[102473]: DEBUG neutron.api.extensions [None req-81f4eddf-067d-4ba2-8973-0d80c16f5ae3 None None] Ext name="Floating IP Pools Extension" alias="floatingip-pools" description="Provides a floating IP pools API." updated="2018-03-21T10:00:00-00:00" {{(pid=102473) _check_extension /opt/stack/neutron/neutron/api/extensions.py:415}}
Apr 02 05:44:51.949955 np0000162701 devstack@neutron-api.service[102473]: INFO neutron.api.extensions [None req-81f4eddf-067d-4ba2-8973-0d80c16f5ae3 None None] Loaded extension: floatingip-pools
Apr 02 05:44:51.950049 np0000162701 devstack@neutron-api.service[102473]: DEBUG neutron.api.extensions [None req-81f4eddf-067d-4ba2-8973-0d80c16f5ae3 None None] Loading extension file: ip_allocation.py {{(pid=102473) _load_all_extensions_from_path /opt/stack/neutron/neutron/api/extensions.py:449}}
Apr 02 05:44:51.951162 np0000162701 devstack@neutron-api.service[102473]: DEBUG neutron.api.extensions [None req-81f4eddf-067d-4ba2-8973-0d80c16f5ae3 None None] Ext name="IP Allocation" alias="ip_allocation" description="IP allocation extension." updated="2016-06-10T23:00:00-00:00" {{(pid=102473) _check_extension /opt/stack/neutron/neutron/api/extensions.py:415}}
Apr 02 05:44:51.951162 np0000162701 devstack@neutron-api.service[102473]: INFO neutron.api.extensions [None req-81f4eddf-067d-4ba2-8973-0d80c16f5ae3 None None] Extension ip_allocation not supported by any of loaded plugins
Apr 02 05:44:51.951353 np0000162701 devstack@neutron-api.service[102475]: DEBUG neutron_lib.callbacks.manager [None req-7dbde60c-6429-46d7-a199-d2eaf21d792d None None] Subscribe: > process before_spawn 55550000, False {{(pid=102475) subscribe /opt/stack/data/venv/lib/python3.12/site-packages/neutron_lib/callbacks/manager.py:52}}
Apr 02 05:44:51.951462 np0000162701 devstack@neutron-api.service[102473]: DEBUG neutron.api.extensions [None req-81f4eddf-067d-4ba2-8973-0d80c16f5ae3 None None] Loading extension file: ip_substring_port_filtering.py {{(pid=102473) _load_all_extensions_from_path /opt/stack/neutron/neutron/api/extensions.py:449}}
Apr 02 05:44:51.951516 np0000162701 devstack@neutron-api.service[102475]: DEBUG neutron_lib.callbacks.manager [None req-7dbde60c-6429-46d7-a199-d2eaf21d792d None None] Subscribe: > process after_init 55550000, True {{(pid=102475) subscribe /opt/stack/data/venv/lib/python3.12/site-packages/neutron_lib/callbacks/manager.py:52}}
Apr 02 05:44:51.951516 np0000162701 devstack@neutron-api.service[102475]: DEBUG neutron_lib.callbacks.manager [None req-7dbde60c-6429-46d7-a199-d2eaf21d792d None None] Subscribe: > segment after_create 55550000, False {{(pid=102475) subscribe /opt/stack/data/venv/lib/python3.12/site-packages/neutron_lib/callbacks/manager.py:52}}
Apr 02 05:44:51.951569 np0000162701 devstack@neutron-api.service[102473]: DEBUG neutron.api.extensions [None req-81f4eddf-067d-4ba2-8973-0d80c16f5ae3 None None] Ext name="IP address substring filtering" alias="ip-substring-filtering" description="Provides IP address substring filtering when listing ports" updated="2017-11-28T09:00:00-00:00" {{(pid=102473) _check_extension /opt/stack/neutron/neutron/api/extensions.py:415}}
Apr 02 05:44:51.951647 np0000162701 devstack@neutron-api.service[102475]: DEBUG neutron_lib.callbacks.manager [None req-7dbde60c-6429-46d7-a199-d2eaf21d792d None None] Subscribe: > segment after_create 55550000, False {{(pid=102475) subscribe /opt/stack/data/venv/lib/python3.12/site-packages/neutron_lib/callbacks/manager.py:52}}
Apr 02 05:44:51.951679 np0000162701 devstack@neutron-api.service[102473]: INFO neutron.api.extensions [None req-81f4eddf-067d-4ba2-8973-0d80c16f5ae3 None None] Extension ip-substring-filtering not supported by any of loaded plugins
Apr 02 05:44:51.951705 np0000162701 devstack@neutron-api.service[102475]: DEBUG neutron_lib.callbacks.manager [None req-7dbde60c-6429-46d7-a199-d2eaf21d792d None None] Subscribe: > segment after_delete 55550000, False {{(pid=102475) subscribe /opt/stack/data/venv/lib/python3.12/site-packages/neutron_lib/callbacks/manager.py:52}}
Apr 02 05:44:51.951763 np0000162701 devstack@neutron-api.service[102473]: DEBUG neutron.api.extensions [None req-81f4eddf-067d-4ba2-8973-0d80c16f5ae3 None None] Loading extension file: l2_adjacency.py {{(pid=102473) _load_all_extensions_from_path /opt/stack/neutron/neutron/api/extensions.py:449}}
Apr 02 05:44:51.951814 np0000162701 devstack@neutron-api.service[102475]: DEBUG neutron_lib.callbacks.manager [None req-7dbde60c-6429-46d7-a199-d2eaf21d792d None None] Subscribe: > allowed_address_pair before_create 55550000, False {{(pid=102475) subscribe /opt/stack/data/venv/lib/python3.12/site-packages/neutron_lib/callbacks/manager.py:52}}
Apr 02 05:44:51.951814 np0000162701 devstack@neutron-api.service[102475]: DEBUG neutron_lib.callbacks.manager [None req-7dbde60c-6429-46d7-a199-d2eaf21d792d None None] Subscribe: > security_group precommit_create 55550000, False {{(pid=102475) subscribe /opt/stack/data/venv/lib/python3.12/site-packages/neutron_lib/callbacks/manager.py:52}}
Apr 02 05:44:51.951867 np0000162701 devstack@neutron-api.service[102474]: DEBUG neutron.services.provider_configuration [None req-ed9c3500-e3f2-4e3e-a659-e0ce75e63960 None None] Service providers = [] {{(pid=102474) parse_service_provider_opt /opt/stack/neutron/neutron/services/provider_configuration.py:170}}
Apr 02 05:44:51.951919 np0000162701 devstack@neutron-api.service[102475]: DEBUG neutron_lib.callbacks.manager [None req-7dbde60c-6429-46d7-a199-d2eaf21d792d None None] Subscribe: > security_group after_update 55550000, False {{(pid=102475) subscribe /opt/stack/data/venv/lib/python3.12/site-packages/neutron_lib/callbacks/manager.py:52}}
Apr 02 05:44:51.951980 np0000162701 devstack@neutron-api.service[102473]: DEBUG neutron.api.extensions [None req-81f4eddf-067d-4ba2-8973-0d80c16f5ae3 None None] Ext name="L2 Adjacency" alias="l2_adjacency" description="Display L2 Adjacency for Neutron Networks." updated="2016-04-12T16:00:00-00:00" {{(pid=102473) _check_extension /opt/stack/neutron/neutron/api/extensions.py:415}}
Apr 02 05:44:51.952009 np0000162701 devstack@neutron-api.service[102474]: DEBUG neutron.db.servicetype_db [None req-ed9c3500-e3f2-4e3e-a659-e0ce75e63960 None None] Adding provider configuration for service L3_ROUTER_NAT {{(pid=102474) add_provider_configuration /opt/stack/neutron/neutron/db/servicetype_db.py:42}}
Apr 02 05:44:51.952059 np0000162701 devstack@neutron-api.service[102475]: DEBUG neutron_lib.callbacks.manager [None req-7dbde60c-6429-46d7-a199-d2eaf21d792d None None] Subscribe: > security_group after_create 55550000, False {{(pid=102475) subscribe /opt/stack/data/venv/lib/python3.12/site-packages/neutron_lib/callbacks/manager.py:52}}
Apr 02 05:44:51.952087 np0000162701 devstack@neutron-api.service[102473]: INFO neutron.api.extensions [None req-81f4eddf-067d-4ba2-8973-0d80c16f5ae3 None None] Extension l2_adjacency not supported by any of loaded plugins
Apr 02 05:44:51.952141 np0000162701 devstack@neutron-api.service[102475]: DEBUG neutron_lib.callbacks.manager [None req-7dbde60c-6429-46d7-a199-d2eaf21d792d None None] Subscribe: > security_group precommit_delete 55550000, False {{(pid=102475) subscribe /opt/stack/data/venv/lib/python3.12/site-packages/neutron_lib/callbacks/manager.py:52}}
Apr 02 05:44:51.952175 np0000162701 devstack@neutron-api.service[102473]: DEBUG neutron.api.extensions [None req-81f4eddf-067d-4ba2-8973-0d80c16f5ae3 None None] Loading extension file: l3.py {{(pid=102473) _load_all_extensions_from_path /opt/stack/neutron/neutron/api/extensions.py:449}}
Apr 02 05:44:51.952227 np0000162701 devstack@neutron-api.service[102475]: DEBUG neutron_lib.callbacks.manager [None req-7dbde60c-6429-46d7-a199-d2eaf21d792d None None] Subscribe: > security_group after_delete 55550000, False {{(pid=102475) subscribe /opt/stack/data/venv/lib/python3.12/site-packages/neutron_lib/callbacks/manager.py:52}}
Apr 02 05:44:51.952227 np0000162701 devstack@neutron-api.service[102475]: DEBUG neutron_lib.callbacks.manager [None req-7dbde60c-6429-46d7-a199-d2eaf21d792d None None] Subscribe: > security_group_rule precommit_create 55550000, False {{(pid=102475) subscribe /opt/stack/data/venv/lib/python3.12/site-packages/neutron_lib/callbacks/manager.py:52}}
Apr 02 05:44:51.952227 np0000162701 devstack@neutron-api.service[102475]: DEBUG neutron_lib.callbacks.manager [None req-7dbde60c-6429-46d7-a199-d2eaf21d792d None None] Subscribe: > security_group_rule after_create 55550000, False {{(pid=102475) subscribe /opt/stack/data/venv/lib/python3.12/site-packages/neutron_lib/callbacks/manager.py:52}}
Apr 02 05:44:51.952227 np0000162701 devstack@neutron-api.service[102475]: DEBUG neutron_lib.callbacks.manager [None req-7dbde60c-6429-46d7-a199-d2eaf21d792d None None] Subscribe: > security_group_rule before_delete 55550000, False {{(pid=102475) subscribe /opt/stack/data/venv/lib/python3.12/site-packages/neutron_lib/callbacks/manager.py:52}}
Apr 02 05:44:51.952461 np0000162701 devstack@neutron-api.service[102473]: DEBUG neutron.api.extensions [None req-81f4eddf-067d-4ba2-8973-0d80c16f5ae3 None None] Ext name="Neutron L3 Router" alias="router" description="Router abstraction for basic L3 forwarding between L2 Neutron networks and access to external networks via a NAT gateway." updated="2012-07-20T10:00:00-00:00" {{(pid=102473) _check_extension /opt/stack/neutron/neutron/api/extensions.py:415}}
Apr 02 05:44:51.952547 np0000162701 devstack@neutron-api.service[102475]: DEBUG neutron_lib.callbacks.manager [None req-7dbde60c-6429-46d7-a199-d2eaf21d792d None None] Subscribe: > address_group after_create 55550000, False {{(pid=102475) subscribe /opt/stack/data/venv/lib/python3.12/site-packages/neutron_lib/callbacks/manager.py:52}}
Apr 02 05:44:51.952547 np0000162701 devstack@neutron-api.service[102475]: DEBUG neutron_lib.callbacks.manager [None req-7dbde60c-6429-46d7-a199-d2eaf21d792d None None] Subscribe: > address_group after_update 55550000, False {{(pid=102475) subscribe /opt/stack/data/venv/lib/python3.12/site-packages/neutron_lib/callbacks/manager.py:52}}
Apr 02 05:44:51.952629 np0000162701 devstack@neutron-api.service[102473]: INFO neutron.api.extensions [None req-81f4eddf-067d-4ba2-8973-0d80c16f5ae3 None None] Loaded extension: router
Apr 02 05:44:51.952683 np0000162701 devstack@neutron-api.service[102475]: DEBUG neutron_lib.callbacks.manager [None req-7dbde60c-6429-46d7-a199-d2eaf21d792d None None] Subscribe: > address_group after_delete 55550000, False {{(pid=102475) subscribe /opt/stack/data/venv/lib/python3.12/site-packages/neutron_lib/callbacks/manager.py:52}}
Apr 02 05:44:51.952710 np0000162701 devstack@neutron-api.service[102473]: DEBUG neutron.api.extensions [None req-81f4eddf-067d-4ba2-8973-0d80c16f5ae3 None None] Loading extension file: l3_conntrack_helper.py {{(pid=102473) _load_all_extensions_from_path /opt/stack/neutron/neutron/api/extensions.py:449}}
Apr 02 05:44:51.952762 np0000162701 devstack@neutron-api.service[102475]: DEBUG neutron_lib.callbacks.manager [None req-7dbde60c-6429-46d7-a199-d2eaf21d792d None None] Subscribe: > qos_plugin after_init 55550000, False {{(pid=102475) subscribe /opt/stack/data/venv/lib/python3.12/site-packages/neutron_lib/callbacks/manager.py:52}}
Apr 02 05:44:51.952762 np0000162701 devstack@neutron-api.service[102475]: DEBUG neutron_lib.callbacks.manager [None req-7dbde60c-6429-46d7-a199-d2eaf21d792d None None] Subscribe: > trunk_plugin after_init 55550000, False {{(pid=102475) subscribe /opt/stack/data/venv/lib/python3.12/site-packages/neutron_lib/callbacks/manager.py:52}}
Apr 02 05:44:51.952890 np0000162701 devstack@neutron-api.service[102474]: DEBUG neutron_lib.callbacks.manager [None req-ed9c3500-e3f2-4e3e-a659-e0ce75e63960 None None] Subscribe: > router precommit_create 55549900, False {{(pid=102474) subscribe /opt/stack/data/venv/lib/python3.12/site-packages/neutron_lib/callbacks/manager.py:52}}
Apr 02 05:44:51.952998 np0000162701 devstack@neutron-api.service[102475]: DEBUG neutron_lib.callbacks.manager [None req-7dbde60c-6429-46d7-a199-d2eaf21d792d None None] Subscribe: > logging-plugin after_init 55550000, False {{(pid=102475) subscribe /opt/stack/data/venv/lib/python3.12/site-packages/neutron_lib/callbacks/manager.py:52}}
Apr 02 05:44:51.953058 np0000162701 devstack@neutron-api.service[102474]: DEBUG neutron_lib.callbacks.manager [None req-ed9c3500-e3f2-4e3e-a659-e0ce75e63960 None None] Subscribe: > router_interface after_create 55550000, False {{(pid=102474) subscribe /opt/stack/data/venv/lib/python3.12/site-packages/neutron_lib/callbacks/manager.py:52}}
Apr 02 05:44:51.953113 np0000162701 devstack@neutron-api.service[102473]: DEBUG neutron.api.extensions [None req-81f4eddf-067d-4ba2-8973-0d80c16f5ae3 None None] Ext name="L3 Conntrack helper" alias="l3-conntrack-helper" description="Allow adding CT target rules for conntrack helper" updated="2019-04-04T10:00:00-00:00" {{(pid=102473) _check_extension /opt/stack/neutron/neutron/api/extensions.py:415}}
Apr 02 05:44:51.953165 np0000162701 devstack@neutron-api.service[102474]: DEBUG neutron_lib.callbacks.manager [None req-ed9c3500-e3f2-4e3e-a659-e0ce75e63960 None None] Subscribe: > floatingip after_create 55550000, False {{(pid=102474) subscribe /opt/stack/data/venv/lib/python3.12/site-packages/neutron_lib/callbacks/manager.py:52}}
Apr 02 05:44:51.953165 np0000162701 devstack@neutron-api.service[102474]: DEBUG neutron_lib.callbacks.manager [None req-ed9c3500-e3f2-4e3e-a659-e0ce75e63960 None None] Subscribe: > floatingip precommit_create 55550000, False {{(pid=102474) subscribe /opt/stack/data/venv/lib/python3.12/site-packages/neutron_lib/callbacks/manager.py:52}}
Apr 02 05:44:51.953227 np0000162701 devstack@neutron-api.service[102473]: INFO neutron.api.extensions [None req-81f4eddf-067d-4ba2-8973-0d80c16f5ae3 None None] Extension l3-conntrack-helper not supported by any of loaded plugins
Apr 02 05:44:51.953299 np0000162701 devstack@neutron-api.service[102474]: DEBUG neutron_lib.callbacks.manager [None req-ed9c3500-e3f2-4e3e-a659-e0ce75e63960 None None] Subscribe: > floatingip precommit_update 55550000, False {{(pid=102474) subscribe /opt/stack/data/venv/lib/python3.12/site-packages/neutron_lib/callbacks/manager.py:52}}
Apr 02 05:44:51.953331 np0000162701 devstack@neutron-api.service[102473]: DEBUG neutron.api.extensions [None req-81f4eddf-067d-4ba2-8973-0d80c16f5ae3 None None] Loading extension file: l3_enable_default_route_bfd.py {{(pid=102473) _load_all_extensions_from_path /opt/stack/neutron/neutron/api/extensions.py:449}}
Apr 02 05:44:51.953419 np0000162701 devstack@neutron-api.service[102475]: INFO neutron.services.logapi.drivers.ovn.driver [None req-7dbde60c-6429-46d7-a199-d2eaf21d792d None None] OVN logging driver registered
Apr 02 05:44:51.953477 np0000162701 devstack@neutron-api.service[102474]: DEBUG neutron_lib.callbacks.manager [None req-ed9c3500-e3f2-4e3e-a659-e0ce75e63960 None None] Subscribe: > floatingip after_delete 55550000, False {{(pid=102474) subscribe /opt/stack/data/venv/lib/python3.12/site-packages/neutron_lib/callbacks/manager.py:52}}
Apr 02 05:44:51.953477 np0000162701 devstack@neutron-api.service[102474]: DEBUG neutron_lib.callbacks.manager [None req-ed9c3500-e3f2-4e3e-a659-e0ce75e63960 None None] Subscribe: > floatingip after_status_update 55550000, False {{(pid=102474) subscribe /opt/stack/data/venv/lib/python3.12/site-packages/neutron_lib/callbacks/manager.py:52}}
Apr 02 05:44:51.953582 np0000162701 devstack@neutron-api.service[102473]: DEBUG neutron.api.extensions [None req-81f4eddf-067d-4ba2-8973-0d80c16f5ae3 None None] Ext name="Enable Default Route BFD" alias="enable-default-route-bfd" description="Enables configurable BFD behavior for default routes" updated="2023-02-27T00:00:00-00:00" {{(pid=102473) _check_extension /opt/stack/neutron/neutron/api/extensions.py:415}}
Apr 02 05:44:51.953642 np0000162701 devstack@neutron-api.service[102474]: DEBUG neutron_lib.callbacks.manager [None req-ed9c3500-e3f2-4e3e-a659-e0ce75e63960 None None] Subscribe: > floatingip after_update 55550000, False {{(pid=102474) subscribe /opt/stack/data/venv/lib/python3.12/site-packages/neutron_lib/callbacks/manager.py:52}}
Apr 02 05:44:51.953642 np0000162701 devstack@neutron-api.service[102474]: DEBUG neutron_lib.callbacks.manager [None req-ed9c3500-e3f2-4e3e-a659-e0ce75e63960 None None] Subscribe: > port_forwarding after_create 55550000, False {{(pid=102474) subscribe /opt/stack/data/venv/lib/python3.12/site-packages/neutron_lib/callbacks/manager.py:52}}
Apr 02 05:44:51.953694 np0000162701 devstack@neutron-api.service[102473]: INFO neutron.api.extensions [None req-81f4eddf-067d-4ba2-8973-0d80c16f5ae3 None None] Loaded extension: enable-default-route-bfd
Apr 02 05:44:51.953812 np0000162701 devstack@neutron-api.service[102474]: DEBUG neutron_lib.callbacks.manager [None req-ed9c3500-e3f2-4e3e-a659-e0ce75e63960 None None] Subscribe: > router_interface after_delete 55550000, False {{(pid=102474) subscribe /opt/stack/data/venv/lib/python3.12/site-packages/neutron_lib/callbacks/manager.py:52}}
Apr 02 05:44:51.953840 np0000162701 devstack@neutron-api.service[102473]: DEBUG neutron.api.extensions [None req-81f4eddf-067d-4ba2-8973-0d80c16f5ae3 None None] Loading extension file: l3_enable_default_route_ecmp.py {{(pid=102473) _load_all_extensions_from_path /opt/stack/neutron/neutron/api/extensions.py:449}}
Apr 02 05:44:51.954522 np0000162701 devstack@neutron-api.service[102474]: DEBUG neutron_lib.callbacks.manager [None req-ed9c3500-e3f2-4e3e-a659-e0ce75e63960 None None] Subscribe: > router after_create 55550000, False {{(pid=102474) subscribe /opt/stack/data/venv/lib/python3.12/site-packages/neutron_lib/callbacks/manager.py:52}}
Apr 02 05:44:51.954522 np0000162701 devstack@neutron-api.service[102474]: DEBUG neutron_lib.callbacks.manager [None req-ed9c3500-e3f2-4e3e-a659-e0ce75e63960 None None] Subscribe: > router precommit_create 55550000, False {{(pid=102474) subscribe /opt/stack/data/venv/lib/python3.12/site-packages/neutron_lib/callbacks/manager.py:52}}
Apr 02 05:44:51.954812 np0000162701 devstack@neutron-api.service[102473]: DEBUG neutron.api.extensions [None req-81f4eddf-067d-4ba2-8973-0d80c16f5ae3 None None] Ext name="Enable Default Route ECMP" alias="enable-default-route-ecmp" description="Enables configurable ECMP behavior for default routes" updated="2023-02-27T00:00:00-00:00" {{(pid=102473) _check_extension /opt/stack/neutron/neutron/api/extensions.py:415}}
Apr 02 05:44:51.954944 np0000162701 devstack@neutron-api.service[102474]: DEBUG neutron_lib.callbacks.manager [None req-ed9c3500-e3f2-4e3e-a659-e0ce75e63960 None None] Subscribe: > router after_delete 55550000, False {{(pid=102474) subscribe /opt/stack/data/venv/lib/python3.12/site-packages/neutron_lib/callbacks/manager.py:52}}
Apr 02 05:44:51.954944 np0000162701 devstack@neutron-api.service[102474]: DEBUG neutron_lib.callbacks.manager [None req-ed9c3500-e3f2-4e3e-a659-e0ce75e63960 None None] Subscribe: > router after_update 55550000, False {{(pid=102474) subscribe /opt/stack/data/venv/lib/python3.12/site-packages/neutron_lib/callbacks/manager.py:52}}
Apr 02 05:44:51.955079 np0000162701 devstack@neutron-api.service[102473]: INFO neutron.api.extensions [None req-81f4eddf-067d-4ba2-8973-0d80c16f5ae3 None None] Loaded extension: enable-default-route-ecmp
Apr 02 05:44:51.955133 np0000162701 devstack@neutron-api.service[102474]: DEBUG neutron.services.service_base [None req-ed9c3500-e3f2-4e3e-a659-e0ce75e63960 None None] Loaded 'neutron.services.ovn_l3.service_providers.ovn.OvnDriver' provider for service L3_ROUTER_NAT {{(pid=102474) load_drivers /opt/stack/neutron/neutron/services/service_base.py:49}}
Apr 02 05:44:51.955162 np0000162701 devstack@neutron-api.service[102473]: DEBUG neutron.api.extensions [None req-81f4eddf-067d-4ba2-8973-0d80c16f5ae3 None None] Loading extension file: l3_ext_gw_mode.py {{(pid=102473) _load_all_extensions_from_path /opt/stack/neutron/neutron/api/extensions.py:449}}
Apr 02 05:44:51.955221 np0000162701 devstack@neutron-api.service[102474]: DEBUG neutron_lib.callbacks.manager [None req-ed9c3500-e3f2-4e3e-a659-e0ce75e63960 None None] Subscribe: > process after_init 55550001, True {{(pid=102474) subscribe /opt/stack/data/venv/lib/python3.12/site-packages/neutron_lib/callbacks/manager.py:52}}
Apr 02 05:44:51.955221 np0000162701 devstack@neutron-api.service[102474]: DEBUG neutron.manager [None req-ed9c3500-e3f2-4e3e-a659-e0ce75e63960 None None] Successfully loaded L3_ROUTER_NAT plugin. Description: L3 Router Service Plugin for basic L3 forwarding using OVN {{(pid=102474) _create_and_add_service_plugin /opt/stack/neutron/neutron/manager.py:239}}
Apr 02 05:44:51.955273 np0000162701 devstack@neutron-api.service[102473]: DEBUG neutron.api.extensions [None req-81f4eddf-067d-4ba2-8973-0d80c16f5ae3 None None] Ext name="Neutron L3 Configurable external gateway mode" alias="ext-gw-mode" description="Extension of the router abstraction for specifying whether SNAT should occur on the external gateway" updated="2013-03-28T10:00:00-00:00" {{(pid=102473) _check_extension /opt/stack/neutron/neutron/api/extensions.py:415}}
Apr 02 05:44:51.955385 np0000162701 devstack@neutron-api.service[102474]: INFO neutron.manager [None req-ed9c3500-e3f2-4e3e-a659-e0ce75e63960 None None] Loading Plugin: auto_allocate
Apr 02 05:44:51.955421 np0000162701 devstack@neutron-api.service[102473]: INFO neutron.api.extensions [None req-81f4eddf-067d-4ba2-8973-0d80c16f5ae3 None None] Loaded extension: ext-gw-mode
Apr 02 05:44:51.955481 np0000162701 devstack@neutron-api.service[102475]: DEBUG neutron.plugins.ml2.plugin [None req-7dbde60c-6429-46d7-a199-d2eaf21d792d None None] neutron.plugins.ml2.plugin.Ml2Plugin method _start_rpc_notifiers called with arguments () {} {{(pid=102475) wrapper /opt/stack/data/venv/lib/python3.12/site-packages/oslo_log/helpers.py:77}}
Apr 02 05:44:51.955532 np0000162701 devstack@neutron-api.service[102473]: DEBUG neutron.api.extensions [None req-81f4eddf-067d-4ba2-8973-0d80c16f5ae3 None None] Loading extension file: l3_ext_ha_mode.py {{(pid=102473) _load_all_extensions_from_path /opt/stack/neutron/neutron/api/extensions.py:449}}
Apr 02 05:44:51.955558 np0000162701 devstack@neutron-api.service[102475]: DEBUG neutron_lib.callbacks.manager [None req-7dbde60c-6429-46d7-a199-d2eaf21d792d None None] Subscribe: > port after_create 55550000, False {{(pid=102475) subscribe /opt/stack/data/venv/lib/python3.12/site-packages/neutron_lib/callbacks/manager.py:52}}
Apr 02 05:44:51.955586 np0000162701 devstack@neutron-api.service[102473]: DEBUG neutron.api.extensions [None req-81f4eddf-067d-4ba2-8973-0d80c16f5ae3 None None] Ext name="HA Router extension" alias="l3-ha" description="Adds HA capability to routers." updated="2014-04-26T00:00:00-00:00" {{(pid=102473) _check_extension /opt/stack/neutron/neutron/api/extensions.py:415}}
Apr 02 05:44:51.955654 np0000162701 devstack@neutron-api.service[102475]: DEBUG neutron_lib.callbacks.manager [None req-7dbde60c-6429-46d7-a199-d2eaf21d792d None None] Subscribe: > port after_update 55550000, False {{(pid=102475) subscribe /opt/stack/data/venv/lib/python3.12/site-packages/neutron_lib/callbacks/manager.py:52}}
Apr 02 05:44:51.955709 np0000162701 devstack@neutron-api.service[102473]: INFO neutron.api.extensions [None req-81f4eddf-067d-4ba2-8973-0d80c16f5ae3 None None] Loaded extension: l3-ha
Apr 02 05:44:51.955734 np0000162701 devstack@neutron-api.service[102475]: DEBUG neutron_lib.callbacks.manager [None req-7dbde60c-6429-46d7-a199-d2eaf21d792d None None] Subscribe: > port after_delete 55550000, False {{(pid=102475) subscribe /opt/stack/data/venv/lib/python3.12/site-packages/neutron_lib/callbacks/manager.py:52}}
Apr 02 05:44:51.955790 np0000162701 devstack@neutron-api.service[102473]: DEBUG neutron.api.extensions [None req-81f4eddf-067d-4ba2-8973-0d80c16f5ae3 None None] Loading extension file: l3_ext_ndp_proxy.py {{(pid=102473) _load_all_extensions_from_path /opt/stack/neutron/neutron/api/extensions.py:449}}
Apr 02 05:44:51.955815 np0000162701 devstack@neutron-api.service[102475]: DEBUG neutron_lib.callbacks.manager [None req-7dbde60c-6429-46d7-a199-d2eaf21d792d None None] Subscribe: > subnet after_create 55550000, False {{(pid=102475) subscribe /opt/stack/data/venv/lib/python3.12/site-packages/neutron_lib/callbacks/manager.py:52}}
Apr 02 05:44:51.955815 np0000162701 devstack@neutron-api.service[102475]: DEBUG neutron_lib.callbacks.manager [None req-7dbde60c-6429-46d7-a199-d2eaf21d792d None None] Subscribe: > subnet after_update 55550000, False {{(pid=102475) subscribe /opt/stack/data/venv/lib/python3.12/site-packages/neutron_lib/callbacks/manager.py:52}}
Apr 02 05:44:51.955917 np0000162701 devstack@neutron-api.service[102474]: DEBUG neutron_lib.callbacks.manager [None req-ed9c3500-e3f2-4e3e-a659-e0ce75e63960 None None] Subscribe: network precommit_update 55550000, False {{(pid=102474) subscribe /opt/stack/data/venv/lib/python3.12/site-packages/neutron_lib/callbacks/manager.py:52}}
Apr 02 05:44:51.955944 np0000162701 devstack@neutron-api.service[102475]: DEBUG neutron_lib.callbacks.manager [None req-7dbde60c-6429-46d7-a199-d2eaf21d792d None None] Subscribe: > subnet after_delete 55550000, False {{(pid=102475) subscribe /opt/stack/data/venv/lib/python3.12/site-packages/neutron_lib/callbacks/manager.py:52}}
Apr 02 05:44:51.955971 np0000162701 devstack@neutron-api.service[102473]: DEBUG neutron.api.extensions [None req-81f4eddf-067d-4ba2-8973-0d80c16f5ae3 None None] Ext name="Router support to enable NDP proxy" alias="l3-ext-ndp-proxy" description="Router extension to enable ndp proxy" updated="2020-08-25T00:00:00-00:00" {{(pid=102473) _check_extension /opt/stack/neutron/neutron/api/extensions.py:415}}
Apr 02 05:44:51.956083 np0000162701 devstack@neutron-api.service[102474]: DEBUG neutron_lib.callbacks.manager [None req-ed9c3500-e3f2-4e3e-a659-e0ce75e63960 None None] Subscribe: network precommit_create 55550000, False {{(pid=102474) subscribe /opt/stack/data/venv/lib/python3.12/site-packages/neutron_lib/callbacks/manager.py:52}}
Apr 02 05:44:51.956187 np0000162701 devstack@neutron-api.service[102475]: DEBUG neutron_lib.callbacks.manager [None req-7dbde60c-6429-46d7-a199-d2eaf21d792d None None] Subscribe: > network after_create 55550000, False {{(pid=102475) subscribe /opt/stack/data/venv/lib/python3.12/site-packages/neutron_lib/callbacks/manager.py:52}}
Apr 02 05:44:51.956243 np0000162701 devstack@neutron-api.service[102473]: INFO neutron.api.extensions [None req-81f4eddf-067d-4ba2-8973-0d80c16f5ae3 None None] Extension l3-ext-ndp-proxy not supported by any of loaded plugins
Apr 02 05:44:51.956270 np0000162701 devstack@neutron-api.service[102475]: DEBUG neutron_lib.callbacks.manager [None req-7dbde60c-6429-46d7-a199-d2eaf21d792d None None] Subscribe: > network after_update 55550000, False {{(pid=102475) subscribe /opt/stack/data/venv/lib/python3.12/site-packages/neutron_lib/callbacks/manager.py:52}}
Apr 02 05:44:51.956344 np0000162701 devstack@neutron-api.service[102474]: DEBUG neutron.manager [None req-ed9c3500-e3f2-4e3e-a659-e0ce75e63960 None None] Successfully loaded auto-allocated-topology plugin. Description: Auto Allocated Topology - aka get me a network. {{(pid=102474) _create_and_add_service_plugin /opt/stack/neutron/neutron/manager.py:239}}
Apr 02 05:44:51.956403 np0000162701 devstack@neutron-api.service[102473]: DEBUG neutron.api.extensions [None req-81f4eddf-067d-4ba2-8973-0d80c16f5ae3 None None] Loading extension file: l3_extra_gws.py {{(pid=102473) _load_all_extensions_from_path /opt/stack/neutron/neutron/api/extensions.py:449}}
Apr 02 05:44:51.956515 np0000162701 devstack@neutron-api.service[102475]: DEBUG neutron_lib.callbacks.manager [None req-7dbde60c-6429-46d7-a199-d2eaf21d792d None None] Subscribe: > network after_delete 55550000, False {{(pid=102475) subscribe /opt/stack/data/venv/lib/python3.12/site-packages/neutron_lib/callbacks/manager.py:52}}
Apr 02 05:44:51.956546 np0000162701 devstack@neutron-api.service[102474]: INFO neutron.manager [None req-ed9c3500-e3f2-4e3e-a659-e0ce75e63960 None None] Loading Plugin: tag
Apr 02 05:44:51.956598 np0000162701 devstack@neutron-api.service[102475]: DEBUG neutron_lib.callbacks.manager [None req-7dbde60c-6429-46d7-a199-d2eaf21d792d None None] Subscribe: > security_group after_create 55550000, False {{(pid=102475) subscribe /opt/stack/data/venv/lib/python3.12/site-packages/neutron_lib/callbacks/manager.py:52}}
Apr 02 05:44:51.956598 np0000162701 devstack@neutron-api.service[102475]: DEBUG neutron_lib.callbacks.manager [None req-7dbde60c-6429-46d7-a199-d2eaf21d792d None None] Subscribe: > security_group after_update 55550000, False {{(pid=102475) subscribe /opt/stack/data/venv/lib/python3.12/site-packages/neutron_lib/callbacks/manager.py:52}}
Apr 02 05:44:51.956693 np0000162701 devstack@neutron-api.service[102473]: DEBUG neutron.api.extensions [None req-81f4eddf-067d-4ba2-8973-0d80c16f5ae3 None None] Ext name="Neutron L3 External Gateway Multihoming" alias="external-gateway-multihoming" description="Allow multiple external gateway ports per router" updated="2023-01-18T00:00:00-00:00" {{(pid=102473) _check_extension /opt/stack/neutron/neutron/api/extensions.py:415}}
Apr 02 05:44:51.957045 np0000162701 devstack@neutron-api.service[102475]: DEBUG neutron_lib.callbacks.manager [None req-7dbde60c-6429-46d7-a199-d2eaf21d792d None None] Subscribe: > security_group after_delete 55550000, False {{(pid=102475) subscribe /opt/stack/data/venv/lib/python3.12/site-packages/neutron_lib/callbacks/manager.py:52}}
Apr 02 05:44:51.957045 np0000162701 devstack@neutron-api.service[102475]: DEBUG neutron_lib.callbacks.manager [None req-7dbde60c-6429-46d7-a199-d2eaf21d792d None None] Subscribe: > security_group_rule after_create 55550000, False {{(pid=102475) subscribe /opt/stack/data/venv/lib/python3.12/site-packages/neutron_lib/callbacks/manager.py:52}}
Apr 02 05:44:51.957149 np0000162701 devstack@neutron-api.service[102473]: INFO neutron.api.extensions [None req-81f4eddf-067d-4ba2-8973-0d80c16f5ae3 None None] Loaded extension: external-gateway-multihoming
Apr 02 05:44:51.957149 np0000162701 devstack@neutron-api.service[102473]: DEBUG neutron.api.extensions [None req-81f4eddf-067d-4ba2-8973-0d80c16f5ae3 None None] Loading extension file: l3_flavors.py {{(pid=102473) _load_all_extensions_from_path /opt/stack/neutron/neutron/api/extensions.py:449}}
Apr 02 05:44:51.957208 np0000162701 devstack@neutron-api.service[102475]: DEBUG neutron_lib.callbacks.manager [None req-7dbde60c-6429-46d7-a199-d2eaf21d792d None None] Subscribe: > security_group_rule after_update 55550000, False {{(pid=102475) subscribe /opt/stack/data/venv/lib/python3.12/site-packages/neutron_lib/callbacks/manager.py:52}}
Apr 02 05:44:51.957208 np0000162701 devstack@neutron-api.service[102475]: DEBUG neutron_lib.callbacks.manager [None req-7dbde60c-6429-46d7-a199-d2eaf21d792d None None] Subscribe: > security_group_rule after_delete 55550000, False {{(pid=102475) subscribe /opt/stack/data/venv/lib/python3.12/site-packages/neutron_lib/callbacks/manager.py:52}}
Apr 02 05:44:51.957208 np0000162701 devstack@neutron-api.service[102475]: DEBUG neutron_lib.callbacks.manager [None req-7dbde60c-6429-46d7-a199-d2eaf21d792d None None] Subscribe: > address_group after_create 55550000, False {{(pid=102475) subscribe /opt/stack/data/venv/lib/python3.12/site-packages/neutron_lib/callbacks/manager.py:52}}
Apr 02 05:44:51.957340 np0000162701 devstack@neutron-api.service[102473]: DEBUG neutron.api.extensions [None req-81f4eddf-067d-4ba2-8973-0d80c16f5ae3 None None] Ext name="Router Flavor Extension" alias="l3-flavors" description="Flavor support for routers." updated="2016-05-17T00:00:00-00:00" {{(pid=102473) _check_extension /opt/stack/neutron/neutron/api/extensions.py:415}}
Apr 02 05:44:51.957435 np0000162701 devstack@neutron-api.service[102475]: DEBUG neutron_lib.callbacks.manager [None req-7dbde60c-6429-46d7-a199-d2eaf21d792d None None] Subscribe: > address_group after_update 55550000, False {{(pid=102475) subscribe /opt/stack/data/venv/lib/python3.12/site-packages/neutron_lib/callbacks/manager.py:52}}
Apr 02 05:44:51.957435 np0000162701 devstack@neutron-api.service[102475]: DEBUG neutron_lib.callbacks.manager [None req-7dbde60c-6429-46d7-a199-d2eaf21d792d None None] Subscribe: > address_group after_delete 55550000, False {{(pid=102475) subscribe /opt/stack/data/venv/lib/python3.12/site-packages/neutron_lib/callbacks/manager.py:52}}
Apr 02 05:44:51.957435 np0000162701 devstack@neutron-api.service[102475]: DEBUG neutron.plugins.ml2.ovo_rpc [None req-7dbde60c-6429-46d7-a199-d2eaf21d792d None None] ML2 OVO RPC backend initialized. {{(pid=102475) __init__ /opt/stack/neutron/neutron/plugins/ml2/ovo_rpc.py:117}}
Apr 02 05:44:51.958813 np0000162701 devstack@neutron-api.service[102473]: INFO neutron.api.extensions [None req-81f4eddf-067d-4ba2-8973-0d80c16f5ae3 None None] Loaded extension: l3-flavors
Apr 02 05:44:51.958813 np0000162701 devstack@neutron-api.service[102473]: DEBUG neutron.api.extensions [None req-81f4eddf-067d-4ba2-8973-0d80c16f5ae3 None None] Loading extension file: l3_ndp_proxy.py {{(pid=102473) _load_all_extensions_from_path /opt/stack/neutron/neutron/api/extensions.py:449}}
Apr 02 05:44:51.958813 np0000162701 devstack@neutron-api.service[102473]: DEBUG neutron.api.extensions [None req-81f4eddf-067d-4ba2-8973-0d80c16f5ae3 None None] Ext name="name" alias="l3-ndp-proxy" description="description" updated="2021-06-29T10:00:00-00:00" {{(pid=102473) _check_extension /opt/stack/neutron/neutron/api/extensions.py:415}}
Apr 02 05:44:51.958813 np0000162701 devstack@neutron-api.service[102473]: INFO neutron.api.extensions [None req-81f4eddf-067d-4ba2-8973-0d80c16f5ae3 None None] Extension l3-ndp-proxy not supported by any of loaded plugins
Apr 02 05:44:51.959067 np0000162701 devstack@neutron-api.service[102475]: INFO neutron.quota [None req-7dbde60c-6429-46d7-a199-d2eaf21d792d None None] Loaded quota_driver: .
Apr 02 05:44:51.959247 np0000162701 devstack@neutron-api.service[102473]: DEBUG neutron.api.extensions [None req-81f4eddf-067d-4ba2-8973-0d80c16f5ae3 None None] Loading extension file: l3_port_ip_change_not_allowed.py {{(pid=102473) _load_all_extensions_from_path /opt/stack/neutron/neutron/api/extensions.py:449}}
Apr 02 05:44:51.959324 np0000162701 devstack@neutron-api.service[102475]: INFO neutron.plugins.ml2.plugin [None req-7dbde60c-6429-46d7-a199-d2eaf21d792d None None] Modular L2 Plugin initialization complete
Apr 02 05:44:51.959324 np0000162701 devstack@neutron-api.service[102475]: DEBUG neutron.manager [None req-7dbde60c-6429-46d7-a199-d2eaf21d792d None None] Loading services supported by the core plugin {{(pid=102475) _load_services_from_core_plugin /opt/stack/neutron/neutron/manager.py:170}}
Apr 02 05:44:51.959415 np0000162701 devstack@neutron-api.service[102473]: DEBUG neutron.api.extensions [None req-81f4eddf-067d-4ba2-8973-0d80c16f5ae3 None None] Ext name="Prevent L3 router ports IP address change extension" alias="l3-port-ip-change-not-allowed" description="Prevent change of IP address for some L3 router ports" updated="2018-10-09T10:00:00-00:00" {{(pid=102473) _check_extension /opt/stack/neutron/neutron/api/extensions.py:415}}
Apr 02 05:44:51.959476 np0000162701 devstack@neutron-api.service[102475]: INFO neutron.plugins.ml2.managers [None req-7dbde60c-6429-46d7-a199-d2eaf21d792d None None] Got port-security extension from driver 'port_security'
Apr 02 05:44:51.959504 np0000162701 devstack@neutron-api.service[102473]: INFO neutron.api.extensions [None req-81f4eddf-067d-4ba2-8973-0d80c16f5ae3 None None] Extension l3-port-ip-change-not-allowed not supported by any of loaded plugins
Apr 02 05:44:51.959700 np0000162701 devstack@neutron-api.service[102475]: DEBUG neutron.manager [None req-7dbde60c-6429-46d7-a199-d2eaf21d792d None None] Loading service plugins: ['ovn-router', 'auto_allocate', 'tag', 'timestamp', 'network_ip_availability', 'flavors', 'revisions'] {{(pid=102475) _load_service_plugins /opt/stack/neutron/neutron/manager.py:195}}
Apr 02 05:44:51.959700 np0000162701 devstack@neutron-api.service[102475]: INFO neutron.manager [None req-7dbde60c-6429-46d7-a199-d2eaf21d792d None None] Loading Plugin: ovn-router
Apr 02 05:44:51.959790 np0000162701 devstack@neutron-api.service[102473]: DEBUG neutron.api.extensions [None req-81f4eddf-067d-4ba2-8973-0d80c16f5ae3 None None] Loading extension file: l3agentscheduler.py {{(pid=102473) _load_all_extensions_from_path /opt/stack/neutron/neutron/api/extensions.py:449}}
Apr 02 05:44:51.959842 np0000162701 devstack@neutron-api.service[102474]: DEBUG neutron.manager [None req-ed9c3500-e3f2-4e3e-a659-e0ce75e63960 None None] Successfully loaded TAG plugin. Description: Tag support {{(pid=102474) _create_and_add_service_plugin /opt/stack/neutron/neutron/manager.py:239}}
Apr 02 05:44:51.959842 np0000162701 devstack@neutron-api.service[102474]: INFO neutron.manager [None req-ed9c3500-e3f2-4e3e-a659-e0ce75e63960 None None] Loading Plugin: timestamp
Apr 02 05:44:51.959893 np0000162701 devstack@neutron-api.service[102473]: DEBUG neutron.api.extensions [None req-81f4eddf-067d-4ba2-8973-0d80c16f5ae3 None None] Ext name="L3 Agent Scheduler" alias="l3_agent_scheduler" description="Schedule routers among l3 agents" updated="2013-02-07T10:00:00-00:00" {{(pid=102473) _check_extension /opt/stack/neutron/neutron/api/extensions.py:415}}
Apr 02 05:44:51.959893 np0000162701 devstack@neutron-api.service[102473]: INFO neutron.api.extensions [None req-81f4eddf-067d-4ba2-8973-0d80c16f5ae3 None None] Extension l3_agent_scheduler not supported by any of loaded plugins
Apr 02 05:44:51.959893 np0000162701 devstack@neutron-api.service[102473]: DEBUG neutron.api.extensions [None req-81f4eddf-067d-4ba2-8973-0d80c16f5ae3 None None] Loading extension file: local_ip.py {{(pid=102473) _load_all_extensions_from_path /opt/stack/neutron/neutron/api/extensions.py:449}}
Apr 02 05:44:51.959893 np0000162701 devstack@neutron-api.service[102473]: DEBUG neutron.api.extensions [None req-81f4eddf-067d-4ba2-8973-0d80c16f5ae3 None None] Ext name="Local IP" alias="local_ip" description="Support Node Local Virtual IP" updated="2021-07-26T10:00:00-00:00" {{(pid=102473) _check_extension /opt/stack/neutron/neutron/api/extensions.py:415}}
Apr 02 05:44:51.959893 np0000162701 devstack@neutron-api.service[102473]: INFO neutron.api.extensions [None req-81f4eddf-067d-4ba2-8973-0d80c16f5ae3 None None] Extension local_ip not supported by any of loaded plugins
Apr 02 05:44:51.959893 np0000162701 devstack@neutron-api.service[102473]: DEBUG neutron.api.extensions [None req-81f4eddf-067d-4ba2-8973-0d80c16f5ae3 None None] Loading extension file: logging.py {{(pid=102473) _load_all_extensions_from_path /opt/stack/neutron/neutron/api/extensions.py:449}}
Apr 02 05:44:51.960141 np0000162701 devstack@neutron-api.service[102474]: DEBUG neutron.manager [None req-ed9c3500-e3f2-4e3e-a659-e0ce75e63960 None None] Successfully loaded timestamp plugin. Description: Adds timestamps to Neutron resources with standard attributes {{(pid=102474) _create_and_add_service_plugin /opt/stack/neutron/neutron/manager.py:239}}
Apr 02 05:44:51.960141 np0000162701 devstack@neutron-api.service[102474]: INFO neutron.manager [None req-ed9c3500-e3f2-4e3e-a659-e0ce75e63960 None None] Loading Plugin: network_ip_availability
Apr 02 05:44:51.960245 np0000162701 devstack@neutron-api.service[102473]: DEBUG neutron.api.extensions [None req-81f4eddf-067d-4ba2-8973-0d80c16f5ae3 None None] Ext name="Logging API Extension" alias="logging" description="Provides a logging API for resources such as security group and firewall." updated="2017-01-01T10:00:00-00:00" {{(pid=102473) _check_extension /opt/stack/neutron/neutron/api/extensions.py:415}}
Apr 02 05:44:51.960323 np0000162701 devstack@neutron-api.service[102473]: INFO neutron.api.extensions [None req-81f4eddf-067d-4ba2-8973-0d80c16f5ae3 None None] Extension logging not supported by any of loaded plugins
Apr 02 05:44:51.960420 np0000162701 devstack@neutron-api.service[102473]: DEBUG neutron.api.extensions [None req-81f4eddf-067d-4ba2-8973-0d80c16f5ae3 None None] Loading extension file: metering.py {{(pid=102473) _load_all_extensions_from_path /opt/stack/neutron/neutron/api/extensions.py:449}}
Apr 02 05:44:51.960873 np0000162701 devstack@neutron-api.service[102473]: DEBUG neutron.api.extensions [None req-81f4eddf-067d-4ba2-8973-0d80c16f5ae3 None None] Ext name="Neutron Metering" alias="metering" description="Neutron Metering extension." updated="2013-06-12T10:00:00-00:00" {{(pid=102473) _check_extension /opt/stack/neutron/neutron/api/extensions.py:415}}
Apr 02 05:44:51.961055 np0000162701 devstack@neutron-api.service[102473]: INFO neutron.api.extensions [None req-81f4eddf-067d-4ba2-8973-0d80c16f5ae3 None None] Extension metering not supported by any of loaded plugins
Apr 02 05:44:51.961156 np0000162701 devstack@neutron-api.service[102473]: DEBUG neutron.api.extensions [None req-81f4eddf-067d-4ba2-8973-0d80c16f5ae3 None None] Loading extension file: metering_source_and_destination_fields.py {{(pid=102473) _load_all_extensions_from_path /opt/stack/neutron/neutron/api/extensions.py:449}}
Apr 02 05:44:51.961404 np0000162701 devstack@neutron-api.service[102473]: DEBUG neutron.api.extensions [None req-81f4eddf-067d-4ba2-8973-0d80c16f5ae3 None None] Ext name="Neutron Metering with source and destination filtering" alias="metering_source_and_destination_fields" description="Neutron Metering extension that enables the use of source and destination IP prefixes to create metering label rules." updated="2020-08-21T08:12:00-00:00" {{(pid=102473) _check_extension /opt/stack/neutron/neutron/api/extensions.py:415}}
Apr 02 05:44:51.961568 np0000162701 devstack@neutron-api.service[102474]: DEBUG neutron.manager [None req-ed9c3500-e3f2-4e3e-a659-e0ce75e63960 None None] Successfully loaded network-ip-availability plugin. Description: Provides IP availability data for each network and subnet. {{(pid=102474) _create_and_add_service_plugin /opt/stack/neutron/neutron/manager.py:239}}
Apr 02 05:44:51.961602 np0000162701 devstack@neutron-api.service[102473]: INFO neutron.api.extensions [None req-81f4eddf-067d-4ba2-8973-0d80c16f5ae3 None None] Extension metering_source_and_destination_fields not supported by any of loaded plugins
Apr 02 05:44:51.961658 np0000162701 devstack@neutron-api.service[102474]: INFO neutron.manager [None req-ed9c3500-e3f2-4e3e-a659-e0ce75e63960 None None] Loading Plugin: flavors
Apr 02 05:44:51.961694 np0000162701 devstack@neutron-api.service[102473]: DEBUG neutron.api.extensions [None req-81f4eddf-067d-4ba2-8973-0d80c16f5ae3 None None] Loading extension file: multiprovidernet.py {{(pid=102473) _load_all_extensions_from_path /opt/stack/neutron/neutron/api/extensions.py:449}}
Apr 02 05:44:51.961933 np0000162701 devstack@neutron-api.service[102473]: DEBUG neutron.api.extensions [None req-81f4eddf-067d-4ba2-8973-0d80c16f5ae3 None None] Ext name="Multi Provider Network" alias="multi-provider" description="Expose mapping of virtual networks to multiple physical networks" updated="2013-06-27T10:00:00-00:00" {{(pid=102473) _check_extension /opt/stack/neutron/neutron/api/extensions.py:415}}
Apr 02 05:44:51.962117 np0000162701 devstack@neutron-api.service[102473]: INFO neutron.api.extensions [None req-81f4eddf-067d-4ba2-8973-0d80c16f5ae3 None None] Loaded extension: multi-provider
Apr 02 05:44:51.962195 np0000162701 devstack@neutron-api.service[102473]: DEBUG neutron.api.extensions [None req-81f4eddf-067d-4ba2-8973-0d80c16f5ae3 None None] Loading extension file: netmtu.py {{(pid=102473) _load_all_extensions_from_path /opt/stack/neutron/neutron/api/extensions.py:449}}
Apr 02 05:44:51.962466 np0000162701 devstack@neutron-api.service[102473]: DEBUG neutron.api.extensions [None req-81f4eddf-067d-4ba2-8973-0d80c16f5ae3 None None] Ext name="Network MTU" alias="net-mtu" description="Provides MTU attribute for a network resource." updated="2015-03-25T10:00:00-00:00" {{(pid=102473) _check_extension /opt/stack/neutron/neutron/api/extensions.py:415}}
Apr 02 05:44:51.962621 np0000162701 devstack@neutron-api.service[102473]: INFO neutron.api.extensions [None req-81f4eddf-067d-4ba2-8973-0d80c16f5ae3 None None] Loaded extension: net-mtu
Apr 02 05:44:51.962708 np0000162701 devstack@neutron-api.service[102473]: DEBUG neutron.api.extensions [None req-81f4eddf-067d-4ba2-8973-0d80c16f5ae3 None None] Loading extension file: netmtu_writable.py {{(pid=102473) _load_all_extensions_from_path /opt/stack/neutron/neutron/api/extensions.py:449}}
