Jun 18 00:41:25.618762 np0000181682 devstack@neutron-api.service[107682]: [pid: 107682|app: 0|req: 1/4] 199.204.45.157 () {68 vars in 1367 bytes} [Thu Jun 18 00:41:25 2026] POST /networking/v2.0/subnetpools => generated 543 bytes in 487 msecs (HTTP/1.1 201) 4 headers in 162 bytes (1 switches on core 0)
Jun 18 00:41:26.054659 np0000181682 devstack@neutron-api.service[107680]: DEBUG neutron.api.v2.base [None req-bac54745-8cab-4f6b-818f-9039171324f3 admin admin] Request body: {'network': {'name': 'private', 'admin_state_up': True}} {{(pid=107680) prepare_request_body /opt/stack/neutron/neutron/api/v2/base.py:727}}
Jun 18 00:41:26.091904 np0000181682 devstack@neutron-api.service[107680]: DEBUG neutron.pecan_wsgi.hooks.quota_enforcement [None req-bac54745-8cab-4f6b-818f-9039171324f3 admin admin] Made reservation on behalf of 533f8b113968456c85c91e132931e4ca for: {'network': 1} {{(pid=107680) before /opt/stack/neutron/neutron/pecan_wsgi/hooks/quota_enforcement.py:66}}
Jun 18 00:41:26.266791 np0000181682 devstack@neutron-api.service[107680]: DEBUG neutron.policy [None req-bac54745-8cab-4f6b-818f-9039171324f3 admin admin] Loaded default policies from ['neutron'] under neutron.policies entry points {{(pid=107680) register_rules /opt/stack/neutron/neutron/policy.py:65}}
Jun 18 00:41:26.371526 np0000181682 devstack@neutron-api.service[107680]: DEBUG neutron_lib.callbacks.manager [None req-bac54745-8cab-4f6b-818f-9039171324f3 admin admin] Publish callbacks ['neutron.plugins.ml2.plugin.SecurityGroupDbMixin._ensure_default_security_group_handler-4036560'] for network (None), before_create {{(pid=107680) _notify_loop /opt/stack/data/venv/lib/python3.12/site-packages/neutron_lib/callbacks/manager.py:184}}
Jun 18 00:41:26.394027 np0000181682 devstack@neutron-api.service[107680]: DEBUG neutron_lib.callbacks.manager [None req-bac54745-8cab-4f6b-818f-9039171324f3 admin admin] Publish callbacks [] for security_group (None), before_create {{(pid=107680) _notify_loop /opt/stack/data/venv/lib/python3.12/site-packages/neutron_lib/callbacks/manager.py:184}}
Jun 18 00:41:26.490223 np0000181682 devstack@neutron-api.service[107680]: DEBUG neutron_lib.callbacks.manager [None req-bac54745-8cab-4f6b-818f-9039171324f3 admin admin] Publish callbacks ['neutron.plugins.ml2.drivers.ovn.mech_driver.mech_driver.OVNMechanismDriver._create_security_group_precommit-443620'] for security_group (32acecd4-571a-4e10-bce8-304ea8d3ee04), precommit_create {{(pid=107680) _notify_loop /opt/stack/data/venv/lib/python3.12/site-packages/neutron_lib/callbacks/manager.py:184}}
Jun 18 00:41:26.490588 np0000181682 devstack@neutron-api.service[107680]: DEBUG neutron.db.ovn_revision_numbers_db [None req-bac54745-8cab-4f6b-818f-9039171324f3 admin admin] create_initial_revision uuid=32acecd4-571a-4e10-bce8-304ea8d3ee04, type=security_groups, rev=-1 {{(pid=107680) create_initial_revision /opt/stack/neutron/neutron/db/ovn_revision_numbers_db.py:98}}
Jun 18 00:41:26.493608 np0000181682 devstack@neutron-api.service[107680]: DEBUG neutron.db.ovn_revision_numbers_db [None req-bac54745-8cab-4f6b-818f-9039171324f3 admin admin] create_initial_revision uuid=2977900e-8322-4fbf-a19d-b44b11f286af, type=security_group_rules, rev=-1 {{(pid=107680) create_initial_revision /opt/stack/neutron/neutron/db/ovn_revision_numbers_db.py:98}}
Jun 18 00:41:26.494877 np0000181682 devstack@neutron-api.service[107680]: DEBUG neutron.db.ovn_revision_numbers_db [None req-bac54745-8cab-4f6b-818f-9039171324f3 admin admin] create_initial_revision uuid=5514f56b-6ba4-40bf-9f14-85b28b1b5f88, type=security_group_rules, rev=-1 {{(pid=107680) create_initial_revision /opt/stack/neutron/neutron/db/ovn_revision_numbers_db.py:98}}
Jun 18 00:41:26.496066 np0000181682 devstack@neutron-api.service[107680]: DEBUG neutron.db.ovn_revision_numbers_db [None req-bac54745-8cab-4f6b-818f-9039171324f3 admin admin] create_initial_revision uuid=5d49a523-7d22-4ff6-997e-c4be9909d6c1, type=security_group_rules, rev=-1 {{(pid=107680) create_initial_revision /opt/stack/neutron/neutron/db/ovn_revision_numbers_db.py:98}}
Jun 18 00:41:26.497279 np0000181682 devstack@neutron-api.service[107680]: DEBUG neutron.db.ovn_revision_numbers_db [None req-bac54745-8cab-4f6b-818f-9039171324f3 admin admin] create_initial_revision uuid=69e190c1-0a28-43e7-8bb9-22e6e74ac5cb, type=security_group_rules, rev=-1 {{(pid=107680) create_initial_revision /opt/stack/neutron/neutron/db/ovn_revision_numbers_db.py:98}}
Jun 18 00:41:26.503337 np0000181682 devstack@neutron-api.service[107680]: DEBUG neutron_lib.callbacks.manager [None req-bac54745-8cab-4f6b-818f-9039171324f3 admin admin] Publish callbacks ['neutron.plugins.ml2.drivers.ovn.mech_driver.mech_driver.OVNMechanismDriver._create_security_group-443630', 'neutron.plugins.ml2.ovo_rpc._ObjectChangeHandler.handle_event-1707830'] for security_group (32acecd4-571a-4e10-bce8-304ea8d3ee04), after_create {{(pid=107680) _notify_loop /opt/stack/data/venv/lib/python3.12/site-packages/neutron_lib/callbacks/manager.py:184}}
Jun 18 00:41:26.503534 np0000181682 devstack@neutron-api.service[107680]: INFO neutron.plugins.ml2.drivers.ovn.mech_driver.ovsdb.extensions.qos [None req-bac54745-8cab-4f6b-818f-9039171324f3 admin admin] Starting OVNClientQosExtension
Jun 18 00:41:26.503663 np0000181682 devstack@neutron-api.service[107680]: INFO neutron.plugins.ml2.drivers.ovn.mech_driver.ovsdb.extensions.placement [None req-bac54745-8cab-4f6b-818f-9039171324f3 admin admin] Starting OVNClientPlacementExtension
Jun 18 00:41:26.505646 np0000181682 devstack@neutron-api.service[107680]: DEBUG ovsdbapp.backend.ovs_idl.transaction [-] Running txn n=1 command(idx=0): PgAddCommand(_result=None, name=pg_32acecd4_571a_4e10_bce8_304ea8d3ee04, may_exist=False, columns={'acls': [], 'external_ids': {'neutron:security_group_id': '32acecd4-571a-4e10-bce8-304ea8d3ee04'}}) {{(pid=107680) do_commit /opt/stack/data/venv/lib/python3.12/site-packages/ovsdbapp/backend/ovs_idl/transaction.py:89}}
Jun 18 00:41:26.508759 np0000181682 devstack@neutron-api.service[107680]: DEBUG ovsdbapp.backend.ovs_idl.transaction [-] Running txn n=1 command(idx=1): PgAclAddCommand(_result=None, entity=pg_32acecd4_571a_4e10_bce8_304ea8d3ee04, direction=to-lport, priority=1002, match=outport == @pg_32acecd4_571a_4e10_bce8_304ea8d3ee04 && ip4 && ip4.src == $pg_32acecd4_571a_4e10_bce8_304ea8d3ee04_ip4, action=allow-related, log=False, may_exist=True, severity=[], name=[], meter=[], external_ids={'neutron:security_group_rule_id': '2977900e-8322-4fbf-a19d-b44b11f286af'}) {{(pid=107680) do_commit /opt/stack/data/venv/lib/python3.12/site-packages/ovsdbapp/backend/ovs_idl/transaction.py:89}}
Jun 18 00:41:26.509559 np0000181682 devstack@neutron-api.service[107680]: DEBUG ovsdbapp.backend.ovs_idl.transaction [-] Running txn n=1 command(idx=2): PgAclAddCommand(_result=None, entity=pg_32acecd4_571a_4e10_bce8_304ea8d3ee04, direction=to-lport, priority=1002, match=outport == @pg_32acecd4_571a_4e10_bce8_304ea8d3ee04 && ip6 && ip6.src == $pg_32acecd4_571a_4e10_bce8_304ea8d3ee04_ip6, action=allow-related, log=False, may_exist=True, severity=[], name=[], meter=[], external_ids={'neutron:security_group_rule_id': '5514f56b-6ba4-40bf-9f14-85b28b1b5f88'}) {{(pid=107680) do_commit /opt/stack/data/venv/lib/python3.12/site-packages/ovsdbapp/backend/ovs_idl/transaction.py:89}}
Jun 18 00:41:26.510115 np0000181682 devstack@neutron-api.service[107680]: DEBUG ovsdbapp.backend.ovs_idl.transaction [-] Running txn n=1 command(idx=3): PgAclAddCommand(_result=None, entity=pg_32acecd4_571a_4e10_bce8_304ea8d3ee04, direction=from-lport, priority=1002, match=inport == @pg_32acecd4_571a_4e10_bce8_304ea8d3ee04 && ip6, action=allow-related, log=False, may_exist=True, severity=[], name=[], meter=[], external_ids={'neutron:security_group_rule_id': '5d49a523-7d22-4ff6-997e-c4be9909d6c1'}) {{(pid=107680) do_commit /opt/stack/data/venv/lib/python3.12/site-packages/ovsdbapp/backend/ovs_idl/transaction.py:89}}
Jun 18 00:41:26.510659 np0000181682 devstack@neutron-api.service[107680]: DEBUG ovsdbapp.backend.ovs_idl.transaction [-] Running txn n=1 command(idx=4): PgAclAddCommand(_result=None, entity=pg_32acecd4_571a_4e10_bce8_304ea8d3ee04, direction=from-lport, priority=1002, match=inport == @pg_32acecd4_571a_4e10_bce8_304ea8d3ee04 && ip4, action=allow-related, log=False, may_exist=True, severity=[], name=[], meter=[], external_ids={'neutron:security_group_rule_id': '69e190c1-0a28-43e7-8bb9-22e6e74ac5cb'}) {{(pid=107680) do_commit /opt/stack/data/venv/lib/python3.12/site-packages/ovsdbapp/backend/ovs_idl/transaction.py:89}}
Jun 18 00:41:26.524234 np0000181682 devstack@neutron-api.service[107679]: DEBUG neutron.plugins.ml2.drivers.ovn.mech_driver.ovsdb.ovsdb_monitor [-] Hash Ring: Node cdf3d70a1ae25aa09d776903e509a9ce (host: np0000181682) handling event "create" for row 9a02be31-50ca-4313-8c71-6942cade949d (table: ACL) {{(pid=107679) notify /opt/stack/neutron/neutron/plugins/ml2/drivers/ovn/mech_driver/ovsdb/ovsdb_monitor.py:1015}}
Jun 18 00:41:26.524662 np0000181682 devstack@neutron-api.service[107679]: DEBUG neutron.plugins.ml2.drivers.ovn.mech_driver.ovsdb.ovsdb_monitor [-] Hash Ring: Node cdf3d70a1ae25aa09d776903e509a9ce (host: np0000181682) handling event "create" for row eb0f745f-66fa-4891-b5fd-926e7ab68c86 (table: ACL) {{(pid=107679) notify /opt/stack/neutron/neutron/plugins/ml2/drivers/ovn/mech_driver/ovsdb/ovsdb_monitor.py:1015}}
Jun 18 00:41:26.525174 np0000181682 devstack@neutron-api.service[107681]: DEBUG neutron.plugins.ml2.drivers.ovn.mech_driver.ovsdb.ovsdb_monitor [-] Hash Ring: Node 57cdbead383b569d9e1c3168fa477fa9 (host: np0000181682) handling event "create" for row 437a65fb-79f9-437e-b685-63b08603cdba (table: ACL) {{(pid=107681) notify /opt/stack/neutron/neutron/plugins/ml2/drivers/ovn/mech_driver/ovsdb/ovsdb_monitor.py:1015}}
Jun 18 00:41:26.526327 np0000181682 devstack@neutron-api.service[107679]: DEBUG neutron.plugins.ml2.drivers.ovn.mech_driver.ovsdb.ovsdb_monitor [-] Hash Ring: Node cdf3d70a1ae25aa09d776903e509a9ce (host: np0000181682) handling event "create" for row af490bc2-0d50-44e9-8714-b0356137dc7c (table: Port_Group) {{(pid=107679) notify /opt/stack/neutron/neutron/plugins/ml2/drivers/ovn/mech_driver/ovsdb/ovsdb_monitor.py:1015}}
Jun 18 00:41:26.526889 np0000181682 devstack@neutron-api.service[107681]: DEBUG neutron.plugins.ml2.drivers.ovn.mech_driver.ovsdb.ovsdb_monitor [-] Hash Ring: Node 57cdbead383b569d9e1c3168fa477fa9 (host: np0000181682) handling event "create" for row 9a02be31-50ca-4313-8c71-6942cade949d (table: ACL) {{(pid=107681) notify /opt/stack/neutron/neutron/plugins/ml2/drivers/ovn/mech_driver/ovsdb/ovsdb_monitor.py:1015}}
Jun 18 00:41:26.526889 np0000181682 devstack@neutron-api.service[107681]: DEBUG neutron.plugins.ml2.drivers.ovn.mech_driver.ovsdb.ovsdb_monitor [-] Hash Ring: Node 57cdbead383b569d9e1c3168fa477fa9 (host: np0000181682) handling event "create" for row d0a76ec3-9861-4716-b2e9-118bd8122525 (table: ACL) {{(pid=107681) notify /opt/stack/neutron/neutron/plugins/ml2/drivers/ovn/mech_driver/ovsdb/ovsdb_monitor.py:1015}}
Jun 18 00:41:26.526889 np0000181682 devstack@neutron-api.service[107681]: DEBUG neutron.plugins.ml2.drivers.ovn.mech_driver.ovsdb.ovsdb_monitor [-] Hash Ring: Node 57cdbead383b569d9e1c3168fa477fa9 (host: np0000181682) handling event "create" for row eb0f745f-66fa-4891-b5fd-926e7ab68c86 (table: ACL) {{(pid=107681) notify /opt/stack/neutron/neutron/plugins/ml2/drivers/ovn/mech_driver/ovsdb/ovsdb_monitor.py:1015}}
Jun 18 00:41:26.526889 np0000181682 devstack@neutron-api.service[107681]: DEBUG neutron.plugins.ml2.drivers.ovn.mech_driver.ovsdb.ovsdb_monitor [-] Hash Ring: Node 57cdbead383b569d9e1c3168fa477fa9 (host: np0000181682) handling event "create" for row af490bc2-0d50-44e9-8714-b0356137dc7c (table: Port_Group) {{(pid=107681) notify /opt/stack/neutron/neutron/plugins/ml2/drivers/ovn/mech_driver/ovsdb/ovsdb_monitor.py:1015}}
Jun 18 00:41:26.527128 np0000181682 devstack@neutron-api.service[107682]: DEBUG neutron.plugins.ml2.drivers.ovn.mech_driver.ovsdb.ovsdb_monitor [-] Hash Ring: Node 0c1be510077a5eaca7514cb8364dd5e4 (host: np0000181682) handling event "create" for row 437a65fb-79f9-437e-b685-63b08603cdba (table: ACL) {{(pid=107682) notify /opt/stack/neutron/neutron/plugins/ml2/drivers/ovn/mech_driver/ovsdb/ovsdb_monitor.py:1015}}
Jun 18 00:41:26.549658 np0000181682 devstack@neutron-api.service[107680]: INFO neutron.db.ovn_revision_numbers_db [None req-bac54745-8cab-4f6b-818f-9039171324f3 admin admin] Successfully bumped revision number for resource 32acecd4-571a-4e10-bce8-304ea8d3ee04 (type: security_groups) to 1
Jun 18 00:41:26.565862 np0000181682 devstack@neutron-api.service[107680]: INFO neutron.db.ovn_revision_numbers_db [None req-bac54745-8cab-4f6b-818f-9039171324f3 admin admin] Successfully bumped revision number for resource 2977900e-8322-4fbf-a19d-b44b11f286af (type: security_group_rules) to 0
Jun 18 00:41:26.579348 np0000181682 devstack@neutron-api.service[107680]: INFO neutron.db.ovn_revision_numbers_db [None req-bac54745-8cab-4f6b-818f-9039171324f3 admin admin] Successfully bumped revision number for resource 5514f56b-6ba4-40bf-9f14-85b28b1b5f88 (type: security_group_rules) to 0
Jun 18 00:41:26.593324 np0000181682 devstack@neutron-api.service[107680]: INFO neutron.db.ovn_revision_numbers_db [None req-bac54745-8cab-4f6b-818f-9039171324f3 admin admin] Successfully bumped revision number for resource 5d49a523-7d22-4ff6-997e-c4be9909d6c1 (type: security_group_rules) to 0
Jun 18 00:41:26.605024 np0000181682 devstack@neutron-api.service[107680]: INFO neutron.db.ovn_revision_numbers_db [None req-bac54745-8cab-4f6b-818f-9039171324f3 admin admin] Successfully bumped revision number for resource 69e190c1-0a28-43e7-8bb9-22e6e74ac5cb (type: security_group_rules) to 0
Jun 18 00:41:26.627102 np0000181682 devstack@neutron-api.service[107680]: DEBUG neutron.api.rpc.handlers.resources_rpc [None req-bac54745-8cab-4f6b-818f-9039171324f3 admin admin] Pushing event updated for resources: {'SecurityGroup': ['ID=32acecd4-571a-4e10-bce8-304ea8d3ee04,revision_number=1']} {{(pid=107680) push /opt/stack/neutron/neutron/api/rpc/handlers/resources_rpc.py:237}}
Jun 18 00:41:26.635099 np0000181682 devstack@neutron-api.service[107680]: DEBUG ovsdbapp.backend.ovs_idl.transaction [-] Running txn n=1 command(idx=0): CheckLivenessCommand(_result=None) {{(pid=107680) do_commit /opt/stack/data/venv/lib/python3.12/site-packages/ovsdbapp/backend/ovs_idl/transaction.py:89}}
Jun 18 00:41:26.639585 np0000181682 devstack@neutron-api.service[107680]: DEBUG neutron.plugins.ml2.drivers.ovn.mech_driver.ovsdb.ovsdb_monitor [-] Hash Ring: Node fa3d2bb5617d55c891441fb8f41988ae (host: np0000181682) handling event "update" for row bfff5863-591f-4539-a612-0c63de3c62af (table: NB_Global) {{(pid=107680) notify /opt/stack/neutron/neutron/plugins/ml2/drivers/ovn/mech_driver/ovsdb/ovsdb_monitor.py:1015}}
Jun 18 00:41:26.641587 np0000181682 devstack@neutron-api.service[107681]: DEBUG neutron.plugins.ml2.drivers.ovn.mech_driver.ovsdb.ovsdb_monitor [-] Hash Ring: Node 57cdbead383b569d9e1c3168fa477fa9 (host: np0000181682) handling event "update" for row bfff5863-591f-4539-a612-0c63de3c62af (table: NB_Global) {{(pid=107681) notify /opt/stack/neutron/neutron/plugins/ml2/drivers/ovn/mech_driver/ovsdb/ovsdb_monitor.py:1015}}
Jun 18 00:41:26.641752 np0000181682 devstack@neutron-api.service[107681]: DEBUG neutron.plugins.ml2.drivers.ovn.mech_driver.ovsdb.ovsdb_monitor [-] Hash Ring: Node 57cdbead383b569d9e1c3168fa477fa9 (host: np0000181682) handling event "update" for row bfff5863-591f-4539-a612-0c63de3c62af (table: NB_Global) {{(pid=107681) notify /opt/stack/neutron/neutron/plugins/ml2/drivers/ovn/mech_driver/ovsdb/ovsdb_monitor.py:1015}}
Jun 18 00:41:26.644606 np0000181682 devstack@neutron-api.service[107680]: DEBUG neutron.api.rpc.callbacks.version_manager [None req-bac54745-8cab-4f6b-818f-9039171324f3 admin admin] Tracked resource versions report:
Jun 18 00:41:26.644606 np0000181682 devstack@neutron-api.service[107680]: pushed versions:
Jun 18 00:41:26.644606 np0000181682 devstack@neutron-api.service[107680]: { 'AddressGroup': {'1.2'},
Jun 18 00:41:26.644606 np0000181682 devstack@neutron-api.service[107680]: 'Agent': {'1.1'},
Jun 18 00:41:26.644606 np0000181682 devstack@neutron-api.service[107680]: 'ConntrackHelper': {'1.0'},
Jun 18 00:41:26.644606 np0000181682 devstack@neutron-api.service[107680]: 'LocalIPAssociation': {'1.0'},
Jun 18 00:41:26.644606 np0000181682 devstack@neutron-api.service[107680]: 'Log': {'1.0'},
Jun 18 00:41:26.644606 np0000181682 devstack@neutron-api.service[107680]: 'NDPProxy': {'1.0'},
Jun 18 00:41:26.644606 np0000181682 devstack@neutron-api.service[107680]: 'Network': {'1.3'},
Jun 18 00:41:26.644606 np0000181682 devstack@neutron-api.service[107680]: 'Port': {'1.11'},
Jun 18 00:41:26.644606 np0000181682 devstack@neutron-api.service[107680]: 'PortForwarding': {'1.3'},
Jun 18 00:41:26.644606 np0000181682 devstack@neutron-api.service[107680]: 'QosPolicy': {'1.10'},
Jun 18 00:41:26.644606 np0000181682 devstack@neutron-api.service[107680]: 'SecurityGroup': {'1.6'},
Jun 18 00:41:26.644606 np0000181682 devstack@neutron-api.service[107680]: 'SecurityGroupRule': {'1.3'},
Jun 18 00:41:26.644606 np0000181682 devstack@neutron-api.service[107680]: 'SubPort': {'1.0'},
Jun 18 00:41:26.644606 np0000181682 devstack@neutron-api.service[107680]: 'Subnet': {'1.2'},
Jun 18 00:41:26.644606 np0000181682 devstack@neutron-api.service[107680]: 'Trunk': {'1.1'}}
Jun 18 00:41:26.644606 np0000181682 devstack@neutron-api.service[107680]: consumer versions:
Jun 18 00:41:26.644606 np0000181682 devstack@neutron-api.service[107680]: {}
Jun 18 00:41:26.644606 np0000181682 devstack@neutron-api.service[107680]: {{(pid=107680) report /opt/stack/neutron/neutron/api/rpc/callbacks/version_manager.py:183}}
Jun 18 00:41:26.645305 np0000181682 devstack@neutron-api.service[107681]: DEBUG neutron.plugins.ml2.drivers.ovn.mech_driver.ovsdb.ovsdb_monitor [-] Hash Ring: Node 57cdbead383b569d9e1c3168fa477fa9 (host: np0000181682) handling event "update" for row bfff5863-591f-4539-a612-0c63de3c62af (table: NB_Global) {{(pid=107681) notify /opt/stack/neutron/neutron/plugins/ml2/drivers/ovn/mech_driver/ovsdb/ovsdb_monitor.py:1015}}
Jun 18 00:41:26.648743 np0000181682 devstack@neutron-api.service[107681]: DEBUG neutron.plugins.ml2.drivers.ovn.mech_driver.ovsdb.ovsdb_monitor [-] ChassisAgentWriteEvent : Matched Chassis_Private, update, None None {{(pid=107681) matches /opt/stack/neutron/neutron/plugins/ml2/drivers/ovn/mech_driver/ovsdb/ovsdb_monitor.py:64}}
Jun 18 00:41:26.649461 np0000181682 devstack@neutron-api.service[107682]: DEBUG neutron.plugins.ml2.drivers.ovn.mech_driver.ovsdb.ovsdb_monitor [-] ChassisAgentWriteEvent : Matched Chassis_Private, update, None None {{(pid=107682) matches /opt/stack/neutron/neutron/plugins/ml2/drivers/ovn/mech_driver/ovsdb/ovsdb_monitor.py:64}}
Jun 18 00:41:26.650037 np0000181682 devstack@neutron-api.service[107679]: DEBUG neutron.plugins.ml2.drivers.ovn.mech_driver.ovsdb.ovsdb_monitor [-] ChassisAgentWriteEvent : Matched Chassis_Private, update, None None {{(pid=107679) matches /opt/stack/neutron/neutron/plugins/ml2/drivers/ovn/mech_driver/ovsdb/ovsdb_monitor.py:64}}
Jun 18 00:41:26.650037 np0000181682 devstack@neutron-api.service[107679]: DEBUG neutron.plugins.ml2.drivers.ovn.mech_driver.ovsdb.ovsdb_monitor [-] Hash Ring: Node cdf3d70a1ae25aa09d776903e509a9ce (host: np0000181682) handling event "update" for row b71e73de-d64e-411a-b84e-59b86cd108de (table: Chassis_Private) {{(pid=107679) notify /opt/stack/neutron/neutron/plugins/ml2/drivers/ovn/mech_driver/ovsdb/ovsdb_monitor.py:1015}}
Jun 18 00:41:26.652157 np0000181682 devstack@neutron-api.service[107681]: DEBUG neutron.plugins.ml2.drivers.ovn.mech_driver.ovsdb.ovsdb_monitor [-] Hash Ring: Node 57cdbead383b569d9e1c3168fa477fa9 (host: np0000181682) handling event "update" for row bfff5863-591f-4539-a612-0c63de3c62af (table: NB_Global) {{(pid=107681) notify /opt/stack/neutron/neutron/plugins/ml2/drivers/ovn/mech_driver/ovsdb/ovsdb_monitor.py:1015}}
Jun 18 00:41:26.652440 np0000181682 devstack@neutron-api.service[107681]: DEBUG neutron.common.ovn.hash_ring_manager [-] Allow caching, nodes 4>=4 {{(pid=107681) _wait_startup_before_caching /opt/stack/neutron/neutron/common/ovn/hash_ring_manager.py:71}}
Jun 18 00:41:26.652440 np0000181682 devstack@neutron-api.service[107681]: DEBUG neutron.plugins.ml2.drivers.ovn.mech_driver.ovsdb.ovsdb_monitor [-] Hash Ring: Node 57cdbead383b569d9e1c3168fa477fa9 (host: np0000181682) handling event "update" for row b71e73de-d64e-411a-b84e-59b86cd108de (table: Chassis_Private) {{(pid=107681) notify /opt/stack/neutron/neutron/plugins/ml2/drivers/ovn/mech_driver/ovsdb/ovsdb_monitor.py:1015}}
Jun 18 00:41:26.656278 np0000181682 devstack@neutron-api.service[107681]: DEBUG neutron.plugins.ml2.drivers.ovn.mech_driver.ovsdb.ovsdb_monitor [-] ChassisOVNAgentWriteEvent : Matched Chassis_Private, update, None None {{(pid=107681) matches /opt/stack/neutron/neutron/plugins/ml2/drivers/ovn/mech_driver/ovsdb/ovsdb_monitor.py:64}}
Jun 18 00:41:26.656278 np0000181682 devstack@neutron-api.service[107681]: DEBUG neutron.plugins.ml2.drivers.ovn.mech_driver.ovsdb.ovsdb_monitor [-] Hash Ring: Node 57cdbead383b569d9e1c3168fa477fa9 (host: np0000181682) handling event "update" for row b71e73de-d64e-411a-b84e-59b86cd108de (table: Chassis_Private) {{(pid=107681) notify /opt/stack/neutron/neutron/plugins/ml2/drivers/ovn/mech_driver/ovsdb/ovsdb_monitor.py:1015}}
Jun 18 00:41:26.656422 np0000181682 devstack@neutron-api.service[107680]: DEBUG neutron.plugins.ml2.drivers.ovn.mech_driver.ovsdb.ovsdb_monitor [-] ChassisAgentWriteEvent : Matched Chassis_Private, update, None None {{(pid=107680) matches /opt/stack/neutron/neutron/plugins/ml2/drivers/ovn/mech_driver/ovsdb/ovsdb_monitor.py:64}}
Jun 18 00:41:26.657872 np0000181682 devstack@neutron-api.service[107682]: DEBUG neutron.plugins.ml2.drivers.ovn.mech_driver.ovsdb.ovsdb_monitor [-] ChassisOVNAgentWriteEvent : Matched Chassis_Private, update, None None {{(pid=107682) matches /opt/stack/neutron/neutron/plugins/ml2/drivers/ovn/mech_driver/ovsdb/ovsdb_monitor.py:64}}
Jun 18 00:41:26.659629 np0000181682 devstack@neutron-api.service[107680]: DEBUG neutron.plugins.ml2.drivers.ovn.mech_driver.ovsdb.ovsdb_monitor [-] Hash Ring: Node fa3d2bb5617d55c891441fb8f41988ae (host: np0000181682) handling event "update" for row bfff5863-591f-4539-a612-0c63de3c62af (table: NB_Global) {{(pid=107680) notify /opt/stack/neutron/neutron/plugins/ml2/drivers/ovn/mech_driver/ovsdb/ovsdb_monitor.py:1015}}
Jun 18 00:41:26.662084 np0000181682 devstack@neutron-api.service[107679]: DEBUG neutron.plugins.ml2.drivers.ovn.mech_driver.ovsdb.ovsdb_monitor [-] ChassisOVNAgentWriteEvent : Matched Chassis_Private, update, None None {{(pid=107679) matches /opt/stack/neutron/neutron/plugins/ml2/drivers/ovn/mech_driver/ovsdb/ovsdb_monitor.py:64}}
Jun 18 00:41:26.662544 np0000181682 devstack@neutron-api.service[107679]: DEBUG neutron.plugins.ml2.drivers.ovn.mech_driver.ovsdb.ovsdb_monitor [-] Hash Ring: Node cdf3d70a1ae25aa09d776903e509a9ce (host: np0000181682) handling event "update" for row b71e73de-d64e-411a-b84e-59b86cd108de (table: Chassis_Private) {{(pid=107679) notify /opt/stack/neutron/neutron/plugins/ml2/drivers/ovn/mech_driver/ovsdb/ovsdb_monitor.py:1015}}
Jun 18 00:41:26.664375 np0000181682 devstack@neutron-api.service[107680]: DEBUG neutron.plugins.ml2.drivers.ovn.mech_driver.ovsdb.ovsdb_monitor [-] ChassisOVNAgentWriteEvent : Matched Chassis_Private, update, None None {{(pid=107680) matches /opt/stack/neutron/neutron/plugins/ml2/drivers/ovn/mech_driver/ovsdb/ovsdb_monitor.py:64}}
Jun 18 00:41:26.666151 np0000181682 devstack@neutron-api.service[107680]: DEBUG neutron.plugins.ml2.drivers.ovn.mech_driver.ovsdb.ovsdb_monitor [-] Hash Ring: Node fa3d2bb5617d55c891441fb8f41988ae (host: np0000181682) handling event "update" for row bfff5863-591f-4539-a612-0c63de3c62af (table: NB_Global) {{(pid=107680) notify /opt/stack/neutron/neutron/plugins/ml2/drivers/ovn/mech_driver/ovsdb/ovsdb_monitor.py:1015}}
Jun 18 00:41:26.669691 np0000181682 devstack@neutron-api.service[107680]: DEBUG neutron.plugins.ml2.drivers.ovn.mech_driver.ovsdb.ovsdb_monitor [-] Hash Ring: Node fa3d2bb5617d55c891441fb8f41988ae (host: np0000181682) handling event "update" for row bfff5863-591f-4539-a612-0c63de3c62af (table: NB_Global) {{(pid=107680) notify /opt/stack/neutron/neutron/plugins/ml2/drivers/ovn/mech_driver/ovsdb/ovsdb_monitor.py:1015}}
Jun 18 00:41:26.725169 np0000181682 devstack@neutron-api.service[107680]: DEBUG neutron.plugins.ml2.drivers.helpers [None req-bac54745-8cab-4f6b-818f-9039171324f3 admin admin] geneve segment allocate from pool success with {'geneve_vni': 40273} {{(pid=107680) allocate_partially_specified_segment /opt/stack/neutron/neutron/plugins/ml2/drivers/helpers.py:142}}
Jun 18 00:41:26.737112 np0000181682 devstack@neutron-api.service[107680]: DEBUG neutron_lib.callbacks.manager [None req-bac54745-8cab-4f6b-818f-9039171324f3 admin admin] Publish callbacks ['neutron.services.segments.db._add_segment_host_mapping_for_segment-8589286674112', 'neutron.plugins.ml2.plugin.Ml2Plugin._handle_segment_change-242518'] for segment (12f717e9-5ef8-4997-8b98-c98d0fc35147), precommit_create {{(pid=107680) _notify_loop /opt/stack/data/venv/lib/python3.12/site-packages/neutron_lib/callbacks/manager.py:184}}
Jun 18 00:41:26.737332 np0000181682 devstack@neutron-api.service[107680]: INFO neutron.db.segments_db [None req-bac54745-8cab-4f6b-818f-9039171324f3 admin admin] Added segment 12f717e9-5ef8-4997-8b98-c98d0fc35147 of type geneve for network 96fd80cc-8f76-4730-8301-19456440f530
Jun 18 00:41:26.802967 np0000181682 devstack@neutron-api.service[107680]: DEBUG neutron_lib.callbacks.manager [None req-bac54745-8cab-4f6b-818f-9039171324f3 admin admin] Publish callbacks ['neutron.services.auto_allocate.db._ensure_external_network_default_value_callback-8589284901198'] for network (96fd80cc-8f76-4730-8301-19456440f530), precommit_create {{(pid=107680) _notify_loop /opt/stack/data/venv/lib/python3.12/site-packages/neutron_lib/callbacks/manager.py:184}}
Jun 18 00:41:26.823624 np0000181682 devstack@neutron-api.service[107680]: DEBUG neutron.plugins.ml2.drivers.ovn.mech_driver.mech_driver [None req-bac54745-8cab-4f6b-818f-9039171324f3 admin admin] Validating network segment with type geneve, segmentation ID 40273, physical network None {{(pid=107680) _validate_network_segments /opt/stack/neutron/neutron/plugins/ml2/drivers/ovn/mech_driver/mech_driver.py:643}}
Jun 18 00:41:26.823751 np0000181682 devstack@neutron-api.service[107680]: DEBUG neutron.db.ovn_revision_numbers_db [None req-bac54745-8cab-4f6b-818f-9039171324f3 admin admin] create_initial_revision uuid=96fd80cc-8f76-4730-8301-19456440f530, type=networks, rev=-1 {{(pid=107680) create_initial_revision /opt/stack/neutron/neutron/db/ovn_revision_numbers_db.py:98}}
Jun 18 00:41:26.844863 np0000181682 devstack@neutron-api.service[107680]: DEBUG neutron_lib.callbacks.manager [None req-bac54745-8cab-4f6b-818f-9039171324f3 admin admin] Publish callbacks ['neutron.plugins.ml2.ovo_rpc._ObjectChangeHandler.handle_event-1707835'] for network (96fd80cc-8f76-4730-8301-19456440f530), after_create {{(pid=107680) _notify_loop /opt/stack/data/venv/lib/python3.12/site-packages/neutron_lib/callbacks/manager.py:184}}
Jun 18 00:41:26.896216 np0000181682 devstack@neutron-api.service[107680]: DEBUG neutron.api.rpc.handlers.resources_rpc [None req-bac54745-8cab-4f6b-818f-9039171324f3 admin admin] Pushing event updated for resources: {'Network': ['ID=96fd80cc-8f76-4730-8301-19456440f530,revision_number=1']} {{(pid=107680) push /opt/stack/neutron/neutron/api/rpc/handlers/resources_rpc.py:237}}
Jun 18 00:41:26.906112 np0000181682 devstack@neutron-api.service[107680]: DEBUG ovsdbapp.backend.ovs_idl.transaction [-] Running txn n=1 command(idx=0): AddNetworkCommand(_result=None, network_uuid=96fd80cc-8f76-4730-8301-19456440f530, may_exist=True, columns={'external_ids': {'neutron:network_name': 'private', 'neutron:mtu': '1372', 'neutron:revision_number': '1', 'neutron:availability_zone_hints': '', 'neutron:provnet-network-type': 'geneve'}, 'other_config': {'mcast_snoop': 'false', 'mcast_flood_unregistered': 'false', 'vlan-passthru': 'false'}}) {{(pid=107680) do_commit /opt/stack/data/venv/lib/python3.12/site-packages/ovsdbapp/backend/ovs_idl/transaction.py:89}}
Jun 18 00:41:26.907009 np0000181682 devstack@neutron-api.service[107680]: DEBUG neutron.common.ovn.utils [-] OVS persist_uuid supported=True {{(pid=107680) ovs_persist_uuid_supported /opt/stack/neutron/neutron/common/ovn/utils.py:1544}}
Jun 18 00:41:26.947441 np0000181682 devstack@neutron-api.service[107681]: DEBUG neutron.plugins.ml2.drivers.ovn.mech_driver.ovsdb.ovsdb_monitor [-] Hash Ring: Node 57cdbead383b569d9e1c3168fa477fa9 (host: np0000181682) handling event "create" for row 96fd80cc-8f76-4730-8301-19456440f530 (table: Logical_Switch) {{(pid=107681) notify /opt/stack/neutron/neutron/plugins/ml2/drivers/ovn/mech_driver/ovsdb/ovsdb_monitor.py:1015}}
Jun 18 00:41:26.956075 np0000181682 devstack@neutron-api.service[107681]: DEBUG neutron.plugins.ml2.drivers.ovn.mech_driver.ovsdb.ovsdb_monitor [-] Hash Ring: Node 57cdbead383b569d9e1c3168fa477fa9 (host: np0000181682) handling event "create" for row 2d5e44c1-1776-4a47-ab25-2698b93de775 (table: Datapath_Binding) {{(pid=107681) notify /opt/stack/neutron/neutron/plugins/ml2/drivers/ovn/mech_driver/ovsdb/ovsdb_monitor.py:1015}}
Jun 18 00:41:26.957759 np0000181682 devstack@neutron-api.service[107682]: DEBUG neutron.plugins.ml2.drivers.ovn.mech_driver.ovsdb.ovsdb_monitor [-] Hash Ring: Node 0c1be510077a5eaca7514cb8364dd5e4 (host: np0000181682) handling event "create" for row 2d5e44c1-1776-4a47-ab25-2698b93de775 (table: Datapath_Binding) {{(pid=107682) notify /opt/stack/neutron/neutron/plugins/ml2/drivers/ovn/mech_driver/ovsdb/ovsdb_monitor.py:1015}}
Jun 18 00:41:26.991177 np0000181682 devstack@neutron-api.service[107680]: INFO neutron.db.ovn_revision_numbers_db [None req-bac54745-8cab-4f6b-818f-9039171324f3 admin admin] Successfully bumped revision number for resource 96fd80cc-8f76-4730-8301-19456440f530 (type: networks) to 1
Jun 18 00:41:27.063973 np0000181682 devstack@neutron-api.service[107680]: DEBUG neutron_lib.callbacks.manager [None req-bac54745-8cab-4f6b-818f-9039171324f3 admin admin] Publish callbacks ['neutron.plugins.ml2.plugin.SecurityGroupDbMixin._ensure_default_security_group_handler-4036560'] for port (None), before_create {{(pid=107680) _notify_loop /opt/stack/data/venv/lib/python3.12/site-packages/neutron_lib/callbacks/manager.py:184}}
Jun 18 00:41:27.401807 np0000181682 devstack@neutron-api.service[107680]: DEBUG neutron_lib.callbacks.manager [None req-bac54745-8cab-4f6b-818f-9039171324f3 admin admin] Publish callbacks ['neutron.plugins.ml2.drivers.ovn.mech_driver.mech_driver.OVNMechanismDriver._validate_allowed_address_pairs-443772'] for allowed_address_pair (8583d307-b38c-43f7-a316-7ab2fe6d771e), before_create {{(pid=107680) _notify_loop /opt/stack/data/venv/lib/python3.12/site-packages/neutron_lib/callbacks/manager.py:184}}
Jun 18 00:41:27.402496 np0000181682 devstack@neutron-api.service[107680]: DEBUG neutron_lib.callbacks.manager [None req-bac54745-8cab-4f6b-818f-9039171324f3 admin admin] Publish callbacks [] for port (8583d307-b38c-43f7-a316-7ab2fe6d771e), precommit_create {{(pid=107680) _notify_loop /opt/stack/data/venv/lib/python3.12/site-packages/neutron_lib/callbacks/manager.py:184}}
Jun 18 00:41:27.402750 np0000181682 devstack@neutron-api.service[107680]: DEBUG neutron.plugins.ml2.drivers.ovn.mech_driver.mech_driver [None req-bac54745-8cab-4f6b-818f-9039171324f3 admin admin] No provisioning block for port 8583d307-b38c-43f7-a316-7ab2fe6d771e since it does not have a host {{(pid=107680) _is_port_provisioning_required /opt/stack/neutron/neutron/plugins/ml2/drivers/ovn/mech_driver/mech_driver.py:896}}
Jun 18 00:41:27.402935 np0000181682 devstack@neutron-api.service[107680]: DEBUG neutron.db.ovn_revision_numbers_db [None req-bac54745-8cab-4f6b-818f-9039171324f3 admin admin] create_initial_revision uuid=8583d307-b38c-43f7-a316-7ab2fe6d771e, type=ports, rev=-1 {{(pid=107680) create_initial_revision /opt/stack/neutron/neutron/db/ovn_revision_numbers_db.py:98}}
Jun 18 00:41:27.472587 np0000181682 devstack@neutron-api.service[107680]: DEBUG neutron_lib.callbacks.manager [None req-bac54745-8cab-4f6b-818f-9039171324f3 admin admin] Publish callbacks ['neutron.plugins.ml2.ovo_rpc._ObjectChangeHandler.handle_event-1707722'] for port (8583d307-b38c-43f7-a316-7ab2fe6d771e), after_create {{(pid=107680) _notify_loop /opt/stack/data/venv/lib/python3.12/site-packages/neutron_lib/callbacks/manager.py:184}}
Jun 18 00:41:27.530164 np0000181682 devstack@neutron-api.service[107680]: DEBUG neutron.api.rpc.handlers.resources_rpc [None req-bac54745-8cab-4f6b-818f-9039171324f3 admin admin] Pushing event updated for resources: {'Port': ['ID=8583d307-b38c-43f7-a316-7ab2fe6d771e,revision_number=1']} {{(pid=107680) push /opt/stack/neutron/neutron/api/rpc/handlers/resources_rpc.py:237}}
Jun 18 00:41:27.564276 np0000181682 devstack@neutron-api.service[107680]: DEBUG neutron.plugins.ml2.drivers.ovn.mech_driver.ovsdb.commands [None req-bac54745-8cab-4f6b-818f-9039171324f3 admin admin] Converting tag [] to a tag_request {{(pid=107680) _tag_column_to_tag_request /opt/stack/neutron/neutron/plugins/ml2/drivers/ovn/mech_driver/ovsdb/commands.py:205}}
Jun 18 00:41:27.565471 np0000181682 devstack@neutron-api.service[107680]: DEBUG ovsdbapp.backend.ovs_idl.transaction [-] Running txn n=1 command(idx=0): AddLSwitchPortCommand(_result=None, lport=8583d307-b38c-43f7-a316-7ab2fe6d771e, lswitch=neutron-96fd80cc-8f76-4730-8301-19456440f530, may_exist=True, network_uuid=96fd80cc-8f76-4730-8301-19456440f530, columns={'addresses': ['fa:16:3e:fb:2f:d7'], 'external_ids': {'neutron:port_name': '', 'neutron:device_id': 'ovnmeta-96fd80cc-8f76-4730-8301-19456440f530', 'neutron:project_id': '533f8b113968456c85c91e132931e4ca', 'neutron:cidrs': '', 'neutron:device_owner': 'network:distributed', 'neutron:subnet_pool_addr_scope4': '', 'neutron:subnet_pool_addr_scope6': '', 'neutron:network_name': 'neutron-96fd80cc-8f76-4730-8301-19456440f530', 'neutron:security_group_ids': '', 'neutron:revision_number': '1', 'neutron:vnic_type': 'normal', 'neutron:port_capabilities': '', 'neutron:mtu': '1372'}, 'parent_name': [], 'enabled': True, 'options': {}, 'type': 'localport', 'port_security': [], 'dhcpv4_options': [], 'dhcpv6_options': [], 'tag_request': []}) {{(pid=107680) do_commit /opt/stack/data/venv/lib/python3.12/site-packages/ovsdbapp/backend/ovs_idl/transaction.py:89}}
Jun 18 00:41:27.566432 np0000181682 devstack@neutron-api.service[107680]: DEBUG ovsdbapp.backend.ovs_idl.transaction [-] Running txn n=1 command(idx=1): QoSDelCommand(_result=None, switch=neutron-96fd80cc-8f76-4730-8301-19456440f530, conditions=[('direction', '=', 'to-lport'), ('priority', '=', 2002), ('match', '=', 'outport == "8583d307-b38c-43f7-a316-7ab2fe6d771e"')], if_exists=True) {{(pid=107680) do_commit /opt/stack/data/venv/lib/python3.12/site-packages/ovsdbapp/backend/ovs_idl/transaction.py:89}}
Jun 18 00:41:27.566818 np0000181682 devstack@neutron-api.service[107680]: DEBUG ovsdbapp.backend.ovs_idl.transaction [-] Running txn n=1 command(idx=2): QoSDelCommand(_result=None, switch=neutron-96fd80cc-8f76-4730-8301-19456440f530, conditions=[('direction', '=', 'from-lport'), ('priority', '=', 2002), ('match', '=', 'inport == "8583d307-b38c-43f7-a316-7ab2fe6d771e"')], if_exists=True) {{(pid=107680) do_commit /opt/stack/data/venv/lib/python3.12/site-packages/ovsdbapp/backend/ovs_idl/transaction.py:89}}
Jun 18 00:41:27.573749 np0000181682 devstack@neutron-api.service[107681]: DEBUG neutron.plugins.ml2.drivers.ovn.mech_driver.ovsdb.ovsdb_monitor [-] Hash Ring: Node 57cdbead383b569d9e1c3168fa477fa9 (host: np0000181682) handling event "update" for row 96fd80cc-8f76-4730-8301-19456440f530 (table: Logical_Switch) {{(pid=107681) notify /opt/stack/neutron/neutron/plugins/ml2/drivers/ovn/mech_driver/ovsdb/ovsdb_monitor.py:1015}}
Jun 18 00:41:27.573749 np0000181682 devstack@neutron-api.service[107681]: DEBUG neutron.plugins.ml2.drivers.ovn.mech_driver.ovsdb.ovsdb_monitor [-] Hash Ring: Node 57cdbead383b569d9e1c3168fa477fa9 (host: np0000181682) handling event "create" for row a9fc353c-59cb-4252-8382-b268981e0d19 (table: Logical_Switch_Port) {{(pid=107681) notify /opt/stack/neutron/neutron/plugins/ml2/drivers/ovn/mech_driver/ovsdb/ovsdb_monitor.py:1015}}
Jun 18 00:41:27.577793 np0000181682 devstack@neutron-api.service[107679]: DEBUG neutron.plugins.ml2.drivers.ovn.mech_driver.ovsdb.ovsdb_monitor [-] Hash Ring: Node cdf3d70a1ae25aa09d776903e509a9ce (host: np0000181682) handling event "create" for row b5ef552a-15df-4d0b-97ba-51994fac56ed (table: Port_Binding) {{(pid=107679) notify /opt/stack/neutron/neutron/plugins/ml2/drivers/ovn/mech_driver/ovsdb/ovsdb_monitor.py:1015}}
Jun 18 00:41:27.578531 np0000181682 devstack@neutron-api.service[107681]: DEBUG ovsdbapp.backend.ovs_idl.event [-] Matched CREATE: LogicalSwitchPortCreateEvent(events=('create',), table='Logical_Switch_Port', conditions=[], old_conditions=None), priority=20 to row=Logical_Switch_Port(uuid=a9fc353c-59cb-4252-8382-b268981e0d19, addresses=['fa:16:3e:fb:2f:d7'], dhcpv4_options=[], dhcpv6_options=[], dynamic_addresses=[], enabled=True, external_ids={'neutron:cidrs': '', 'neutron:device_id': 'ovnmeta-96fd80cc-8f76-4730-8301-19456440f530', 'neutron:device_owner': 'network:distributed', 'neutron:mtu': '1372', 'neutron:network_name': 'neutron-96fd80cc-8f76-4730-8301-19456440f530', 'neutron:port_capabilities': '', 'neutron:port_name': '', 'neutron:project_id': '533f8b113968456c85c91e132931e4ca', 'neutron:revision_number': '1', 'neutron:security_group_ids': '', 'neutron:subnet_pool_addr_scope4': '', 'neutron:subnet_pool_addr_scope6': '', 'neutron:vnic_type': 'normal'}, ha_chassis_group=[], mirror_rules=[], name='8583d307-b38c-43f7-a316-7ab2fe6d771e', options={}, parent_name=[], port_security=[], tag=[], tag_request=[], type='localport', up=[]) old= {{(pid=107681) matches /opt/stack/data/venv/lib/python3.12/site-packages/ovsdbapp/backend/ovs_idl/event.py:55}}
Jun 18 00:41:27.579013 np0000181682 devstack@neutron-api.service[107681]: DEBUG neutron.plugins.ml2.drivers.ovn.mech_driver.ovsdb.ovsdb_monitor [-] Hash Ring: Node 57cdbead383b569d9e1c3168fa477fa9 (host: np0000181682) handling event "create" for row b5ef552a-15df-4d0b-97ba-51994fac56ed (table: Port_Binding) {{(pid=107681) notify /opt/stack/neutron/neutron/plugins/ml2/drivers/ovn/mech_driver/ovsdb/ovsdb_monitor.py:1015}}
Jun 18 00:41:27.579013 np0000181682 devstack@neutron-api.service[107681]: INFO neutron.plugins.ml2.drivers.ovn.mech_driver.mech_driver [-] OVN reports status down for port: 8583d307-b38c-43f7-a316-7ab2fe6d771e
Jun 18 00:41:27.579174 np0000181682 devstack@neutron-api.service[107679]: DEBUG neutron.plugins.ml2.drivers.ovn.mech_driver.ovsdb.ovsdb_monitor [-] Hash Ring: Node cdf3d70a1ae25aa09d776903e509a9ce (host: np0000181682) handling event "create" for row a9fc353c-59cb-4252-8382-b268981e0d19 (table: Logical_Switch_Port) {{(pid=107679) notify /opt/stack/neutron/neutron/plugins/ml2/drivers/ovn/mech_driver/ovsdb/ovsdb_monitor.py:1015}}
Jun 18 00:41:27.579714 np0000181682 devstack@neutron-api.service[107681]: DEBUG neutron.plugins.ml2.drivers.ovn.mech_driver.ovsdb.ovsdb_monitor [-] Hash Ring: Node 57cdbead383b569d9e1c3168fa477fa9 (host: np0000181682) handling event "update" for row a9fc353c-59cb-4252-8382-b268981e0d19 (table: Logical_Switch_Port) {{(pid=107681) notify /opt/stack/neutron/neutron/plugins/ml2/drivers/ovn/mech_driver/ovsdb/ovsdb_monitor.py:1015}}
Jun 18 00:41:27.584924 np0000181682 devstack@neutron-api.service[107679]: DEBUG ovsdbapp.backend.ovs_idl.event [-] Matched CREATE: LogicalSwitchPortCreateEvent(events=('create',), table='Logical_Switch_Port', conditions=[], old_conditions=None), priority=20 to row=Logical_Switch_Port(uuid=a9fc353c-59cb-4252-8382-b268981e0d19, addresses=['fa:16:3e:fb:2f:d7'], dhcpv4_options=[], dhcpv6_options=[], dynamic_addresses=[], enabled=True, external_ids={'neutron:cidrs': '', 'neutron:device_id': 'ovnmeta-96fd80cc-8f76-4730-8301-19456440f530', 'neutron:device_owner': 'network:distributed', 'neutron:mtu': '1372', 'neutron:network_name': 'neutron-96fd80cc-8f76-4730-8301-19456440f530', 'neutron:port_capabilities': '', 'neutron:port_name': '', 'neutron:project_id': '533f8b113968456c85c91e132931e4ca', 'neutron:revision_number': '1', 'neutron:security_group_ids': '', 'neutron:subnet_pool_addr_scope4': '', 'neutron:subnet_pool_addr_scope6': '', 'neutron:vnic_type': 'normal'}, ha_chassis_group=[], mirror_rules=[], name='8583d307-b38c-43f7-a316-7ab2fe6d771e', options={}, parent_name=[], port_security=[], tag=[], tag_request=[], type='localport', up=[]) old= {{(pid=107679) matches /opt/stack/data/venv/lib/python3.12/site-packages/ovsdbapp/backend/ovs_idl/event.py:55}}
Jun 18 00:41:27.586518 np0000181682 devstack@neutron-api.service[107679]: INFO neutron.plugins.ml2.drivers.ovn.mech_driver.mech_driver [-] OVN reports status down for port: 8583d307-b38c-43f7-a316-7ab2fe6d771e
Jun 18 00:41:27.587185 np0000181682 devstack@neutron-api.service[107679]: DEBUG neutron.plugins.ml2.drivers.ovn.mech_driver.ovsdb.ovsdb_monitor [-] Hash Ring: Node cdf3d70a1ae25aa09d776903e509a9ce (host: np0000181682) handling event "update" for row a9fc353c-59cb-4252-8382-b268981e0d19 (table: Logical_Switch_Port) {{(pid=107679) notify /opt/stack/neutron/neutron/plugins/ml2/drivers/ovn/mech_driver/ovsdb/ovsdb_monitor.py:1015}}
Jun 18 00:41:27.672169 np0000181682 devstack@neutron-api.service[107681]: DEBUG neutron.db.provisioning_blocks [None req-45064539-3962-40be-aa0f-f9e1974ef827 None None] Transition to ACTIVE for port object 8583d307-b38c-43f7-a316-7ab2fe6d771e will not be triggered until provisioned by entity L2. {{(pid=107681) add_provisioning_component /opt/stack/neutron/neutron/db/provisioning_blocks.py:74}}
Jun 18 00:41:27.690697 np0000181682 devstack@neutron-api.service[107680]: INFO neutron.db.ovn_revision_numbers_db [None req-bac54745-8cab-4f6b-818f-9039171324f3 admin admin] Successfully bumped revision number for resource 8583d307-b38c-43f7-a316-7ab2fe6d771e (type: ports) to 1
Jun 18 00:41:27.693657 np0000181682 devstack@neutron-api.service[107679]: DEBUG neutron_lib.db.api [None req-d5363bac-bd8c-4f03-a9cf-0d0097d5b3ce None None] Retry wrapper got retriable exception: Failed to create a duplicate ProvisioningBlock: for attribute(s) ['provisioningblocks.PRIMARY'] with value(s) 14-L2 {{(pid=107679) wrapped /opt/stack/data/venv/lib/python3.12/site-packages/neutron_lib/db/api.py:185}}
Jun 18 00:41:27.694021 np0000181682 devstack@neutron-api.service[107679]: DEBUG oslo_db.api [None req-d5363bac-bd8c-4f03-a9cf-0d0097d5b3ce None None] Performing DB retry for function neutron.db.provisioning_blocks.add_provisioning_component {{(pid=107679) wrapper /opt/stack/data/venv/lib/python3.12/site-packages/oslo_db/api.py:155}}
Jun 18 00:41:27.709883 np0000181682 devstack@neutron-api.service[107680]: DEBUG neutron.pecan_wsgi.hooks.policy_enforcement [None req-bac54745-8cab-4f6b-818f-9039171324f3 admin admin] Attributes excluded by policy engine: ['standard_attr_id'] {{(pid=107680) _exclude_attributes_by_policy /opt/stack/neutron/neutron/pecan_wsgi/hooks/policy_enforcement.py:259}}
Jun 18 00:41:27.710260 np0000181682 devstack@neutron-api.service[107680]: DEBUG neutron_lib.callbacks.manager [None req-bac54745-8cab-4f6b-818f-9039171324f3 admin admin] Publish callbacks [] for network (None), before_response {{(pid=107680) _notify_loop /opt/stack/data/venv/lib/python3.12/site-packages/neutron_lib/callbacks/manager.py:184}}
Jun 18 00:41:27.729359 np0000181682 devstack@neutron-api.service[107680]: [pid: 107680|app: 0|req: 1/5] 199.204.45.157 () {68 vars in 1357 bytes} [Thu Jun 18 00:41:25 2026] POST /networking/v2.0/networks => generated 681 bytes in 1796 msecs (HTTP/1.1 201) 4 headers in 162 bytes (1 switches on core 0)
Jun 18 00:41:27.736679 np0000181682 devstack@neutron-api.service[107681]: DEBUG neutron.plugins.ml2.plugin [None req-45064539-3962-40be-aa0f-f9e1974ef827 None None] Current status of the port 8583d307-b38c-43f7-a316-7ab2fe6d771e is: DOWN; New status is: DOWN {{(pid=107681) _update_individual_port_db_status /opt/stack/neutron/neutron/plugins/ml2/plugin.py:2470}}
Jun 18 00:41:27.739180 np0000181682 devstack@neutron-api.service[107681]: DEBUG ovsdbapp.backend.ovs_idl.transaction [-] Running txn n=1 command(idx=0): DbRemoveCommand(_result=None, table=Logical_Switch_Port, record=8583d307-b38c-43f7-a316-7ab2fe6d771e, column=external_ids, values=('neutron:host_id',), keyvalues={}, if_exists=True) {{(pid=107681) do_commit /opt/stack/data/venv/lib/python3.12/site-packages/ovsdbapp/backend/ovs_idl/transaction.py:89}}
Jun 18 00:41:28.200665 np0000181682 devstack@neutron-api.service[107679]: DEBUG neutron.db.provisioning_blocks [None req-d5363bac-bd8c-4f03-a9cf-0d0097d5b3ce None None] Ignored duplicate provisioning block setup for port 8583d307-b38c-43f7-a316-7ab2fe6d771e by entity L2. {{(pid=107679) add_provisioning_component /opt/stack/neutron/neutron/db/provisioning_blocks.py:69}}
Jun 18 00:41:28.238558 np0000181682 devstack@neutron-api.service[107679]: DEBUG neutron.plugins.ml2.plugin [None req-d5363bac-bd8c-4f03-a9cf-0d0097d5b3ce None None] Current status of the port 8583d307-b38c-43f7-a316-7ab2fe6d771e is: DOWN; New status is: DOWN {{(pid=107679) _update_individual_port_db_status /opt/stack/neutron/neutron/plugins/ml2/plugin.py:2470}}
Jun 18 00:41:28.241751 np0000181682 devstack@neutron-api.service[107679]: DEBUG ovsdbapp.backend.ovs_idl.transaction [-] Running txn n=1 command(idx=0): DbRemoveCommand(_result=None, table=Logical_Switch_Port, record=8583d307-b38c-43f7-a316-7ab2fe6d771e, column=external_ids, values=('neutron:host_id',), keyvalues={}, if_exists=True) {{(pid=107679) do_commit /opt/stack/data/venv/lib/python3.12/site-packages/ovsdbapp/backend/ovs_idl/transaction.py:89}}
Jun 18 00:41:28.330147 np0000181682 devstack@neutron-api.service[107681]: DEBUG neutron.policy [None req-b30a8148-d126-4d66-b993-df9e9285cc72 admin admin] Loaded default policies from ['neutron'] under neutron.policies entry points {{(pid=107681) register_rules /opt/stack/neutron/neutron/policy.py:65}}
Jun 18 00:41:28.431060 np0000181682 devstack@neutron-api.service[107681]: DEBUG neutron.pecan_wsgi.hooks.policy_enforcement [None req-b30a8148-d126-4d66-b993-df9e9285cc72 admin admin] Attributes excluded by policy engine: ['standard_attr_id'] {{(pid=107681) _exclude_attributes_by_policy /opt/stack/neutron/neutron/pecan_wsgi/hooks/policy_enforcement.py:259}}
Jun 18 00:41:28.432589 np0000181682 devstack@neutron-api.service[107681]: [pid: 107681|app: 0|req: 3/6] 199.204.45.157 () {64 vars in 1415 bytes} [Thu Jun 18 00:41:28 2026] GET /networking/v2.0/networks/96fd80cc-8f76-4730-8301-19456440f530 => generated 662 bytes in 309 msecs (HTTP/1.1 200) 4 headers in 157 bytes (1 switches on core 0)
Jun 18 00:41:28.453276 np0000181682 devstack@neutron-api.service[107679]: DEBUG neutron.api.wsgi [None req-e57f7077-e82c-4202-a437-64b76d3b4a84 admin admin] Missing Content-Type {{(pid=107679) get_content_type /opt/stack/neutron/neutron/api/wsgi.py:80}}
Jun 18 00:41:28.464067 np0000181682 devstack@neutron-api.service[107679]: [pid: 107679|app: 0|req: 2/7] 199.204.45.157 () {64 vars in 1424 bytes} [Thu Jun 18 00:41:28 2026] GET /networking/v2.0/subnetpools/8affef15-e865-472b-b54c-691669c59703 => generated 533 bytes in 16 msecs (HTTP/1.1 200) 4 headers in 157 bytes (1 switches on core 0)
Jun 18 00:41:28.484463 np0000181682 devstack@neutron-api.service[107682]: DEBUG neutron.api.v2.base [None req-cc8e6c73-83d5-43f1-92c5-5dfd7e92cb05 admin admin] Request body: {'subnet': {'ip_version': 4, 'network_id': '96fd80cc-8f76-4730-8301-19456440f530', 'gateway_ip': '10.1.0.1', 'name': 'private-subnet', 'subnetpool_id': '8affef15-e865-472b-b54c-691669c59703'}} {{(pid=107682) prepare_request_body /opt/stack/neutron/neutron/api/v2/base.py:727}}
Jun 18 00:41:28.506662 np0000181682 devstack@neutron-api.service[107682]: DEBUG neutron.pecan_wsgi.hooks.quota_enforcement [None req-cc8e6c73-83d5-43f1-92c5-5dfd7e92cb05 admin admin] Made reservation on behalf of 533f8b113968456c85c91e132931e4ca for: {'subnet': 1} {{(pid=107682) before /opt/stack/neutron/neutron/pecan_wsgi/hooks/quota_enforcement.py:66}}
Jun 18 00:41:28.510831 np0000181682 devstack@neutron-api.service[107682]: DEBUG neutron_lib.callbacks.manager [None req-cc8e6c73-83d5-43f1-92c5-5dfd7e92cb05 admin admin] Publish callbacks [] for subnet (None), before_create {{(pid=107682) _notify_loop /opt/stack/data/venv/lib/python3.12/site-packages/neutron_lib/callbacks/manager.py:184}}
Jun 18 00:41:28.694829 np0000181682 devstack@neutron-api.service[107682]: DEBUG neutron.db.ovn_revision_numbers_db [None req-cc8e6c73-83d5-43f1-92c5-5dfd7e92cb05 admin admin] create_initial_revision uuid=cf0a6dff-3968-4dd8-af2c-082b69d340a8, type=subnets, rev=-1 {{(pid=107682) create_initial_revision /opt/stack/neutron/neutron/db/ovn_revision_numbers_db.py:98}}
Jun 18 00:41:28.703597 np0000181682 devstack@neutron-api.service[107682]: DEBUG neutron_lib.callbacks.manager [None req-cc8e6c73-83d5-43f1-92c5-5dfd7e92cb05 admin admin] Publish callbacks ['neutron.plugins.ml2.ovo_rpc._ObjectChangeHandler.handle_event-1710822'] for subnet (cf0a6dff-3968-4dd8-af2c-082b69d340a8), after_create {{(pid=107682) _notify_loop /opt/stack/data/venv/lib/python3.12/site-packages/neutron_lib/callbacks/manager.py:184}}
