Apr 02 19:06:30.729627 np0000163143 devstack@neutron-api.service[102348]: DEBUG ovsdbapp.backend.ovs_idl [None req-97e441bb-de64-46d7-bc48-f18d536fe6d9 None None] Created schema index Chassis_Private.name {{(pid=102348) autocreate_indices /opt/stack/data/venv/lib/python3.12/site-packages/ovsdbapp/backend/ovs_idl/__init__.py:106}}
Apr 02 19:06:30.729627 np0000163143 devstack@neutron-api.service[102348]: DEBUG ovsdbapp.backend.ovs_idl [None req-97e441bb-de64-46d7-bc48-f18d536fe6d9 None None] Created schema index Datapath_Binding.tunnel_key {{(pid=102348) autocreate_indices /opt/stack/data/venv/lib/python3.12/site-packages/ovsdbapp/backend/ovs_idl/__init__.py:106}}
Apr 02 19:06:30.729809 np0000163143 devstack@neutron-api.service[102347]: INFO ovsdbapp.backend.ovs_idl.vlog [None req-67c22c1e-3a62-49dc-b5e2-e4e6e6991252 None None] ssl:162.253.55.221:6642: connected
Apr 02 19:06:30.731133 np0000163143 devstack@neutron-api.service[102348]: INFO ovsdbapp.backend.ovs_idl.vlog [None req-97e441bb-de64-46d7-bc48-f18d536fe6d9 None None] ssl:162.253.55.221:6642: connecting...
Apr 02 19:06:30.737276 np0000163143 devstack@neutron-api.service[102348]: INFO ovsdbapp.backend.ovs_idl.vlog [None req-97e441bb-de64-46d7-bc48-f18d536fe6d9 None None] ssl:162.253.55.221:6642: connected
Apr 02 19:06:30.759219 np0000163143 devstack@neutron-api.service[102347]: DEBUG neutron.common.ovn.hash_ring_manager [None req-67c22c1e-3a62-49dc-b5e2-e4e6e6991252 None None] Allow caching, nodes 4>=4 {{(pid=102347) _wait_startup_before_caching /opt/stack/neutron/neutron/common/ovn/hash_ring_manager.py:65}}
Apr 02 19:06:30.759656 np0000163143 devstack@neutron-api.service[102345]: DEBUG neutron.common.ovn.hash_ring_manager [None req-c2f64abd-38c6-4d68-88f2-5ece5b307ce5 None None] Allow caching, nodes 4>=4 {{(pid=102345) _wait_startup_before_caching /opt/stack/neutron/neutron/common/ovn/hash_ring_manager.py:65}}
Apr 02 19:06:30.762920 np0000163143 devstack@neutron-api.service[102347]: DEBUG neutron.common.ovn.hash_ring_manager [None req-67c22c1e-3a62-49dc-b5e2-e4e6e6991252 None None] Hash Ring loaded. 4 active nodes. 0 offline nodes {{(pid=102347) _load_hash_ring /opt/stack/neutron/neutron/common/ovn/hash_ring_manager.py:102}}
Apr 02 19:06:30.763053 np0000163143 devstack@neutron-api.service[102347]: DEBUG neutron.plugins.ml2.drivers.ovn.mech_driver.ovsdb.ovsdb_monitor [None req-67c22c1e-3a62-49dc-b5e2-e4e6e6991252 None None] ChassisAgentWriteEvent : Matched Chassis_Private, create, None None {{(pid=102347) matches /opt/stack/neutron/neutron/plugins/ml2/drivers/ovn/mech_driver/ovsdb/ovsdb_monitor.py:64}}
Apr 02 19:06:30.763215 np0000163143 devstack@neutron-api.service[102347]: DEBUG neutron.plugins.ml2.drivers.ovn.mech_driver.ovsdb.ovsdb_monitor [None req-67c22c1e-3a62-49dc-b5e2-e4e6e6991252 None None] ChassisOVNAgentWriteEvent : Matched Chassis_Private, create, None None {{(pid=102347) matches /opt/stack/neutron/neutron/plugins/ml2/drivers/ovn/mech_driver/ovsdb/ovsdb_monitor.py:64}}
Apr 02 19:06:30.763377 np0000163143 devstack@neutron-api.service[102348]: DEBUG neutron.common.ovn.hash_ring_manager [None req-97e441bb-de64-46d7-bc48-f18d536fe6d9 None None] Allow caching, nodes 4>=4 {{(pid=102348) _wait_startup_before_caching /opt/stack/neutron/neutron/common/ovn/hash_ring_manager.py:65}}
Apr 02 19:06:30.765522 np0000163143 devstack@neutron-api.service[102347]: INFO neutron.plugins.ml2.drivers.ovn.mech_driver.mech_driver [None req-67c22c1e-3a62-49dc-b5e2-e4e6e6991252 None None] WorkerService process has finished the post initialization
Apr 02 19:06:30.766658 np0000163143 devstack@neutron-api.service[102347]: WSGI app 0 (mountpoint='') ready in 7 seconds on interpreter 0x7c61888a3668 pid: 102347 (default app)
Apr 02 19:06:30.766750 np0000163143 devstack@neutron-api.service[102348]: DEBUG neutron.common.ovn.hash_ring_manager [None req-97e441bb-de64-46d7-bc48-f18d536fe6d9 None None] Hash Ring loaded. 4 active nodes. 0 offline nodes {{(pid=102348) _load_hash_ring /opt/stack/neutron/neutron/common/ovn/hash_ring_manager.py:102}}
Apr 02 19:06:30.766923 np0000163143 devstack@neutron-api.service[102348]: DEBUG neutron.plugins.ml2.drivers.ovn.mech_driver.ovsdb.ovsdb_monitor [None req-97e441bb-de64-46d7-bc48-f18d536fe6d9 None None] ChassisOVNAgentWriteEvent : Matched Chassis_Private, create, None None {{(pid=102348) matches /opt/stack/neutron/neutron/plugins/ml2/drivers/ovn/mech_driver/ovsdb/ovsdb_monitor.py:64}}
Apr 02 19:06:30.766998 np0000163143 devstack@neutron-api.service[102348]: DEBUG neutron.plugins.ml2.drivers.ovn.mech_driver.ovsdb.ovsdb_monitor [None req-97e441bb-de64-46d7-bc48-f18d536fe6d9 None None] ChassisAgentWriteEvent : Matched Chassis_Private, create, None None {{(pid=102348) matches /opt/stack/neutron/neutron/plugins/ml2/drivers/ovn/mech_driver/ovsdb/ovsdb_monitor.py:64}}
Apr 02 19:06:30.769656 np0000163143 devstack@neutron-api.service[102348]: INFO neutron.plugins.ml2.drivers.ovn.mech_driver.mech_driver [None req-97e441bb-de64-46d7-bc48-f18d536fe6d9 None None] WorkerService process has finished the post initialization
Apr 02 19:06:30.770597 np0000163143 devstack@neutron-api.service[102345]: DEBUG neutron.common.ovn.hash_ring_manager [None req-c2f64abd-38c6-4d68-88f2-5ece5b307ce5 None None] Hash Ring loaded. 4 active nodes. 0 offline nodes {{(pid=102345) _load_hash_ring /opt/stack/neutron/neutron/common/ovn/hash_ring_manager.py:102}}
Apr 02 19:06:30.770711 np0000163143 devstack@neutron-api.service[102348]: WSGI app 0 (mountpoint='') ready in 7 seconds on interpreter 0x7c61888a3668 pid: 102348 (default app)
Apr 02 19:06:30.772403 np0000163143 devstack@neutron-api.service[102345]: INFO neutron.plugins.ml2.drivers.ovn.mech_driver.ovsdb.impl_idl_ovn [None req-c2f64abd-38c6-4d68-88f2-5ece5b307ce5 None None] Getting OvsdbSbOvnIdl for WorkerService with retry
Apr 02 19:06:30.803847 np0000163143 devstack@neutron-api.service[102345]: DEBUG ovsdbapp.backend.ovs_idl [None req-c2f64abd-38c6-4d68-88f2-5ece5b307ce5 None None] Created lookup_table index Chassis.name {{(pid=102345) autocreate_indices /opt/stack/data/venv/lib/python3.12/site-packages/ovsdbapp/backend/ovs_idl/__init__.py:87}}
Apr 02 19:06:30.803963 np0000163143 devstack@neutron-api.service[102345]: DEBUG ovsdbapp.backend.ovs_idl [None req-c2f64abd-38c6-4d68-88f2-5ece5b307ce5 None None] Created lookup_table index Port_Binding.logical_port {{(pid=102345) autocreate_indices /opt/stack/data/venv/lib/python3.12/site-packages/ovsdbapp/backend/ovs_idl/__init__.py:87}}
Apr 02 19:06:30.803963 np0000163143 devstack@neutron-api.service[102345]: DEBUG ovsdbapp.backend.ovs_idl [None req-c2f64abd-38c6-4d68-88f2-5ece5b307ce5 None None] Created schema index Chassis_Private.name {{(pid=102345) autocreate_indices /opt/stack/data/venv/lib/python3.12/site-packages/ovsdbapp/backend/ovs_idl/__init__.py:106}}
Apr 02 19:06:30.804080 np0000163143 devstack@neutron-api.service[102345]: DEBUG ovsdbapp.backend.ovs_idl [None req-c2f64abd-38c6-4d68-88f2-5ece5b307ce5 None None] Created schema index Datapath_Binding.tunnel_key {{(pid=102345) autocreate_indices /opt/stack/data/venv/lib/python3.12/site-packages/ovsdbapp/backend/ovs_idl/__init__.py:106}}
Apr 02 19:06:30.805889 np0000163143 devstack@neutron-api.service[102345]: INFO ovsdbapp.backend.ovs_idl.vlog [None req-c2f64abd-38c6-4d68-88f2-5ece5b307ce5 None None] ssl:162.253.55.221:6642: connecting...
Apr 02 19:06:30.810271 np0000163143 devstack@neutron-api.service[102345]: INFO ovsdbapp.backend.ovs_idl.vlog [None req-c2f64abd-38c6-4d68-88f2-5ece5b307ce5 None None] ssl:162.253.55.221:6642: connected
Apr 02 19:06:30.837294 np0000163143 devstack@neutron-api.service[102345]: DEBUG neutron.common.ovn.hash_ring_manager [None req-c2f64abd-38c6-4d68-88f2-5ece5b307ce5 None None] Allow caching, nodes 4>=4 {{(pid=102345) _wait_startup_before_caching /opt/stack/neutron/neutron/common/ovn/hash_ring_manager.py:65}}
Apr 02 19:06:30.840391 np0000163143 devstack@neutron-api.service[102345]: DEBUG neutron.common.ovn.hash_ring_manager [None req-c2f64abd-38c6-4d68-88f2-5ece5b307ce5 None None] Hash Ring loaded. 4 active nodes. 0 offline nodes {{(pid=102345) _load_hash_ring /opt/stack/neutron/neutron/common/ovn/hash_ring_manager.py:102}}
Apr 02 19:06:30.840530 np0000163143 devstack@neutron-api.service[102345]: DEBUG neutron.plugins.ml2.drivers.ovn.mech_driver.ovsdb.ovsdb_monitor [None req-c2f64abd-38c6-4d68-88f2-5ece5b307ce5 None None] Hash Ring: Node b86e3a09bbf55bf0b34ffa8f20cf2054 (host: np0000163143) handling event "create" for row d3f0aee4-fb81-488e-927a-17b479e7922a (table: Chassis) {{(pid=102345) notify /opt/stack/neutron/neutron/plugins/ml2/drivers/ovn/mech_driver/ovsdb/ovsdb_monitor.py:912}}
Apr 02 19:06:30.841243 np0000163143 devstack@neutron-api.service[102345]: DEBUG ovsdbapp.backend.ovs_idl.event [None req-c2f64abd-38c6-4d68-88f2-5ece5b307ce5 None None] Matched CREATE: ChassisBandwidthConfigEvent(events=('create', 'update'), table='Chassis', conditions=None, old_conditions=None), priority=20 to row=Chassis(uuid=d3f0aee4-fb81-488e-927a-17b479e7922a, encaps=[e0c8727d-68ba-4606-baf2-4bf9e9978313], external_ids={}, hostname='np0000163143', name='6ebdbed7-40e3-42ef-9bcc-beaaaf427168', nb_cfg=0, other_config={'ct-commit-nat-v2': 'true', 'ct-commit-to-zone': 'true', 'ct-next-zone': 'true', 'ct-no-masked-label': 'true', 'ct-state-save': 'true', 'datapath-type': 'system', 'fdb-timestamp': 'true', 'iface-types': 'afxdp,afxdp-nonpmd,bareudp,erspan,geneve,gre,gtpu,internal,ip6erspan,ip6gre,lisp,patch,srv6,stt,system,tap,vxlan', 'is-interconn': 'false', 'ls-dpg-column': 'true', 'mac-binding-timestamp': 'true', 'ovn-bridge-mappings': 'public:br-ex', 'ovn-chassis-mac-mappings': '', 'ovn-cms-options': 'enable-chassis-as-gw', 'ovn-ct-lb-related': 'true', 'ovn-enable-lflow-cache': 'true', 'ovn-limit-lflow-cache': '', 'ovn-memlimit-lflow-cache-kb': '', 'ovn-monitor-all': 'false', 'ovn-trim-limit-lflow-cache': '', 'ovn-trim-timeout-ms': '', 'ovn-trim-wmark-perc-lflow-cache': '', 'port-up-notif': 'true'}, transport_zones=[], vtep_logical_switches=[]) old= {{(pid=102345) matches /opt/stack/data/venv/lib/python3.12/site-packages/ovsdbapp/backend/ovs_idl/event.py:55}}
Apr 02 19:06:30.841729 np0000163143 devstack@neutron-api.service[102345]: DEBUG neutron.plugins.ml2.drivers.ovn.mech_driver.ovsdb.ovsdb_monitor [None req-c2f64abd-38c6-4d68-88f2-5ece5b307ce5 None None] ChassisAgentWriteEvent : Matched Chassis_Private, create, None None {{(pid=102345) matches /opt/stack/neutron/neutron/plugins/ml2/drivers/ovn/mech_driver/ovsdb/ovsdb_monitor.py:64}}
Apr 02 19:06:30.841868 np0000163143 devstack@neutron-api.service[102345]: DEBUG neutron.plugins.ml2.drivers.ovn.mech_driver.ovsdb.ovsdb_monitor [None req-c2f64abd-38c6-4d68-88f2-5ece5b307ce5 None None] ChassisOVNAgentWriteEvent : Matched Chassis_Private, create, None None {{(pid=102345) matches /opt/stack/neutron/neutron/plugins/ml2/drivers/ovn/mech_driver/ovsdb/ovsdb_monitor.py:64}}
Apr 02 19:06:30.842128 np0000163143 devstack@neutron-api.service[102345]: DEBUG neutron.plugins.ml2.drivers.ovn.mech_driver.ovsdb.ovsdb_monitor [None req-c2f64abd-38c6-4d68-88f2-5ece5b307ce5 None None] Hash Ring: Node b86e3a09bbf55bf0b34ffa8f20cf2054 (host: np0000163143) handling event "create" for row fb7bfdf7-45ad-47e9-b011-3572311f6b01 (table: Chassis_Private) {{(pid=102345) notify /opt/stack/neutron/neutron/plugins/ml2/drivers/ovn/mech_driver/ovsdb/ovsdb_monitor.py:912}}
Apr 02 19:06:30.842276 np0000163143 devstack@neutron-api.service[102345]: DEBUG neutron.plugins.ml2.drivers.ovn.mech_driver.ovsdb.ovsdb_monitor [None req-c2f64abd-38c6-4d68-88f2-5ece5b307ce5 None None] Hash Ring: Node b86e3a09bbf55bf0b34ffa8f20cf2054 (host: np0000163143) handling event "create" for row e0c8727d-68ba-4606-baf2-4bf9e9978313 (table: Encap) {{(pid=102345) notify /opt/stack/neutron/neutron/plugins/ml2/drivers/ovn/mech_driver/ovsdb/ovsdb_monitor.py:912}}
Apr 02 19:06:30.843473 np0000163143 devstack@neutron-api.service[102345]: INFO neutron.plugins.ml2.drivers.ovn.mech_driver.mech_driver [None req-c2f64abd-38c6-4d68-88f2-5ece5b307ce5 None None] WorkerService process has finished the post initialization
Apr 02 19:06:30.844399 np0000163143 devstack@neutron-api.service[102345]: INFO neutron.plugins.ml2.drivers.ovn.mech_driver.ovsdb.extensions.qos [-] Starting OVNClientQosExtension
Apr 02 19:06:30.844966 np0000163143 devstack@neutron-api.service[102345]: INFO neutron.plugins.ml2.drivers.ovn.mech_driver.ovsdb.extensions.placement [-] Starting OVNClientPlacementExtension
Apr 02 19:06:30.847034 np0000163143 devstack@neutron-api.service[102345]: WSGI app 0 (mountpoint='') ready in 7 seconds on interpreter 0x7c61888a3668 pid: 102345 (default app)
Apr 02 19:06:32.157812 np0000163143 devstack@neutron-api.service[102346]: DEBUG neutron.common.ovn.hash_ring_manager [-] Allow caching, nodes 4>=4 {{(pid=102346) _wait_startup_before_caching /opt/stack/neutron/neutron/common/ovn/hash_ring_manager.py:65}}
Apr 02 19:06:32.157812 np0000163143 devstack@neutron-api.service[102346]: DEBUG neutron.plugins.ml2.drivers.ovn.mech_driver.ovsdb.ovsdb_monitor [-] Hash Ring: Node c474ea165e4251ec9d2df38900f705b0 (host: np0000163143) handling event "update" for row 112d5ba7-cf6c-4968-8277-3a54b6143d78 (table: Connection) {{(pid=102346) notify /opt/stack/neutron/neutron/plugins/ml2/drivers/ovn/mech_driver/ovsdb/ovsdb_monitor.py:912}}
Apr 02 19:06:34.689403 np0000163143 devstack@neutron-api.service[102346]: DEBUG neutron.plugins.ml2.drivers.ovn.mech_driver.ovsdb.ovsdb_monitor [-] Hash Ring: Node c474ea165e4251ec9d2df38900f705b0 (host: np0000163143) handling event "update" for row 112d5ba7-cf6c-4968-8277-3a54b6143d78 (table: Connection) {{(pid=102346) notify /opt/stack/neutron/neutron/plugins/ml2/drivers/ovn/mech_driver/ovsdb/ovsdb_monitor.py:912}}
Apr 02 19:06:37.238983 np0000163143 devstack@neutron-api.service[102346]: DEBUG neutron.api.wsgi [None req-e7463cc6-58f7-4d5b-9b05-8db554cc57dd admin admin] Missing Content-Type {{(pid=102346) get_content_type /opt/stack/neutron/neutron/api/wsgi.py:85}}
Apr 02 19:06:37.239642 np0000163143 devstack@neutron-api.service[102346]: DEBUG neutron.api.wsgi [None req-e7463cc6-58f7-4d5b-9b05-8db554cc57dd admin admin] https://162.253.55.221/networking/v2.0/extensions returned with HTTP 200 {{(pid=102346) __call__ /opt/stack/neutron/neutron/api/wsgi.py:545}}
Apr 02 19:06:37.240179 np0000163143 devstack@neutron-api.service[102346]: [pid: 102346|app: 0|req: 2/2] 162.253.55.221 () {64 vars in 1323 bytes} [Thu Apr 2 19:06:36 2026] GET /networking/v2.0/extensions => generated 15208 bytes in 258 msecs (HTTP/1.1 200) 4 headers in 159 bytes (2 switches on core 0)
Apr 02 19:06:37.660788 np0000163143 devstack@neutron-api.service[102347]: DEBUG neutron.api.v2.base [None req-3048d898-bf57-4a70-b312-9f7a535dff15 admin admin] Request body: {'subnetpool': {'name': 'shared-default-subnetpool-v4', 'prefixes': ['10.1.0.0/20'], 'is_default': True, 'shared': True, 'default_prefixlen': 26}} {{(pid=102347) prepare_request_body /opt/stack/neutron/neutron/api/v2/base.py:729}}
Apr 02 19:06:37.855195 np0000163143 devstack@neutron-api.service[102347]: DEBUG neutron.policy [None req-3048d898-bf57-4a70-b312-9f7a535dff15 admin admin] Loaded default policies from ['neutron'] under neutron.policies entry points {{(pid=102347) register_rules /opt/stack/neutron/neutron/policy.py:65}}
Apr 02 19:06:38.002516 np0000163143 devstack@neutron-api.service[102347]: DEBUG neutron_lib.callbacks.manager [None req-3048d898-bf57-4a70-b312-9f7a535dff15 admin admin] Publish callbacks ['neutron.objects.securitygroup.RbacNeutronDbObjectMixin.validate_rbac_policy_change-2608641875590', 'neutron.objects.address_group.RbacNeutronDbObjectMixin.validate_rbac_policy_change-2608641897540', 'neutron.objects.network.RbacNeutronDbObjectMixin.validate_rbac_policy_change-2608641836625', 'neutron.objects.qos.policy.RbacNeutronDbObjectMixin.validate_rbac_policy_change-2608641852290', 'neutron.objects.subnetpool.RbacNeutronDbObjectMixin.validate_rbac_policy_change-2608641804687', 'neutron.objects.address_scope.RbacNeutronDbObjectMixin.validate_rbac_policy_change-2608641806016', 'neutron.plugins.ml2.plugin.External_net_db_mixin._process_ext_policy_create-148895', 'neutron.plugins.ml2.plugin.NeutronDbPluginV2.validate_network_rbac_policy_change-189823'] for rbac-policy (None), before_create {{(pid=102347) _notify_loop /opt/stack/data/venv/lib/python3.12/site-packages/neutron_lib/callbacks/manager.py:184}}
Apr 02 19:06:38.049683 np0000163143 devstack@neutron-api.service[102347]: DEBUG neutron_lib.callbacks.manager [None req-3048d898-bf57-4a70-b312-9f7a535dff15 admin admin] Publish callbacks [] for subnetpool (None), before_response {{(pid=102347) _notify_loop /opt/stack/data/venv/lib/python3.12/site-packages/neutron_lib/callbacks/manager.py:184}}
Apr 02 19:06:38.050259 np0000163143 devstack@neutron-api.service[102347]: [pid: 102347|app: 0|req: 1/3] 162.253.55.221 () {68 vars in 1367 bytes} [Thu Apr 2 19:06:37 2026] POST /networking/v2.0/subnetpools => generated 533 bytes in 495 msecs (HTTP/1.1 201) 4 headers in 162 bytes (1 switches on core 0)
Apr 02 19:06:38.379173 np0000163143 devstack@neutron-api.service[102348]: DEBUG neutron.api.v2.base [None req-26b39030-8d28-4375-9f5d-7252b60c5b69 admin admin] Request body: {'subnetpool': {'name': 'shared-default-subnetpool-v6', 'prefixes': ['fdb0:191b:4fd6::/56'], 'is_default': True, 'shared': True, 'default_prefixlen': 64}} {{(pid=102348) prepare_request_body /opt/stack/neutron/neutron/api/v2/base.py:729}}
Apr 02 19:06:38.545069 np0000163143 devstack@neutron-api.service[102348]: DEBUG neutron.policy [None req-26b39030-8d28-4375-9f5d-7252b60c5b69 admin admin] Loaded default policies from ['neutron'] under neutron.policies entry points {{(pid=102348) register_rules /opt/stack/neutron/neutron/policy.py:65}}
Apr 02 19:06:38.719523 np0000163143 devstack@neutron-api.service[102348]: DEBUG neutron_lib.callbacks.manager [None req-26b39030-8d28-4375-9f5d-7252b60c5b69 admin admin] Publish callbacks ['neutron.objects.securitygroup.RbacNeutronDbObjectMixin.validate_rbac_policy_change-2608641708487', 'neutron.objects.address_group.RbacNeutronDbObjectMixin.validate_rbac_policy_change-2608641699108', 'neutron.objects.network.RbacNeutronDbObjectMixin.validate_rbac_policy_change-2608641684608', 'neutron.objects.qos.policy.RbacNeutronDbObjectMixin.validate_rbac_policy_change-2608641682362', 'neutron.objects.subnetpool.RbacNeutronDbObjectMixin.validate_rbac_policy_change-2608641645935', 'neutron.objects.address_scope.RbacNeutronDbObjectMixin.validate_rbac_policy_change-2608641646492', 'neutron.plugins.ml2.plugin.External_net_db_mixin._process_ext_policy_create-3063024', 'neutron.plugins.ml2.plugin.NeutronDbPluginV2.validate_network_rbac_policy_change-3053648'] for rbac-policy (None), before_create {{(pid=102348) _notify_loop /opt/stack/data/venv/lib/python3.12/site-packages/neutron_lib/callbacks/manager.py:184}}
Apr 02 19:06:38.759070 np0000163143 devstack@neutron-api.service[102348]: DEBUG neutron_lib.callbacks.manager [None req-26b39030-8d28-4375-9f5d-7252b60c5b69 admin admin] Publish callbacks [] for subnetpool (None), before_response {{(pid=102348) _notify_loop /opt/stack/data/venv/lib/python3.12/site-packages/neutron_lib/callbacks/manager.py:184}}
Apr 02 19:06:38.759676 np0000163143 devstack@neutron-api.service[102348]: [pid: 102348|app: 0|req: 1/4] 162.253.55.221 () {68 vars in 1367 bytes} [Thu Apr 2 19:06:38 2026] POST /networking/v2.0/subnetpools => generated 543 bytes in 483 msecs (HTTP/1.1 201) 4 headers in 162 bytes (1 switches on core 0)
Apr 02 19:06:39.169442 np0000163143 devstack@neutron-api.service[102345]: DEBUG neutron.api.v2.base [None req-a4fc7e84-c1fa-4376-882f-319a2e3abc5e admin admin] Request body: {'network': {'name': 'private', 'admin_state_up': True}} {{(pid=102345) prepare_request_body /opt/stack/neutron/neutron/api/v2/base.py:729}}
Apr 02 19:06:39.196296 np0000163143 devstack@neutron-api.service[102345]: DEBUG neutron.pecan_wsgi.hooks.quota_enforcement [None req-a4fc7e84-c1fa-4376-882f-319a2e3abc5e admin admin] Made reservation on behalf of 0d215c6ad098492b939429af8bfbe910 for: {'network': 1} {{(pid=102345) before /opt/stack/neutron/neutron/pecan_wsgi/hooks/quota_enforcement.py:66}}
Apr 02 19:06:39.368862 np0000163143 devstack@neutron-api.service[102345]: DEBUG neutron.policy [None req-a4fc7e84-c1fa-4376-882f-319a2e3abc5e admin admin] Loaded default policies from ['neutron'] under neutron.policies entry points {{(pid=102345) register_rules /opt/stack/neutron/neutron/policy.py:65}}
Apr 02 19:06:39.472779 np0000163143 devstack@neutron-api.service[102345]: DEBUG neutron_lib.callbacks.manager [None req-a4fc7e84-c1fa-4376-882f-319a2e3abc5e admin admin] Publish callbacks ['neutron.plugins.ml2.plugin.SecurityGroupDbMixin._ensure_default_security_group_handler-218005'] for network (None), before_create {{(pid=102345) _notify_loop /opt/stack/data/venv/lib/python3.12/site-packages/neutron_lib/callbacks/manager.py:184}}
Apr 02 19:06:39.492898 np0000163143 devstack@neutron-api.service[102345]: DEBUG neutron_lib.callbacks.manager [None req-a4fc7e84-c1fa-4376-882f-319a2e3abc5e admin admin] Publish callbacks [] for security_group (None), before_create {{(pid=102345) _notify_loop /opt/stack/data/venv/lib/python3.12/site-packages/neutron_lib/callbacks/manager.py:184}}
Apr 02 19:06:39.586948 np0000163143 devstack@neutron-api.service[102345]: DEBUG neutron_lib.callbacks.manager [None req-a4fc7e84-c1fa-4376-882f-319a2e3abc5e admin admin] Publish callbacks ['neutron.plugins.ml2.drivers.ovn.mech_driver.mech_driver.OVNMechanismDriver._create_security_group_precommit-353132'] for security_group (2d23daf1-3ddb-4f46-983c-08b0dbf8df4a), precommit_create {{(pid=102345) _notify_loop /opt/stack/data/venv/lib/python3.12/site-packages/neutron_lib/callbacks/manager.py:184}}
Apr 02 19:06:39.587129 np0000163143 devstack@neutron-api.service[102345]: DEBUG neutron.db.ovn_revision_numbers_db [None req-a4fc7e84-c1fa-4376-882f-319a2e3abc5e admin admin] create_initial_revision uuid=2d23daf1-3ddb-4f46-983c-08b0dbf8df4a, type=security_groups, rev=-1 {{(pid=102345) create_initial_revision /opt/stack/neutron/neutron/db/ovn_revision_numbers_db.py:98}}
Apr 02 19:06:39.589304 np0000163143 devstack@neutron-api.service[102345]: DEBUG neutron.db.ovn_revision_numbers_db [None req-a4fc7e84-c1fa-4376-882f-319a2e3abc5e admin admin] create_initial_revision uuid=544eb455-71f9-4c28-a813-c5ef0880601c, type=security_group_rules, rev=-1 {{(pid=102345) create_initial_revision /opt/stack/neutron/neutron/db/ovn_revision_numbers_db.py:98}}
Apr 02 19:06:39.590283 np0000163143 devstack@neutron-api.service[102345]: DEBUG neutron.db.ovn_revision_numbers_db [None req-a4fc7e84-c1fa-4376-882f-319a2e3abc5e admin admin] create_initial_revision uuid=58439730-3cb0-4f8c-abe8-cb01ecb179ed, type=security_group_rules, rev=-1 {{(pid=102345) create_initial_revision /opt/stack/neutron/neutron/db/ovn_revision_numbers_db.py:98}}
Apr 02 19:06:39.591348 np0000163143 devstack@neutron-api.service[102345]: DEBUG neutron.db.ovn_revision_numbers_db [None req-a4fc7e84-c1fa-4376-882f-319a2e3abc5e admin admin] create_initial_revision uuid=7ea604d0-b1cd-4ac3-b24d-853207c3055d, type=security_group_rules, rev=-1 {{(pid=102345) create_initial_revision /opt/stack/neutron/neutron/db/ovn_revision_numbers_db.py:98}}
Apr 02 19:06:39.592412 np0000163143 devstack@neutron-api.service[102345]: DEBUG neutron.db.ovn_revision_numbers_db [None req-a4fc7e84-c1fa-4376-882f-319a2e3abc5e admin admin] create_initial_revision uuid=fea3ca3d-55f6-471d-aa7d-56c57016f17e, type=security_group_rules, rev=-1 {{(pid=102345) create_initial_revision /opt/stack/neutron/neutron/db/ovn_revision_numbers_db.py:98}}
Apr 02 19:06:39.601037 np0000163143 devstack@neutron-api.service[102345]: DEBUG neutron_lib.callbacks.manager [None req-a4fc7e84-c1fa-4376-882f-319a2e3abc5e admin admin] Publish callbacks ['neutron.plugins.ml2.drivers.ovn.mech_driver.mech_driver.OVNMechanismDriver._create_security_group-353126', 'neutron.plugins.ml2.ovo_rpc._ObjectChangeHandler.handle_event-2864065'] for security_group (2d23daf1-3ddb-4f46-983c-08b0dbf8df4a), after_create {{(pid=102345) _notify_loop /opt/stack/data/venv/lib/python3.12/site-packages/neutron_lib/callbacks/manager.py:184}}
Apr 02 19:06:39.602738 np0000163143 devstack@neutron-api.service[102345]: DEBUG ovsdbapp.backend.ovs_idl.transaction [-] Running txn n=1 command(idx=0): PgAddCommand(_result=None, name=pg_2d23daf1_3ddb_4f46_983c_08b0dbf8df4a, may_exist=False, columns={'acls': [], 'external_ids': {'neutron:security_group_id': '2d23daf1-3ddb-4f46-983c-08b0dbf8df4a'}}) {{(pid=102345) do_commit /opt/stack/data/venv/lib/python3.12/site-packages/ovsdbapp/backend/ovs_idl/transaction.py:89}}
Apr 02 19:06:39.605180 np0000163143 devstack@neutron-api.service[102345]: DEBUG ovsdbapp.backend.ovs_idl.transaction [-] Running txn n=1 command(idx=1): PgAclAddCommand(_result=None, entity=pg_2d23daf1_3ddb_4f46_983c_08b0dbf8df4a, direction=to-lport, priority=1002, match=outport == @pg_2d23daf1_3ddb_4f46_983c_08b0dbf8df4a && ip4 && ip4.src == $pg_2d23daf1_3ddb_4f46_983c_08b0dbf8df4a_ip4, action=allow-related, log=False, may_exist=True, severity=[], name=[], meter=[], external_ids={'neutron:security_group_rule_id': '544eb455-71f9-4c28-a813-c5ef0880601c'}) {{(pid=102345) do_commit /opt/stack/data/venv/lib/python3.12/site-packages/ovsdbapp/backend/ovs_idl/transaction.py:89}}
Apr 02 19:06:39.605892 np0000163143 devstack@neutron-api.service[102345]: DEBUG ovsdbapp.backend.ovs_idl.transaction [-] Running txn n=1 command(idx=2): PgAclAddCommand(_result=None, entity=pg_2d23daf1_3ddb_4f46_983c_08b0dbf8df4a, direction=to-lport, priority=1002, match=outport == @pg_2d23daf1_3ddb_4f46_983c_08b0dbf8df4a && ip6 && ip6.src == $pg_2d23daf1_3ddb_4f46_983c_08b0dbf8df4a_ip6, action=allow-related, log=False, may_exist=True, severity=[], name=[], meter=[], external_ids={'neutron:security_group_rule_id': '58439730-3cb0-4f8c-abe8-cb01ecb179ed'}) {{(pid=102345) do_commit /opt/stack/data/venv/lib/python3.12/site-packages/ovsdbapp/backend/ovs_idl/transaction.py:89}}
Apr 02 19:06:39.606424 np0000163143 devstack@neutron-api.service[102345]: DEBUG ovsdbapp.backend.ovs_idl.transaction [-] Running txn n=1 command(idx=3): PgAclAddCommand(_result=None, entity=pg_2d23daf1_3ddb_4f46_983c_08b0dbf8df4a, direction=from-lport, priority=1002, match=inport == @pg_2d23daf1_3ddb_4f46_983c_08b0dbf8df4a && ip4, action=allow-related, log=False, may_exist=True, severity=[], name=[], meter=[], external_ids={'neutron:security_group_rule_id': '7ea604d0-b1cd-4ac3-b24d-853207c3055d'}) {{(pid=102345) do_commit /opt/stack/data/venv/lib/python3.12/site-packages/ovsdbapp/backend/ovs_idl/transaction.py:89}}
Apr 02 19:06:39.606924 np0000163143 devstack@neutron-api.service[102345]: DEBUG ovsdbapp.backend.ovs_idl.transaction [-] Running txn n=1 command(idx=4): PgAclAddCommand(_result=None, entity=pg_2d23daf1_3ddb_4f46_983c_08b0dbf8df4a, direction=from-lport, priority=1002, match=inport == @pg_2d23daf1_3ddb_4f46_983c_08b0dbf8df4a && ip6, action=allow-related, log=False, may_exist=True, severity=[], name=[], meter=[], external_ids={'neutron:security_group_rule_id': 'fea3ca3d-55f6-471d-aa7d-56c57016f17e'}) {{(pid=102345) do_commit /opt/stack/data/venv/lib/python3.12/site-packages/ovsdbapp/backend/ovs_idl/transaction.py:89}}
Apr 02 19:06:39.614587 np0000163143 devstack@neutron-api.service[102345]: DEBUG neutron.plugins.ml2.drivers.ovn.mech_driver.ovsdb.ovsdb_monitor [-] Hash Ring: Node b86e3a09bbf55bf0b34ffa8f20cf2054 (host: np0000163143) handling event "create" for row c72051a3-5de9-407a-a2f9-f52688fda44f (table: ACL) {{(pid=102345) notify /opt/stack/neutron/neutron/plugins/ml2/drivers/ovn/mech_driver/ovsdb/ovsdb_monitor.py:912}}
Apr 02 19:06:39.614806 np0000163143 devstack@neutron-api.service[102345]: DEBUG neutron.plugins.ml2.drivers.ovn.mech_driver.ovsdb.ovsdb_monitor [-] Hash Ring: Node b86e3a09bbf55bf0b34ffa8f20cf2054 (host: np0000163143) handling event "create" for row cd273038-2648-46d3-850a-1fc790805185 (table: ACL) {{(pid=102345) notify /opt/stack/neutron/neutron/plugins/ml2/drivers/ovn/mech_driver/ovsdb/ovsdb_monitor.py:912}}
Apr 02 19:06:39.614982 np0000163143 devstack@neutron-api.service[102345]: DEBUG neutron.plugins.ml2.drivers.ovn.mech_driver.ovsdb.ovsdb_monitor [-] Hash Ring: Node b86e3a09bbf55bf0b34ffa8f20cf2054 (host: np0000163143) handling event "create" for row 8502f842-7ce0-4b2f-8c43-e9c6b480c99d (table: Port_Group) {{(pid=102345) notify /opt/stack/neutron/neutron/plugins/ml2/drivers/ovn/mech_driver/ovsdb/ovsdb_monitor.py:912}}
Apr 02 19:06:39.618330 np0000163143 devstack@neutron-api.service[102346]: DEBUG neutron.plugins.ml2.drivers.ovn.mech_driver.ovsdb.ovsdb_monitor [-] Hash Ring: Node c474ea165e4251ec9d2df38900f705b0 (host: np0000163143) handling event "create" for row 9dae4060-8fd7-4852-a913-fd326b8a6bb8 (table: ACL) {{(pid=102346) notify /opt/stack/neutron/neutron/plugins/ml2/drivers/ovn/mech_driver/ovsdb/ovsdb_monitor.py:912}}
Apr 02 19:06:39.619698 np0000163143 devstack@neutron-api.service[102346]: DEBUG neutron.plugins.ml2.drivers.ovn.mech_driver.ovsdb.ovsdb_monitor [-] Hash Ring: Node c474ea165e4251ec9d2df38900f705b0 (host: np0000163143) handling event "create" for row c4406e2a-b109-41ed-8a5f-31a8bf11ba1b (table: ACL) {{(pid=102346) notify /opt/stack/neutron/neutron/plugins/ml2/drivers/ovn/mech_driver/ovsdb/ovsdb_monitor.py:912}}
Apr 02 19:06:39.619698 np0000163143 devstack@neutron-api.service[102346]: DEBUG neutron.plugins.ml2.drivers.ovn.mech_driver.ovsdb.ovsdb_monitor [-] Hash Ring: Node c474ea165e4251ec9d2df38900f705b0 (host: np0000163143) handling event "create" for row c72051a3-5de9-407a-a2f9-f52688fda44f (table: ACL) {{(pid=102346) notify /opt/stack/neutron/neutron/plugins/ml2/drivers/ovn/mech_driver/ovsdb/ovsdb_monitor.py:912}}
Apr 02 19:06:39.619698 np0000163143 devstack@neutron-api.service[102346]: DEBUG neutron.plugins.ml2.drivers.ovn.mech_driver.ovsdb.ovsdb_monitor [-] Hash Ring: Node c474ea165e4251ec9d2df38900f705b0 (host: np0000163143) handling event "create" for row cd273038-2648-46d3-850a-1fc790805185 (table: ACL) {{(pid=102346) notify /opt/stack/neutron/neutron/plugins/ml2/drivers/ovn/mech_driver/ovsdb/ovsdb_monitor.py:912}}
Apr 02 19:06:39.619698 np0000163143 devstack@neutron-api.service[102346]: DEBUG neutron.plugins.ml2.drivers.ovn.mech_driver.ovsdb.ovsdb_monitor [-] Hash Ring: Node c474ea165e4251ec9d2df38900f705b0 (host: np0000163143) handling event "create" for row 8502f842-7ce0-4b2f-8c43-e9c6b480c99d (table: Port_Group) {{(pid=102346) notify /opt/stack/neutron/neutron/plugins/ml2/drivers/ovn/mech_driver/ovsdb/ovsdb_monitor.py:912}}
Apr 02 19:06:39.621627 np0000163143 devstack@neutron-api.service[102348]: DEBUG neutron.plugins.ml2.drivers.ovn.mech_driver.ovsdb.ovsdb_monitor [-] Hash Ring: Node 88ba894f70575a5294e651963f1b37c4 (host: np0000163143) handling event "create" for row c4406e2a-b109-41ed-8a5f-31a8bf11ba1b (table: ACL) {{(pid=102348) notify /opt/stack/neutron/neutron/plugins/ml2/drivers/ovn/mech_driver/ovsdb/ovsdb_monitor.py:912}}
Apr 02 19:06:39.644732 np0000163143 devstack@neutron-api.service[102345]: INFO neutron.db.ovn_revision_numbers_db [None req-a4fc7e84-c1fa-4376-882f-319a2e3abc5e admin admin] Successfully bumped revision number for resource 2d23daf1-3ddb-4f46-983c-08b0dbf8df4a (type: security_groups) to 1
Apr 02 19:06:39.660157 np0000163143 devstack@neutron-api.service[102345]: INFO neutron.db.ovn_revision_numbers_db [None req-a4fc7e84-c1fa-4376-882f-319a2e3abc5e admin admin] Successfully bumped revision number for resource 544eb455-71f9-4c28-a813-c5ef0880601c (type: security_group_rules) to 0
Apr 02 19:06:39.672766 np0000163143 devstack@neutron-api.service[102345]: INFO neutron.db.ovn_revision_numbers_db [None req-a4fc7e84-c1fa-4376-882f-319a2e3abc5e admin admin] Successfully bumped revision number for resource 58439730-3cb0-4f8c-abe8-cb01ecb179ed (type: security_group_rules) to 0
Apr 02 19:06:39.685252 np0000163143 devstack@neutron-api.service[102345]: INFO neutron.db.ovn_revision_numbers_db [None req-a4fc7e84-c1fa-4376-882f-319a2e3abc5e admin admin] Successfully bumped revision number for resource 7ea604d0-b1cd-4ac3-b24d-853207c3055d (type: security_group_rules) to 0
Apr 02 19:06:39.697383 np0000163143 devstack@neutron-api.service[102345]: INFO neutron.db.ovn_revision_numbers_db [None req-a4fc7e84-c1fa-4376-882f-319a2e3abc5e admin admin] Successfully bumped revision number for resource fea3ca3d-55f6-471d-aa7d-56c57016f17e (type: security_group_rules) to 0
Apr 02 19:06:39.721380 np0000163143 devstack@neutron-api.service[102345]: DEBUG neutron.api.rpc.handlers.resources_rpc [None req-a4fc7e84-c1fa-4376-882f-319a2e3abc5e admin admin] Pushing event updated for resources: {'SecurityGroup': ['ID=2d23daf1-3ddb-4f46-983c-08b0dbf8df4a,revision_number=1']} {{(pid=102345) push /opt/stack/neutron/neutron/api/rpc/handlers/resources_rpc.py:237}}
Apr 02 19:06:39.728734 np0000163143 devstack@neutron-api.service[102345]: DEBUG ovsdbapp.backend.ovs_idl.transaction [-] Running txn n=1 command(idx=0): CheckLivenessCommand(_result=None) {{(pid=102345) do_commit /opt/stack/data/venv/lib/python3.12/site-packages/ovsdbapp/backend/ovs_idl/transaction.py:89}}
Apr 02 19:06:39.732855 np0000163143 devstack@neutron-api.service[102348]: DEBUG neutron.plugins.ml2.drivers.ovn.mech_driver.ovsdb.ovsdb_monitor [-] Hash Ring: Node 88ba894f70575a5294e651963f1b37c4 (host: np0000163143) handling event "update" for row 760e3869-84ab-4dda-a66d-9b0b67cd58f3 (table: NB_Global) {{(pid=102348) notify /opt/stack/neutron/neutron/plugins/ml2/drivers/ovn/mech_driver/ovsdb/ovsdb_monitor.py:912}}
Apr 02 19:06:39.733007 np0000163143 devstack@neutron-api.service[102346]: DEBUG neutron.plugins.ml2.drivers.ovn.mech_driver.ovsdb.ovsdb_monitor [-] Hash Ring: Node c474ea165e4251ec9d2df38900f705b0 (host: np0000163143) handling event "update" for row 760e3869-84ab-4dda-a66d-9b0b67cd58f3 (table: NB_Global) {{(pid=102346) notify /opt/stack/neutron/neutron/plugins/ml2/drivers/ovn/mech_driver/ovsdb/ovsdb_monitor.py:912}}
Apr 02 19:06:39.733879 np0000163143 devstack@neutron-api.service[102348]: DEBUG neutron.plugins.ml2.drivers.ovn.mech_driver.ovsdb.ovsdb_monitor [-] Hash Ring: Node 88ba894f70575a5294e651963f1b37c4 (host: np0000163143) handling event "update" for row 760e3869-84ab-4dda-a66d-9b0b67cd58f3 (table: NB_Global) {{(pid=102348) notify /opt/stack/neutron/neutron/plugins/ml2/drivers/ovn/mech_driver/ovsdb/ovsdb_monitor.py:912}}
Apr 02 19:06:39.734479 np0000163143 devstack@neutron-api.service[102346]: DEBUG neutron.plugins.ml2.drivers.ovn.mech_driver.ovsdb.ovsdb_monitor [-] Hash Ring: Node c474ea165e4251ec9d2df38900f705b0 (host: np0000163143) handling event "update" for row 760e3869-84ab-4dda-a66d-9b0b67cd58f3 (table: NB_Global) {{(pid=102346) notify /opt/stack/neutron/neutron/plugins/ml2/drivers/ovn/mech_driver/ovsdb/ovsdb_monitor.py:912}}
Apr 02 19:06:39.736326 np0000163143 devstack@neutron-api.service[102346]: DEBUG neutron.plugins.ml2.drivers.ovn.mech_driver.ovsdb.ovsdb_monitor [-] Hash Ring: Node c474ea165e4251ec9d2df38900f705b0 (host: np0000163143) handling event "update" for row 760e3869-84ab-4dda-a66d-9b0b67cd58f3 (table: NB_Global) {{(pid=102346) notify /opt/stack/neutron/neutron/plugins/ml2/drivers/ovn/mech_driver/ovsdb/ovsdb_monitor.py:912}}
Apr 02 19:06:39.736898 np0000163143 devstack@neutron-api.service[102347]: DEBUG neutron.plugins.ml2.drivers.ovn.mech_driver.ovsdb.ovsdb_monitor [-] ChassisAgentWriteEvent : Matched Chassis_Private, update, None None {{(pid=102347) matches /opt/stack/neutron/neutron/plugins/ml2/drivers/ovn/mech_driver/ovsdb/ovsdb_monitor.py:64}}
Apr 02 19:06:39.737911 np0000163143 devstack@neutron-api.service[102348]: DEBUG neutron.plugins.ml2.drivers.ovn.mech_driver.ovsdb.ovsdb_monitor [-] Hash Ring: Node 88ba894f70575a5294e651963f1b37c4 (host: np0000163143) handling event "update" for row 760e3869-84ab-4dda-a66d-9b0b67cd58f3 (table: NB_Global) {{(pid=102348) notify /opt/stack/neutron/neutron/plugins/ml2/drivers/ovn/mech_driver/ovsdb/ovsdb_monitor.py:912}}
Apr 02 19:06:39.738650 np0000163143 devstack@neutron-api.service[102348]: DEBUG neutron.plugins.ml2.drivers.ovn.mech_driver.ovsdb.ovsdb_monitor [-] ChassisAgentWriteEvent : Matched Chassis_Private, update, None None {{(pid=102348) matches /opt/stack/neutron/neutron/plugins/ml2/drivers/ovn/mech_driver/ovsdb/ovsdb_monitor.py:64}}
Apr 02 19:06:39.738868 np0000163143 devstack@neutron-api.service[102346]: DEBUG neutron.plugins.ml2.drivers.ovn.mech_driver.ovsdb.ovsdb_monitor [-] ChassisAgentWriteEvent : Matched Chassis_Private, update, None None {{(pid=102346) matches /opt/stack/neutron/neutron/plugins/ml2/drivers/ovn/mech_driver/ovsdb/ovsdb_monitor.py:64}}
Apr 02 19:06:39.739354 np0000163143 devstack@neutron-api.service[102345]: DEBUG neutron.api.rpc.callbacks.version_manager [None req-a4fc7e84-c1fa-4376-882f-319a2e3abc5e admin admin] Tracked resource versions report:
Apr 02 19:06:39.739354 np0000163143 devstack@neutron-api.service[102345]: pushed versions:
Apr 02 19:06:39.739354 np0000163143 devstack@neutron-api.service[102345]: { 'AddressGroup': {'1.2'},
Apr 02 19:06:39.739354 np0000163143 devstack@neutron-api.service[102345]: 'Agent': {'1.1'},
Apr 02 19:06:39.739354 np0000163143 devstack@neutron-api.service[102345]: 'ConntrackHelper': {'1.0'},
Apr 02 19:06:39.739354 np0000163143 devstack@neutron-api.service[102345]: 'LocalIPAssociation': {'1.0'},
Apr 02 19:06:39.739354 np0000163143 devstack@neutron-api.service[102345]: 'Log': {'1.0'},
Apr 02 19:06:39.739354 np0000163143 devstack@neutron-api.service[102345]: 'NDPProxy': {'1.0'},
Apr 02 19:06:39.739354 np0000163143 devstack@neutron-api.service[102345]: 'Network': {'1.2'},
Apr 02 19:06:39.739354 np0000163143 devstack@neutron-api.service[102345]: 'Port': {'1.10'},
Apr 02 19:06:39.739354 np0000163143 devstack@neutron-api.service[102345]: 'PortForwarding': {'1.3'},
Apr 02 19:06:39.739354 np0000163143 devstack@neutron-api.service[102345]: 'QosPolicy': {'1.10'},
Apr 02 19:06:39.739354 np0000163143 devstack@neutron-api.service[102345]: 'SecurityGroup': {'1.6'},
Apr 02 19:06:39.739354 np0000163143 devstack@neutron-api.service[102345]: 'SecurityGroupRule': {'1.3'},
Apr 02 19:06:39.739354 np0000163143 devstack@neutron-api.service[102345]: 'SubPort': {'1.0'},
Apr 02 19:06:39.739354 np0000163143 devstack@neutron-api.service[102345]: 'Subnet': {'1.2'},
Apr 02 19:06:39.739354 np0000163143 devstack@neutron-api.service[102345]: 'Trunk': {'1.1'}}
Apr 02 19:06:39.739354 np0000163143 devstack@neutron-api.service[102345]: consumer versions:
Apr 02 19:06:39.739354 np0000163143 devstack@neutron-api.service[102345]: {}
Apr 02 19:06:39.739354 np0000163143 devstack@neutron-api.service[102345]: {{(pid=102345) report /opt/stack/neutron/neutron/api/rpc/callbacks/version_manager.py:183}}
Apr 02 19:06:39.741459 np0000163143 devstack@neutron-api.service[102348]: DEBUG neutron.plugins.ml2.drivers.ovn.mech_driver.ovsdb.ovsdb_monitor [-] Hash Ring: Node 88ba894f70575a5294e651963f1b37c4 (host: np0000163143) handling event "update" for row 760e3869-84ab-4dda-a66d-9b0b67cd58f3 (table: NB_Global) {{(pid=102348) notify /opt/stack/neutron/neutron/plugins/ml2/drivers/ovn/mech_driver/ovsdb/ovsdb_monitor.py:912}}
Apr 02 19:06:39.743199 np0000163143 devstack@neutron-api.service[102346]: DEBUG neutron.plugins.ml2.drivers.ovn.mech_driver.ovsdb.ovsdb_monitor [-] Hash Ring: Node c474ea165e4251ec9d2df38900f705b0 (host: np0000163143) handling event "update" for row 760e3869-84ab-4dda-a66d-9b0b67cd58f3 (table: NB_Global) {{(pid=102346) notify /opt/stack/neutron/neutron/plugins/ml2/drivers/ovn/mech_driver/ovsdb/ovsdb_monitor.py:912}}
Apr 02 19:06:39.743779 np0000163143 devstack@neutron-api.service[102348]: DEBUG neutron.plugins.ml2.drivers.ovn.mech_driver.ovsdb.ovsdb_monitor [-] ChassisOVNAgentWriteEvent : Matched Chassis_Private, update, None None {{(pid=102348) matches /opt/stack/neutron/neutron/plugins/ml2/drivers/ovn/mech_driver/ovsdb/ovsdb_monitor.py:64}}
Apr 02 19:06:39.744085 np0000163143 devstack@neutron-api.service[102347]: DEBUG neutron.plugins.ml2.drivers.ovn.mech_driver.ovsdb.ovsdb_monitor [-] ChassisOVNAgentWriteEvent : Matched Chassis_Private, update, None None {{(pid=102347) matches /opt/stack/neutron/neutron/plugins/ml2/drivers/ovn/mech_driver/ovsdb/ovsdb_monitor.py:64}}
Apr 02 19:06:39.744823 np0000163143 devstack@neutron-api.service[102345]: DEBUG neutron.plugins.ml2.drivers.ovn.mech_driver.ovsdb.ovsdb_monitor [-] ChassisAgentWriteEvent : Matched Chassis_Private, update, None None {{(pid=102345) matches /opt/stack/neutron/neutron/plugins/ml2/drivers/ovn/mech_driver/ovsdb/ovsdb_monitor.py:64}}
Apr 02 19:06:39.744984 np0000163143 devstack@neutron-api.service[102346]: DEBUG neutron.common.ovn.hash_ring_manager [-] Allow caching, nodes 4>=4 {{(pid=102346) _wait_startup_before_caching /opt/stack/neutron/neutron/common/ovn/hash_ring_manager.py:65}}
Apr 02 19:06:39.745183 np0000163143 devstack@neutron-api.service[102346]: DEBUG neutron.plugins.ml2.drivers.ovn.mech_driver.ovsdb.ovsdb_monitor [-] Hash Ring: Node c474ea165e4251ec9d2df38900f705b0 (host: np0000163143) handling event "update" for row fb7bfdf7-45ad-47e9-b011-3572311f6b01 (table: Chassis_Private) {{(pid=102346) notify /opt/stack/neutron/neutron/plugins/ml2/drivers/ovn/mech_driver/ovsdb/ovsdb_monitor.py:912}}
Apr 02 19:06:39.745357 np0000163143 devstack@neutron-api.service[102345]: DEBUG neutron.plugins.ml2.drivers.ovn.mech_driver.ovsdb.ovsdb_monitor [-] Hash Ring: Node b86e3a09bbf55bf0b34ffa8f20cf2054 (host: np0000163143) handling event "update" for row fb7bfdf7-45ad-47e9-b011-3572311f6b01 (table: Chassis_Private) {{(pid=102345) notify /opt/stack/neutron/neutron/plugins/ml2/drivers/ovn/mech_driver/ovsdb/ovsdb_monitor.py:912}}
Apr 02 19:06:39.746199 np0000163143 devstack@neutron-api.service[102346]: DEBUG neutron.plugins.ml2.drivers.ovn.mech_driver.ovsdb.ovsdb_monitor [-] ChassisOVNAgentWriteEvent : Matched Chassis_Private, update, None None {{(pid=102346) matches /opt/stack/neutron/neutron/plugins/ml2/drivers/ovn/mech_driver/ovsdb/ovsdb_monitor.py:64}}
Apr 02 19:06:39.746514 np0000163143 devstack@neutron-api.service[102346]: DEBUG neutron.plugins.ml2.drivers.ovn.mech_driver.ovsdb.ovsdb_monitor [-] Hash Ring: Node c474ea165e4251ec9d2df38900f705b0 (host: np0000163143) handling event "update" for row fb7bfdf7-45ad-47e9-b011-3572311f6b01 (table: Chassis_Private) {{(pid=102346) notify /opt/stack/neutron/neutron/plugins/ml2/drivers/ovn/mech_driver/ovsdb/ovsdb_monitor.py:912}}
Apr 02 19:06:39.747313 np0000163143 devstack@neutron-api.service[102345]: DEBUG neutron.plugins.ml2.drivers.ovn.mech_driver.ovsdb.ovsdb_monitor [-] ChassisOVNAgentWriteEvent : Matched Chassis_Private, update, None None {{(pid=102345) matches /opt/stack/neutron/neutron/plugins/ml2/drivers/ovn/mech_driver/ovsdb/ovsdb_monitor.py:64}}
Apr 02 19:06:39.747702 np0000163143 devstack@neutron-api.service[102345]: DEBUG neutron.plugins.ml2.drivers.ovn.mech_driver.ovsdb.ovsdb_monitor [-] Hash Ring: Node b86e3a09bbf55bf0b34ffa8f20cf2054 (host: np0000163143) handling event "update" for row fb7bfdf7-45ad-47e9-b011-3572311f6b01 (table: Chassis_Private) {{(pid=102345) notify /opt/stack/neutron/neutron/plugins/ml2/drivers/ovn/mech_driver/ovsdb/ovsdb_monitor.py:912}}
Apr 02 19:06:39.805968 np0000163143 devstack@neutron-api.service[102345]: DEBUG neutron.plugins.ml2.drivers.helpers [None req-a4fc7e84-c1fa-4376-882f-319a2e3abc5e admin admin] geneve segment allocate from pool success with {'geneve_vni': 15521} {{(pid=102345) allocate_partially_specified_segment /opt/stack/neutron/neutron/plugins/ml2/drivers/helpers.py:142}}
Apr 02 19:06:39.817489 np0000163143 devstack@neutron-api.service[102345]: DEBUG neutron_lib.callbacks.manager [None req-a4fc7e84-c1fa-4376-882f-319a2e3abc5e admin admin] Publish callbacks ['neutron.services.segments.db._add_segment_host_mapping_for_segment-8547389630988', 'neutron.plugins.ml2.plugin.Ml2Plugin._handle_segment_change-4137425'] for segment (6b9b96b0-3136-4138-9f93-541a91139ad6), precommit_create {{(pid=102345) _notify_loop /opt/stack/data/venv/lib/python3.12/site-packages/neutron_lib/callbacks/manager.py:184}}
Apr 02 19:06:39.817663 np0000163143 devstack@neutron-api.service[102345]: INFO neutron.db.segments_db [None req-a4fc7e84-c1fa-4376-882f-319a2e3abc5e admin admin] Added segment 6b9b96b0-3136-4138-9f93-541a91139ad6 of type geneve for network 518203a8-b144-4004-bc79-db8742ef7244
Apr 02 19:06:39.863720 np0000163143 devstack@neutron-api.service[102345]: DEBUG neutron_lib.callbacks.manager [None req-a4fc7e84-c1fa-4376-882f-319a2e3abc5e admin admin] Publish callbacks ['neutron.services.auto_allocate.db._ensure_external_network_default_value_callback-8547388388646'] for network (518203a8-b144-4004-bc79-db8742ef7244), precommit_create {{(pid=102345) _notify_loop /opt/stack/data/venv/lib/python3.12/site-packages/neutron_lib/callbacks/manager.py:184}}
Apr 02 19:06:39.878635 np0000163143 devstack@neutron-api.service[102345]: DEBUG neutron.plugins.ml2.drivers.ovn.mech_driver.mech_driver [None req-a4fc7e84-c1fa-4376-882f-319a2e3abc5e admin admin] Validating network segment with type geneve, segmentation ID 15521, physical network None {{(pid=102345) _validate_network_segments /opt/stack/neutron/neutron/plugins/ml2/drivers/ovn/mech_driver/mech_driver.py:631}}
Apr 02 19:06:39.878781 np0000163143 devstack@neutron-api.service[102345]: DEBUG neutron.db.ovn_revision_numbers_db [None req-a4fc7e84-c1fa-4376-882f-319a2e3abc5e admin admin] create_initial_revision uuid=518203a8-b144-4004-bc79-db8742ef7244, type=networks, rev=-1 {{(pid=102345) create_initial_revision /opt/stack/neutron/neutron/db/ovn_revision_numbers_db.py:98}}
Apr 02 19:06:39.895434 np0000163143 devstack@neutron-api.service[102345]: DEBUG neutron_lib.callbacks.manager [None req-a4fc7e84-c1fa-4376-882f-319a2e3abc5e admin admin] Publish callbacks ['neutron.plugins.ml2.ovo_rpc._ObjectChangeHandler.handle_event-2863933'] for network (518203a8-b144-4004-bc79-db8742ef7244), after_create {{(pid=102345) _notify_loop /opt/stack/data/venv/lib/python3.12/site-packages/neutron_lib/callbacks/manager.py:184}}
Apr 02 19:06:39.939988 np0000163143 devstack@neutron-api.service[102345]: DEBUG neutron.api.rpc.handlers.resources_rpc [None req-a4fc7e84-c1fa-4376-882f-319a2e3abc5e admin admin] Pushing event updated for resources: {'Network': ['ID=518203a8-b144-4004-bc79-db8742ef7244,revision_number=1']} {{(pid=102345) push /opt/stack/neutron/neutron/api/rpc/handlers/resources_rpc.py:237}}
Apr 02 19:06:39.948987 np0000163143 devstack@neutron-api.service[102345]: DEBUG ovsdbapp.backend.ovs_idl.transaction [-] Running txn n=1 command(idx=0): AddNetworkCommand(_result=None, network_uuid=518203a8-b144-4004-bc79-db8742ef7244, may_exist=True, columns={'external_ids': {'neutron:network_name': 'private', 'neutron:mtu': '1372', 'neutron:revision_number': '1', 'neutron:availability_zone_hints': '', 'neutron:provnet-network-type': 'geneve'}, 'other_config': {'mcast_snoop': 'false', 'mcast_flood_unregistered': 'false', 'vlan-passthru': 'false'}}) {{(pid=102345) do_commit /opt/stack/data/venv/lib/python3.12/site-packages/ovsdbapp/backend/ovs_idl/transaction.py:89}}
Apr 02 19:06:39.949940 np0000163143 devstack@neutron-api.service[102345]: DEBUG neutron.common.ovn.utils [-] OVS persist_uuid supported=True {{(pid=102345) ovs_persist_uuid_supported /opt/stack/neutron/neutron/common/ovn/utils.py:1535}}
Apr 02 19:06:39.954385 np0000163143 devstack@neutron-api.service[102347]: DEBUG neutron.plugins.ml2.drivers.ovn.mech_driver.ovsdb.ovsdb_monitor [-] Hash Ring: Node c59aae4b75215443845e34386e591491 (host: np0000163143) handling event "create" for row 518203a8-b144-4004-bc79-db8742ef7244 (table: Logical_Switch) {{(pid=102347) notify /opt/stack/neutron/neutron/plugins/ml2/drivers/ovn/mech_driver/ovsdb/ovsdb_monitor.py:912}}
Apr 02 19:06:39.954990 np0000163143 devstack@neutron-api.service[102346]: DEBUG neutron.plugins.ml2.drivers.ovn.mech_driver.ovsdb.ovsdb_monitor [-] Hash Ring: Node c474ea165e4251ec9d2df38900f705b0 (host: np0000163143) handling event "create" for row 518203a8-b144-4004-bc79-db8742ef7244 (table: Logical_Switch) {{(pid=102346) notify /opt/stack/neutron/neutron/plugins/ml2/drivers/ovn/mech_driver/ovsdb/ovsdb_monitor.py:912}}
Apr 02 19:06:39.962282 np0000163143 devstack@neutron-api.service[102346]: DEBUG neutron.plugins.ml2.drivers.ovn.mech_driver.ovsdb.ovsdb_monitor [-] Hash Ring: Node c474ea165e4251ec9d2df38900f705b0 (host: np0000163143) handling event "create" for row 2939653e-54bc-414e-bb9f-6acf3dfb7ac6 (table: Datapath_Binding) {{(pid=102346) notify /opt/stack/neutron/neutron/plugins/ml2/drivers/ovn/mech_driver/ovsdb/ovsdb_monitor.py:912}}
Apr 02 19:06:39.986040 np0000163143 devstack@neutron-api.service[102345]: INFO neutron.db.ovn_revision_numbers_db [None req-a4fc7e84-c1fa-4376-882f-319a2e3abc5e admin admin] Successfully bumped revision number for resource 518203a8-b144-4004-bc79-db8742ef7244 (type: networks) to 1
Apr 02 19:06:40.048729 np0000163143 devstack@neutron-api.service[102345]: DEBUG neutron_lib.callbacks.manager [None req-a4fc7e84-c1fa-4376-882f-319a2e3abc5e admin admin] Publish callbacks ['neutron.plugins.ml2.plugin.SecurityGroupDbMixin._ensure_default_security_group_handler-218005'] for port (None), before_create {{(pid=102345) _notify_loop /opt/stack/data/venv/lib/python3.12/site-packages/neutron_lib/callbacks/manager.py:184}}
Apr 02 19:06:40.169514 np0000163143 devstack@neutron-api.service[102345]: DEBUG neutron_lib.callbacks.manager [None req-a4fc7e84-c1fa-4376-882f-319a2e3abc5e admin admin] Publish callbacks ['neutron.plugins.ml2.drivers.ovn.mech_driver.mech_driver.OVNMechanismDriver._validate_allowed_address_pairs-352980'] for allowed_address_pair (40205cb5-2d1b-430e-bb58-15b9694a860f), before_create {{(pid=102345) _notify_loop /opt/stack/data/venv/lib/python3.12/site-packages/neutron_lib/callbacks/manager.py:184}}
